jomarlogistica.com.br:80 20.171.207.82 - - [10/Sep/2025:19:49:17 -0300] "GET /?p=53196 HTTP/1.1" 301 534 "-" "Mozilla/5.0 AppleWebKit/537.36 (KHTML, like Gecko; compatible; GPTBot/1.2; +https://openai.com/gptbot)"
jomarlogistica.com.br:80 20.171.207.82 - - [10/Sep/2025:19:49:17 -0300] "GET /2022/05/06/buying-property-contractor-essential-tips-for-legal-real-estate-transactions/ HTTP/1.1" 200 14437 "-" "Mozilla/5.0 AppleWebKit/537.36 (KHTML, like Gecko; compatible; GPTBot/1.2; +https://openai.com/gptbot)"
jomarlogistica.com.br:80 20.171.207.82 - - [10/Sep/2025:19:49:20 -0300] "GET /2022/05/08/california-school-start-time-law-impact-on-education/ HTTP/1.1" 200 13595 "-" "Mozilla/5.0 AppleWebKit/537.36 (KHTML, like Gecko; compatible; GPTBot/1.2; +https://openai.com/gptbot)"
jomarlogistica.com.br:80 20.171.207.82 - - [10/Sep/2025:19:49:23 -0300] "GET /2022/05/06/buying-property-contractor-essential-tips-for-legal-real-estate-transactions/feed/ HTTP/1.1" 200 971 "-" "Mozilla/5.0 AppleWebKit/537.36 (KHTML, like Gecko; compatible; GPTBot/1.2; +https://openai.com/gptbot)"
jomarlogistica.com.br:80 20.171.207.82 - - [10/Sep/2025:19:49:25 -0300] "GET /wp-json/oembed/1.0/embed?url=https%3A%2F%2Fjomarlogistica.com.br%2F2022%2F05%2F06%2Fbuying-property-contractor-essential-tips-for-legal-real-estate-transactions%2F HTTP/1.1" 404 756 "-" "Mozilla/5.0 AppleWebKit/537.36 (KHTML, like Gecko; compatible; GPTBot/1.2; +https://openai.com/gptbot)"
jomarlogistica.com.br:80 20.171.207.82 - - [10/Sep/2025:19:49:27 -0300] "GET /wp-json/wp/v2/posts/53196 HTTP/1.1" 404 758 "-" "Mozilla/5.0 AppleWebKit/537.36 (KHTML, like Gecko; compatible; GPTBot/1.2; +https://openai.com/gptbot)"
jomarlogistica.com.br:80 20.171.207.82 - - [10/Sep/2025:19:49:29 -0300] "GET /?a7b529c=7353893 HTTP/1.1" 200 287 "-" "Mozilla/5.0 AppleWebKit/537.36 (KHTML, like Gecko; compatible; GPTBot/1.2; +https://openai.com/gptbot)"
jomarlogistica.com.br:80 20.171.207.82 - - [10/Sep/2025:19:49:41 -0300] "GET /wp-json/oembed/1.0/embed?format=xml&url=https%3A%2F%2Fjomarlogistica.com.br%2F2022%2F05%2F06%2Fbuying-property-contractor-essential-tips-for-legal-real-estate-transactions%2F HTTP/1.1" 404 782 "-" "Mozilla/5.0 AppleWebKit/537.36 (KHTML, like Gecko; compatible; GPTBot/1.2; +https://openai.com/gptbot)"
jomarlogistica.com.br:80 20.171.207.82 - - [10/Sep/2025:19:49:42 -0300] "GET /2022/05/09/top-legal-headhunters-in-boston-find-the-best-legal-recruiters/ HTTP/1.1" 200 14468 "-" "Mozilla/5.0 AppleWebKit/537.36 (KHTML, like Gecko; compatible; GPTBot/1.2; +https://openai.com/gptbot)"
jomarlogistica.com.br:80 20.171.207.82 - - [10/Sep/2025:19:49:44 -0300] "GET /?p=53204 HTTP/1.1" 301 510 "-" "Mozilla/5.0 AppleWebKit/537.36 (KHTML, like Gecko; compatible; GPTBot/1.2; +https://openai.com/gptbot)"
jomarlogistica.com.br:80 20.171.207.82 - - [10/Sep/2025:19:49:45 -0300] "GET /2022/05/08/california-school-start-time-law-impact-on-education/ HTTP/1.1" 200 13595 "-" "Mozilla/5.0 AppleWebKit/537.36 (KHTML, like Gecko; compatible; GPTBot/1.2; +https://openai.com/gptbot)"
jomarlogistica.com.br:80 20.171.207.82 - - [10/Sep/2025:19:49:46 -0300] "GET /2022/05/08/california-school-start-time-law-impact-on-education/feed/ HTTP/1.1" 200 939 "-" "Mozilla/5.0 AppleWebKit/537.36 (KHTML, like Gecko; compatible; GPTBot/1.2; +https://openai.com/gptbot)"
jomarlogistica.com.br:80 20.171.207.82 - - [10/Sep/2025:19:49:47 -0300] "GET /?a7b529c=7369118 HTTP/1.1" 200 287 "-" "Mozilla/5.0 AppleWebKit/537.36 (KHTML, like Gecko; compatible; GPTBot/1.2; +https://openai.com/gptbot)"
jomarlogistica.com.br:80 20.171.207.82 - - [10/Sep/2025:19:50:00 -0300] "GET /wp-json/wp/v2/posts/53204 HTTP/1.1" 404 777 "-" "Mozilla/5.0 AppleWebKit/537.36 (KHTML, like Gecko; compatible; GPTBot/1.2; +https://openai.com/gptbot)"
jomarlogistica.com.br:80 20.171.207.82 - - [10/Sep/2025:19:50:02 -0300] "GET /wp-json/oembed/1.0/embed?url=https%3A%2F%2Fjomarlogistica.com.br%2F2022%2F05%2F08%2Fcalifornia-school-start-time-law-impact-on-education%2F HTTP/1.1" 404 756 "-" "Mozilla/5.0 AppleWebKit/537.36 (KHTML, like Gecko; compatible; GPTBot/1.2; +https://openai.com/gptbot)"
jomarlogistica.com.br:80 20.171.207.82 - - [10/Sep/2025:19:50:04 -0300] "GET /wp-json/oembed/1.0/embed?format=xml&url=https%3A%2F%2Fjomarlogistica.com.br%2F2022%2F05%2F08%2Fcalifornia-school-start-time-law-impact-on-education%2F HTTP/1.1" 404 782 "-" "Mozilla/5.0 AppleWebKit/537.36 (KHTML, like Gecko; compatible; GPTBot/1.2; +https://openai.com/gptbot)"
jomarlogistica.com.br:80 20.171.207.82 - - [10/Sep/2025:19:50:06 -0300] "GET /?p=53163 HTTP/1.1" 301 520 "-" "Mozilla/5.0 AppleWebKit/537.36 (KHTML, like Gecko; compatible; GPTBot/1.2; +https://openai.com/gptbot)"
jomarlogistica.com.br:80 20.171.207.82 - - [10/Sep/2025:19:50:06 -0300] "GET /2022/05/09/top-legal-headhunters-in-boston-find-the-best-legal-recruiters/ HTTP/1.1" 200 14449 "-" "Mozilla/5.0 AppleWebKit/537.36 (KHTML, like Gecko; compatible; GPTBot/1.2; +https://openai.com/gptbot)"
jomarlogistica.com.br:80 20.171.207.82 - - [10/Sep/2025:19:50:09 -0300] "GET /wp-json/wp/v2/posts/53163 HTTP/1.1" 404 777 "-" "Mozilla/5.0 AppleWebKit/537.36 (KHTML, like Gecko; compatible; GPTBot/1.2; +https://openai.com/gptbot)"
jomarlogistica.com.br:80 20.171.207.82 - - [10/Sep/2025:19:50:13 -0300] "GET /wp-json/oembed/1.0/embed?format=xml&url=https%3A%2F%2Fjomarlogistica.com.br%2F2022%2F05%2F09%2Ftop-legal-headhunters-in-boston-find-the-best-legal-recruiters%2F HTTP/1.1" 404 782 "-" "Mozilla/5.0 AppleWebKit/537.36 (KHTML, like Gecko; compatible; GPTBot/1.2; +https://openai.com/gptbot)"
jomarlogistica.com.br:80 20.171.207.82 - - [10/Sep/2025:19:50:14 -0300] "GET /wp-json/oembed/1.0/embed?url=https%3A%2F%2Fjomarlogistica.com.br%2F2022%2F05%2F09%2Ftop-legal-headhunters-in-boston-find-the-best-legal-recruiters%2F HTTP/1.1" 404 756 "-" "Mozilla/5.0 AppleWebKit/537.36 (KHTML, like Gecko; compatible; GPTBot/1.2; +https://openai.com/gptbot)"
jomarlogistica.com.br:80 20.171.207.82 - - [10/Sep/2025:19:50:17 -0300] "GET /2022/05/09/top-legal-headhunters-in-boston-find-the-best-legal-recruiters/feed/ HTTP/1.1" 200 944 "-" "Mozilla/5.0 AppleWebKit/537.36 (KHTML, like Gecko; compatible; GPTBot/1.2; +https://openai.com/gptbot)"
jomarlogistica.com.br:80 20.171.207.82 - - [10/Sep/2025:19:50:19 -0300] "GET /?a7b529c=7287392 HTTP/1.1" 200 287 "-" "Mozilla/5.0 AppleWebKit/537.36 (KHTML, like Gecko; compatible; GPTBot/1.2; +https://openai.com/gptbot)"
jomarlogistica.com.br:80 172.20.1.117 - - [10/Sep/2025:19:52:29 -0300] "POST /wp-cron.php?doing_wp_cron=1757544749.9080040454864501953125 HTTP/1.1" 200 389 "https://jomarlogistica.com.br/wp-cron.php?doing_wp_cron=1757544749.9080040454864501953125" "WordPress/5.8.10; https://jomarlogistica.com.br"
jomarlogistica.com.br:80 85.208.96.202 - - [10/Sep/2025:19:52:29 -0300] "GET /2023/05/01/what-is-a-soulmate-5-various-signs-you-met-your-soulmate/ HTTP/1.1" 200 17883 "-" "Mozilla/5.0 (compatible; SemrushBot/7~bl; +http://www.semrush.com/bot.html)"
jomarlogistica.com.br:80 127.0.0.1 - - [10/Sep/2025:19:52:35 -0300] "OPTIONS * HTTP/1.0" 200 110 "-" "Apache/2.4.65 (Ubuntu) (internal dummy connection)"
jomarlogistica.com.br:80 114.119.134.192 - - [10/Sep/2025:19:52:41 -0300] "GET /2023/page/5/ HTTP/1.1" 200 18407 "https://jomarlogistica.com.br/2023/page/4/" "Mozilla/5.0 (Linux; Android 7.0;) AppleWebKit/537.36 (KHTML, like Gecko) Mobile Safari/537.36 (compatible; PetalBot;+https://webmaster.petalsearch.com/site/petalbot)"
jomarlogistica.com.br:80 114.119.138.207 - - [10/Sep/2025:19:53:10 -0300] "GET /2023/page/26/ HTTP/1.1" 200 18980 "https://jomarlogistica.com.br/2023/page/27/" "Mozilla/5.0 (Linux; Android 7.0;) AppleWebKit/537.36 (KHTML, like Gecko) Mobile Safari/537.36 (compatible; PetalBot;+https://webmaster.petalsearch.com/site/petalbot)"
jomarlogistica.com.br:80 114.119.138.207 - - [10/Sep/2025:19:53:55 -0300] "GET /2023/10/14/legal-guide-to-changing-name-on-lease-agreement-step-by-step-process/ HTTP/1.1" 200 14437 "https://jomarlogistica.com.br/2023/10/14/legal-guide-to-changing-name-on-lease-agreement-step-by-step-process/" "Mozilla/5.0 (Linux; Android 7.0;) AppleWebKit/537.36 (KHTML, like Gecko) Mobile Safari/537.36 (compatible; PetalBot;+https://webmaster.petalsearch.com/site/petalbot)"
jomarlogistica.com.br:80 74.7.35.55 - - [10/Sep/2025:19:55:42 -0300] "GET /2024/01/16/is-owning-pet-squirrels-legal-in-florida-laws-regulations/ HTTP/1.1" 200 13814 "-" "Mozilla/5.0 AppleWebKit/537.36 (KHTML, like Gecko); compatible; ChatGPT-User/1.0; +https://openai.com/bot"
jomarlogistica.com.br:80 114.119.128.158 - - [10/Sep/2025:19:55:51 -0300] "GET /2023/10/02/best-ma-due-diligence-software/ HTTP/1.1" 200 17239 "https://jomarlogistica.com.br/author/jomar/page/5/" "Mozilla/5.0 (Linux; Android 7.0;) AppleWebKit/537.36 (KHTML, like Gecko) Mobile Safari/537.36 (compatible; PetalBot;+https://webmaster.petalsearch.com/site/petalbot)"
jomarlogistica.com.br:80 114.119.135.84 - - [10/Sep/2025:19:56:45 -0300] "GET /2023/09/page/2/ HTTP/1.1" 200 18506 "https://jomarlogistica.com.br/2023/09/page/3/" "Mozilla/5.0 (Linux; Android 7.0;) AppleWebKit/537.36 (KHTML, like Gecko) Mobile Safari/537.36 (compatible; PetalBot;+https://webmaster.petalsearch.com/site/petalbot)"
jomarlogistica.com.br:80 172.20.1.117 - - [10/Sep/2025:19:58:01 -0300] "POST /wp-cron.php?doing_wp_cron=1757545081.3525109291076660156250 HTTP/1.1" 200 389 "https://jomarlogistica.com.br/wp-cron.php?doing_wp_cron=1757545081.3525109291076660156250" "WordPress/5.8.10; https://jomarlogistica.com.br"
jomarlogistica.com.br:80 114.119.136.72 - - [10/Sep/2025:19:58:00 -0300] "GET /2023/09/27/advantages-of-vdr-software/ HTTP/1.1" 200 17209 "https://jomarlogistica.com.br/category/jomar/page/7/" "Mozilla/5.0 (Linux; Android 7.0;) AppleWebKit/537.36 (KHTML, like Gecko) Mobile Safari/537.36 (compatible; PetalBot;+https://webmaster.petalsearch.com/site/petalbot)"
jomarlogistica.com.br:80 127.0.0.1 - - [10/Sep/2025:19:58:06 -0300] "OPTIONS * HTTP/1.0" 200 110 "-" "Apache/2.4.65 (Ubuntu) (internal dummy connection)"
jomarlogistica.com.br:80 114.119.135.84 - - [10/Sep/2025:19:59:24 -0300] "GET /2023/07/01/organization-management-jobs/ HTTP/1.1" 200 17223 "https://jomarlogistica.com.br/2023/07/page/3/" "Mozilla/5.0 (Linux; Android 7.0;) AppleWebKit/537.36 (KHTML, like Gecko) Mobile Safari/537.36 (compatible; PetalBot;+https://webmaster.petalsearch.com/site/petalbot)"
jomarlogistica.com.br:80 114.119.158.0 - - [10/Sep/2025:20:00:51 -0300] "GET /2023/06/17/leading-antivirus-meant-for-android/ HTTP/1.1" 200 17385 "https://jomarlogistica.com.br/2023/page/18/" "Mozilla/5.0 (Linux; Android 7.0;) AppleWebKit/537.36 (KHTML, like Gecko) Mobile Safari/537.36 (compatible; PetalBot;+https://webmaster.petalsearch.com/site/petalbot)"
jomarlogistica.com.br:80 172.20.1.117 - - [10/Sep/2025:20:02:16 -0300] "POST /wp-cron.php?doing_wp_cron=1757545336.1701200008392333984375 HTTP/1.1" 200 389 "https://jomarlogistica.com.br/wp-cron.php?doing_wp_cron=1757545336.1701200008392333984375" "WordPress/5.8.10; https://jomarlogistica.com.br"
jomarlogistica.com.br:80 114.119.136.72 - - [10/Sep/2025:20:02:15 -0300] "GET /2023/05/25/the-way-to-date-a-ukrainian-lady-high-secrets-and-techniques-of-ukraine-girls-courting/ HTTP/1.1" 200 20238 "https://jomarlogistica.com.br/2023/05/24/east-european-mail-order-brides-how-and-where-to-get/" "Mozilla/5.0 (Linux; Android 7.0;) AppleWebKit/537.36 (KHTML, like Gecko) Mobile Safari/537.36 (compatible; PetalBot;+https://webmaster.petalsearch.com/site/petalbot)"
jomarlogistica.com.br:80 127.0.0.1 - - [10/Sep/2025:20:02:22 -0300] "OPTIONS * HTTP/1.0" 200 110 "-" "Apache/2.4.65 (Ubuntu) (internal dummy connection)"
jomarlogistica.com.br:80 216.73.216.134 - - [10/Sep/2025:20:03:04 -0300] "GET /2022/page/8 HTTP/1.1" 301 461 "-" "Mozilla/5.0 AppleWebKit/537.36 (KHTML, like Gecko; compatible; ClaudeBot/1.0; +claudebot@anthropic.com)"
jomarlogistica.com.br:80 216.73.216.134 - - [10/Sep/2025:20:03:04 -0300] "GET /author/jomar/page/17 HTTP/1.1" 301 470 "-" "Mozilla/5.0 AppleWebKit/537.36 (KHTML, like Gecko; compatible; ClaudeBot/1.0; +claudebot@anthropic.com)"
jomarlogistica.com.br:80 216.73.216.134 - - [10/Sep/2025:20:03:04 -0300] "GET /2022/page/8/ HTTP/1.1" 200 18640 "https://jomarlogistica.com.br/2022/page/8" "Mozilla/5.0 AppleWebKit/537.36 (KHTML, like Gecko; compatible; ClaudeBot/1.0; +claudebot@anthropic.com)"
jomarlogistica.com.br:80 216.73.216.134 - - [10/Sep/2025:20:03:04 -0300] "GET /author/jomar/page/17/ HTTP/1.1" 200 19012 "https://jomarlogistica.com.br/author/jomar/page/17" "Mozilla/5.0 AppleWebKit/537.36 (KHTML, like Gecko; compatible; ClaudeBot/1.0; +claudebot@anthropic.com)"
jomarlogistica.com.br:80 127.0.0.1 - - [10/Sep/2025:20:03:11 -0300] "OPTIONS * HTTP/1.0" 200 110 "-" "Apache/2.4.65 (Ubuntu) (internal dummy connection)"
jomarlogistica.com.br:80 114.119.138.130 - - [10/Sep/2025:20:03:36 -0300] "GET /2023/04/27/do-they-offer-a-free-online-online-dating-service/ HTTP/1.1" 200 17517 "https://jomarlogistica.com.br/author/jomar/page/30/" "Mozilla/5.0 (Linux; Android 7.0;) AppleWebKit/537.36 (KHTML, like Gecko) Mobile Safari/537.36 (compatible; PetalBot;+https://webmaster.petalsearch.com/site/petalbot)"
jomarlogistica.com.br:80 114.119.136.72 - - [10/Sep/2025:20:04:58 -0300] "GET /2023/09/27/virtual-data-room-usa/ HTTP/1.1" 200 17326 "https://jomarlogistica.com.br/category/jomar/page/7/" "Mozilla/5.0 (Linux; Android 7.0;) AppleWebKit/537.36 (KHTML, like Gecko) Mobile Safari/537.36 (compatible; PetalBot;+https://webmaster.petalsearch.com/site/petalbot)"
jomarlogistica.com.br:80 172.20.1.117 - - [10/Sep/2025:20:06:23 -0300] "POST /wp-cron.php?doing_wp_cron=1757545583.4025421142578125000000 HTTP/1.1" 200 389 "https://jomarlogistica.com.br/wp-cron.php?doing_wp_cron=1757545583.4025421142578125000000" "WordPress/5.8.10; https://jomarlogistica.com.br"
jomarlogistica.com.br:80 114.119.138.207 - - [10/Sep/2025:20:06:23 -0300] "GET /2023/09/27/board-meeting-software/ HTTP/1.1" 200 17048 "https://jomarlogistica.com.br/category/jomar/page/7/" "Mozilla/5.0 (Linux; Android 7.0;) AppleWebKit/537.36 (KHTML, like Gecko) Mobile Safari/537.36 (compatible; PetalBot;+https://webmaster.petalsearch.com/site/petalbot)"
jomarlogistica.com.br:80 127.0.0.1 - - [10/Sep/2025:20:06:29 -0300] "OPTIONS * HTTP/1.0" 200 110 "-" "Apache/2.4.65 (Ubuntu) (internal dummy connection)"
jomarlogistica.com.br:80 172.20.1.117 - - [10/Sep/2025:20:07:50 -0300] "POST /wp-cron.php?doing_wp_cron=1757545670.8929090499877929687500 HTTP/1.1" 200 389 "https://jomarlogistica.com.br/wp-cron.php?doing_wp_cron=1757545670.8929090499877929687500" "WordPress/5.8.10; https://jomarlogistica.com.br"
jomarlogistica.com.br:80 114.119.159.76 - - [10/Sep/2025:20:07:50 -0300] "GET /2023/05/30/impair-services-the-advantages-of-virtualization/ HTTP/1.1" 200 17384 "https://jomarlogistica.com.br/2023/05/30/impair-services-the-advantages-of-virtualization/" "Mozilla/5.0 (Linux; Android 7.0;) AppleWebKit/537.36 (KHTML, like Gecko) Mobile Safari/537.36 (compatible; PetalBot;+https://webmaster.petalsearch.com/site/petalbot)"
jomarlogistica.com.br:80 127.0.0.1 - - [10/Sep/2025:20:07:56 -0300] "OPTIONS * HTTP/1.0" 200 110 "-" "Apache/2.4.65 (Ubuntu) (internal dummy connection)"
jomarlogistica.com.br:80 114.119.135.84 - - [10/Sep/2025:20:09:08 -0300] "GET /2023/07/28/choosing-love-after-divorce-at-40/ HTTP/1.1" 200 18680 "https://jomarlogistica.com.br/2023/08/01/the-very-best-lego-models/" "Mozilla/5.0 (Linux; Android 7.0;) AppleWebKit/537.36 (KHTML, like Gecko) Mobile Safari/537.36 (compatible; PetalBot;+https://webmaster.petalsearch.com/site/petalbot)"
jomarlogistica.com.br:80 216.73.216.134 - - [10/Sep/2025:20:09:37 -0300] "GET /2023/12/08/application-for-non-renewal-of-contract-legal-guide/feed HTTP/1.1" 301 573 "-" "Mozilla/5.0 AppleWebKit/537.36 (KHTML, like Gecko; compatible; ClaudeBot/1.0; +claudebot@anthropic.com)"
jomarlogistica.com.br:80 216.73.216.134 - - [10/Sep/2025:20:09:37 -0300] "GET /?p=53099 HTTP/1.1" 301 567 "-" "Mozilla/5.0 AppleWebKit/537.36 (KHTML, like Gecko; compatible; ClaudeBot/1.0; +claudebot@anthropic.com)"
jomarlogistica.com.br:80 216.73.216.134 - - [10/Sep/2025:20:09:37 -0300] "GET /2023/12/08/application-for-non-renewal-of-contract-legal-guide/feed/ HTTP/1.1" 200 935 "https://jomarlogistica.com.br/2023/12/08/application-for-non-renewal-of-contract-legal-guide/feed" "Mozilla/5.0 AppleWebKit/537.36 (KHTML, like Gecko; compatible; ClaudeBot/1.0; +claudebot@anthropic.com)"
jomarlogistica.com.br:80 216.73.216.134 - - [10/Sep/2025:20:09:37 -0300] "GET /2023/12/08/application-for-non-renewal-of-contract-legal-guide/ HTTP/1.1" 200 14166 "https://jomarlogistica.com.br/?p=53099" "Mozilla/5.0 AppleWebKit/537.36 (KHTML, like Gecko; compatible; ClaudeBot/1.0; +claudebot@anthropic.com)"
jomarlogistica.com.br:80 127.0.0.1 - - [10/Sep/2025:20:09:43 -0300] "OPTIONS * HTTP/1.0" 200 110 "-" "Apache/2.4.65 (Ubuntu) (internal dummy connection)"
jomarlogistica.com.br:80 216.73.216.134 - - [10/Sep/2025:20:10:11 -0300] "GET /2023/02/26/so-why-do-persons-rely-on-dating-over-internet HTTP/1.1" 301 507 "-" "Mozilla/5.0 AppleWebKit/537.36 (KHTML, like Gecko; compatible; ClaudeBot/1.0; +claudebot@anthropic.com)"
jomarlogistica.com.br:80 216.73.216.134 - - [10/Sep/2025:20:10:12 -0300] "GET /2023/02/26/so-why-do-persons-rely-on-dating-over-internet/ HTTP/1.1" 200 17478 "https://jomarlogistica.com.br/2023/02/26/so-why-do-persons-rely-on-dating-over-internet" "Mozilla/5.0 AppleWebKit/537.36 (KHTML, like Gecko; compatible; ClaudeBot/1.0; +claudebot@anthropic.com)"
jomarlogistica.com.br:80 114.119.138.130 - - [10/Sep/2025:20:10:35 -0300] "GET /2023/04/23/the-challenges-of-dating-far-away/ HTTP/1.1" 200 17397 "https://jomarlogistica.com.br/2023/04/20/navigating-cultural-differences-in-asian-associations/" "Mozilla/5.0 (Linux; Android 7.0;) AppleWebKit/537.36 (KHTML, like Gecko) Mobile Safari/537.36 (compatible; PetalBot;+https://webmaster.petalsearch.com/site/petalbot)"
jomarlogistica.com.br:80 57.141.0.14 - - [10/Sep/2025:20:11:25 -0300] "GET /2023/02/26/getting-married-at-the-courthouse-in-alberta-everything-you-need-to-know/ HTTP/1.1" 200 61579 "-" "meta-externalagent/1.1 (+https://developers.facebook.com/docs/sharing/webmasters/crawler)"
jomarlogistica.com.br:80 57.141.0.34 - - [10/Sep/2025:20:11:51 -0300] "GET /2023/03/10/online-dating-services-safety-recommendations/ HTTP/1.1" 200 79322 "-" "meta-externalagent/1.1 (+https://developers.facebook.com/docs/sharing/webmasters/crawler)"
jomarlogistica.com.br:80 114.119.138.207 - - [10/Sep/2025:20:11:57 -0300] "GET /2023/01/25/20-tips-for-a-happy-married-life/ HTTP/1.1" 200 18119 "https://jomarlogistica.com.br/2023/01/25/20-tips-for-a-happy-married-life/" "Mozilla/5.0 (Linux; Android 7.0;) AppleWebKit/537.36 (KHTML, like Gecko) Mobile Safari/537.36 (compatible; PetalBot;+https://webmaster.petalsearch.com/site/petalbot)"
jomarlogistica.com.br:80 172.20.1.117 - - [10/Sep/2025:20:13:01 -0300] "POST /wp-cron.php?doing_wp_cron=1757545981.7403090000152587890625 HTTP/1.1" 200 389 "https://jomarlogistica.com.br/wp-cron.php?doing_wp_cron=1757545981.7403090000152587890625" "WordPress/5.8.10; https://jomarlogistica.com.br"
jomarlogistica.com.br:80 216.73.216.134 - - [10/Sep/2025:20:13:01 -0300] "GET /2023/12/07/understanding-the-allegedly-legal-word-in-legal-contexts HTTP/1.1" 301 572 "-" "Mozilla/5.0 AppleWebKit/537.36 (KHTML, like Gecko; compatible; ClaudeBot/1.0; +claudebot@anthropic.com)"
jomarlogistica.com.br:80 216.73.216.134 - - [10/Sep/2025:20:13:02 -0300] "GET /2023/12/07/understanding-the-allegedly-legal-word-in-legal-contexts/ HTTP/1.1" 200 14290 "https://jomarlogistica.com.br/2023/12/07/understanding-the-allegedly-legal-word-in-legal-contexts" "Mozilla/5.0 AppleWebKit/537.36 (KHTML, like Gecko; compatible; ClaudeBot/1.0; +claudebot@anthropic.com)"
jomarlogistica.com.br:80 127.0.0.1 - - [10/Sep/2025:20:13:07 -0300] "OPTIONS * HTTP/1.0" 200 110 "-" "Apache/2.4.65 (Ubuntu) (internal dummy connection)"
jomarlogistica.com.br:80 114.119.136.72 - - [10/Sep/2025:20:13:20 -0300] "GET /2022/page/11/ HTTP/1.1" 200 18716 "https://jomarlogistica.com.br/2022/page/10/" "Mozilla/5.0 (Linux; Android 7.0;) AppleWebKit/537.36 (KHTML, like Gecko) Mobile Safari/537.36 (compatible; PetalBot;+https://webmaster.petalsearch.com/site/petalbot)"
jomarlogistica.com.br:80 114.119.134.192 - - [10/Sep/2025:20:14:45 -0300] "GET /2022/12/29/feeling-hopeless-about-love-online-practitioners-can-help/ HTTP/1.1" 200 17490 "https://jomarlogistica.com.br/author/jomar/page/43/" "Mozilla/5.0 (Linux; Android 7.0;) AppleWebKit/537.36 (KHTML, like Gecko) Mobile Safari/537.36 (compatible; PetalBot;+https://webmaster.petalsearch.com/site/petalbot)"
jomarlogistica.com.br:80 185.191.171.15 - - [10/Sep/2025:20:14:58 -0300] "GET /category/jomar/page/11/ HTTP/1.1" 200 18766 "-" "Mozilla/5.0 (compatible; SemrushBot/7~bl; +http://www.semrush.com/bot.html)"
jomarlogistica.com.br:80 216.73.216.134 - - [10/Sep/2025:20:15:24 -0300] "GET /?a7b529c=7153282 HTTP/1.1" 200 287 "-" "Mozilla/5.0 AppleWebKit/537.36 (KHTML, like Gecko; compatible; ClaudeBot/1.0; +claudebot@anthropic.com)"
jomarlogistica.com.br:80 114.119.134.192 - - [10/Sep/2025:20:16:07 -0300] "GET /2022/11/21/what-european-female-wants-from-a-man-within-a-relationship/ HTTP/1.1" 200 18305 "https://jomarlogistica.com.br/author/jomar/page/49/" "Mozilla/5.0 (Linux; Android 7.0;) AppleWebKit/537.36 (KHTML, like Gecko) Mobile Safari/537.36 (compatible; PetalBot;+https://webmaster.petalsearch.com/site/petalbot)"
jomarlogistica.com.br:80 172.20.1.117 - - [10/Sep/2025:20:17:41 -0300] "POST /wp-cron.php?doing_wp_cron=1757546261.5628640651702880859375 HTTP/1.1" 200 389 "https://jomarlogistica.com.br/wp-cron.php?doing_wp_cron=1757546261.5628640651702880859375" "WordPress/5.8.10; https://jomarlogistica.com.br"
jomarlogistica.com.br:80 216.73.216.134 - - [10/Sep/2025:20:17:41 -0300] "GET /2023/page/35 HTTP/1.1" 301 462 "-" "Mozilla/5.0 AppleWebKit/537.36 (KHTML, like Gecko; compatible; ClaudeBot/1.0; +claudebot@anthropic.com)"
jomarlogistica.com.br:80 216.73.216.134 - - [10/Sep/2025:20:17:42 -0300] "GET /2023/page/35/ HTTP/1.1" 200 18547 "https://jomarlogistica.com.br/2023/page/35" "Mozilla/5.0 AppleWebKit/537.36 (KHTML, like Gecko; compatible; ClaudeBot/1.0; +claudebot@anthropic.com)"
jomarlogistica.com.br:80 127.0.0.1 - - [10/Sep/2025:20:17:48 -0300] "OPTIONS * HTTP/1.0" 200 110 "-" "Apache/2.4.65 (Ubuntu) (internal dummy connection)"
jomarlogistica.com.br:80 216.73.216.134 - - [10/Sep/2025:20:19:12 -0300] "GET /category/jomar/page/11 HTTP/1.1" 301 472 "-" "Mozilla/5.0 AppleWebKit/537.36 (KHTML, like Gecko; compatible; ClaudeBot/1.0; +claudebot@anthropic.com)"
jomarlogistica.com.br:80 216.73.216.134 - - [10/Sep/2025:20:19:12 -0300] "GET /category/jomar/page/11/ HTTP/1.1" 200 18738 "https://jomarlogistica.com.br/category/jomar/page/11" "Mozilla/5.0 AppleWebKit/537.36 (KHTML, like Gecko; compatible; ClaudeBot/1.0; +claudebot@anthropic.com)"
jomarlogistica.com.br:80 172.20.1.117 - - [10/Sep/2025:20:26:19 -0300] "POST /wp-cron.php?doing_wp_cron=1757546779.4450860023498535156250 HTTP/1.1" 200 389 "https://jomarlogistica.com.br/wp-cron.php?doing_wp_cron=1757546779.4450860023498535156250" "WordPress/5.8.10; https://jomarlogistica.com.br"
jomarlogistica.com.br:80 114.119.158.0 - - [10/Sep/2025:20:26:19 -0300] "GET /2024/03/ HTTP/1.1" 200 12094 "https://jomarlogistica.com.br/2022/05/12/baguette-laws-in-france-understanding-the-regulations/" "Mozilla/5.0 (Linux; Android 7.0;) AppleWebKit/537.36 (KHTML, like Gecko) Mobile Safari/537.36 (compatible; PetalBot;+https://webmaster.petalsearch.com/site/petalbot)"
jomarlogistica.com.br:80 127.0.0.1 - - [10/Sep/2025:20:26:24 -0300] "OPTIONS * HTTP/1.0" 200 110 "-" "Apache/2.4.65 (Ubuntu) (internal dummy connection)"
jomarlogistica.com.br:80 172.20.1.117 - - [10/Sep/2025:20:27:42 -0300] "POST /wp-cron.php?doing_wp_cron=1757546862.3436639308929443359375 HTTP/1.1" 200 389 "https://jomarlogistica.com.br/wp-cron.php?doing_wp_cron=1757546862.3436639308929443359375" "WordPress/5.8.10; https://jomarlogistica.com.br"
jomarlogistica.com.br:80 114.119.134.192 - - [10/Sep/2025:20:27:41 -0300] "GET /category/jomar/ HTTP/1.1" 200 18654 "https://jomarlogistica.com.br/2023/05/08/the-board-bedroom-and-its-importance/" "Mozilla/5.0 (Linux; Android 7.0;) AppleWebKit/537.36 (KHTML, like Gecko) Mobile Safari/537.36 (compatible; PetalBot;+https://webmaster.petalsearch.com/site/petalbot)"
jomarlogistica.com.br:80 127.0.0.1 - - [10/Sep/2025:20:27:47 -0300] "OPTIONS * HTTP/1.0" 200 110 "-" "Apache/2.4.65 (Ubuntu) (internal dummy connection)"
jomarlogistica.com.br:80 114.119.135.84 - - [10/Sep/2025:20:29:06 -0300] "GET /2023/09/09/legal-solutions-designed-for-small-businesses/ HTTP/1.1" 200 17385 "https://jomarlogistica.com.br/2023/09/09/legal-solutions-designed-for-small-businesses/" "Mozilla/5.0 (Linux; Android 7.0;) AppleWebKit/537.36 (KHTML, like Gecko) Mobile Safari/537.36 (compatible; PetalBot;+https://webmaster.petalsearch.com/site/petalbot)"
jomarlogistica.com.br:80 172.20.1.117 - - [10/Sep/2025:20:33:39 -0300] "POST /wp-cron.php?doing_wp_cron=1757547219.5793430805206298828125 HTTP/1.1" 200 389 "https://jomarlogistica.com.br/wp-cron.php?doing_wp_cron=1757547219.5793430805206298828125" "WordPress/5.8.10; https://jomarlogistica.com.br"
jomarlogistica.com.br:80 85.208.98.23 - - [10/Sep/2025:20:33:39 -0300] "GET /robots.txt HTTP/1.1" 200 584 "http://jomarlogistica.com.br/robots.txt" "Mozilla/5.0 (compatible; SemrushBot-BA; +http://www.semrush.com/bot.html)"
jomarlogistica.com.br:80 127.0.0.1 - - [10/Sep/2025:20:33:44 -0300] "OPTIONS * HTTP/1.0" 200 110 "-" "Apache/2.4.65 (Ubuntu) (internal dummy connection)"
jomarlogistica.com.br:80 57.141.0.59 - - [10/Sep/2025:20:34:08 -0300] "GET /author/jomar/page/12/ HTTP/1.1" 200 94367 "-" "meta-externalagent/1.1 (+https://developers.facebook.com/docs/sharing/webmasters/crawler)"
jomarlogistica.com.br:80 85.208.98.29 - - [10/Sep/2025:20:34:12 -0300] "GET /2023/05/12/asian-long-distance-human-relationships/ HTTP/1.1" 200 17355 "-" "Mozilla/5.0 (compatible; SemrushBot-BA; +http://www.semrush.com/bot.html)"
jomarlogistica.com.br:80 103.187.146.33 - - [10/Sep/2025:20:34:37 -0300] "GET /laravel-filemanager HTTP/1.1" 404 448 "-" "Mozilla/5.0 (Windows NT 10.0; Win64; x64) AppleWebKit/537.36 (KHTML, like Gecko) Chrome/85.0.4183.102 Safari/537.36"
jomarlogistica.com.br:80 103.187.146.33 - - [10/Sep/2025:20:34:39 -0300] "GET /filemanager HTTP/1.1" 404 390 "-" "Mozilla/5.0 (Windows NT 10.0; Win64; x64) AppleWebKit/537.36 (KHTML, like Gecko) Chrome/85.0.4183.102 Safari/537.36"
jomarlogistica.com.br:80 103.187.146.33 - - [10/Sep/2025:20:34:40 -0300] "GET /DOMAIN-INI-HAPUS-SAJA-GA-VULN HTTP/1.1" 404 390 "-" "Mozilla/5.0 (Windows NT 10.0; Win64; x64) AppleWebKit/537.36 (KHTML, like Gecko) Chrome/85.0.4183.102 Safari/537.36"
jomarlogistica.com.br:80 103.187.146.33 - - [10/Sep/2025:20:34:41 -0300] "GET /laravel-filemanager HTTP/1.1" 404 390 "-" "Mozilla/5.0 (Windows NT 10.0; Win64; x64) AppleWebKit/537.36 (KHTML, like Gecko) Chrome/85.0.4183.102 Safari/537.36"
jomarlogistica.com.br:80 103.187.146.33 - - [10/Sep/2025:20:34:41 -0300] "GET /laravel-filemanager HTTP/1.1" 404 409 "-" "Mozilla/5.0 (Windows NT 10.0; Win64; x64) AppleWebKit/537.36 (KHTML, like Gecko) Chrome/85.0.4183.102 Safari/537.36"
jomarlogistica.com.br:80 103.187.146.33 - - [10/Sep/2025:20:34:42 -0300] "GET /filemanager HTTP/1.1" 404 390 "-" "Mozilla/5.0 (Windows NT 10.0; Win64; x64) AppleWebKit/537.36 (KHTML, like Gecko) Chrome/85.0.4183.102 Safari/537.36"
jomarlogistica.com.br:80 103.187.146.33 - - [10/Sep/2025:20:34:43 -0300] "GET /filemanager HTTP/1.1" 404 390 "-" "Mozilla/5.0 (Windows NT 10.0; Win64; x64) AppleWebKit/537.36 (KHTML, like Gecko) Chrome/85.0.4183.102 Safari/537.36"
jomarlogistica.com.br:80 103.187.146.33 - - [10/Sep/2025:20:34:43 -0300] "GET /DOMAIN-INI-HAPUS-SAJA-GA-VULN HTTP/1.1" 404 390 "-" "Mozilla/5.0 (Windows NT 10.0; Win64; x64) AppleWebKit/537.36 (KHTML, like Gecko) Chrome/85.0.4183.102 Safari/537.36"
jomarlogistica.com.br:80 103.187.146.33 - - [10/Sep/2025:20:34:44 -0300] "GET /DOMAIN-INI-HAPUS-SAJA-GA-VULN HTTP/1.1" 404 390 "-" "Mozilla/5.0 (Windows NT 10.0; Win64; x64) AppleWebKit/537.36 (KHTML, like Gecko) Chrome/85.0.4183.102 Safari/537.36"
jomarlogistica.com.br:80 57.141.0.62 - - [10/Sep/2025:20:35:34 -0300] "GET /2023/04/20/carry-out-latina-girls-like-white-colored-guys/ HTTP/1.1" 200 83181 "-" "meta-externalagent/1.1 (+https://developers.facebook.com/docs/sharing/webmasters/crawler)"
jomarlogistica.com.br:80 172.20.1.117 - - [10/Sep/2025:20:37:40 -0300] "POST /wp-cron.php?doing_wp_cron=1757547460.0683379173278808593750 HTTP/1.1" 200 389 "https://jomarlogistica.com.br/wp-cron.php?doing_wp_cron=1757547460.0683379173278808593750" "WordPress/5.8.10; https://jomarlogistica.com.br"
jomarlogistica.com.br:80 185.191.171.18 - - [10/Sep/2025:20:37:39 -0300] "GET /robots.txt HTTP/1.1" 200 584 "-" "Mozilla/5.0 (compatible; SemrushBot/7~bl; +http://www.semrush.com/bot.html)"
jomarlogistica.com.br:80 185.191.171.19 - - [10/Sep/2025:20:37:41 -0300] "GET /2023/07/25/what-is-web-panic/ HTTP/1.1" 200 17323 "-" "Mozilla/5.0 (compatible; SemrushBot/7~bl; +http://www.semrush.com/bot.html)"
jomarlogistica.com.br:80 127.0.0.1 - - [10/Sep/2025:20:37:47 -0300] "OPTIONS * HTTP/1.0" 200 110 "-" "Apache/2.4.65 (Ubuntu) (internal dummy connection)"
jomarlogistica.com.br:80 216.73.216.134 - - [10/Sep/2025:20:39:41 -0300] "GET /robots.txt HTTP/1.1" 200 584 "-" "Mozilla/5.0 AppleWebKit/537.36 (KHTML, like Gecko; compatible; ClaudeBot/1.0; +claudebot@anthropic.com)"
jomarlogistica.com.br:80 216.73.216.134 - - [10/Sep/2025:20:39:42 -0300] "GET /wp-sitemap.xml HTTP/1.1" 200 585 "-" "Mozilla/5.0 AppleWebKit/537.36 (KHTML, like Gecko; compatible; ClaudeBot/1.0; +claudebot@anthropic.com)"
jomarlogistica.com.br:80 57.141.0.20 - - [10/Sep/2025:20:40:21 -0300] "GET /2023/03/12/everything-you-need-to-know-about-child-benefit-new-rules-legal-guide/ HTTP/1.1" 200 61160 "-" "meta-externalagent/1.1 (+https://developers.facebook.com/docs/sharing/webmasters/crawler)"
jomarlogistica.com.br:80 85.208.96.206 - - [10/Sep/2025:20:41:40 -0300] "GET /2022/10/01/why-you-should-avoid-overseas-dating-sites/ HTTP/1.1" 200 19012 "-" "Mozilla/5.0 (compatible; SemrushBot/7~bl; +http://www.semrush.com/bot.html)"
jomarlogistica.com.br:80 114.119.128.158 - - [10/Sep/2025:20:41:59 -0300] "GET /contato/ HTTP/1.1" 200 16356 "https://jomarlogistica.com.br/2023/05/08/the-board-bedroom-and-its-importance/" "Mozilla/5.0 (Linux; Android 7.0;) AppleWebKit/537.36 (KHTML, like Gecko) Mobile Safari/537.36 (compatible; PetalBot;+https://webmaster.petalsearch.com/site/petalbot)"
jomarlogistica.com.br:80 172.20.1.117 - - [10/Sep/2025:20:43:21 -0300] "POST /wp-cron.php?doing_wp_cron=1757547801.4826009273529052734375 HTTP/1.1" 200 389 "https://jomarlogistica.com.br/wp-cron.php?doing_wp_cron=1757547801.4826009273529052734375" "WordPress/5.8.10; https://jomarlogistica.com.br"
jomarlogistica.com.br:80 114.119.138.207 - - [10/Sep/2025:20:43:21 -0300] "GET /category/jomar/page/34/ HTTP/1.1" 200 18803 "https://jomarlogistica.com.br/category/jomar/page/34/" "Mozilla/5.0 (Linux; Android 7.0;) AppleWebKit/537.36 (KHTML, like Gecko) Mobile Safari/537.36 (compatible; PetalBot;+https://webmaster.petalsearch.com/site/petalbot)"
jomarlogistica.com.br:80 127.0.0.1 - - [10/Sep/2025:20:43:26 -0300] "OPTIONS * HTTP/1.0" 200 110 "-" "Apache/2.4.65 (Ubuntu) (internal dummy connection)"
jomarlogistica.com.br:80 177.116.188.98 - - [10/Sep/2025:20:43:37 -0300] "POST /autodiscover/autodiscover.xml HTTP/1.1" 404 448 "-" "AppleExchangeWebServices/833 accountsd/113"
jomarlogistica.com.br:80 114.119.138.130 - - [10/Sep/2025:20:44:43 -0300] "GET /2023/04/29/marriage-ceremony-budget-recommendations-from-florists-caterers-and-more/ HTTP/1.1" 200 17691 "https://jomarlogistica.com.br/author/jomar/page/30/" "Mozilla/5.0 (Linux; Android 7.0;) AppleWebKit/537.36 (KHTML, like Gecko) Mobile Safari/537.36 (compatible; PetalBot;+https://webmaster.petalsearch.com/site/petalbot)"
jomarlogistica.com.br:80 172.20.1.117 - - [10/Sep/2025:20:56:21 -0300] "POST /wp-cron.php?doing_wp_cron=1757548581.5943639278411865234375 HTTP/1.1" 200 389 "https://jomarlogistica.com.br/wp-cron.php?doing_wp_cron=1757548581.5943639278411865234375" "WordPress/5.8.10; https://jomarlogistica.com.br"
jomarlogistica.com.br:80 52.230.163.37 - - [10/Sep/2025:20:56:21 -0300] "GET /2024/01/16/is-owning-pet-squirrels-legal-in-florida-laws-regulations/ HTTP/1.1" 200 13814 "-" "Mozilla/5.0 AppleWebKit/537.36 (KHTML, like Gecko); compatible; ChatGPT-User/1.0; +https://openai.com/bot"
jomarlogistica.com.br:80 127.0.0.1 - - [10/Sep/2025:20:56:26 -0300] "OPTIONS * HTTP/1.0" 200 110 "-" "Apache/2.4.65 (Ubuntu) (internal dummy connection)"
jomarlogistica.com.br:80 172.20.1.117 - - [10/Sep/2025:20:59:11 -0300] "POST /wp-cron.php?doing_wp_cron=1757548751.3585278987884521484375 HTTP/1.1" 200 389 "https://jomarlogistica.com.br/wp-cron.php?doing_wp_cron=1757548751.3585278987884521484375" "WordPress/5.8.10; https://jomarlogistica.com.br"
jomarlogistica.com.br:80 216.73.216.134 - - [10/Sep/2025:20:59:10 -0300] "GET /wp-sitemap.xml HTTP/1.1" 200 643 "-" "Mozilla/5.0 AppleWebKit/537.36 (KHTML, like Gecko; compatible; ClaudeBot/1.0; +claudebot@anthropic.com)"
jomarlogistica.com.br:80 127.0.0.1 - - [10/Sep/2025:20:59:16 -0300] "OPTIONS * HTTP/1.0" 200 110 "-" "Apache/2.4.65 (Ubuntu) (internal dummy connection)"
jomarlogistica.com.br:80 114.119.128.158 - - [10/Sep/2025:21:01:53 -0300] "GET /author/jomar/page/46/ HTTP/1.1" 200 18686 "https://jomarlogistica.com.br/author/jomar/page/46/" "Mozilla/5.0 (Linux; Android 7.0;) AppleWebKit/537.36 (KHTML, like Gecko) Mobile Safari/537.36 (compatible; PetalBot;+https://webmaster.petalsearch.com/site/petalbot)"
jomarlogistica.com.br:80 172.20.1.117 - - [10/Sep/2025:21:03:15 -0300] "POST /wp-cron.php?doing_wp_cron=1757548995.2921419143676757812500 HTTP/1.1" 200 389 "https://jomarlogistica.com.br/wp-cron.php?doing_wp_cron=1757548995.2921419143676757812500" "WordPress/5.8.10; https://jomarlogistica.com.br"
jomarlogistica.com.br:80 114.119.138.207 - - [10/Sep/2025:21:03:14 -0300] "GET /category/jomar/page/30/ HTTP/1.1" 200 18996 "https://jomarlogistica.com.br/category/jomar/page/31/" "Mozilla/5.0 (Linux; Android 7.0;) AppleWebKit/537.36 (KHTML, like Gecko) Mobile Safari/537.36 (compatible; PetalBot;+https://webmaster.petalsearch.com/site/petalbot)"
jomarlogistica.com.br:80 127.0.0.1 - - [10/Sep/2025:21:03:20 -0300] "OPTIONS * HTTP/1.0" 200 110 "-" "Apache/2.4.65 (Ubuntu) (internal dummy connection)"
jomarlogistica.com.br:80 57.141.0.74 - - [10/Sep/2025:21:04:17 -0300] "GET /2022/09/10/pretty-ways-to-ask-someone-to-become-your-girlfriend/ HTTP/1.1" 200 80864 "-" "meta-externalagent/1.1 (+https://developers.facebook.com/docs/sharing/webmasters/crawler)"
jomarlogistica.com.br:80 114.119.135.84 - - [10/Sep/2025:21:04:39 -0300] "GET /2023/12/page/2/ HTTP/1.1" 200 12033 "https://jomarlogistica.com.br/2023/12/page/2/" "Mozilla/5.0 (Linux; Android 7.0;) AppleWebKit/537.36 (KHTML, like Gecko) Mobile Safari/537.36 (compatible; PetalBot;+https://webmaster.petalsearch.com/site/petalbot)"
jomarlogistica.com.br:80 47.253.156.13 - - [10/Sep/2025:21:05:23 -0300] "GET /?rest_route=/wp/v2/users/ HTTP/1.1" 200 1095 "-" "python-requests/2.28.1"
jomarlogistica.com.br:80 172.20.1.117 - - [10/Sep/2025:21:05:25 -0300] "POST /wp-cron.php?doing_wp_cron=1757549125.0566980838775634765625 HTTP/1.1" 200 389 "https://jomarlogistica.com.br/wp-cron.php?doing_wp_cron=1757549125.0566980838775634765625" "WordPress/5.8.10; https://jomarlogistica.com.br"
jomarlogistica.com.br:80 47.253.156.13 - - [10/Sep/2025:21:05:24 -0300] "GET /?rest_route=/wp/v2/users/ HTTP/1.1" 200 1095 "-" "python-requests/2.28.1"
jomarlogistica.com.br:80 47.253.156.13 - - [10/Sep/2025:21:05:26 -0300] "POST /xmlrpc.php HTTP/1.1" 403 2493 "-" "python-requests/2.28.1"
jomarlogistica.com.br:80 47.253.156.13 - - [10/Sep/2025:21:05:26 -0300] "POST /xmlrpc.php HTTP/1.1" 403 2493 "-" "python-requests/2.28.1"
jomarlogistica.com.br:80 47.253.156.13 - - [10/Sep/2025:21:05:27 -0300] "POST /xmlrpc.php HTTP/1.1" 403 2512 "-" "python-requests/2.28.1"
jomarlogistica.com.br:80 47.253.156.13 - - [10/Sep/2025:21:05:27 -0300] "POST /xmlrpc.php HTTP/1.1" 403 2493 "-" "python-requests/2.28.1"
jomarlogistica.com.br:80 47.253.156.13 - - [10/Sep/2025:21:05:28 -0300] "POST /xmlrpc.php HTTP/1.1" 403 2493 "-" "python-requests/2.28.1"
jomarlogistica.com.br:80 47.253.156.13 - - [10/Sep/2025:21:05:28 -0300] "POST /xmlrpc.php HTTP/1.1" 403 2493 "-" "python-requests/2.28.1"
jomarlogistica.com.br:80 47.253.156.13 - - [10/Sep/2025:21:05:29 -0300] "POST /xmlrpc.php HTTP/1.1" 403 2493 "-" "python-requests/2.28.1"
jomarlogistica.com.br:80 47.253.156.13 - - [10/Sep/2025:21:05:29 -0300] "POST /xmlrpc.php HTTP/1.1" 403 2493 "-" "python-requests/2.28.1"
jomarlogistica.com.br:80 47.253.156.13 - - [10/Sep/2025:21:05:30 -0300] "POST /xmlrpc.php HTTP/1.1" 403 2512 "-" "python-requests/2.28.1"
jomarlogistica.com.br:80 47.253.156.13 - - [10/Sep/2025:21:05:30 -0300] "POST /xmlrpc.php HTTP/1.1" 403 2493 "-" "python-requests/2.28.1"
jomarlogistica.com.br:80 47.253.156.13 - - [10/Sep/2025:21:05:31 -0300] "POST /xmlrpc.php HTTP/1.1" 403 2493 "-" "python-requests/2.28.1"
jomarlogistica.com.br:80 47.253.156.13 - - [10/Sep/2025:21:05:31 -0300] "POST /xmlrpc.php HTTP/1.1" 403 2493 "-" "python-requests/2.28.1"
jomarlogistica.com.br:80 47.253.156.13 - - [10/Sep/2025:21:05:32 -0300] "POST /xmlrpc.php HTTP/1.1" 403 2493 "-" "python-requests/2.28.1"
jomarlogistica.com.br:80 47.253.156.13 - - [10/Sep/2025:21:05:32 -0300] "POST /xmlrpc.php HTTP/1.1" 403 2493 "-" "python-requests/2.28.1"
jomarlogistica.com.br:80 47.253.156.13 - - [10/Sep/2025:21:05:33 -0300] "POST /xmlrpc.php HTTP/1.1" 403 2512 "-" "python-requests/2.28.1"
jomarlogistica.com.br:80 47.253.156.13 - - [10/Sep/2025:21:05:33 -0300] "POST /xmlrpc.php HTTP/1.1" 403 2493 "-" "python-requests/2.28.1"
jomarlogistica.com.br:80 127.0.0.1 - - [10/Sep/2025:21:05:34 -0300] "OPTIONS * HTTP/1.0" 200 110 "-" "Apache/2.4.65 (Ubuntu) (internal dummy connection)"
jomarlogistica.com.br:80 127.0.0.1 - - [10/Sep/2025:21:05:37 -0300] "OPTIONS * HTTP/1.0" 200 110 "-" "Apache/2.4.65 (Ubuntu) (internal dummy connection)"
jomarlogistica.com.br:80 114.119.138.130 - - [10/Sep/2025:21:06:02 -0300] "GET /2023/01/29/why-russian-ship-order-wife-has-become-the-stylish-option-for-west-gentlemen/ HTTP/1.1" 200 18316 "https://jomarlogistica.com.br/2023/01/29/why-russian-ship-order-wife-has-become-the-stylish-option-for-west-gentlemen/" "Mozilla/5.0 (Linux; Android 7.0;) AppleWebKit/537.36 (KHTML, like Gecko) Mobile Safari/537.36 (compatible; PetalBot;+https://webmaster.petalsearch.com/site/petalbot)"
jomarlogistica.com.br:80 172.20.1.117 - - [10/Sep/2025:21:07:27 -0300] "POST /wp-cron.php?doing_wp_cron=1757549247.5980710983276367187500 HTTP/1.1" 200 389 "https://jomarlogistica.com.br/wp-cron.php?doing_wp_cron=1757549247.5980710983276367187500" "WordPress/5.8.10; https://jomarlogistica.com.br"
jomarlogistica.com.br:80 114.119.134.192 - - [10/Sep/2025:21:07:27 -0300] "GET /category/jomar/page/42/ HTTP/1.1" 200 18972 "https://jomarlogistica.com.br/category/jomar/page/42/" "Mozilla/5.0 (Linux; Android 7.0;) AppleWebKit/537.36 (KHTML, like Gecko) Mobile Safari/537.36 (compatible; PetalBot;+https://webmaster.petalsearch.com/site/petalbot)"
jomarlogistica.com.br:80 127.0.0.1 - - [10/Sep/2025:21:07:33 -0300] "OPTIONS * HTTP/1.0" 200 110 "-" "Apache/2.4.65 (Ubuntu) (internal dummy connection)"
jomarlogistica.com.br:80 114.119.136.72 - - [10/Sep/2025:21:08:49 -0300] "GET /category/jomar/page/43/ HTTP/1.1" 200 18756 "https://jomarlogistica.com.br/category/jomar/page/44/" "Mozilla/5.0 (Linux; Android 7.0;) AppleWebKit/537.36 (KHTML, like Gecko) Mobile Safari/537.36 (compatible; PetalBot;+https://webmaster.petalsearch.com/site/petalbot)"
jomarlogistica.com.br:80 114.119.135.84 - - [10/Sep/2025:21:10:13 -0300] "GET /author/jomar/page/3/ HTTP/1.1" 200 18807 "https://jomarlogistica.com.br/author/jomar/page/2/" "Mozilla/5.0 (Linux; Android 7.0;) AppleWebKit/537.36 (KHTML, like Gecko) Mobile Safari/537.36 (compatible; PetalBot;+https://webmaster.petalsearch.com/site/petalbot)"
jomarlogistica.com.br:80 114.119.134.192 - - [10/Sep/2025:21:11:35 -0300] "GET /2023/06/04/benefits-associated-with-business-method-optimization/ HTTP/1.1" 200 17392 "https://jomarlogistica.com.br/2023/06/05/cookware-wedding-customer-etiquette/" "Mozilla/5.0 (Linux; Android 7.0;) AppleWebKit/537.36 (KHTML, like Gecko) Mobile Safari/537.36 (compatible; PetalBot;+https://webmaster.petalsearch.com/site/petalbot)"
jomarlogistica.com.br:80 172.20.1.117 - - [10/Sep/2025:21:13:01 -0300] "POST /wp-cron.php?doing_wp_cron=1757549581.0801420211791992187500 HTTP/1.1" 200 389 "https://jomarlogistica.com.br/wp-cron.php?doing_wp_cron=1757549581.0801420211791992187500" "WordPress/5.8.10; https://jomarlogistica.com.br"
jomarlogistica.com.br:80 114.119.138.207 - - [10/Sep/2025:21:13:00 -0300] "GET /2023/04/29/the-best-female-contest-to-get-married-to/ HTTP/1.1" 200 17518 "https://jomarlogistica.com.br/2023/04/30/tips-on-how-to-date-an-area-latino-daughter-that-want-to-marry-tourists/" "Mozilla/5.0 (Linux; Android 7.0;) AppleWebKit/537.36 (KHTML, like Gecko) Mobile Safari/537.36 (compatible; PetalBot;+https://webmaster.petalsearch.com/site/petalbot)"
jomarlogistica.com.br:80 127.0.0.1 - - [10/Sep/2025:21:13:07 -0300] "OPTIONS * HTTP/1.0" 200 110 "-" "Apache/2.4.65 (Ubuntu) (internal dummy connection)"
jomarlogistica.com.br:80 114.119.128.158 - - [10/Sep/2025:21:14:24 -0300] "GET /2023/ HTTP/1.1" 200 18533 "https://jomarlogistica.com.br/2023/06/" "Mozilla/5.0 (Linux; Android 7.0;) AppleWebKit/537.36 (KHTML, like Gecko) Mobile Safari/537.36 (compatible; PetalBot;+https://webmaster.petalsearch.com/site/petalbot)"
jomarlogistica.com.br:80 114.119.134.192 - - [10/Sep/2025:21:15:47 -0300] "GET /2022/11/page/3/ HTTP/1.1" 200 18480 "https://jomarlogistica.com.br/2022/11/page/2/" "Mozilla/5.0 (Linux; Android 7.0;) AppleWebKit/537.36 (KHTML, like Gecko) Mobile Safari/537.36 (compatible; PetalBot;+https://webmaster.petalsearch.com/site/petalbot)"
jomarlogistica.com.br:80 57.141.0.34 - - [10/Sep/2025:21:15:56 -0300] "GET /2023/04/29/marriage-ceremony-budget-recommendations-from-florists-caterers-and-more/ HTTP/1.1" 200 80479 "-" "meta-externalagent/1.1 (+https://developers.facebook.com/docs/sharing/webmasters/crawler)"
jomarlogistica.com.br:80 114.119.158.0 - - [10/Sep/2025:21:17:10 -0300] "GET /2022/11/06/a-black-girl-dating-a-north-american-man-5-advise-for-success/ HTTP/1.1" 200 18455 "https://jomarlogistica.com.br/2022/11/05/feeling-ugly-about-appreciate-online-counselors-can-help/" "Mozilla/5.0 (Linux; Android 7.0;) AppleWebKit/537.36 (KHTML, like Gecko) Mobile Safari/537.36 (compatible; PetalBot;+https://webmaster.petalsearch.com/site/petalbot)"
jomarlogistica.com.br:80 172.20.1.117 - - [10/Sep/2025:21:18:35 -0300] "POST /wp-cron.php?doing_wp_cron=1757549915.1907711029052734375000 HTTP/1.1" 200 389 "https://jomarlogistica.com.br/wp-cron.php?doing_wp_cron=1757549915.1907711029052734375000" "WordPress/5.8.10; https://jomarlogistica.com.br"
jomarlogistica.com.br:80 114.119.158.0 - - [10/Sep/2025:21:18:34 -0300] "GET /category/jomar/page/57/ HTTP/1.1" 200 18245 "https://jomarlogistica.com.br/category/jomar/page/27/" "Mozilla/5.0 (Linux; Android 7.0;) AppleWebKit/537.36 (KHTML, like Gecko) Mobile Safari/537.36 (compatible; PetalBot;+https://webmaster.petalsearch.com/site/petalbot)"
jomarlogistica.com.br:80 127.0.0.1 - - [10/Sep/2025:21:18:40 -0300] "OPTIONS * HTTP/1.0" 200 110 "-" "Apache/2.4.65 (Ubuntu) (internal dummy connection)"
jomarlogistica.com.br:80 114.119.134.192 - - [10/Sep/2025:21:19:56 -0300] "GET /2023/04/26/talk-with-strangers-no-login-free-random-chatting/ HTTP/1.1" 200 20948 "https://jomarlogistica.com.br/author/jomar/page/31/" "Mozilla/5.0 (Linux; Android 7.0;) AppleWebKit/537.36 (KHTML, like Gecko) Mobile Safari/537.36 (compatible; PetalBot;+https://webmaster.petalsearch.com/site/petalbot)"
jomarlogistica.com.br:80 114.119.158.0 - - [10/Sep/2025:21:21:20 -0300] "GET /2022/12/30/why-older-men-and-younger-females-are-seeing/ HTTP/1.1" 200 18194 "https://jomarlogistica.com.br/author/jomar/page/43/" "Mozilla/5.0 (Linux; Android 7.0;) AppleWebKit/537.36 (KHTML, like Gecko) Mobile Safari/537.36 (compatible; PetalBot;+https://webmaster.petalsearch.com/site/petalbot)"
jomarlogistica.com.br:80 172.20.1.117 - - [10/Sep/2025:21:22:47 -0300] "POST /wp-cron.php?doing_wp_cron=1757550167.0480899810791015625000 HTTP/1.1" 200 389 "https://jomarlogistica.com.br/wp-cron.php?doing_wp_cron=1757550167.0480899810791015625000" "WordPress/5.8.10; https://jomarlogistica.com.br"
jomarlogistica.com.br:80 114.119.159.76 - - [10/Sep/2025:21:22:46 -0300] "GET /2022/10/24/spots-to-meet-ladies/ HTTP/1.1" 200 18706 "https://jomarlogistica.com.br/2022/10/" "Mozilla/5.0 (Linux; Android 7.0;) AppleWebKit/537.36 (KHTML, like Gecko) Mobile Safari/537.36 (compatible; PetalBot;+https://webmaster.petalsearch.com/site/petalbot)"
jomarlogistica.com.br:80 127.0.0.1 - - [10/Sep/2025:21:22:52 -0300] "OPTIONS * HTTP/1.0" 200 110 "-" "Apache/2.4.65 (Ubuntu) (internal dummy connection)"
jomarlogistica.com.br:80 114.119.136.72 - - [10/Sep/2025:21:24:07 -0300] "GET /2023/12/15/are-fire-pits-legal-in-florida-regulations-laws-explained/ HTTP/1.1" 200 14198 "https://jomarlogistica.com.br/2023/12/15/are-binary-triggers-legal-in-virginia-legal-insights-2022/" "Mozilla/5.0 (Linux; Android 7.0;) AppleWebKit/537.36 (KHTML, like Gecko) Mobile Safari/537.36 (compatible; PetalBot;+https://webmaster.petalsearch.com/site/petalbot)"
jomarlogistica.com.br:80 216.73.216.134 - - [10/Sep/2025:21:25:54 -0300] "GET /wp-sitemap.xml HTTP/1.1" 200 643 "-" "Mozilla/5.0 AppleWebKit/537.36 (KHTML, like Gecko; compatible; ClaudeBot/1.0; +claudebot@anthropic.com)"
jomarlogistica.com.br:80 172.20.1.117 - - [10/Sep/2025:21:30:43 -0300] "POST /wp-cron.php?doing_wp_cron=1757550643.6713581085205078125000 HTTP/1.1" 200 389 "https://jomarlogistica.com.br/wp-cron.php?doing_wp_cron=1757550643.6713581085205078125000" "WordPress/5.8.10; https://jomarlogistica.com.br"
jomarlogistica.com.br:80 57.141.0.42 - - [10/Sep/2025:21:30:43 -0300] "GET /2023/06/19/car-agreement-of-sale-word-legal-templates-and-forms/ HTTP/1.1" 200 63669 "-" "meta-externalagent/1.1 (+https://developers.facebook.com/docs/sharing/webmasters/crawler)"
jomarlogistica.com.br:80 127.0.0.1 - - [10/Sep/2025:21:30:48 -0300] "OPTIONS * HTTP/1.0" 200 110 "-" "Apache/2.4.65 (Ubuntu) (internal dummy connection)"
jomarlogistica.com.br:80 172.20.1.117 - - [10/Sep/2025:21:36:07 -0300] "POST /wp-cron.php?doing_wp_cron=1757550967.3112859725952148437500 HTTP/1.1" 200 389 "https://jomarlogistica.com.br/wp-cron.php?doing_wp_cron=1757550967.3112859725952148437500" "WordPress/5.8.10; https://jomarlogistica.com.br"
jomarlogistica.com.br:80 173.252.87.115 - - [10/Sep/2025:21:36:06 -0300] "GET /robots.txt HTTP/1.1" 206 610 "-" "facebookexternalhit/1.1 (+http://www.facebook.com/externalhit_uatext.php)"
jomarlogistica.com.br:80 127.0.0.1 - - [10/Sep/2025:21:36:11 -0300] "OPTIONS * HTTP/1.0" 200 110 "-" "Apache/2.4.65 (Ubuntu) (internal dummy connection)"
jomarlogistica.com.br:80 172.20.1.117 - - [10/Sep/2025:21:41:21 -0300] "POST /wp-cron.php?doing_wp_cron=1757551281.0433640480041503906250 HTTP/1.1" 200 389 "https://jomarlogistica.com.br/wp-cron.php?doing_wp_cron=1757551281.0433640480041503906250" "WordPress/5.8.10; https://jomarlogistica.com.br"
jomarlogistica.com.br:80 57.141.0.36 - - [10/Sep/2025:21:41:20 -0300] "GET /2024/01/16/is-owning-pet-squirrels-legal-in-florida-laws-regulations/ HTTP/1.1" 200 60327 "-" "meta-externalagent/1.1 (+https://developers.facebook.com/docs/sharing/webmasters/crawler)"
jomarlogistica.com.br:80 127.0.0.1 - - [10/Sep/2025:21:41:26 -0300] "OPTIONS * HTTP/1.0" 200 110 "-" "Apache/2.4.65 (Ubuntu) (internal dummy connection)"
jomarlogistica.com.br:80 172.20.1.117 - - [10/Sep/2025:21:43:03 -0300] "POST /wp-cron.php?doing_wp_cron=1757551383.9642388820648193359375 HTTP/1.1" 200 389 "https://jomarlogistica.com.br/wp-cron.php?doing_wp_cron=1757551383.9642388820648193359375" "WordPress/5.8.10; https://jomarlogistica.com.br"
jomarlogistica.com.br:80 85.208.96.205 - - [10/Sep/2025:21:43:03 -0300] "GET /robots.txt HTTP/1.1" 200 584 "-" "Mozilla/5.0 (compatible; SemrushBot/7~bl; +http://www.semrush.com/bot.html)"
jomarlogistica.com.br:80 85.208.96.197 - - [10/Sep/2025:21:43:04 -0300] "GET /2023/09/04/how-to-find-the-best-free-vpn/ HTTP/1.1" 200 17230 "-" "Mozilla/5.0 (compatible; SemrushBot/7~bl; +http://www.semrush.com/bot.html)"
jomarlogistica.com.br:80 127.0.0.1 - - [10/Sep/2025:21:43:10 -0300] "OPTIONS * HTTP/1.0" 200 110 "-" "Apache/2.4.65 (Ubuntu) (internal dummy connection)"
jomarlogistica.com.br:80 51.68.111.213 - - [10/Sep/2025:21:43:53 -0300] "GET /robots.txt HTTP/1.1" 200 584 "-" "Mozilla/5.0 (compatible; MJ12bot/v2.0.4; http://mj12bot.com/)"
jomarlogistica.com.br:80 114.119.158.0 - - [10/Sep/2025:21:43:52 -0300] "GET /category/jomar/page/11/ HTTP/1.1" 200 18757 "https://jomarlogistica.com.br/category/jomar/page/11/" "Mozilla/5.0 (Linux; Android 7.0;) AppleWebKit/537.36 (KHTML, like Gecko) Mobile Safari/537.36 (compatible; PetalBot;+https://webmaster.petalsearch.com/site/petalbot)"
jomarlogistica.com.br:80 51.68.111.213 - - [10/Sep/2025:21:43:53 -0300] "GET / HTTP/1.1" 200 23929 "-" "Mozilla/5.0 (compatible; MJ12bot/v2.0.4; http://mj12bot.com/)"
jomarlogistica.com.br:80 127.0.0.1 - - [10/Sep/2025:21:43:59 -0300] "OPTIONS * HTTP/1.0" 200 110 "-" "Apache/2.4.65 (Ubuntu) (internal dummy connection)"
