jomarlogistica.com.br:80 20.171.207.79 - - [10/Sep/2025:22:37:34 -0300] "GET /2023/10/02/4-common-uses-for-a-virtual-data-room/ HTTP/1.1" 200 16917 "-" "Mozilla/5.0 AppleWebKit/537.36 (KHTML, like Gecko; compatible; GPTBot/1.2; +https://openai.com/gptbot)"
jomarlogistica.com.br:80 20.171.207.79 - - [10/Sep/2025:22:37:35 -0300] "GET /?p=7349 HTTP/1.1" 301 448 "-" "Mozilla/5.0 AppleWebKit/537.36 (KHTML, like Gecko; compatible; GPTBot/1.2; +https://openai.com/gptbot)"
jomarlogistica.com.br:80 20.171.207.79 - - [10/Sep/2025:22:37:37 -0300] "GET /2023/10/02/the-best-data-rooms-review/ HTTP/1.1" 200 17026 "-" "Mozilla/5.0 AppleWebKit/537.36 (KHTML, like Gecko; compatible; GPTBot/1.2; +https://openai.com/gptbot)"
jomarlogistica.com.br:80 20.171.207.79 - - [10/Sep/2025:22:37:38 -0300] "GET /2023/09/26/avg-antivirus-review-2/ HTTP/1.1" 200 17192 "-" "Mozilla/5.0 AppleWebKit/537.36 (KHTML, like Gecko; compatible; GPTBot/1.2; +https://openai.com/gptbot)"
jomarlogistica.com.br:80 20.171.207.79 - - [10/Sep/2025:22:37:40 -0300] "GET /?p=6549 HTTP/1.1" 301 445 "-" "Mozilla/5.0 AppleWebKit/537.36 (KHTML, like Gecko; compatible; GPTBot/1.2; +https://openai.com/gptbot)"
jomarlogistica.com.br:80 20.171.207.79 - - [10/Sep/2025:22:37:41 -0300] "GET /2022/10/20/tasks-that-visit-together-for-preschoolers/ HTTP/1.1" 200 17456 "-" "Mozilla/5.0 AppleWebKit/537.36 (KHTML, like Gecko; compatible; GPTBot/1.2; +https://openai.com/gptbot)"
jomarlogistica.com.br:80 20.171.207.79 - - [10/Sep/2025:22:37:42 -0300] "GET /?p=7355 HTTP/1.1" 301 452 "-" "Mozilla/5.0 AppleWebKit/537.36 (KHTML, like Gecko; compatible; GPTBot/1.2; +https://openai.com/gptbot)"
jomarlogistica.com.br:80 20.171.207.79 - - [10/Sep/2025:22:37:43 -0300] "GET /2023/10/02/best-ma-due-diligence-software/ HTTP/1.1" 200 17180 "-" "Mozilla/5.0 AppleWebKit/537.36 (KHTML, like Gecko; compatible; GPTBot/1.2; +https://openai.com/gptbot)"
jomarlogistica.com.br:80 20.171.207.79 - - [10/Sep/2025:22:37:45 -0300] "GET /2023/04/06/amazing-interracial-couples/ HTTP/1.1" 200 17465 "-" "Mozilla/5.0 AppleWebKit/537.36 (KHTML, like Gecko; compatible; GPTBot/1.2; +https://openai.com/gptbot)"
jomarlogistica.com.br:80 20.171.207.79 - - [10/Sep/2025:22:37:46 -0300] "GET /2022/10/21/finding-millionaire-on-line/ HTTP/1.1" 200 17272 "-" "Mozilla/5.0 AppleWebKit/537.36 (KHTML, like Gecko; compatible; GPTBot/1.2; +https://openai.com/gptbot)"
jomarlogistica.com.br:80 20.171.207.79 - - [10/Sep/2025:22:37:48 -0300] "GET /?p=7347 HTTP/1.1" 301 440 "-" "Mozilla/5.0 AppleWebKit/537.36 (KHTML, like Gecko; compatible; GPTBot/1.2; +https://openai.com/gptbot)"
jomarlogistica.com.br:80 20.171.207.79 - - [10/Sep/2025:22:37:48 -0300] "GET /2023/10/02/4-common-uses-for-a-virtual-data-room/ HTTP/1.1" 200 16936 "-" "Mozilla/5.0 AppleWebKit/537.36 (KHTML, like Gecko; compatible; GPTBot/1.2; +https://openai.com/gptbot)"
jomarlogistica.com.br:80 20.171.207.79 - - [10/Sep/2025:22:37:50 -0300] "GET /2023/04/09/eleven-finest-hookup-sites-in-2023-top-web-sites-for-hook-ups/ HTTP/1.1" 200 17452 "-" "Mozilla/5.0 AppleWebKit/537.36 (KHTML, like Gecko; compatible; GPTBot/1.2; +https://openai.com/gptbot)"
jomarlogistica.com.br:80 20.171.207.79 - - [10/Sep/2025:22:37:52 -0300] "GET /?p=7325 HTTP/1.1" 301 425 "-" "Mozilla/5.0 AppleWebKit/537.36 (KHTML, like Gecko; compatible; GPTBot/1.2; +https://openai.com/gptbot)"
jomarlogistica.com.br:80 20.171.207.79 - - [10/Sep/2025:22:37:52 -0300] "GET /2023/09/26/avg-antivirus-review-2/ HTTP/1.1" 200 17192 "-" "Mozilla/5.0 AppleWebKit/537.36 (KHTML, like Gecko; compatible; GPTBot/1.2; +https://openai.com/gptbot)"
jomarlogistica.com.br:80 20.171.207.79 - - [10/Sep/2025:22:37:54 -0300] "GET /2023/09/27/how-to-conduct-a-borad-meeting-online/ HTTP/1.1" 200 17189 "-" "Mozilla/5.0 AppleWebKit/537.36 (KHTML, like Gecko; compatible; GPTBot/1.2; +https://openai.com/gptbot)"
jomarlogistica.com.br:80 20.171.207.79 - - [10/Sep/2025:22:37:55 -0300] "GET /2022/10/15/how-to-find-a-katalog-frauen/ HTTP/1.1" 200 17798 "-" "Mozilla/5.0 AppleWebKit/537.36 (KHTML, like Gecko; compatible; GPTBot/1.2; +https://openai.com/gptbot)"
jomarlogistica.com.br:80 20.171.207.79 - - [10/Sep/2025:22:37:57 -0300] "GET /?p=7345 HTTP/1.1" 301 423 "-" "Mozilla/5.0 AppleWebKit/537.36 (KHTML, like Gecko; compatible; GPTBot/1.2; +https://openai.com/gptbot)"
jomarlogistica.com.br:80 20.171.207.79 - - [10/Sep/2025:22:37:58 -0300] "GET /2023/10/02/avast-premier-review/ HTTP/1.1" 200 17159 "-" "Mozilla/5.0 AppleWebKit/537.36 (KHTML, like Gecko; compatible; GPTBot/1.2; +https://openai.com/gptbot)"
jomarlogistica.com.br:80 20.171.207.79 - - [10/Sep/2025:22:38:00 -0300] "GET /?p=7463 HTTP/1.1" 301 430 "-" "Mozilla/5.0 AppleWebKit/537.36 (KHTML, like Gecko; compatible; GPTBot/1.2; +https://openai.com/gptbot)"
jomarlogistica.com.br:80 20.171.207.79 - - [10/Sep/2025:22:38:00 -0300] "GET /2023/04/06/amazing-interracial-couples/ HTTP/1.1" 200 17465 "-" "Mozilla/5.0 AppleWebKit/537.36 (KHTML, like Gecko; compatible; GPTBot/1.2; +https://openai.com/gptbot)"
jomarlogistica.com.br:80 20.171.207.79 - - [10/Sep/2025:22:38:02 -0300] "GET /2022/10/23/ukrainian-women-internet-dating/ HTTP/1.1" 200 17872 "-" "Mozilla/5.0 AppleWebKit/537.36 (KHTML, like Gecko; compatible; GPTBot/1.2; +https://openai.com/gptbot)"
jomarlogistica.com.br:80 20.171.207.79 - - [10/Sep/2025:22:38:04 -0300] "GET /?p=6286 HTTP/1.1" 301 464 "-" "Mozilla/5.0 AppleWebKit/537.36 (KHTML, like Gecko; compatible; GPTBot/1.2; +https://openai.com/gptbot)"
jomarlogistica.com.br:80 216.73.216.134 - - [10/Sep/2025:22:37:55 -0300] "GET /?a7b529c=7119197 HTTP/1.1" 200 287 "-" "Mozilla/5.0 AppleWebKit/537.36 (KHTML, like Gecko; compatible; ClaudeBot/1.0; +claudebot@anthropic.com)"
jomarlogistica.com.br:80 20.171.207.79 - - [10/Sep/2025:22:38:04 -0300] "GET /2023/04/09/eleven-finest-hookup-sites-in-2023-top-web-sites-for-hook-ups/ HTTP/1.1" 200 17452 "-" "Mozilla/5.0 AppleWebKit/537.36 (KHTML, like Gecko; compatible; GPTBot/1.2; +https://openai.com/gptbot)"
jomarlogistica.com.br:80 52.0.63.151 - - [10/Sep/2025:22:38:05 -0300] "GET /robots.txt HTTP/1.1" 200 584 "-" "Mozilla/5.0 AppleWebKit/537.36 (KHTML, like Gecko; compatible; Amazonbot/0.1; +https://developer.amazon.com/support/amazonbot) Chrome/119.0.6045.214 Safari/537.36"
jomarlogistica.com.br:80 20.171.207.79 - - [10/Sep/2025:22:38:06 -0300] "GET /?p=6686 HTTP/1.1" 301 430 "-" "Mozilla/5.0 AppleWebKit/537.36 (KHTML, like Gecko; compatible; GPTBot/1.2; +https://openai.com/gptbot)"
jomarlogistica.com.br:80 52.0.63.151 - - [10/Sep/2025:22:38:06 -0300] "GET /2023/09/09/potential-benefits-to-using-a-organization-data-bedroom/ HTTP/1.1" 200 17386 "-" "Mozilla/5.0 AppleWebKit/537.36 (KHTML, like Gecko; compatible; Amazonbot/0.1; +https://developer.amazon.com/support/amazonbot) Chrome/119.0.6045.214 Safari/537.36"
jomarlogistica.com.br:80 20.171.207.79 - - [10/Sep/2025:22:38:06 -0300] "GET /2022/10/21/finding-millionaire-on-line/ HTTP/1.1" 200 17272 "-" "Mozilla/5.0 AppleWebKit/537.36 (KHTML, like Gecko; compatible; GPTBot/1.2; +https://openai.com/gptbot)"
jomarlogistica.com.br:80 20.171.207.79 - - [10/Sep/2025:22:38:08 -0300] "GET /?p=7283 HTTP/1.1" 301 440 "-" "Mozilla/5.0 AppleWebKit/537.36 (KHTML, like Gecko; compatible; GPTBot/1.2; +https://openai.com/gptbot)"
jomarlogistica.com.br:80 20.171.207.79 - - [10/Sep/2025:22:38:09 -0300] "GET /2023/09/27/how-to-conduct-a-borad-meeting-online/ HTTP/1.1" 200 17208 "-" "Mozilla/5.0 AppleWebKit/537.36 (KHTML, like Gecko; compatible; GPTBot/1.2; +https://openai.com/gptbot)"
jomarlogistica.com.br:80 54.210.152.179 - - [10/Sep/2025:22:38:10 -0300] "GET /2023/04/18/the-4-types-of-intimate-relationships/ HTTP/1.1" 200 18047 "-" "Mozilla/5.0 AppleWebKit/537.36 (KHTML, like Gecko; compatible; Amazonbot/0.1; +https://developer.amazon.com/support/amazonbot) Chrome/119.0.6045.214 Safari/537.36"
jomarlogistica.com.br:80 20.171.207.79 - - [10/Sep/2025:22:38:10 -0300] "GET /2023/04/12/tips-on-how-to-keep-long-distance-marriage-going-solid/ HTTP/1.1" 200 17971 "-" "Mozilla/5.0 AppleWebKit/537.36 (KHTML, like Gecko; compatible; GPTBot/1.2; +https://openai.com/gptbot)"
jomarlogistica.com.br:80 20.171.207.79 - - [10/Sep/2025:22:38:12 -0300] "GET /2023/10/02/the-best-vpn-for-android/ HTTP/1.1" 200 17146 "-" "Mozilla/5.0 AppleWebKit/537.36 (KHTML, like Gecko; compatible; GPTBot/1.2; +https://openai.com/gptbot)"
jomarlogistica.com.br:80 44.207.69.106 - - [10/Sep/2025:22:38:13 -0300] "GET /2022/11/22/the-different-kinds-of-sugars-relationships/ HTTP/1.1" 200 17478 "-" "Mozilla/5.0 AppleWebKit/537.36 (KHTML, like Gecko; compatible; Amazonbot/0.1; +https://developer.amazon.com/support/amazonbot) Chrome/119.0.6045.214 Safari/537.36"
jomarlogistica.com.br:80 20.171.207.79 - - [10/Sep/2025:22:38:13 -0300] "GET /2023/09/25/top-vpn-services-reviews/ HTTP/1.1" 200 17303 "-" "Mozilla/5.0 AppleWebKit/537.36 (KHTML, like Gecko; compatible; GPTBot/1.2; +https://openai.com/gptbot)"
jomarlogistica.com.br:80 20.171.207.79 - - [10/Sep/2025:22:38:15 -0300] "GET /?p=6290 HTTP/1.1" 301 434 "-" "Mozilla/5.0 AppleWebKit/537.36 (KHTML, like Gecko; compatible; GPTBot/1.2; +https://openai.com/gptbot)"
jomarlogistica.com.br:80 20.171.207.79 - - [10/Sep/2025:22:38:16 -0300] "GET /2022/10/23/ukrainian-women-internet-dating/ HTTP/1.1" 200 17853 "-" "Mozilla/5.0 AppleWebKit/537.36 (KHTML, like Gecko; compatible; GPTBot/1.2; +https://openai.com/gptbot)"
jomarlogistica.com.br:80 20.171.207.79 - - [10/Sep/2025:22:38:17 -0300] "GET /2022/10/24/ways-to-meet-submit-order-brides-online/ HTTP/1.1" 200 18138 "-" "Mozilla/5.0 AppleWebKit/537.36 (KHTML, like Gecko; compatible; GPTBot/1.2; +https://openai.com/gptbot)"
jomarlogistica.com.br:80 54.204.12.115 - - [10/Sep/2025:22:38:17 -0300] "GET /2023/09/16/how-to-fix-avast-constantly-using-disk/ HTTP/1.1" 200 17199 "-" "Mozilla/5.0 AppleWebKit/537.36 (KHTML, like Gecko; compatible; Amazonbot/0.1; +https://developer.amazon.com/support/amazonbot) Chrome/119.0.6045.214 Safari/537.36"
jomarlogistica.com.br:80 20.171.207.79 - - [10/Sep/2025:22:38:19 -0300] "GET /wp-json/wp/v2/posts/7463 HTTP/1.1" 200 2456 "-" "Mozilla/5.0 AppleWebKit/537.36 (KHTML, like Gecko; compatible; GPTBot/1.2; +https://openai.com/gptbot)"
jomarlogistica.com.br:80 20.171.207.79 - - [10/Sep/2025:22:38:20 -0300] "GET /category/jomar/page/53/ HTTP/1.1" 200 18726 "-" "Mozilla/5.0 AppleWebKit/537.36 (KHTML, like Gecko; compatible; GPTBot/1.2; +https://openai.com/gptbot)"
jomarlogistica.com.br:80 20.171.207.79 - - [10/Sep/2025:22:38:22 -0300] "GET /?p=6219 HTTP/1.1" 301 457 "-" "Mozilla/5.0 AppleWebKit/537.36 (KHTML, like Gecko; compatible; GPTBot/1.2; +https://openai.com/gptbot)"
jomarlogistica.com.br:80 44.217.255.167 - - [10/Sep/2025:22:38:21 -0300] "GET /2023/07/04/the-very-best-free-vpn-application/ HTTP/1.1" 200 17327 "-" "Mozilla/5.0 AppleWebKit/537.36 (KHTML, like Gecko; compatible; Amazonbot/0.1; +https://developer.amazon.com/support/amazonbot) Chrome/119.0.6045.214 Safari/537.36"
jomarlogistica.com.br:80 20.171.207.79 - - [10/Sep/2025:22:38:22 -0300] "GET /2023/04/12/tips-on-how-to-keep-long-distance-marriage-going-solid/ HTTP/1.1" 200 17971 "-" "Mozilla/5.0 AppleWebKit/537.36 (KHTML, like Gecko; compatible; GPTBot/1.2; +https://openai.com/gptbot)"
jomarlogistica.com.br:80 20.171.207.79 - - [10/Sep/2025:22:38:24 -0300] "GET /?p=6541 HTTP/1.1" 301 431 "-" "Mozilla/5.0 AppleWebKit/537.36 (KHTML, like Gecko; compatible; GPTBot/1.2; +https://openai.com/gptbot)"
jomarlogistica.com.br:80 20.171.207.79 - - [10/Sep/2025:22:38:24 -0300] "GET /2022/10/15/how-to-find-a-katalog-frauen/ HTTP/1.1" 200 17779 "-" "Mozilla/5.0 AppleWebKit/537.36 (KHTML, like Gecko; compatible; GPTBot/1.2; +https://openai.com/gptbot)"
jomarlogistica.com.br:80 20.171.207.79 - - [10/Sep/2025:22:38:26 -0300] "GET /?p=7351 HTTP/1.1" 301 427 "-" "Mozilla/5.0 AppleWebKit/537.36 (KHTML, like Gecko; compatible; GPTBot/1.2; +https://openai.com/gptbot)"
jomarlogistica.com.br:80 100.28.118.16 - - [10/Sep/2025:22:38:25 -0300] "GET /2023/12/15/are-binary-triggers-legal-in-virginia-legal-insights-2022/ HTTP/1.1" 200 13792 "-" "Mozilla/5.0 AppleWebKit/537.36 (KHTML, like Gecko; compatible; Amazonbot/0.1; +https://developer.amazon.com/support/amazonbot) Chrome/119.0.6045.214 Safari/537.36"
jomarlogistica.com.br:80 127.0.0.1 - - [10/Sep/2025:22:38:27 -0300] "OPTIONS * HTTP/1.0" 200 110 "-" "Apache/2.4.65 (Ubuntu) (internal dummy connection)"
jomarlogistica.com.br:80 20.171.207.79 - - [10/Sep/2025:22:38:26 -0300] "GET /2023/10/02/the-best-vpn-for-android/ HTTP/1.1" 200 17127 "-" "Mozilla/5.0 AppleWebKit/537.36 (KHTML, like Gecko; compatible; GPTBot/1.2; +https://openai.com/gptbot)"
jomarlogistica.com.br:80 20.171.207.79 - - [10/Sep/2025:22:38:28 -0300] "GET /?p=7339 HTTP/1.1" 301 446 "-" "Mozilla/5.0 AppleWebKit/537.36 (KHTML, like Gecko; compatible; GPTBot/1.2; +https://openai.com/gptbot)"
jomarlogistica.com.br:80 20.171.207.79 - - [10/Sep/2025:22:38:28 -0300] "GET /2023/09/25/top-vpn-services-reviews/ HTTP/1.1" 200 17303 "-" "Mozilla/5.0 AppleWebKit/537.36 (KHTML, like Gecko; compatible; GPTBot/1.2; +https://openai.com/gptbot)"
jomarlogistica.com.br:80 23.21.225.190 - - [10/Sep/2025:22:38:30 -0300] "GET /2023/06/20/the-right-way-to-take-get-together-notes-successfully/ HTTP/1.1" 200 17418 "-" "Mozilla/5.0 AppleWebKit/537.36 (KHTML, like Gecko; compatible; Amazonbot/0.1; +https://developer.amazon.com/support/amazonbot) Chrome/119.0.6045.214 Safari/537.36"
jomarlogistica.com.br:80 20.171.207.79 - - [10/Sep/2025:22:38:30 -0300] "GET /2022/09/30/manifesting-love-signs-you-are-in-love/ HTTP/1.1" 200 17405 "-" "Mozilla/5.0 AppleWebKit/537.36 (KHTML, like Gecko; compatible; GPTBot/1.2; +https://openai.com/gptbot)"
jomarlogistica.com.br:80 20.171.207.79 - - [10/Sep/2025:22:38:31 -0300] "GET /2023/09/23/table-of-company-directors-software-helps-you-to-save-time-and-money/ HTTP/1.1" 200 17355 "-" "Mozilla/5.0 AppleWebKit/537.36 (KHTML, like Gecko; compatible; GPTBot/1.2; +https://openai.com/gptbot)"
jomarlogistica.com.br:80 20.171.207.79 - - [10/Sep/2025:22:38:33 -0300] "GET /?p=6213 HTTP/1.1" 301 442 "-" "Mozilla/5.0 AppleWebKit/537.36 (KHTML, like Gecko; compatible; GPTBot/1.2; +https://openai.com/gptbot)"
jomarlogistica.com.br:80 20.171.207.79 - - [10/Sep/2025:22:38:34 -0300] "GET /2022/10/24/ways-to-meet-submit-order-brides-online/ HTTP/1.1" 200 18138 "-" "Mozilla/5.0 AppleWebKit/537.36 (KHTML, like Gecko; compatible; GPTBot/1.2; +https://openai.com/gptbot)"
jomarlogistica.com.br:80 52.200.251.20 - - [10/Sep/2025:22:38:33 -0300] "GET /2023/04/30/precisely-what-is-business-operations/ HTTP/1.1" 200 17431 "-" "Mozilla/5.0 AppleWebKit/537.36 (KHTML, like Gecko; compatible; Amazonbot/0.1; +https://developer.amazon.com/support/amazonbot) Chrome/119.0.6045.214 Safari/537.36"
jomarlogistica.com.br:80 20.171.207.79 - - [10/Sep/2025:22:38:35 -0300] "GET /2022/10/25/cohechar-esposa-lucro-correo/ HTTP/1.1" 200 17853 "-" "Mozilla/5.0 AppleWebKit/537.36 (KHTML, like Gecko; compatible; GPTBot/1.2; +https://openai.com/gptbot)"
jomarlogistica.com.br:80 20.171.207.79 - - [10/Sep/2025:22:38:37 -0300] "GET /2022/10/26/understanding-mutually-useful-sugar-interactions/ HTTP/1.1" 200 17335 "-" "Mozilla/5.0 AppleWebKit/537.36 (KHTML, like Gecko; compatible; GPTBot/1.2; +https://openai.com/gptbot)"
jomarlogistica.com.br:80 54.162.69.192 - - [10/Sep/2025:22:38:38 -0300] "GET /2024/01/ HTTP/1.1" 200 13428 "-" "Mozilla/5.0 AppleWebKit/537.36 (KHTML, like Gecko; compatible; Amazonbot/0.1; +https://developer.amazon.com/support/amazonbot) Chrome/119.0.6045.214 Safari/537.36"
jomarlogistica.com.br:80 20.171.207.79 - - [10/Sep/2025:22:38:38 -0300] "GET /2022/10/27/the-signs-of-a-serious-romance/ HTTP/1.1" 200 18183 "-" "Mozilla/5.0 AppleWebKit/537.36 (KHTML, like Gecko; compatible; GPTBot/1.2; +https://openai.com/gptbot)"
jomarlogistica.com.br:80 20.171.207.79 - - [10/Sep/2025:22:38:40 -0300] "GET /2023/09/26/the-best-free-vpn-for-mac/ HTTP/1.1" 200 17443 "-" "Mozilla/5.0 AppleWebKit/537.36 (KHTML, like Gecko; compatible; GPTBot/1.2; +https://openai.com/gptbot)"
jomarlogistica.com.br:80 54.84.147.79 - - [10/Sep/2025:22:38:41 -0300] "GET /2024/01/23/a-lease-agreement-sets-the-terms-of-a-rental-contract/ HTTP/1.1" 200 14004 "-" "Mozilla/5.0 AppleWebKit/537.36 (KHTML, like Gecko; compatible; Amazonbot/0.1; +https://developer.amazon.com/support/amazonbot) Chrome/119.0.6045.214 Safari/537.36"
jomarlogistica.com.br:80 20.171.207.79 - - [10/Sep/2025:22:38:42 -0300] "GET /2023/04/14/greatest-free-grownup-games-online-for-2023-cellular-compatible-free-tokens/ HTTP/1.1" 200 18002 "-" "Mozilla/5.0 AppleWebKit/537.36 (KHTML, like Gecko; compatible; GPTBot/1.2; +https://openai.com/gptbot)"
jomarlogistica.com.br:80 20.171.207.79 - - [10/Sep/2025:22:38:44 -0300] "GET /?p=6696 HTTP/1.1" 301 441 "-" "Mozilla/5.0 AppleWebKit/537.36 (KHTML, like Gecko; compatible; GPTBot/1.2; +https://openai.com/gptbot)"
jomarlogistica.com.br:80 20.171.207.79 - - [10/Sep/2025:22:38:44 -0300] "GET /2022/09/30/manifesting-love-signs-you-are-in-love/ HTTP/1.1" 200 17405 "-" "Mozilla/5.0 AppleWebKit/537.36 (KHTML, like Gecko; compatible; GPTBot/1.2; +https://openai.com/gptbot)"
jomarlogistica.com.br:80 20.171.207.79 - - [10/Sep/2025:22:38:46 -0300] "GET /?p=7391 HTTP/1.1" 301 471 "-" "Mozilla/5.0 AppleWebKit/537.36 (KHTML, like Gecko; compatible; GPTBot/1.2; +https://openai.com/gptbot)"
jomarlogistica.com.br:80 98.83.8.142 - - [10/Sep/2025:22:38:45 -0300] "GET /2022/04/19/understanding-the-key-elements-of-an-agreement-legal-contract-basics/ HTTP/1.1" 200 14990 "-" "Mozilla/5.0 AppleWebKit/537.36 (KHTML, like Gecko; compatible; Amazonbot/0.1; +https://developer.amazon.com/support/amazonbot) Chrome/119.0.6045.214 Safari/537.36"
jomarlogistica.com.br:80 127.0.0.1 - - [10/Sep/2025:22:38:47 -0300] "OPTIONS * HTTP/1.0" 200 110 "-" "Apache/2.4.65 (Ubuntu) (internal dummy connection)"
jomarlogistica.com.br:80 20.171.207.79 - - [10/Sep/2025:22:38:46 -0300] "GET /2023/09/23/table-of-company-directors-software-helps-you-to-save-time-and-money/ HTTP/1.1" 200 17355 "-" "Mozilla/5.0 AppleWebKit/537.36 (KHTML, like Gecko; compatible; GPTBot/1.2; +https://openai.com/gptbot)"
jomarlogistica.com.br:80 20.171.207.79 - - [10/Sep/2025:22:38:48 -0300] "GET /?p=6539 HTTP/1.1" 301 431 "-" "Mozilla/5.0 AppleWebKit/537.36 (KHTML, like Gecko; compatible; GPTBot/1.2; +https://openai.com/gptbot)"
jomarlogistica.com.br:80 20.171.207.79 - - [10/Sep/2025:22:38:48 -0300] "GET /2022/10/25/cohechar-esposa-lucro-correo/ HTTP/1.1" 200 17834 "-" "Mozilla/5.0 AppleWebKit/537.36 (KHTML, like Gecko; compatible; GPTBot/1.2; +https://openai.com/gptbot)"
jomarlogistica.com.br:80 100.28.44.58 - - [10/Sep/2025:22:38:49 -0300] "GET /2023/01/21/your-five-dating-stereotypes-you-should-steer-clear-of/ HTTP/1.1" 200 18211 "-" "Mozilla/5.0 AppleWebKit/537.36 (KHTML, like Gecko; compatible; Amazonbot/0.1; +https://developer.amazon.com/support/amazonbot) Chrome/119.0.6045.214 Safari/537.36"
jomarlogistica.com.br:80 20.171.207.79 - - [10/Sep/2025:22:38:50 -0300] "GET /2023/09/16/how-collaborative-software-benefits-your-business/ HTTP/1.1" 200 17221 "-" "Mozilla/5.0 AppleWebKit/537.36 (KHTML, like Gecko; compatible; GPTBot/1.2; +https://openai.com/gptbot)"
jomarlogistica.com.br:80 20.171.207.79 - - [10/Sep/2025:22:38:51 -0300] "GET /?p=6835 HTTP/1.1" 301 451 "-" "Mozilla/5.0 AppleWebKit/537.36 (KHTML, like Gecko; compatible; GPTBot/1.2; +https://openai.com/gptbot)"
jomarlogistica.com.br:80 20.171.207.79 - - [10/Sep/2025:22:38:52 -0300] "GET /2022/10/26/understanding-mutually-useful-sugar-interactions/ HTTP/1.1" 200 17335 "-" "Mozilla/5.0 AppleWebKit/537.36 (KHTML, like Gecko; compatible; GPTBot/1.2; +https://openai.com/gptbot)"
jomarlogistica.com.br:80 20.171.207.79 - - [10/Sep/2025:22:38:54 -0300] "GET /?p=6280 HTTP/1.1" 301 433 "-" "Mozilla/5.0 AppleWebKit/537.36 (KHTML, like Gecko; compatible; GPTBot/1.2; +https://openai.com/gptbot)"
jomarlogistica.com.br:80 100.29.128.75 - - [10/Sep/2025:22:38:54 -0300] "GET /2023/07/01/organization-management-jobs/ HTTP/1.1" 200 17222 "-" "Mozilla/5.0 AppleWebKit/537.36 (KHTML, like Gecko; compatible; Amazonbot/0.1; +https://developer.amazon.com/support/amazonbot) Chrome/119.0.6045.214 Safari/537.36"
jomarlogistica.com.br:80 20.171.207.79 - - [10/Sep/2025:22:38:54 -0300] "GET /2022/10/27/the-signs-of-a-serious-romance/ HTTP/1.1" 200 18164 "-" "Mozilla/5.0 AppleWebKit/537.36 (KHTML, like Gecko; compatible; GPTBot/1.2; +https://openai.com/gptbot)"
jomarlogistica.com.br:80 20.171.207.79 - - [10/Sep/2025:22:38:56 -0300] "GET /?p=7321 HTTP/1.1" 301 428 "-" "Mozilla/5.0 AppleWebKit/537.36 (KHTML, like Gecko; compatible; GPTBot/1.2; +https://openai.com/gptbot)"
jomarlogistica.com.br:80 20.171.207.79 - - [10/Sep/2025:22:38:56 -0300] "GET /2023/09/26/the-best-free-vpn-for-mac/ HTTP/1.1" 200 17443 "-" "Mozilla/5.0 AppleWebKit/537.36 (KHTML, like Gecko; compatible; GPTBot/1.2; +https://openai.com/gptbot)"
jomarlogistica.com.br:80 20.171.207.79 - - [10/Sep/2025:22:38:58 -0300] "GET /?p=6276 HTTP/1.1" 301 497 "-" "Mozilla/5.0 AppleWebKit/537.36 (KHTML, like Gecko; compatible; GPTBot/1.2; +https://openai.com/gptbot)"
jomarlogistica.com.br:80 52.3.104.214 - - [10/Sep/2025:22:38:57 -0300] "GET /2023/05/30/keeping-the-momentum-moving-in-an-ma-integration/ HTTP/1.1" 200 17463 "-" "Mozilla/5.0 AppleWebKit/537.36 (KHTML, like Gecko; compatible; Amazonbot/0.1; +https://developer.amazon.com/support/amazonbot) Chrome/119.0.6045.214 Safari/537.36"
jomarlogistica.com.br:80 20.171.207.79 - - [10/Sep/2025:22:38:59 -0300] "GET /2023/04/14/greatest-free-grownup-games-online-for-2023-cellular-compatible-free-tokens/ HTTP/1.1" 200 18002 "-" "Mozilla/5.0 AppleWebKit/537.36 (KHTML, like Gecko; compatible; GPTBot/1.2; +https://openai.com/gptbot)"
jomarlogistica.com.br:80 20.171.207.79 - - [10/Sep/2025:22:39:00 -0300] "GET /2022/10/28/social-websites-red-flags-in-relationships/ HTTP/1.1" 200 17996 "-" "Mozilla/5.0 AppleWebKit/537.36 (KHTML, like Gecko; compatible; GPTBot/1.2; +https://openai.com/gptbot)"
jomarlogistica.com.br:80 44.205.180.155 - - [10/Sep/2025:22:39:02 -0300] "GET /2022/12/ HTTP/1.1" 200 18640 "-" "Mozilla/5.0 AppleWebKit/537.36 (KHTML, like Gecko; compatible; Amazonbot/0.1; +https://developer.amazon.com/support/amazonbot) Chrome/119.0.6045.214 Safari/537.36"
jomarlogistica.com.br:80 20.171.207.79 - - [10/Sep/2025:22:39:02 -0300] "GET /2023/04/12/asian-relationship-conversation-styles/ HTTP/1.1" 200 17539 "-" "Mozilla/5.0 AppleWebKit/537.36 (KHTML, like Gecko; compatible; GPTBot/1.2; +https://openai.com/gptbot)"
jomarlogistica.com.br:80 20.171.207.79 - - [10/Sep/2025:22:39:04 -0300] "GET /?p=7249 HTTP/1.1" 301 452 "-" "Mozilla/5.0 AppleWebKit/537.36 (KHTML, like Gecko; compatible; GPTBot/1.2; +https://openai.com/gptbot)"
jomarlogistica.com.br:80 20.171.207.79 - - [10/Sep/2025:22:39:04 -0300] "GET /2023/09/16/how-collaborative-software-benefits-your-business/ HTTP/1.1" 200 17221 "-" "Mozilla/5.0 AppleWebKit/537.36 (KHTML, like Gecko; compatible; GPTBot/1.2; +https://openai.com/gptbot)"
jomarlogistica.com.br:80 23.21.175.228 - - [10/Sep/2025:22:39:06 -0300] "GET /2023/10/31/using-a-lego-cheat-code-in-seglar-star-wars-the-skywalker-saga/ HTTP/1.1" 200 17301 "-" "Mozilla/5.0 AppleWebKit/537.36 (KHTML, like Gecko; compatible; Amazonbot/0.1; +https://developer.amazon.com/support/amazonbot) Chrome/119.0.6045.214 Safari/537.36"
jomarlogistica.com.br:80 20.171.207.79 - - [10/Sep/2025:22:39:06 -0300] "GET /2023/09/13/the-best-iphone-antivirus-apps/ HTTP/1.1" 200 17288 "-" "Mozilla/5.0 AppleWebKit/537.36 (KHTML, like Gecko; compatible; GPTBot/1.2; +https://openai.com/gptbot)"
jomarlogistica.com.br:80 216.73.216.134 - - [10/Sep/2025:22:39:08 -0300] "GET /wp-sitemap.xml HTTP/1.1" 200 643 "-" "Mozilla/5.0 AppleWebKit/537.36 (KHTML, like Gecko; compatible; ClaudeBot/1.0; +claudebot@anthropic.com)"
jomarlogistica.com.br:80 216.73.216.134 - - [10/Sep/2025:22:39:08 -0300] "GET /2023/page/34 HTTP/1.1" 301 462 "-" "Mozilla/5.0 AppleWebKit/537.36 (KHTML, like Gecko; compatible; ClaudeBot/1.0; +claudebot@anthropic.com)"
jomarlogistica.com.br:80 20.171.207.79 - - [10/Sep/2025:22:39:07 -0300] "GET /2023/09/25/best-iphone-antivirus-apps/ HTTP/1.1" 200 17317 "-" "Mozilla/5.0 AppleWebKit/537.36 (KHTML, like Gecko; compatible; GPTBot/1.2; +https://openai.com/gptbot)"
jomarlogistica.com.br:80 216.73.216.134 - - [10/Sep/2025:22:39:08 -0300] "GET /2023/page/34/ HTTP/1.1" 200 18621 "https://jomarlogistica.com.br/2023/page/34" "Mozilla/5.0 AppleWebKit/537.36 (KHTML, like Gecko; compatible; ClaudeBot/1.0; +claudebot@anthropic.com)"
jomarlogistica.com.br:80 3.94.156.104 - - [10/Sep/2025:22:39:09 -0300] "GET /2023/08/29/why-startups-need-a-vdr-for-startup/ HTTP/1.1" 200 17148 "-" "Mozilla/5.0 AppleWebKit/537.36 (KHTML, like Gecko; compatible; Amazonbot/0.1; +https://developer.amazon.com/support/amazonbot) Chrome/119.0.6045.214 Safari/537.36"
jomarlogistica.com.br:80 20.171.207.79 - - [10/Sep/2025:22:39:09 -0300] "GET /2022/10/24/spots-to-meet-ladies/ HTTP/1.1" 200 18648 "-" "Mozilla/5.0 AppleWebKit/537.36 (KHTML, like Gecko; compatible; GPTBot/1.2; +https://openai.com/gptbot)"
jomarlogistica.com.br:80 127.0.0.1 - - [10/Sep/2025:22:39:12 -0300] "OPTIONS * HTTP/1.0" 200 110 "-" "Apache/2.4.65 (Ubuntu) (internal dummy connection)"
jomarlogistica.com.br:80 20.171.207.79 - - [10/Sep/2025:22:39:12 -0300] "GET /category/jomar/page/52/ HTTP/1.1" 200 18684 "-" "Mozilla/5.0 AppleWebKit/537.36 (KHTML, like Gecko; compatible; GPTBot/1.2; +https://openai.com/gptbot)"
jomarlogistica.com.br:80 20.171.207.79 - - [10/Sep/2025:22:39:14 -0300] "GET /?p=6408 HTTP/1.1" 301 445 "-" "Mozilla/5.0 AppleWebKit/537.36 (KHTML, like Gecko; compatible; GPTBot/1.2; +https://openai.com/gptbot)"
jomarlogistica.com.br:80 54.204.12.115 - - [10/Sep/2025:22:39:14 -0300] "GET /2022/03/20/north-america-free-trade-agreement-everything-you-need-to-know/ HTTP/1.1" 200 13423 "-" "Mozilla/5.0 AppleWebKit/537.36 (KHTML, like Gecko; compatible; Amazonbot/0.1; +https://developer.amazon.com/support/amazonbot) Chrome/119.0.6045.214 Safari/537.36"
jomarlogistica.com.br:80 20.171.207.79 - - [10/Sep/2025:22:39:14 -0300] "GET /2022/10/28/social-websites-red-flags-in-relationships/ HTTP/1.1" 200 18015 "-" "Mozilla/5.0 AppleWebKit/537.36 (KHTML, like Gecko; compatible; GPTBot/1.2; +https://openai.com/gptbot)"
jomarlogistica.com.br:80 127.0.0.1 - - [10/Sep/2025:22:39:16 -0300] "OPTIONS * HTTP/1.0" 200 110 "-" "Apache/2.4.65 (Ubuntu) (internal dummy connection)"
jomarlogistica.com.br:80 20.171.207.79 - - [10/Sep/2025:22:39:16 -0300] "GET /?p=7506 HTTP/1.1" 301 441 "-" "Mozilla/5.0 AppleWebKit/537.36 (KHTML, like Gecko; compatible; GPTBot/1.2; +https://openai.com/gptbot)"
jomarlogistica.com.br:80 20.171.207.79 - - [10/Sep/2025:22:39:16 -0300] "GET /2023/04/12/asian-relationship-conversation-styles/ HTTP/1.1" 200 17539 "-" "Mozilla/5.0 AppleWebKit/537.36 (KHTML, like Gecko; compatible; GPTBot/1.2; +https://openai.com/gptbot)"
jomarlogistica.com.br:80 20.171.207.79 - - [10/Sep/2025:22:39:18 -0300] "GET /2022/10/28/why-european-ladies-are-the-best/ HTTP/1.1" 200 17885 "-" "Mozilla/5.0 AppleWebKit/537.36 (KHTML, like Gecko; compatible; GPTBot/1.2; +https://openai.com/gptbot)"
jomarlogistica.com.br:80 20.171.207.79 - - [10/Sep/2025:22:39:20 -0300] "GET /2022/10/30/mattress-care-recommendations/ HTTP/1.1" 200 18704 "-" "Mozilla/5.0 AppleWebKit/537.36 (KHTML, like Gecko; compatible; GPTBot/1.2; +https://openai.com/gptbot)"
jomarlogistica.com.br:80 20.171.207.79 - - [10/Sep/2025:22:39:21 -0300] "GET /?p=7230 HTTP/1.1" 301 433 "-" "Mozilla/5.0 AppleWebKit/537.36 (KHTML, like Gecko; compatible; GPTBot/1.2; +https://openai.com/gptbot)"
jomarlogistica.com.br:80 20.171.207.79 - - [10/Sep/2025:22:39:22 -0300] "GET /2023/09/13/the-best-iphone-antivirus-apps/ HTTP/1.1" 200 17288 "-" "Mozilla/5.0 AppleWebKit/537.36 (KHTML, like Gecko; compatible; GPTBot/1.2; +https://openai.com/gptbot)"
jomarlogistica.com.br:80 20.171.207.79 - - [10/Sep/2025:22:39:23 -0300] "GET /?p=7313 HTTP/1.1" 301 429 "-" "Mozilla/5.0 AppleWebKit/537.36 (KHTML, like Gecko; compatible; GPTBot/1.2; +https://openai.com/gptbot)"
jomarlogistica.com.br:80 20.171.207.79 - - [10/Sep/2025:22:39:24 -0300] "GET /2023/09/25/best-iphone-antivirus-apps/ HTTP/1.1" 200 17317 "-" "Mozilla/5.0 AppleWebKit/537.36 (KHTML, like Gecko; compatible; GPTBot/1.2; +https://openai.com/gptbot)"
jomarlogistica.com.br:80 127.0.0.1 - - [10/Sep/2025:22:39:25 -0300] "OPTIONS * HTTP/1.0" 200 110 "-" "Apache/2.4.65 (Ubuntu) (internal dummy connection)"
jomarlogistica.com.br:80 20.171.207.79 - - [10/Sep/2025:22:39:25 -0300] "GET /?p=6625 HTTP/1.1" 301 423 "-" "Mozilla/5.0 AppleWebKit/537.36 (KHTML, like Gecko; compatible; GPTBot/1.2; +https://openai.com/gptbot)"
jomarlogistica.com.br:80 20.171.207.79 - - [10/Sep/2025:22:39:26 -0300] "GET /2022/10/24/spots-to-meet-ladies/ HTTP/1.1" 200 18648 "-" "Mozilla/5.0 AppleWebKit/537.36 (KHTML, like Gecko; compatible; GPTBot/1.2; +https://openai.com/gptbot)"
jomarlogistica.com.br:80 20.171.207.79 - - [10/Sep/2025:22:39:28 -0300] "GET /2022/11/02/free-of-charge-dating-and-chatting-sites-for-available-singles/ HTTP/1.1" 200 17389 "-" "Mozilla/5.0 AppleWebKit/537.36 (KHTML, like Gecko; compatible; GPTBot/1.2; +https://openai.com/gptbot)"
jomarlogistica.com.br:80 20.171.207.79 - - [10/Sep/2025:22:39:29 -0300] "GET /2022/11/02/the-very-best-countries-to-find-beautiful-girls/ HTTP/1.1" 200 18223 "-" "Mozilla/5.0 AppleWebKit/537.36 (KHTML, like Gecko; compatible; GPTBot/1.2; +https://openai.com/gptbot)"
jomarlogistica.com.br:80 20.171.207.79 - - [10/Sep/2025:22:39:31 -0300] "GET /2022/10/31/affectionate-ideas-to-enhance-your-relationship/ HTTP/1.1" 200 18160 "-" "Mozilla/5.0 AppleWebKit/537.36 (KHTML, like Gecko; compatible; GPTBot/1.2; +https://openai.com/gptbot)"
jomarlogistica.com.br:80 20.171.207.79 - - [10/Sep/2025:22:39:32 -0300] "GET /?p=6752 HTTP/1.1" 301 432 "-" "Mozilla/5.0 AppleWebKit/537.36 (KHTML, like Gecko; compatible; GPTBot/1.2; +https://openai.com/gptbot)"
jomarlogistica.com.br:80 20.171.207.79 - - [10/Sep/2025:22:39:33 -0300] "GET /2022/10/30/mattress-care-recommendations/ HTTP/1.1" 200 18704 "-" "Mozilla/5.0 AppleWebKit/537.36 (KHTML, like Gecko; compatible; GPTBot/1.2; +https://openai.com/gptbot)"
jomarlogistica.com.br:80 20.171.207.79 - - [10/Sep/2025:22:39:34 -0300] "GET /2022/11/04/the-difference-between-specifications-and-targets-in-romantic-relationships/ HTTP/1.1" 200 18117 "-" "Mozilla/5.0 AppleWebKit/537.36 (KHTML, like Gecko; compatible; GPTBot/1.2; +https://openai.com/gptbot)"
jomarlogistica.com.br:80 20.171.207.79 - - [10/Sep/2025:22:39:36 -0300] "GET /2022/11/03/the-between-requirements-and-anticipations-in-human-relationships/ HTTP/1.1" 200 18034 "-" "Mozilla/5.0 AppleWebKit/537.36 (KHTML, like Gecko; compatible; GPTBot/1.2; +https://openai.com/gptbot)"
jomarlogistica.com.br:80 20.171.207.79 - - [10/Sep/2025:22:39:37 -0300] "GET /2022/10/31/the-simplest-way-to-ask-a-latin-female-to-be-the-girl/ HTTP/1.1" 200 17985 "-" "Mozilla/5.0 AppleWebKit/537.36 (KHTML, like Gecko; compatible; GPTBot/1.2; +https://openai.com/gptbot)"
jomarlogistica.com.br:80 20.171.207.79 - - [10/Sep/2025:22:39:39 -0300] "GET /?p=6725 HTTP/1.1" 301 465 "-" "Mozilla/5.0 AppleWebKit/537.36 (KHTML, like Gecko; compatible; GPTBot/1.2; +https://openai.com/gptbot)"
jomarlogistica.com.br:80 20.171.207.79 - - [10/Sep/2025:22:39:40 -0300] "GET /2022/11/02/free-of-charge-dating-and-chatting-sites-for-available-singles/ HTTP/1.1" 200 17389 "-" "Mozilla/5.0 AppleWebKit/537.36 (KHTML, like Gecko; compatible; GPTBot/1.2; +https://openai.com/gptbot)"
jomarlogistica.com.br:80 20.171.207.79 - - [10/Sep/2025:22:39:41 -0300] "GET /?p=6666 HTTP/1.1" 301 450 "-" "Mozilla/5.0 AppleWebKit/537.36 (KHTML, like Gecko; compatible; GPTBot/1.2; +https://openai.com/gptbot)"
jomarlogistica.com.br:80 20.171.207.79 - - [10/Sep/2025:22:39:42 -0300] "GET /2022/11/02/the-very-best-countries-to-find-beautiful-girls/ HTTP/1.1" 200 18223 "-" "Mozilla/5.0 AppleWebKit/537.36 (KHTML, like Gecko; compatible; GPTBot/1.2; +https://openai.com/gptbot)"
jomarlogistica.com.br:80 20.171.207.79 - - [10/Sep/2025:22:39:43 -0300] "GET /?p=6226 HTTP/1.1" 301 469 "-" "Mozilla/5.0 AppleWebKit/537.36 (KHTML, like Gecko; compatible; GPTBot/1.2; +https://openai.com/gptbot)"
jomarlogistica.com.br:80 20.171.207.79 - - [10/Sep/2025:22:39:44 -0300] "GET /2022/10/31/affectionate-ideas-to-enhance-your-relationship/ HTTP/1.1" 200 18141 "-" "Mozilla/5.0 AppleWebKit/537.36 (KHTML, like Gecko; compatible; GPTBot/1.2; +https://openai.com/gptbot)"
jomarlogistica.com.br:80 20.171.207.79 - - [10/Sep/2025:22:39:46 -0300] "GET /?p=6893 HTTP/1.1" 301 435 "-" "Mozilla/5.0 AppleWebKit/537.36 (KHTML, like Gecko; compatible; GPTBot/1.2; +https://openai.com/gptbot)"
jomarlogistica.com.br:80 20.171.207.79 - - [10/Sep/2025:22:39:46 -0300] "GET /2022/10/28/why-european-ladies-are-the-best/ HTTP/1.1" 200 17866 "-" "Mozilla/5.0 AppleWebKit/537.36 (KHTML, like Gecko; compatible; GPTBot/1.2; +https://openai.com/gptbot)"
jomarlogistica.com.br:80 20.171.207.79 - - [10/Sep/2025:22:39:48 -0300] "GET /2023/09/09/how-to-pick-the-best-anti-virus-software/ HTTP/1.1" 200 17299 "-" "Mozilla/5.0 AppleWebKit/537.36 (KHTML, like Gecko; compatible; GPTBot/1.2; +https://openai.com/gptbot)"
jomarlogistica.com.br:80 20.171.207.79 - - [10/Sep/2025:22:39:50 -0300] "GET /?p=6262 HTTP/1.1" 301 497 "-" "Mozilla/5.0 AppleWebKit/537.36 (KHTML, like Gecko; compatible; GPTBot/1.2; +https://openai.com/gptbot)"
jomarlogistica.com.br:80 20.171.207.79 - - [10/Sep/2025:22:39:50 -0300] "GET /2022/11/04/the-difference-between-specifications-and-targets-in-romantic-relationships/ HTTP/1.1" 200 18117 "-" "Mozilla/5.0 AppleWebKit/537.36 (KHTML, like Gecko; compatible; GPTBot/1.2; +https://openai.com/gptbot)"
jomarlogistica.com.br:80 20.171.207.79 - - [10/Sep/2025:22:39:52 -0300] "GET /?p=6258 HTTP/1.1" 301 468 "-" "Mozilla/5.0 AppleWebKit/537.36 (KHTML, like Gecko; compatible; GPTBot/1.2; +https://openai.com/gptbot)"
jomarlogistica.com.br:80 20.171.207.79 - - [10/Sep/2025:22:39:52 -0300] "GET /2022/11/03/the-between-requirements-and-anticipations-in-human-relationships/ HTTP/1.1" 200 18034 "-" "Mozilla/5.0 AppleWebKit/537.36 (KHTML, like Gecko; compatible; GPTBot/1.2; +https://openai.com/gptbot)"
jomarlogistica.com.br:80 20.171.207.79 - - [10/Sep/2025:22:39:54 -0300] "GET /?p=6637 HTTP/1.1" 301 456 "-" "Mozilla/5.0 AppleWebKit/537.36 (KHTML, like Gecko; compatible; GPTBot/1.2; +https://openai.com/gptbot)"
jomarlogistica.com.br:80 20.171.207.79 - - [10/Sep/2025:22:39:55 -0300] "GET /2022/10/31/the-simplest-way-to-ask-a-latin-female-to-be-the-girl/ HTTP/1.1" 200 17985 "-" "Mozilla/5.0 AppleWebKit/537.36 (KHTML, like Gecko; compatible; GPTBot/1.2; +https://openai.com/gptbot)"
jomarlogistica.com.br:80 20.171.207.79 - - [10/Sep/2025:22:39:56 -0300] "GET /wp-json/oembed/1.0/embed?format=xml&url=https%3A%2F%2Fjomarlogistica.com.br%2F2022%2F10%2F31%2Fthe-simplest-way-to-ask-a-latin-female-to-be-the-girl%2F HTTP/1.1" 200 1915 "-" "Mozilla/5.0 AppleWebKit/537.36 (KHTML, like Gecko; compatible; GPTBot/1.2; +https://openai.com/gptbot)"
jomarlogistica.com.br:80 20.171.207.79 - - [10/Sep/2025:22:39:58 -0300] "GET /2022/11/03/top-5-first-particular-date-topics-to-discover-your-time-better/ HTTP/1.1" 200 18097 "-" "Mozilla/5.0 AppleWebKit/537.36 (KHTML, like Gecko; compatible; GPTBot/1.2; +https://openai.com/gptbot)"
jomarlogistica.com.br:80 20.171.207.79 - - [10/Sep/2025:22:39:59 -0300] "GET /2022/11/02/interracial-relationships-celebs/ HTTP/1.1" 200 17458 "-" "Mozilla/5.0 AppleWebKit/537.36 (KHTML, like Gecko; compatible; GPTBot/1.2; +https://openai.com/gptbot)"
jomarlogistica.com.br:80 20.171.207.79 - - [10/Sep/2025:22:40:00 -0300] "GET /?p=7228 HTTP/1.1" 301 443 "-" "Mozilla/5.0 AppleWebKit/537.36 (KHTML, like Gecko; compatible; GPTBot/1.2; +https://openai.com/gptbot)"
jomarlogistica.com.br:80 20.171.207.79 - - [10/Sep/2025:22:40:01 -0300] "GET /2023/09/09/how-to-pick-the-best-anti-virus-software/ HTTP/1.1" 200 17318 "-" "Mozilla/5.0 AppleWebKit/537.36 (KHTML, like Gecko; compatible; GPTBot/1.2; +https://openai.com/gptbot)"
jomarlogistica.com.br:80 20.171.207.79 - - [10/Sep/2025:22:40:03 -0300] "GET /2022/11/05/feeling-ugly-about-appreciate-online-counselors-can-help/ HTTP/1.1" 200 17445 "-" "Mozilla/5.0 AppleWebKit/537.36 (KHTML, like Gecko; compatible; GPTBot/1.2; +https://openai.com/gptbot)"
jomarlogistica.com.br:80 20.171.207.79 - - [10/Sep/2025:22:40:04 -0300] "GET /2023/09/16/how-reliable-is-scanguard/ HTTP/1.1" 200 17187 "-" "Mozilla/5.0 AppleWebKit/537.36 (KHTML, like Gecko; compatible; GPTBot/1.2; +https://openai.com/gptbot)"
jomarlogistica.com.br:80 20.171.207.79 - - [10/Sep/2025:22:40:06 -0300] "GET /2023/09/05/headjack-link-oculus-app-content-plus-the-oculus-iphone-app-lab/ HTTP/1.1" 200 17313 "-" "Mozilla/5.0 AppleWebKit/537.36 (KHTML, like Gecko; compatible; GPTBot/1.2; +https://openai.com/gptbot)"
jomarlogistica.com.br:80 20.171.207.79 - - [10/Sep/2025:22:40:07 -0300] "GET /wp-json/oembed/1.0/embed?url=https%3A%2F%2Fjomarlogistica.com.br%2F2022%2F11%2F04%2Fthe-difference-between-specifications-and-targets-in-romantic-relationships%2F HTTP/1.1" 200 1911 "-" "Mozilla/5.0 AppleWebKit/537.36 (KHTML, like Gecko; compatible; GPTBot/1.2; +https://openai.com/gptbot)"
jomarlogistica.com.br:80 20.171.207.79 - - [10/Sep/2025:22:40:09 -0300] "GET /2022/10/31/the-simplest-way-to-ask-a-latin-female-to-be-the-girl/embed/ HTTP/1.1" 200 6914 "-" "Mozilla/5.0 AppleWebKit/537.36 (KHTML, like Gecko; compatible; GPTBot/1.2; +https://openai.com/gptbot)"
jomarlogistica.com.br:80 20.171.207.79 - - [10/Sep/2025:22:40:10 -0300] "GET /?p=6332 HTTP/1.1" 301 466 "-" "Mozilla/5.0 AppleWebKit/537.36 (KHTML, like Gecko; compatible; GPTBot/1.2; +https://openai.com/gptbot)"
jomarlogistica.com.br:80 20.171.207.79 - - [10/Sep/2025:22:40:10 -0300] "GET /2022/11/03/top-5-first-particular-date-topics-to-discover-your-time-better/ HTTP/1.1" 200 18155 "-" "Mozilla/5.0 AppleWebKit/537.36 (KHTML, like Gecko; compatible; GPTBot/1.2; +https://openai.com/gptbot)"
jomarlogistica.com.br:80 20.171.207.79 - - [10/Sep/2025:22:40:12 -0300] "GET /?p=6874 HTTP/1.1" 301 435 "-" "Mozilla/5.0 AppleWebKit/537.36 (KHTML, like Gecko; compatible; GPTBot/1.2; +https://openai.com/gptbot)"
jomarlogistica.com.br:80 104.210.140.133 - - [10/Sep/2025:22:40:13 -0300] "GET /robots.txt HTTP/1.1" 200 584 "-" "Mozilla/5.0 (Macintosh; Intel Mac OS X 10_15_7) AppleWebKit/537.36 (KHTML, like Gecko) Chrome/131.0.0.0 Safari/537.36; compatible; OAI-SearchBot/1.0; +https://openai.com/searchbot"
jomarlogistica.com.br:80 20.171.207.79 - - [10/Sep/2025:22:40:13 -0300] "GET /2022/11/02/interracial-relationships-celebs/ HTTP/1.1" 200 17458 "-" "Mozilla/5.0 AppleWebKit/537.36 (KHTML, like Gecko; compatible; GPTBot/1.2; +https://openai.com/gptbot)"
jomarlogistica.com.br:80 20.171.207.79 - - [10/Sep/2025:22:40:15 -0300] "GET /category/jomar/page/51/ HTTP/1.1" 200 18654 "-" "Mozilla/5.0 AppleWebKit/537.36 (KHTML, like Gecko; compatible; GPTBot/1.2; +https://openai.com/gptbot)"
jomarlogistica.com.br:80 20.171.207.79 - - [10/Sep/2025:22:40:16 -0300] "GET /?p=6977 HTTP/1.1" 301 459 "-" "Mozilla/5.0 AppleWebKit/537.36 (KHTML, like Gecko; compatible; GPTBot/1.2; +https://openai.com/gptbot)"
jomarlogistica.com.br:80 20.171.207.79 - - [10/Sep/2025:22:40:17 -0300] "GET /2022/11/05/feeling-ugly-about-appreciate-online-counselors-can-help/ HTTP/1.1" 200 17445 "-" "Mozilla/5.0 AppleWebKit/537.36 (KHTML, like Gecko; compatible; GPTBot/1.2; +https://openai.com/gptbot)"
jomarlogistica.com.br:80 20.171.207.79 - - [10/Sep/2025:22:40:19 -0300] "GET /?p=7235 HTTP/1.1" 301 428 "-" "Mozilla/5.0 AppleWebKit/537.36 (KHTML, like Gecko; compatible; GPTBot/1.2; +https://openai.com/gptbot)"
jomarlogistica.com.br:80 20.171.207.79 - - [10/Sep/2025:22:40:19 -0300] "GET /2023/09/16/how-reliable-is-scanguard/ HTTP/1.1" 200 17187 "-" "Mozilla/5.0 AppleWebKit/537.36 (KHTML, like Gecko; compatible; GPTBot/1.2; +https://openai.com/gptbot)"
jomarlogistica.com.br:80 20.171.207.79 - - [10/Sep/2025:22:40:21 -0300] "GET /2023/04/16/i-got-divorced-after-40-heres-how-i-found-love-again/ HTTP/1.1" 200 19231 "-" "Mozilla/5.0 AppleWebKit/537.36 (KHTML, like Gecko; compatible; GPTBot/1.2; +https://openai.com/gptbot)"
jomarlogistica.com.br:80 127.0.0.1 - - [10/Sep/2025:22:40:22 -0300] "OPTIONS * HTTP/1.0" 200 110 "-" "Apache/2.4.65 (Ubuntu) (internal dummy connection)"
jomarlogistica.com.br:80 20.171.207.79 - - [10/Sep/2025:22:40:23 -0300] "GET /?p=7193 HTTP/1.1" 301 466 "-" "Mozilla/5.0 AppleWebKit/537.36 (KHTML, like Gecko; compatible; GPTBot/1.2; +https://openai.com/gptbot)"
jomarlogistica.com.br:80 20.171.207.79 - - [10/Sep/2025:22:40:23 -0300] "GET /2023/09/05/headjack-link-oculus-app-content-plus-the-oculus-iphone-app-lab/ HTTP/1.1" 200 17313 "-" "Mozilla/5.0 AppleWebKit/537.36 (KHTML, like Gecko; compatible; GPTBot/1.2; +https://openai.com/gptbot)"
jomarlogistica.com.br:80 20.171.207.79 - - [10/Sep/2025:22:40:25 -0300] "GET /2023/09/09/evaluating-a-data-place-service/ HTTP/1.1" 200 17348 "-" "Mozilla/5.0 AppleWebKit/537.36 (KHTML, like Gecko; compatible; GPTBot/1.2; +https://openai.com/gptbot)"
jomarlogistica.com.br:80 20.171.207.79 - - [10/Sep/2025:22:40:26 -0300] "GET /2023/09/04/precisely-what-is-document-management/ HTTP/1.1" 200 17276 "-" "Mozilla/5.0 AppleWebKit/537.36 (KHTML, like Gecko; compatible; GPTBot/1.2; +https://openai.com/gptbot)"
jomarlogistica.com.br:80 20.171.207.79 - - [10/Sep/2025:22:40:28 -0300] "GET /category/jomar/page/6/ HTTP/1.1" 200 18451 "-" "Mozilla/5.0 AppleWebKit/537.36 (KHTML, like Gecko; compatible; GPTBot/1.2; +https://openai.com/gptbot)"
jomarlogistica.com.br:80 20.171.207.79 - - [10/Sep/2025:22:40:29 -0300] "GET /2022/11/05/feeling-hopeless-about-like-online-experienced-therapist-can-help/ HTTP/1.1" 200 17487 "-" "Mozilla/5.0 AppleWebKit/537.36 (KHTML, like Gecko; compatible; GPTBot/1.2; +https://openai.com/gptbot)"
jomarlogistica.com.br:80 20.171.207.79 - - [10/Sep/2025:22:40:31 -0300] "GET /2022/11/06/a-black-girl-dating-a-north-american-man-5-advise-for-success/ HTTP/1.1" 200 18397 "-" "Mozilla/5.0 AppleWebKit/537.36 (KHTML, like Gecko; compatible; GPTBot/1.2; +https://openai.com/gptbot)"
jomarlogistica.com.br:80 20.171.207.79 - - [10/Sep/2025:22:40:32 -0300] "GET /?p=6348 HTTP/1.1" 301 455 "-" "Mozilla/5.0 AppleWebKit/537.36 (KHTML, like Gecko; compatible; GPTBot/1.2; +https://openai.com/gptbot)"
jomarlogistica.com.br:80 20.171.207.79 - - [10/Sep/2025:22:40:33 -0300] "GET /2023/04/16/i-got-divorced-after-40-heres-how-i-found-love-again/ HTTP/1.1" 200 19212 "-" "Mozilla/5.0 AppleWebKit/537.36 (KHTML, like Gecko; compatible; GPTBot/1.2; +https://openai.com/gptbot)"
jomarlogistica.com.br:80 20.171.207.79 - - [10/Sep/2025:22:40:35 -0300] "GET /2022/11/07/slavic-single-women-seeking-gentleman/ HTTP/1.1" 200 18174 "-" "Mozilla/5.0 AppleWebKit/537.36 (KHTML, like Gecko; compatible; GPTBot/1.2; +https://openai.com/gptbot)"
jomarlogistica.com.br:80 20.171.207.79 - - [10/Sep/2025:22:40:36 -0300] "GET /2022/11/07/equality-of-rights-in-modern-day-marriages/ HTTP/1.1" 200 18599 "-" "Mozilla/5.0 AppleWebKit/537.36 (KHTML, like Gecko; compatible; GPTBot/1.2; +https://openai.com/gptbot)"
jomarlogistica.com.br:80 20.171.207.79 - - [10/Sep/2025:22:40:38 -0300] "GET /?p=7208 HTTP/1.1" 301 434 "-" "Mozilla/5.0 AppleWebKit/537.36 (KHTML, like Gecko; compatible; GPTBot/1.2; +https://openai.com/gptbot)"
jomarlogistica.com.br:80 20.171.207.79 - - [10/Sep/2025:22:40:39 -0300] "GET /2023/09/09/evaluating-a-data-place-service/ HTTP/1.1" 200 17348 "-" "Mozilla/5.0 AppleWebKit/537.36 (KHTML, like Gecko; compatible; GPTBot/1.2; +https://openai.com/gptbot)"
jomarlogistica.com.br:80 20.171.207.79 - - [10/Sep/2025:22:40:40 -0300] "GET /2022/11/11/the-right-way-to-ask-sugar-daddy-for-money/ HTTP/1.1" 200 17244 "-" "Mozilla/5.0 AppleWebKit/537.36 (KHTML, like Gecko; compatible; GPTBot/1.2; +https://openai.com/gptbot)"
jomarlogistica.com.br:80 20.171.207.79 - - [10/Sep/2025:22:40:42 -0300] "GET /2023/09/27/how-to-use-data-room-software-for-a-merger-plan/ HTTP/1.1" 200 17283 "-" "Mozilla/5.0 AppleWebKit/537.36 (KHTML, like Gecko; compatible; GPTBot/1.2; +https://openai.com/gptbot)"
jomarlogistica.com.br:80 20.171.207.79 - - [10/Sep/2025:22:40:44 -0300] "GET /?p=6319 HTTP/1.1" 301 464 "-" "Mozilla/5.0 AppleWebKit/537.36 (KHTML, like Gecko; compatible; GPTBot/1.2; +https://openai.com/gptbot)"
jomarlogistica.com.br:80 20.171.207.79 - - [10/Sep/2025:22:40:44 -0300] "GET /2022/11/06/a-black-girl-dating-a-north-american-man-5-advise-for-success/ HTTP/1.1" 200 18397 "-" "Mozilla/5.0 AppleWebKit/537.36 (KHTML, like Gecko; compatible; GPTBot/1.2; +https://openai.com/gptbot)"
jomarlogistica.com.br:80 20.171.207.79 - - [10/Sep/2025:22:40:46 -0300] "GET /?p=6986 HTTP/1.1" 301 468 "-" "Mozilla/5.0 AppleWebKit/537.36 (KHTML, like Gecko; compatible; GPTBot/1.2; +https://openai.com/gptbot)"
jomarlogistica.com.br:80 20.171.207.79 - - [10/Sep/2025:22:40:46 -0300] "GET /2022/11/05/feeling-hopeless-about-like-online-experienced-therapist-can-help/ HTTP/1.1" 200 17487 "-" "Mozilla/5.0 AppleWebKit/537.36 (KHTML, like Gecko; compatible; GPTBot/1.2; +https://openai.com/gptbot)"
jomarlogistica.com.br:80 20.171.207.79 - - [10/Sep/2025:22:40:48 -0300] "GET /?p=7191 HTTP/1.1" 301 459 "-" "Mozilla/5.0 AppleWebKit/537.36 (KHTML, like Gecko; compatible; GPTBot/1.2; +https://openai.com/gptbot)"
jomarlogistica.com.br:80 20.171.207.79 - - [10/Sep/2025:22:40:49 -0300] "GET /2023/09/04/precisely-what-is-document-management/ HTTP/1.1" 200 17276 "-" "Mozilla/5.0 AppleWebKit/537.36 (KHTML, like Gecko; compatible; GPTBot/1.2; +https://openai.com/gptbot)"
jomarlogistica.com.br:80 20.171.207.79 - - [10/Sep/2025:22:40:51 -0300] "GET /?p=6567 HTTP/1.1" 301 445 "-" "Mozilla/5.0 AppleWebKit/537.36 (KHTML, like Gecko; compatible; GPTBot/1.2; +https://openai.com/gptbot)"
jomarlogistica.com.br:80 20.171.207.79 - - [10/Sep/2025:22:40:51 -0300] "GET /2022/11/07/equality-of-rights-in-modern-day-marriages/ HTTP/1.1" 200 18599 "-" "Mozilla/5.0 AppleWebKit/537.36 (KHTML, like Gecko; compatible; GPTBot/1.2; +https://openai.com/gptbot)"
jomarlogistica.com.br:80 20.171.207.79 - - [10/Sep/2025:22:40:52 -0300] "GET /2023/09/04/how-to-configure-the-best-avast-settings-for-performance/ HTTP/1.1" 200 17178 "-" "Mozilla/5.0 AppleWebKit/537.36 (KHTML, like Gecko; compatible; GPTBot/1.2; +https://openai.com/gptbot)"
jomarlogistica.com.br:80 20.171.207.79 - - [10/Sep/2025:22:40:54 -0300] "GET /?p=6839 HTTP/1.1" 301 464 "-" "Mozilla/5.0 AppleWebKit/537.36 (KHTML, like Gecko; compatible; GPTBot/1.2; +https://openai.com/gptbot)"
jomarlogistica.com.br:80 20.171.207.79 - - [10/Sep/2025:22:40:54 -0300] "GET /2022/11/11/the-right-way-to-ask-sugar-daddy-for-money/ HTTP/1.1" 200 17244 "-" "Mozilla/5.0 AppleWebKit/537.36 (KHTML, like Gecko; compatible; GPTBot/1.2; +https://openai.com/gptbot)"
jomarlogistica.com.br:80 20.171.207.79 - - [10/Sep/2025:22:40:56 -0300] "GET /?p=6328 HTTP/1.1" 301 440 "-" "Mozilla/5.0 AppleWebKit/537.36 (KHTML, like Gecko; compatible; GPTBot/1.2; +https://openai.com/gptbot)"
jomarlogistica.com.br:80 20.171.207.79 - - [10/Sep/2025:22:40:57 -0300] "GET /2022/11/07/slavic-single-women-seeking-gentleman/ HTTP/1.1" 200 18155 "-" "Mozilla/5.0 AppleWebKit/537.36 (KHTML, like Gecko; compatible; GPTBot/1.2; +https://openai.com/gptbot)"
jomarlogistica.com.br:80 20.171.207.79 - - [10/Sep/2025:22:40:58 -0300] "GET /2023/04/17/seeing-a-guy-right-from-another-nation/ HTTP/1.1" 200 17177 "-" "Mozilla/5.0 AppleWebKit/537.36 (KHTML, like Gecko; compatible; GPTBot/1.2; +https://openai.com/gptbot)"
jomarlogistica.com.br:80 20.171.207.79 - - [10/Sep/2025:22:41:00 -0300] "GET /2022/11/11/passionate-things-to-do-in-france/ HTTP/1.1" 200 17486 "-" "Mozilla/5.0 AppleWebKit/537.36 (KHTML, like Gecko; compatible; GPTBot/1.2; +https://openai.com/gptbot)"
jomarlogistica.com.br:80 20.171.207.79 - - [10/Sep/2025:22:41:01 -0300] "GET /?p=7291 HTTP/1.1" 301 450 "-" "Mozilla/5.0 AppleWebKit/537.36 (KHTML, like Gecko; compatible; GPTBot/1.2; +https://openai.com/gptbot)"
jomarlogistica.com.br:80 20.171.207.79 - - [10/Sep/2025:22:41:02 -0300] "GET /2023/09/27/how-to-use-data-room-software-for-a-merger-plan/ HTTP/1.1" 200 17264 "-" "Mozilla/5.0 AppleWebKit/537.36 (KHTML, like Gecko; compatible; GPTBot/1.2; +https://openai.com/gptbot)"
jomarlogistica.com.br:80 20.171.207.79 - - [10/Sep/2025:22:41:03 -0300] "GET /2023/09/27/the-board-meeting-schedule/ HTTP/1.1" 200 17094 "-" "Mozilla/5.0 AppleWebKit/537.36 (KHTML, like Gecko; compatible; GPTBot/1.2; +https://openai.com/gptbot)"
jomarlogistica.com.br:80 20.171.207.79 - - [10/Sep/2025:22:41:05 -0300] "GET /?p=7218 HTTP/1.1" 301 459 "-" "Mozilla/5.0 AppleWebKit/537.36 (KHTML, like Gecko; compatible; GPTBot/1.2; +https://openai.com/gptbot)"
jomarlogistica.com.br:80 20.171.207.79 - - [10/Sep/2025:22:41:06 -0300] "GET /2023/09/04/how-to-configure-the-best-avast-settings-for-performance/ HTTP/1.1" 200 17197 "-" "Mozilla/5.0 AppleWebKit/537.36 (KHTML, like Gecko; compatible; GPTBot/1.2; +https://openai.com/gptbot)"
jomarlogistica.com.br:80 20.171.207.79 - - [10/Sep/2025:22:41:07 -0300] "GET /2023/09/03/tips-on-how-to-protect-the-private-data-of-the-customers/ HTTP/1.1" 200 17373 "-" "Mozilla/5.0 AppleWebKit/537.36 (KHTML, like Gecko; compatible; GPTBot/1.2; +https://openai.com/gptbot)"
jomarlogistica.com.br:80 20.171.207.79 - - [10/Sep/2025:22:41:09 -0300] "GET /2023/09/04/how-to-use-nordvpn-to-unlock-netflix/ HTTP/1.1" 200 17326 "-" "Mozilla/5.0 AppleWebKit/537.36 (KHTML, like Gecko; compatible; GPTBot/1.2; +https://openai.com/gptbot)"
jomarlogistica.com.br:80 20.171.207.79 - - [10/Sep/2025:22:41:10 -0300] "GET /2023/09/27/virtual-data-room-preparation/ HTTP/1.1" 200 17033 "-" "Mozilla/5.0 AppleWebKit/537.36 (KHTML, like Gecko; compatible; GPTBot/1.2; +https://openai.com/gptbot)"
