jomarlogistica.com.br:80 20.171.207.79 - - [10/Sep/2025:23:42:51 -0300] "GET /2023/09/04/how-to-choose-a-data-room-provider/embed/ HTTP/1.1" 200 6873 "-" "Mozilla/5.0 AppleWebKit/537.36 (KHTML, like Gecko; compatible; GPTBot/1.2; +https://openai.com/gptbot)"
jomarlogistica.com.br:80 20.171.207.79 - - [10/Sep/2025:23:42:52 -0300] "GET /wp-json/oembed/1.0/embed?format=xml&url=https%3A%2F%2Fjomarlogistica.com.br%2F2023%2F09%2F27%2Fhow-to-create-an-investor-data-room%2F HTTP/1.1" 200 1911 "-" "Mozilla/5.0 AppleWebKit/537.36 (KHTML, like Gecko; compatible; GPTBot/1.2; +https://openai.com/gptbot)"
jomarlogistica.com.br:80 20.171.207.79 - - [10/Sep/2025:23:42:53 -0300] "GET /2022/12/30/methods-to-be-a-great-asian-partner/embed/ HTTP/1.1" 200 6878 "-" "Mozilla/5.0 AppleWebKit/537.36 (KHTML, like Gecko; compatible; GPTBot/1.2; +https://openai.com/gptbot)"
jomarlogistica.com.br:80 20.171.207.79 - - [10/Sep/2025:23:42:54 -0300] "GET /2023/09/02/virtual-data-rooms-why-you-need-one/embed/ HTTP/1.1" 200 6912 "-" "Mozilla/5.0 AppleWebKit/537.36 (KHTML, like Gecko; compatible; GPTBot/1.2; +https://openai.com/gptbot)"
jomarlogistica.com.br:80 20.171.207.79 - - [10/Sep/2025:23:42:55 -0300] "GET /wp-json/oembed/1.0/embed?format=xml&url=https%3A%2F%2Fjomarlogistica.com.br%2F2023%2F02%2F26%2Fso-why-do-persons-rely-on-dating-over-internet%2F HTTP/1.1" 200 1910 "-" "Mozilla/5.0 AppleWebKit/537.36 (KHTML, like Gecko; compatible; GPTBot/1.2; +https://openai.com/gptbot)"
jomarlogistica.com.br:80 20.171.207.79 - - [10/Sep/2025:23:42:57 -0300] "GET /wp-json/oembed/1.0/embed?url=https%3A%2F%2Fjomarlogistica.com.br%2F2023%2F05%2F10%2F35-greatest-porn-games-together-with-free-porn-video-games-for-2023%2F HTTP/1.1" 200 1909 "-" "Mozilla/5.0 AppleWebKit/537.36 (KHTML, like Gecko; compatible; GPTBot/1.2; +https://openai.com/gptbot)"
jomarlogistica.com.br:80 20.171.207.79 - - [10/Sep/2025:23:42:58 -0300] "GET /wp-json/oembed/1.0/embed?format=xml&url=https%3A%2F%2Fjomarlogistica.com.br%2F2022%2F10%2F15%2Fa-ecu-girl-looking-for-american-man%2F HTTP/1.1" 200 1913 "-" "Mozilla/5.0 AppleWebKit/537.36 (KHTML, like Gecko; compatible; GPTBot/1.2; +https://openai.com/gptbot)"
jomarlogistica.com.br:80 20.171.207.79 - - [10/Sep/2025:23:42:59 -0300] "GET /2022/11/15/realizing-love-how-to-express-love/embed/ HTTP/1.1" 200 6907 "-" "Mozilla/5.0 AppleWebKit/537.36 (KHTML, like Gecko; compatible; GPTBot/1.2; +https://openai.com/gptbot)"
jomarlogistica.com.br:80 20.171.207.79 - - [10/Sep/2025:23:43:00 -0300] "GET /2023/07/04/the-very-best-free-vpn-application/embed/ HTTP/1.1" 200 6866 "-" "Mozilla/5.0 AppleWebKit/537.36 (KHTML, like Gecko; compatible; GPTBot/1.2; +https://openai.com/gptbot)"
jomarlogistica.com.br:80 20.171.207.79 - - [10/Sep/2025:23:43:01 -0300] "GET /wp-json/oembed/1.0/embed?format=xml&url=https%3A%2F%2Fjomarlogistica.com.br%2F2023%2F05%2F23%2Fthe-role-of-any-virtual-data-room%2F HTTP/1.1" 200 1891 "-" "Mozilla/5.0 AppleWebKit/537.36 (KHTML, like Gecko; compatible; GPTBot/1.2; +https://openai.com/gptbot)"
jomarlogistica.com.br:80 20.171.207.79 - - [10/Sep/2025:23:43:02 -0300] "GET /wp-json/oembed/1.0/embed?format=xml&url=https%3A%2F%2Fjomarlogistica.com.br%2F2023%2F04%2F28%2Fif-you-should-be-specialize-in-online-dating%2F HTTP/1.1" 200 1906 "-" "Mozilla/5.0 AppleWebKit/537.36 (KHTML, like Gecko; compatible; GPTBot/1.2; +https://openai.com/gptbot)"
jomarlogistica.com.br:80 20.171.207.79 - - [10/Sep/2025:23:43:03 -0300] "GET /wp-json/oembed/1.0/embed?format=xml&url=https%3A%2F%2Fjomarlogistica.com.br%2F2022%2F09%2F06%2Fthe-actual-a-good-web-based-dater%2F HTTP/1.1" 200 1915 "-" "Mozilla/5.0 AppleWebKit/537.36 (KHTML, like Gecko; compatible; GPTBot/1.2; +https://openai.com/gptbot)"
jomarlogistica.com.br:80 20.171.207.79 - - [10/Sep/2025:23:43:05 -0300] "GET /2023/09/27/how-to-create-an-investor-data-room/embed/ HTTP/1.1" 200 6866 "-" "Mozilla/5.0 AppleWebKit/537.36 (KHTML, like Gecko; compatible; GPTBot/1.2; +https://openai.com/gptbot)"
jomarlogistica.com.br:80 20.171.207.79 - - [10/Sep/2025:23:43:06 -0300] "GET /wp-json/oembed/1.0/embed?format=xml&url=https%3A%2F%2Fjomarlogistica.com.br%2F2023%2F03%2F29%2Fways-to-navigate-the-world-of-online-dating%2F HTTP/1.1" 200 1903 "-" "Mozilla/5.0 AppleWebKit/537.36 (KHTML, like Gecko; compatible; GPTBot/1.2; +https://openai.com/gptbot)"
jomarlogistica.com.br:80 20.171.207.79 - - [10/Sep/2025:23:43:07 -0300] "GET /wp-json/oembed/1.0/embed?format=xml&url=https%3A%2F%2Fjomarlogistica.com.br%2F2023%2F06%2F10%2F11-best-hookup-sites-in-2023-prime-websites-for-hook-ups%2F HTTP/1.1" 200 1921 "-" "Mozilla/5.0 AppleWebKit/537.36 (KHTML, like Gecko; compatible; GPTBot/1.2; +https://openai.com/gptbot)"
jomarlogistica.com.br:80 20.171.207.79 - - [10/Sep/2025:23:43:08 -0300] "GET /2023/02/26/so-why-do-persons-rely-on-dating-over-internet/embed/ HTTP/1.1" 200 6915 "-" "Mozilla/5.0 AppleWebKit/537.36 (KHTML, like Gecko; compatible; GPTBot/1.2; +https://openai.com/gptbot)"
jomarlogistica.com.br:80 20.171.207.79 - - [10/Sep/2025:23:43:09 -0300] "GET /wp-json/oembed/1.0/embed?format=xml&url=https%3A%2F%2Fjomarlogistica.com.br%2F2023%2F04%2F23%2Fthe-challenges-of-dating-far-away%2F HTTP/1.1" 200 1906 "-" "Mozilla/5.0 AppleWebKit/537.36 (KHTML, like Gecko; compatible; GPTBot/1.2; +https://openai.com/gptbot)"
jomarlogistica.com.br:80 20.171.207.79 - - [10/Sep/2025:23:43:11 -0300] "GET /2022/10/15/a-ecu-girl-looking-for-american-man/embed/ HTTP/1.1" 200 6877 "-" "Mozilla/5.0 AppleWebKit/537.36 (KHTML, like Gecko; compatible; GPTBot/1.2; +https://openai.com/gptbot)"
jomarlogistica.com.br:80 20.171.207.79 - - [10/Sep/2025:23:43:12 -0300] "GET /wp-json/oembed/1.0/embed?format=xml&url=https%3A%2F%2Fjomarlogistica.com.br%2F2023%2F05%2F21%2Fslavic-brides-%25ef%25b8%258f-guide-to-carry-out-slavic-females-for-marriage%2F HTTP/1.1" 200 1940 "-" "Mozilla/5.0 AppleWebKit/537.36 (KHTML, like Gecko; compatible; GPTBot/1.2; +https://openai.com/gptbot)"
jomarlogistica.com.br:80 20.171.207.79 - - [10/Sep/2025:23:43:13 -0300] "GET /wp-json/oembed/1.0/embed?format=xml&url=https%3A%2F%2Fjomarlogistica.com.br%2F2023%2F09%2F05%2Fheadjack-link-oculus-app-content-plus-the-oculus-iphone-app-lab%2F HTTP/1.1" 200 1923 "-" "Mozilla/5.0 AppleWebKit/537.36 (KHTML, like Gecko; compatible; GPTBot/1.2; +https://openai.com/gptbot)"
jomarlogistica.com.br:80 20.171.207.79 - - [10/Sep/2025:23:43:14 -0300] "GET /2023/05/23/the-role-of-any-virtual-data-room/embed/ HTTP/1.1" 200 6897 "-" "Mozilla/5.0 AppleWebKit/537.36 (KHTML, like Gecko; compatible; GPTBot/1.2; +https://openai.com/gptbot)"
jomarlogistica.com.br:80 20.171.207.79 - - [10/Sep/2025:23:43:15 -0300] "GET /2023/04/28/if-you-should-be-specialize-in-online-dating/embed/ HTTP/1.1" 200 6937 "-" "Mozilla/5.0 AppleWebKit/537.36 (KHTML, like Gecko; compatible; GPTBot/1.2; +https://openai.com/gptbot)"
jomarlogistica.com.br:80 20.171.207.79 - - [10/Sep/2025:23:43:16 -0300] "GET /2022/09/06/the-actual-a-good-web-based-dater/embed/ HTTP/1.1" 200 6877 "-" "Mozilla/5.0 AppleWebKit/537.36 (KHTML, like Gecko; compatible; GPTBot/1.2; +https://openai.com/gptbot)"
jomarlogistica.com.br:80 20.171.207.79 - - [10/Sep/2025:23:43:17 -0300] "GET /2023/03/29/ways-to-navigate-the-world-of-online-dating/embed/ HTTP/1.1" 200 6894 "-" "Mozilla/5.0 AppleWebKit/537.36 (KHTML, like Gecko; compatible; GPTBot/1.2; +https://openai.com/gptbot)"
jomarlogistica.com.br:80 20.171.207.79 - - [10/Sep/2025:23:43:19 -0300] "GET /2023/06/10/11-best-hookup-sites-in-2023-prime-websites-for-hook-ups/embed/ HTTP/1.1" 200 6926 "-" "Mozilla/5.0 AppleWebKit/537.36 (KHTML, like Gecko; compatible; GPTBot/1.2; +https://openai.com/gptbot)"
jomarlogistica.com.br:80 20.171.207.79 - - [10/Sep/2025:23:43:20 -0300] "GET /2023/04/23/the-challenges-of-dating-far-away/embed/ HTTP/1.1" 200 6881 "-" "Mozilla/5.0 AppleWebKit/537.36 (KHTML, like Gecko; compatible; GPTBot/1.2; +https://openai.com/gptbot)"
jomarlogistica.com.br:80 20.171.207.79 - - [10/Sep/2025:23:43:21 -0300] "GET /wp-json/oembed/1.0/embed?format=xml&url=https%3A%2F%2Fjomarlogistica.com.br%2F2023%2F06%2F02%2Fbest-anonymous-chat-apps-for-android-2-to-avoid%2F HTTP/1.1" 200 1931 "-" "Mozilla/5.0 AppleWebKit/537.36 (KHTML, like Gecko; compatible; GPTBot/1.2; +https://openai.com/gptbot)"
jomarlogistica.com.br:80 20.171.207.79 - - [10/Sep/2025:23:43:22 -0300] "GET /2023/05/21/slavic-brides-%ef%b8%8f-guide-to-carry-out-slavic-females-for-marriage/embed/ HTTP/1.1" 200 6993 "-" "Mozilla/5.0 AppleWebKit/537.36 (KHTML, like Gecko; compatible; GPTBot/1.2; +https://openai.com/gptbot)"
jomarlogistica.com.br:80 20.171.207.79 - - [10/Sep/2025:23:43:23 -0300] "GET /wp-json/oembed/1.0/embed?format=xml&url=https%3A%2F%2Fjomarlogistica.com.br%2F2023%2F04%2F27%2F9-unstated-hook-up-rules-that-everyone-should-know%2F HTTP/1.1" 200 1916 "-" "Mozilla/5.0 AppleWebKit/537.36 (KHTML, like Gecko; compatible; GPTBot/1.2; +https://openai.com/gptbot)"
jomarlogistica.com.br:80 20.171.207.79 - - [10/Sep/2025:23:43:24 -0300] "GET /wp-json/oembed/1.0/embed?format=xml&url=https%3A%2F%2Fjomarlogistica.com.br%2F2022%2F11%2F06%2Fa-black-girl-dating-a-north-american-man-5-advise-for-success%2F HTTP/1.1" 200 1930 "-" "Mozilla/5.0 AppleWebKit/537.36 (KHTML, like Gecko; compatible; GPTBot/1.2; +https://openai.com/gptbot)"
jomarlogistica.com.br:80 20.171.207.79 - - [10/Sep/2025:23:43:26 -0300] "GET /wp-json/oembed/1.0/embed?format=xml&url=https%3A%2F%2Fjomarlogistica.com.br%2F2023%2F04%2F16%2Fi-got-divorced-after-40-heres-how-i-found-love-again%2F HTTP/1.1" 200 1931 "-" "Mozilla/5.0 AppleWebKit/537.36 (KHTML, like Gecko; compatible; GPTBot/1.2; +https://openai.com/gptbot)"
jomarlogistica.com.br:80 20.171.207.79 - - [10/Sep/2025:23:43:27 -0300] "GET /2023/09/05/headjack-link-oculus-app-content-plus-the-oculus-iphone-app-lab/embed/ HTTP/1.1" 200 6928 "-" "Mozilla/5.0 AppleWebKit/537.36 (KHTML, like Gecko; compatible; GPTBot/1.2; +https://openai.com/gptbot)"
jomarlogistica.com.br:80 20.171.207.79 - - [10/Sep/2025:23:43:28 -0300] "GET /wp-json/oembed/1.0/embed?format=xml&url=https%3A%2F%2Fjomarlogistica.com.br%2F2022%2F12%2F06%2Ffeeling-ugly-about-love-online-practitioners-can-help%2F HTTP/1.1" 200 1915 "-" "Mozilla/5.0 AppleWebKit/537.36 (KHTML, like Gecko; compatible; GPTBot/1.2; +https://openai.com/gptbot)"
jomarlogistica.com.br:80 20.171.207.79 - - [10/Sep/2025:23:43:29 -0300] "GET /wp-json/oembed/1.0/embed?format=xml&url=https%3A%2F%2Fjomarlogistica.com.br%2F2023%2F04%2F14%2Fgreatest-free-grownup-games-online-for-2023-cellular-compatible-free-tokens%2F HTTP/1.1" 200 1942 "-" "Mozilla/5.0 AppleWebKit/537.36 (KHTML, like Gecko; compatible; GPTBot/1.2; +https://openai.com/gptbot)"
jomarlogistica.com.br:80 20.171.207.79 - - [10/Sep/2025:23:43:30 -0300] "GET /wp-json/oembed/1.0/embed?format=xml&url=https%3A%2F%2Fjomarlogistica.com.br%2F2023%2F07%2F08%2Fso-why-businesses-use-data-areas%2F HTTP/1.1" 200 1888 "-" "Mozilla/5.0 AppleWebKit/537.36 (KHTML, like Gecko; compatible; GPTBot/1.2; +https://openai.com/gptbot)"
jomarlogistica.com.br:80 20.171.207.79 - - [10/Sep/2025:23:43:32 -0300] "GET /wp-json/oembed/1.0/embed?format=xml&url=https%3A%2F%2Fjomarlogistica.com.br%2F2023%2F01%2F20%2Fhow-to-find-a-russian-chat-room%2F HTTP/1.1" 200 1890 "-" "Mozilla/5.0 AppleWebKit/537.36 (KHTML, like Gecko; compatible; GPTBot/1.2; +https://openai.com/gptbot)"
jomarlogistica.com.br:80 20.171.207.79 - - [10/Sep/2025:23:43:33 -0300] "GET /2023/06/02/best-anonymous-chat-apps-for-android-2-to-avoid/embed/ HTTP/1.1" 200 6919 "-" "Mozilla/5.0 AppleWebKit/537.36 (KHTML, like Gecko; compatible; GPTBot/1.2; +https://openai.com/gptbot)"
jomarlogistica.com.br:80 20.171.207.79 - - [10/Sep/2025:23:43:34 -0300] "GET /wp-json/oembed/1.0/embed?format=xml&url=https%3A%2F%2Fjomarlogistica.com.br%2F2023%2F09%2F25%2Favast-antitrack-premium-review-2%2F HTTP/1.1" 200 1888 "-" "Mozilla/5.0 AppleWebKit/537.36 (KHTML, like Gecko; compatible; GPTBot/1.2; +https://openai.com/gptbot)"
jomarlogistica.com.br:80 20.171.207.79 - - [10/Sep/2025:23:43:35 -0300] "GET /wp-json/oembed/1.0/embed?format=xml&url=https%3A%2F%2Fjomarlogistica.com.br%2F2022%2F10%2F28%2Fwhy-european-ladies-are-the-best%2F HTTP/1.1" 200 1890 "-" "Mozilla/5.0 AppleWebKit/537.36 (KHTML, like Gecko; compatible; GPTBot/1.2; +https://openai.com/gptbot)"
jomarlogistica.com.br:80 20.171.207.79 - - [10/Sep/2025:23:43:36 -0300] "GET /2023/04/27/9-unstated-hook-up-rules-that-everyone-should-know/embed/ HTTP/1.1" 200 6893 "-" "Mozilla/5.0 AppleWebKit/537.36 (KHTML, like Gecko; compatible; GPTBot/1.2; +https://openai.com/gptbot)"
jomarlogistica.com.br:80 20.171.207.79 - - [10/Sep/2025:23:43:37 -0300] "GET /2023/04/16/i-got-divorced-after-40-heres-how-i-found-love-again/embed/ HTTP/1.1" 200 6918 "-" "Mozilla/5.0 AppleWebKit/537.36 (KHTML, like Gecko; compatible; GPTBot/1.2; +https://openai.com/gptbot)"
jomarlogistica.com.br:80 165.22.52.240 - - [10/Sep/2025:23:43:37 -0300] "GET / HTTP/1.1" 200 134115 "-" "Mozilla/5.0 (Windows NT 10.0; Win64; x64) AppleWebKit/537.36 (KHTML, like Gecko) Chrome/78.0.3904.108 Safari/537.36"
jomarlogistica.com.br:80 20.171.207.79 - - [10/Sep/2025:23:43:38 -0300] "GET /2022/11/06/a-black-girl-dating-a-north-american-man-5-advise-for-success/embed/ HTTP/1.1" 200 6951 "-" "Mozilla/5.0 AppleWebKit/537.36 (KHTML, like Gecko; compatible; GPTBot/1.2; +https://openai.com/gptbot)"
jomarlogistica.com.br:80 165.22.52.240 - - [10/Sep/2025:23:43:40 -0300] "GET //wp-includes/wlwmanifest.xml HTTP/1.1" 200 1397 "-" "Mozilla/5.0 (Windows NT 10.0; Win64; x64) AppleWebKit/537.36 (KHTML, like Gecko) Chrome/78.0.3904.108 Safari/537.36"
jomarlogistica.com.br:80 20.171.207.79 - - [10/Sep/2025:23:43:40 -0300] "GET /wp-json/oembed/1.0/embed?format=xml&url=https%3A%2F%2Fjomarlogistica.com.br%2F2023%2F05%2F24%2Favg-antivirus-review%2F HTTP/1.1" 200 1873 "-" "Mozilla/5.0 AppleWebKit/537.36 (KHTML, like Gecko; compatible; GPTBot/1.2; +https://openai.com/gptbot)"
jomarlogistica.com.br:80 165.22.52.240 - - [10/Sep/2025:23:43:40 -0300] "GET //?author=1 HTTP/1.1" 301 404 "-" "Mozilla/5.0 (Windows NT 10.0; Win64; x64) AppleWebKit/537.36 (KHTML, like Gecko) Chrome/78.0.3904.108 Safari/537.36"
jomarlogistica.com.br:80 20.171.207.79 - - [10/Sep/2025:23:43:41 -0300] "GET /2023/04/14/greatest-free-grownup-games-online-for-2023-cellular-compatible-free-tokens/embed/ HTTP/1.1" 200 6947 "-" "Mozilla/5.0 AppleWebKit/537.36 (KHTML, like Gecko; compatible; GPTBot/1.2; +https://openai.com/gptbot)"
jomarlogistica.com.br:80 127.0.0.1 - - [10/Sep/2025:23:43:41 -0300] "OPTIONS * HTTP/1.0" 200 110 "-" "Apache/2.4.65 (Ubuntu) (internal dummy connection)"
jomarlogistica.com.br:80 165.22.52.240 - - [10/Sep/2025:23:43:41 -0300] "GET //?author=2 HTTP/1.1" 301 406 "-" "Mozilla/5.0 (Windows NT 10.0; Win64; x64) AppleWebKit/537.36 (KHTML, like Gecko) Chrome/78.0.3904.108 Safari/537.36"
jomarlogistica.com.br:80 20.171.207.79 - - [10/Sep/2025:23:43:42 -0300] "GET /2022/12/06/feeling-ugly-about-love-online-practitioners-can-help/embed/ HTTP/1.1" 200 6873 "-" "Mozilla/5.0 AppleWebKit/537.36 (KHTML, like Gecko; compatible; GPTBot/1.2; +https://openai.com/gptbot)"
jomarlogistica.com.br:80 20.171.207.79 - - [10/Sep/2025:23:43:43 -0300] "GET /2023/07/08/so-why-businesses-use-data-areas/embed/ HTTP/1.1" 200 6862 "-" "Mozilla/5.0 AppleWebKit/537.36 (KHTML, like Gecko; compatible; GPTBot/1.2; +https://openai.com/gptbot)"
jomarlogistica.com.br:80 165.22.52.240 - - [10/Sep/2025:23:43:43 -0300] "GET //wp-json/wp/v2/users/ HTTP/1.1" 200 1905 "-" "Mozilla/5.0 (Windows NT 10.0; Win64; x64) AppleWebKit/537.36 (KHTML, like Gecko) Chrome/78.0.3904.108 Safari/537.36"
jomarlogistica.com.br:80 20.171.207.79 - - [10/Sep/2025:23:43:44 -0300] "GET /2023/01/20/how-to-find-a-russian-chat-room/embed/ HTTP/1.1" 200 6862 "-" "Mozilla/5.0 AppleWebKit/537.36 (KHTML, like Gecko; compatible; GPTBot/1.2; +https://openai.com/gptbot)"
jomarlogistica.com.br:80 165.22.52.240 - - [10/Sep/2025:23:43:45 -0300] "POST //xmlrpc.php HTTP/1.1" 403 2493 "-" "Mozilla/5.0 (Windows NT 10.0; Win64; x64) AppleWebKit/537.36 (KHTML, like Gecko) Chrome/78.0.3904.108 Safari/537.36"
jomarlogistica.com.br:80 165.22.52.240 - - [10/Sep/2025:23:43:45 -0300] "POST //xmlrpc.php HTTP/1.1" 403 2493 "-" "Mozilla/5.0 (Windows NT 10.0; Win64; x64) AppleWebKit/537.36 (KHTML, like Gecko) Chrome/78.0.3904.108 Safari/537.36"
jomarlogistica.com.br:80 20.171.207.79 - - [10/Sep/2025:23:43:45 -0300] "GET /wp-json/oembed/1.0/embed?format=xml&url=https%3A%2F%2Fjomarlogistica.com.br%2F2023%2F05%2F14%2Fbeing-unfaithful-greatest-overseas-relationship-websites-2023-sites-that-really-work%2F HTTP/1.1" 200 1961 "-" "Mozilla/5.0 AppleWebKit/537.36 (KHTML, like Gecko; compatible; GPTBot/1.2; +https://openai.com/gptbot)"
jomarlogistica.com.br:80 20.171.207.79 - - [10/Sep/2025:23:43:46 -0300] "GET /2022/10/28/why-european-ladies-are-the-best/embed/ HTTP/1.1" 200 6893 "-" "Mozilla/5.0 AppleWebKit/537.36 (KHTML, like Gecko; compatible; GPTBot/1.2; +https://openai.com/gptbot)"
jomarlogistica.com.br:80 20.171.207.79 - - [10/Sep/2025:23:43:48 -0300] "GET /2023/09/25/avast-antitrack-premium-review-2/embed/ HTTP/1.1" 200 6901 "-" "Mozilla/5.0 AppleWebKit/537.36 (KHTML, like Gecko; compatible; GPTBot/1.2; +https://openai.com/gptbot)"
jomarlogistica.com.br:80 127.0.0.1 - - [10/Sep/2025:23:43:48 -0300] "OPTIONS * HTTP/1.0" 200 110 "-" "Apache/2.4.65 (Ubuntu) (internal dummy connection)"
jomarlogistica.com.br:80 20.171.207.79 - - [10/Sep/2025:23:43:49 -0300] "GET /wp-json/oembed/1.0/embed?format=xml&url=https%3A%2F%2Fjomarlogistica.com.br%2F2023%2F10%2F02%2F4-common-uses-for-a-virtual-data-room%2F HTTP/1.1" 200 1898 "-" "Mozilla/5.0 AppleWebKit/537.36 (KHTML, like Gecko; compatible; GPTBot/1.2; +https://openai.com/gptbot)"
jomarlogistica.com.br:80 20.171.207.79 - - [10/Sep/2025:23:43:50 -0300] "GET /wp-json/oembed/1.0/embed?format=xml&url=https%3A%2F%2Fjomarlogistica.com.br%2F2023%2F05%2F23%2Fwhat-is-a-secure-data-room%2F HTTP/1.1" 200 1883 "-" "Mozilla/5.0 AppleWebKit/537.36 (KHTML, like Gecko; compatible; GPTBot/1.2; +https://openai.com/gptbot)"
jomarlogistica.com.br:80 20.171.207.79 - - [10/Sep/2025:23:43:51 -0300] "GET /wp-json/oembed/1.0/embed?format=xml&url=https%3A%2F%2Fjomarlogistica.com.br%2F2023%2F05%2F04%2Fhow-to-keep-the-spark-alive%2F HTTP/1.1" 200 1889 "-" "Mozilla/5.0 AppleWebKit/537.36 (KHTML, like Gecko; compatible; GPTBot/1.2; +https://openai.com/gptbot)"
jomarlogistica.com.br:80 20.171.207.79 - - [10/Sep/2025:23:43:52 -0300] "GET /wp-json/oembed/1.0/embed?format=xml&url=https%3A%2F%2Fjomarlogistica.com.br%2F2022%2F10%2F24%2Fspots-to-meet-ladies%2F HTTP/1.1" 200 1873 "-" "Mozilla/5.0 AppleWebKit/537.36 (KHTML, like Gecko; compatible; GPTBot/1.2; +https://openai.com/gptbot)"
jomarlogistica.com.br:80 20.171.207.79 - - [10/Sep/2025:23:43:53 -0300] "GET /2023/05/24/avg-antivirus-review/embed/ HTTP/1.1" 200 6876 "-" "Mozilla/5.0 AppleWebKit/537.36 (KHTML, like Gecko; compatible; GPTBot/1.2; +https://openai.com/gptbot)"
jomarlogistica.com.br:80 20.171.207.79 - - [10/Sep/2025:23:43:55 -0300] "GET /wp-json/oembed/1.0/embed?format=xml&url=https%3A%2F%2Fjomarlogistica.com.br%2F2022%2F08%2F20%2Fprecisely-what-is-being-in-love%2F HTTP/1.1" 200 1888 "-" "Mozilla/5.0 AppleWebKit/537.36 (KHTML, like Gecko; compatible; GPTBot/1.2; +https://openai.com/gptbot)"
jomarlogistica.com.br:80 20.171.207.79 - - [10/Sep/2025:23:43:56 -0300] "GET /wp-json/oembed/1.0/embed?format=xml&url=https%3A%2F%2Fjomarlogistica.com.br%2F2023%2F03%2F30%2Fso-what-do-sugar-daddies-expect%2F HTTP/1.1" 200 1886 "-" "Mozilla/5.0 AppleWebKit/537.36 (KHTML, like Gecko; compatible; GPTBot/1.2; +https://openai.com/gptbot)"
jomarlogistica.com.br:80 20.171.207.79 - - [10/Sep/2025:23:43:57 -0300] "GET /wp-json/oembed/1.0/embed?format=xml&url=https%3A%2F%2Fjomarlogistica.com.br%2F2022%2F12%2F03%2Fhow-to-ask-sugardaddy-for-money%2F HTTP/1.1" 200 1890 "-" "Mozilla/5.0 AppleWebKit/537.36 (KHTML, like Gecko; compatible; GPTBot/1.2; +https://openai.com/gptbot)"
jomarlogistica.com.br:80 20.171.207.79 - - [10/Sep/2025:23:43:58 -0300] "GET /2023/05/14/being-unfaithful-greatest-overseas-relationship-websites-2023-sites-that-really-work/embed/ HTTP/1.1" 200 6976 "-" "Mozilla/5.0 AppleWebKit/537.36 (KHTML, like Gecko; compatible; GPTBot/1.2; +https://openai.com/gptbot)"
jomarlogistica.com.br:80 20.171.207.79 - - [10/Sep/2025:23:43:59 -0300] "GET /wp-json/oembed/1.0/embed?format=xml&url=https%3A%2F%2Fjomarlogistica.com.br%2F2022%2F09%2F05%2Fwhere-to-get-a-japan-girlfriend%2F HTTP/1.1" 200 1906 "-" "Mozilla/5.0 AppleWebKit/537.36 (KHTML, like Gecko; compatible; GPTBot/1.2; +https://openai.com/gptbot)"
jomarlogistica.com.br:80 20.171.207.79 - - [10/Sep/2025:23:44:00 -0300] "GET /2023/10/02/4-common-uses-for-a-virtual-data-room/embed/ HTTP/1.1" 200 6890 "-" "Mozilla/5.0 AppleWebKit/537.36 (KHTML, like Gecko; compatible; GPTBot/1.2; +https://openai.com/gptbot)"
jomarlogistica.com.br:80 20.171.207.79 - - [10/Sep/2025:23:44:01 -0300] "GET /wp-json/oembed/1.0/embed?format=xml&url=https%3A%2F%2Fjomarlogistica.com.br%2F2023%2F09%2F16%2Fbest-vpn-for-phone-and-computer%2F HTTP/1.1" 200 1894 "-" "Mozilla/5.0 AppleWebKit/537.36 (KHTML, like Gecko; compatible; GPTBot/1.2; +https://openai.com/gptbot)"
jomarlogistica.com.br:80 20.171.207.79 - - [10/Sep/2025:23:44:03 -0300] "GET /2023/05/04/how-to-keep-the-spark-alive/embed/ HTTP/1.1" 200 6893 "-" "Mozilla/5.0 AppleWebKit/537.36 (KHTML, like Gecko; compatible; GPTBot/1.2; +https://openai.com/gptbot)"
jomarlogistica.com.br:80 20.171.207.79 - - [10/Sep/2025:23:44:04 -0300] "GET /2023/05/23/what-is-a-secure-data-room/embed/ HTTP/1.1" 200 6876 "-" "Mozilla/5.0 AppleWebKit/537.36 (KHTML, like Gecko; compatible; GPTBot/1.2; +https://openai.com/gptbot)"
jomarlogistica.com.br:80 20.171.207.79 - - [10/Sep/2025:23:44:05 -0300] "GET /2022/10/24/spots-to-meet-ladies/embed/ HTTP/1.1" 200 6857 "-" "Mozilla/5.0 AppleWebKit/537.36 (KHTML, like Gecko; compatible; GPTBot/1.2; +https://openai.com/gptbot)"
jomarlogistica.com.br:80 20.171.207.79 - - [10/Sep/2025:23:44:06 -0300] "GET /wp-json/oembed/1.0/embed?format=xml&url=https%3A%2F%2Fjomarlogistica.com.br%2F2023%2F09%2F25%2Fthe-most-secure-vpn-for-android%2F HTTP/1.1" 200 1892 "-" "Mozilla/5.0 AppleWebKit/537.36 (KHTML, like Gecko; compatible; GPTBot/1.2; +https://openai.com/gptbot)"
jomarlogistica.com.br:80 20.171.207.79 - - [10/Sep/2025:23:44:07 -0300] "GET /2022/08/20/precisely-what-is-being-in-love/embed/ HTTP/1.1" 200 6882 "-" "Mozilla/5.0 AppleWebKit/537.36 (KHTML, like Gecko; compatible; GPTBot/1.2; +https://openai.com/gptbot)"
jomarlogistica.com.br:80 20.171.207.79 - - [10/Sep/2025:23:44:09 -0300] "GET /2023/03/30/so-what-do-sugar-daddies-expect/embed/ HTTP/1.1" 200 6943 "-" "Mozilla/5.0 AppleWebKit/537.36 (KHTML, like Gecko; compatible; GPTBot/1.2; +https://openai.com/gptbot)"
jomarlogistica.com.br:80 127.0.0.1 - - [10/Sep/2025:23:44:09 -0300] "OPTIONS * HTTP/1.0" 200 110 "-" "Apache/2.4.65 (Ubuntu) (internal dummy connection)"
jomarlogistica.com.br:80 20.171.207.79 - - [10/Sep/2025:23:44:10 -0300] "GET /wp-json/oembed/1.0/embed?format=xml&url=https%3A%2F%2Fjomarlogistica.com.br%2F2023%2F11%2F12%2Fthe-best-android-anti-virus-app%2F HTTP/1.1" 200 1886 "-" "Mozilla/5.0 AppleWebKit/537.36 (KHTML, like Gecko; compatible; GPTBot/1.2; +https://openai.com/gptbot)"
jomarlogistica.com.br:80 20.171.207.79 - - [10/Sep/2025:23:44:11 -0300] "GET /2022/12/03/how-to-ask-sugardaddy-for-money/embed/ HTTP/1.1" 200 6850 "-" "Mozilla/5.0 AppleWebKit/537.36 (KHTML, like Gecko; compatible; GPTBot/1.2; +https://openai.com/gptbot)"
jomarlogistica.com.br:80 20.171.207.79 - - [10/Sep/2025:23:44:12 -0300] "GET /2022/09/05/where-to-get-a-japan-girlfriend/embed/ HTTP/1.1" 200 6838 "-" "Mozilla/5.0 AppleWebKit/537.36 (KHTML, like Gecko; compatible; GPTBot/1.2; +https://openai.com/gptbot)"
jomarlogistica.com.br:80 20.171.207.79 - - [10/Sep/2025:23:44:13 -0300] "GET /wp-json/oembed/1.0/embed?format=xml&url=https%3A%2F%2Fjomarlogistica.com.br%2F2022%2F11%2F19%2Fhow-to-find-millionaire-on-line%2F HTTP/1.1" 200 1885 "-" "Mozilla/5.0 AppleWebKit/537.36 (KHTML, like Gecko; compatible; GPTBot/1.2; +https://openai.com/gptbot)"
jomarlogistica.com.br:80 20.171.207.79 - - [10/Sep/2025:23:44:14 -0300] "GET /2023/09/16/best-vpn-for-phone-and-computer/embed/ HTTP/1.1" 200 6892 "-" "Mozilla/5.0 AppleWebKit/537.36 (KHTML, like Gecko; compatible; GPTBot/1.2; +https://openai.com/gptbot)"
jomarlogistica.com.br:80 20.171.207.79 - - [10/Sep/2025:23:44:15 -0300] "GET /wp-json/oembed/1.0/embed?format=xml&url=https%3A%2F%2Fjomarlogistica.com.br%2F2023%2F09%2F04%2Fhow-to-find-the-best-free-vpn%2F HTTP/1.1" 200 1895 "-" "Mozilla/5.0 AppleWebKit/537.36 (KHTML, like Gecko; compatible; GPTBot/1.2; +https://openai.com/gptbot)"
jomarlogistica.com.br:80 20.171.207.79 - - [10/Sep/2025:23:44:17 -0300] "GET /wp-json/oembed/1.0/embed?format=xml&url=https%3A%2F%2Fjomarlogistica.com.br%2F2023%2F01%2F14%2Fget-a-bride-via-the-internet%2F HTTP/1.1" 200 1885 "-" "Mozilla/5.0 AppleWebKit/537.36 (KHTML, like Gecko; compatible; GPTBot/1.2; +https://openai.com/gptbot)"
jomarlogistica.com.br:80 20.171.207.79 - - [10/Sep/2025:23:44:18 -0300] "GET /2023/09/25/the-most-secure-vpn-for-android/embed/ HTTP/1.1" 200 6902 "-" "Mozilla/5.0 AppleWebKit/537.36 (KHTML, like Gecko; compatible; GPTBot/1.2; +https://openai.com/gptbot)"
jomarlogistica.com.br:80 20.171.207.79 - - [10/Sep/2025:23:44:19 -0300] "GET /wp-json/oembed/1.0/embed?format=xml&url=https%3A%2F%2Fjomarlogistica.com.br%2F2022%2F11%2F13%2Fsignals-that-you-are-in-love%2F HTTP/1.1" 200 1885 "-" "Mozilla/5.0 AppleWebKit/537.36 (KHTML, like Gecko; compatible; GPTBot/1.2; +https://openai.com/gptbot)"
jomarlogistica.com.br:80 20.171.207.79 - - [10/Sep/2025:23:44:20 -0300] "GET /wp-json/oembed/1.0/embed?format=xml&url=https%3A%2F%2Fjomarlogistica.com.br%2F2023%2F10%2F02%2Fthe-best-vpn-for-android%2F HTTP/1.1" 200 1902 "-" "Mozilla/5.0 AppleWebKit/537.36 (KHTML, like Gecko; compatible; GPTBot/1.2; +https://openai.com/gptbot)"
jomarlogistica.com.br:80 20.171.207.79 - - [10/Sep/2025:23:44:21 -0300] "GET /wp-json/oembed/1.0/embed?format=xml&url=https%3A%2F%2Fjomarlogistica.com.br%2F2022%2F10%2F15%2Fhow-to-find-a-katalog-frauen%2F HTTP/1.1" 200 1889 "-" "Mozilla/5.0 AppleWebKit/537.36 (KHTML, like Gecko; compatible; GPTBot/1.2; +https://openai.com/gptbot)"
jomarlogistica.com.br:80 20.171.207.79 - - [10/Sep/2025:23:44:23 -0300] "GET /wp-json/oembed/1.0/embed?format=xml&url=https%3A%2F%2Fjomarlogistica.com.br%2F2023%2F01%2F08%2Fhow-to-find-single-women%2F HTTP/1.1" 200 1880 "-" "Mozilla/5.0 AppleWebKit/537.36 (KHTML, like Gecko; compatible; GPTBot/1.2; +https://openai.com/gptbot)"
jomarlogistica.com.br:80 20.171.207.79 - - [10/Sep/2025:23:44:24 -0300] "GET /2023/11/12/the-best-android-anti-virus-app/embed/ HTTP/1.1" 200 6872 "-" "Mozilla/5.0 AppleWebKit/537.36 (KHTML, like Gecko; compatible; GPTBot/1.2; +https://openai.com/gptbot)"
jomarlogistica.com.br:80 20.171.207.79 - - [10/Sep/2025:23:44:25 -0300] "GET /wp-json/oembed/1.0/embed?format=xml&url=https%3A%2F%2Fjomarlogistica.com.br%2F2022%2F11%2F17%2Fwhere-to-locate-a-sugar-daddy%2F HTTP/1.1" 200 1883 "-" "Mozilla/5.0 AppleWebKit/537.36 (KHTML, like Gecko; compatible; GPTBot/1.2; +https://openai.com/gptbot)"
jomarlogistica.com.br:80 20.171.207.79 - - [10/Sep/2025:23:44:26 -0300] "GET /2022/11/19/how-to-find-millionaire-on-line/embed/ HTTP/1.1" 200 6903 "-" "Mozilla/5.0 AppleWebKit/537.36 (KHTML, like Gecko; compatible; GPTBot/1.2; +https://openai.com/gptbot)"
jomarlogistica.com.br:80 20.171.207.79 - - [10/Sep/2025:23:44:27 -0300] "GET /wp-json/oembed/1.0/embed?format=xml&url=https%3A%2F%2Fjomarlogistica.com.br%2F2023%2F09%2F09%2Fpotential-benefits-to-using-a-organization-data-bedroom%2F HTTP/1.1" 200 1911 "-" "Mozilla/5.0 AppleWebKit/537.36 (KHTML, like Gecko; compatible; GPTBot/1.2; +https://openai.com/gptbot)"
jomarlogistica.com.br:80 20.171.207.79 - - [10/Sep/2025:23:44:28 -0300] "GET /2023/09/04/how-to-find-the-best-free-vpn/embed/ HTTP/1.1" 200 6873 "-" "Mozilla/5.0 AppleWebKit/537.36 (KHTML, like Gecko; compatible; GPTBot/1.2; +https://openai.com/gptbot)"
jomarlogistica.com.br:80 20.171.207.79 - - [10/Sep/2025:23:44:29 -0300] "GET /2023/01/14/get-a-bride-via-the-internet/embed/ HTTP/1.1" 200 6872 "-" "Mozilla/5.0 AppleWebKit/537.36 (KHTML, like Gecko; compatible; GPTBot/1.2; +https://openai.com/gptbot)"
jomarlogistica.com.br:80 20.171.207.79 - - [10/Sep/2025:23:44:31 -0300] "GET /2022/11/13/signals-that-you-are-in-love/embed/ HTTP/1.1" 200 6852 "-" "Mozilla/5.0 AppleWebKit/537.36 (KHTML, like Gecko; compatible; GPTBot/1.2; +https://openai.com/gptbot)"
jomarlogistica.com.br:80 20.171.207.79 - - [10/Sep/2025:23:44:32 -0300] "GET /wp-json/oembed/1.0/embed?format=xml&url=https%3A%2F%2Fjomarlogistica.com.br%2F2023%2F02%2F12%2Fthe-best-mail-buy-brides-websites%2F HTTP/1.1" 200 1912 "-" "Mozilla/5.0 AppleWebKit/537.36 (KHTML, like Gecko; compatible; GPTBot/1.2; +https://openai.com/gptbot)"
jomarlogistica.com.br:80 20.171.207.79 - - [10/Sep/2025:23:44:33 -0300] "GET /2023/10/02/the-best-vpn-for-android/embed/ HTTP/1.1" 200 6863 "-" "Mozilla/5.0 AppleWebKit/537.36 (KHTML, like Gecko; compatible; GPTBot/1.2; +https://openai.com/gptbot)"
jomarlogistica.com.br:80 20.171.207.79 - - [10/Sep/2025:23:44:34 -0300] "GET /2022/10/15/how-to-find-a-katalog-frauen/embed/ HTTP/1.1" 200 6878 "-" "Mozilla/5.0 AppleWebKit/537.36 (KHTML, like Gecko; compatible; GPTBot/1.2; +https://openai.com/gptbot)"
jomarlogistica.com.br:80 20.171.207.79 - - [10/Sep/2025:23:44:36 -0300] "GET /wp-json/oembed/1.0/embed?format=xml&url=https%3A%2F%2Fjomarlogistica.com.br%2F2023%2F04%2F25%2Ffree-chat-rooms-for-everyone%2F HTTP/1.1" 200 1887 "-" "Mozilla/5.0 AppleWebKit/537.36 (KHTML, like Gecko; compatible; GPTBot/1.2; +https://openai.com/gptbot)"
jomarlogistica.com.br:80 20.171.207.79 - - [10/Sep/2025:23:44:36 -0300] "GET /2022/11/17/where-to-locate-a-sugar-daddy/embed/ HTTP/1.1" 200 6905 "-" "Mozilla/5.0 AppleWebKit/537.36 (KHTML, like Gecko; compatible; GPTBot/1.2; +https://openai.com/gptbot)"
jomarlogistica.com.br:80 20.171.207.79 - - [10/Sep/2025:23:44:38 -0300] "GET /wp-json/oembed/1.0/embed?format=xml&url=https%3A%2F%2Fjomarlogistica.com.br%2F2023%2F02%2F11%2Fmeet-the-women-of-ukraine%2F HTTP/1.1" 200 1883 "-" "Mozilla/5.0 AppleWebKit/537.36 (KHTML, like Gecko; compatible; GPTBot/1.2; +https://openai.com/gptbot)"
jomarlogistica.com.br:80 20.171.207.79 - - [10/Sep/2025:23:44:39 -0300] "GET /2023/09/09/potential-benefits-to-using-a-organization-data-bedroom/embed/ HTTP/1.1" 200 6943 "-" "Mozilla/5.0 AppleWebKit/537.36 (KHTML, like Gecko; compatible; GPTBot/1.2; +https://openai.com/gptbot)"
jomarlogistica.com.br:80 20.171.207.79 - - [10/Sep/2025:23:44:40 -0300] "GET /2023/01/08/how-to-find-single-women/embed/ HTTP/1.1" 200 6880 "-" "Mozilla/5.0 AppleWebKit/537.36 (KHTML, like Gecko; compatible; GPTBot/1.2; +https://openai.com/gptbot)"
jomarlogistica.com.br:80 20.171.207.79 - - [10/Sep/2025:23:44:41 -0300] "GET /wp-json/oembed/1.0/embed?format=xml&url=https%3A%2F%2Fjomarlogistica.com.br%2F2023%2F05%2F08%2Fwhere-to-find-a-european-bride%2F HTTP/1.1" 200 1890 "-" "Mozilla/5.0 AppleWebKit/537.36 (KHTML, like Gecko; compatible; GPTBot/1.2; +https://openai.com/gptbot)"
jomarlogistica.com.br:80 20.171.207.79 - - [10/Sep/2025:23:44:42 -0300] "GET /wp-json/oembed/1.0/embed?format=xml&url=https%3A%2F%2Fjomarlogistica.com.br%2F2022%2F12%2F14%2Fexactly-what-is-a-soulmate%2F HTTP/1.1" 200 1879 "-" "Mozilla/5.0 AppleWebKit/537.36 (KHTML, like Gecko; compatible; GPTBot/1.2; +https://openai.com/gptbot)"
jomarlogistica.com.br:80 20.171.207.79 - - [10/Sep/2025:23:44:43 -0300] "GET /wp-json/oembed/1.0/embed?format=xml&url=https%3A%2F%2Fjomarlogistica.com.br%2F2023%2F08%2F01%2Fthe-very-best-lego-models%2F HTTP/1.1" 200 1884 "-" "Mozilla/5.0 AppleWebKit/537.36 (KHTML, like Gecko; compatible; GPTBot/1.2; +https://openai.com/gptbot)"
jomarlogistica.com.br:80 20.171.207.79 - - [10/Sep/2025:23:44:44 -0300] "GET /2023/02/12/the-best-mail-buy-brides-websites/embed/ HTTP/1.1" 200 6850 "-" "Mozilla/5.0 AppleWebKit/537.36 (KHTML, like Gecko; compatible; GPTBot/1.2; +https://openai.com/gptbot)"
jomarlogistica.com.br:80 20.171.207.79 - - [10/Sep/2025:23:44:46 -0300] "GET /wp-json/oembed/1.0/embed?format=xml&url=https%3A%2F%2Fjomarlogistica.com.br%2F2022%2F10%2F27%2Fthe-signs-of-a-serious-romance%2F HTTP/1.1" 200 1905 "-" "Mozilla/5.0 AppleWebKit/537.36 (KHTML, like Gecko; compatible; GPTBot/1.2; +https://openai.com/gptbot)"
jomarlogistica.com.br:80 127.0.0.1 - - [10/Sep/2025:23:44:46 -0300] "OPTIONS * HTTP/1.0" 200 110 "-" "Apache/2.4.65 (Ubuntu) (internal dummy connection)"
jomarlogistica.com.br:80 20.171.207.79 - - [10/Sep/2025:23:44:47 -0300] "GET /wp-json/oembed/1.0/embed?format=xml&url=https%3A%2F%2Fjomarlogistica.com.br%2F2023%2F05%2F10%2Fhow-to-fix-a-relationship%2F HTTP/1.1" 200 1878 "-" "Mozilla/5.0 AppleWebKit/537.36 (KHTML, like Gecko; compatible; GPTBot/1.2; +https://openai.com/gptbot)"
jomarlogistica.com.br:80 20.171.207.79 - - [10/Sep/2025:23:44:48 -0300] "GET /2023/04/25/free-chat-rooms-for-everyone/embed/ HTTP/1.1" 200 6919 "-" "Mozilla/5.0 AppleWebKit/537.36 (KHTML, like Gecko; compatible; GPTBot/1.2; +https://openai.com/gptbot)"
jomarlogistica.com.br:80 20.171.207.79 - - [10/Sep/2025:23:44:49 -0300] "GET /wp-json/oembed/1.0/embed?format=xml&url=https%3A%2F%2Fjomarlogistica.com.br%2F2023%2F09%2F04%2Fis-worth-of-digital-data-rooms%2F HTTP/1.1" 200 1886 "-" "Mozilla/5.0 AppleWebKit/537.36 (KHTML, like Gecko; compatible; GPTBot/1.2; +https://openai.com/gptbot)"
jomarlogistica.com.br:80 20.171.207.79 - - [10/Sep/2025:23:44:50 -0300] "GET /2023/02/11/meet-the-women-of-ukraine/embed/ HTTP/1.1" 200 6877 "-" "Mozilla/5.0 AppleWebKit/537.36 (KHTML, like Gecko; compatible; GPTBot/1.2; +https://openai.com/gptbot)"
jomarlogistica.com.br:80 20.171.207.79 - - [10/Sep/2025:23:44:51 -0300] "GET /2023/05/08/where-to-find-a-european-bride/embed/ HTTP/1.1" 200 6888 "-" "Mozilla/5.0 AppleWebKit/537.36 (KHTML, like Gecko; compatible; GPTBot/1.2; +https://openai.com/gptbot)"
jomarlogistica.com.br:80 20.171.207.79 - - [10/Sep/2025:23:44:52 -0300] "GET /wp-json/oembed/1.0/embed?format=xml&url=https%3A%2F%2Fjomarlogistica.com.br%2F2023%2F06%2F17%2Favast-password-extendable-for-silver%2F HTTP/1.1" 200 1890 "-" "Mozilla/5.0 AppleWebKit/537.36 (KHTML, like Gecko; compatible; GPTBot/1.2; +https://openai.com/gptbot)"
jomarlogistica.com.br:80 20.171.207.79 - - [10/Sep/2025:23:44:54 -0300] "GET /wp-json/oembed/1.0/embed?format=xml&url=https%3A%2F%2Fjomarlogistica.com.br%2F2023%2F07%2F04%2Fon-the-net-antivirus-check-android-cell%2F HTTP/1.1" 200 1897 "-" "Mozilla/5.0 AppleWebKit/537.36 (KHTML, like Gecko; compatible; GPTBot/1.2; +https://openai.com/gptbot)"
jomarlogistica.com.br:80 20.171.207.79 - - [10/Sep/2025:23:44:55 -0300] "GET /2022/12/14/exactly-what-is-a-soulmate/embed/ HTTP/1.1" 200 6851 "-" "Mozilla/5.0 AppleWebKit/537.36 (KHTML, like Gecko; compatible; GPTBot/1.2; +https://openai.com/gptbot)"
jomarlogistica.com.br:80 20.171.207.79 - - [10/Sep/2025:23:44:56 -0300] "GET /2023/08/01/the-very-best-lego-models/embed/ HTTP/1.1" 200 6860 "-" "Mozilla/5.0 AppleWebKit/537.36 (KHTML, like Gecko; compatible; GPTBot/1.2; +https://openai.com/gptbot)"
jomarlogistica.com.br:80 20.171.207.79 - - [10/Sep/2025:23:44:57 -0300] "GET /wp-json/oembed/1.0/embed?format=xml&url=https%3A%2F%2Fjomarlogistica.com.br%2F2023%2F01%2F01%2Ftips-on-how-to-meet-international-women-just-for-marriage%2F HTTP/1.1" 200 1938 "-" "Mozilla/5.0 AppleWebKit/537.36 (KHTML, like Gecko; compatible; GPTBot/1.2; +https://openai.com/gptbot)"
jomarlogistica.com.br:80 20.171.207.79 - - [10/Sep/2025:23:44:58 -0300] "GET /2022/10/27/the-signs-of-a-serious-romance/embed/ HTTP/1.1" 200 6872 "-" "Mozilla/5.0 AppleWebKit/537.36 (KHTML, like Gecko; compatible; GPTBot/1.2; +https://openai.com/gptbot)"
jomarlogistica.com.br:80 20.171.207.79 - - [10/Sep/2025:23:44:59 -0300] "GET /2023/05/10/how-to-fix-a-relationship/embed/ HTTP/1.1" 200 6944 "-" "Mozilla/5.0 AppleWebKit/537.36 (KHTML, like Gecko; compatible; GPTBot/1.2; +https://openai.com/gptbot)"
jomarlogistica.com.br:80 20.171.207.79 - - [10/Sep/2025:23:45:01 -0300] "GET /wp-json/oembed/1.0/embed?format=xml&url=https%3A%2F%2Fjomarlogistica.com.br%2F2023%2F05%2F28%2Ftalkiv-review-pricing-features-interface-june-2023%2F HTTP/1.1" 200 1913 "-" "Mozilla/5.0 AppleWebKit/537.36 (KHTML, like Gecko; compatible; GPTBot/1.2; +https://openai.com/gptbot)"
jomarlogistica.com.br:80 20.171.207.79 - - [10/Sep/2025:23:45:02 -0300] "GET /2023/09/04/is-worth-of-digital-data-rooms/embed/ HTTP/1.1" 200 6891 "-" "Mozilla/5.0 AppleWebKit/537.36 (KHTML, like Gecko; compatible; GPTBot/1.2; +https://openai.com/gptbot)"
jomarlogistica.com.br:80 20.171.207.79 - - [10/Sep/2025:23:45:03 -0300] "GET /wp-json/oembed/1.0/embed?format=xml&url=https%3A%2F%2Fjomarlogistica.com.br%2F2023%2F05%2F30%2Fsts-kod-promocji-sts-kupon-na-obecnie-darmowy-voucher-sts%2F HTTP/1.1" 200 1935 "-" "Mozilla/5.0 AppleWebKit/537.36 (KHTML, like Gecko; compatible; GPTBot/1.2; +https://openai.com/gptbot)"
jomarlogistica.com.br:80 20.171.207.79 - - [10/Sep/2025:23:45:04 -0300] "GET /wp-json/oembed/1.0/embed?format=xml&url=https%3A%2F%2Fjomarlogistica.com.br%2F2023%2F09%2F26%2Fthe-best-free-vpn-for-mac%2F HTTP/1.1" 200 1889 "-" "Mozilla/5.0 AppleWebKit/537.36 (KHTML, like Gecko; compatible; GPTBot/1.2; +https://openai.com/gptbot)"
jomarlogistica.com.br:80 20.171.207.79 - - [10/Sep/2025:23:45:05 -0300] "GET /2023/06/17/avast-password-extendable-for-silver/embed/ HTTP/1.1" 200 6869 "-" "Mozilla/5.0 AppleWebKit/537.36 (KHTML, like Gecko; compatible; GPTBot/1.2; +https://openai.com/gptbot)"
jomarlogistica.com.br:80 20.171.207.79 - - [10/Sep/2025:23:45:06 -0300] "GET /2023/07/04/on-the-net-antivirus-check-android-cell/embed/ HTTP/1.1" 200 6899 "-" "Mozilla/5.0 AppleWebKit/537.36 (KHTML, like Gecko; compatible; GPTBot/1.2; +https://openai.com/gptbot)"
jomarlogistica.com.br:80 20.171.207.79 - - [10/Sep/2025:23:45:08 -0300] "GET /wp-json/oembed/1.0/embed?format=xml&url=https%3A%2F%2Fjomarlogistica.com.br%2F2022%2F12%2F20%2Fexactly-what-are-mail-purchase-brides%2F HTTP/1.1" 200 1895 "-" "Mozilla/5.0 AppleWebKit/537.36 (KHTML, like Gecko; compatible; GPTBot/1.2; +https://openai.com/gptbot)"
jomarlogistica.com.br:80 20.171.207.79 - - [10/Sep/2025:23:45:09 -0300] "GET /2023/01/01/tips-on-how-to-meet-international-women-just-for-marriage/embed/ HTTP/1.1" 200 6928 "-" "Mozilla/5.0 AppleWebKit/537.36 (KHTML, like Gecko; compatible; GPTBot/1.2; +https://openai.com/gptbot)"
jomarlogistica.com.br:80 20.171.207.79 - - [10/Sep/2025:23:45:10 -0300] "GET /wp-json/oembed/1.0/embed?format=xml&url=https%3A%2F%2Fjomarlogistica.com.br%2F2023%2F10%2F31%2Fhow-you-can-calculate-intrinsic-value-2%2F HTTP/1.1" 200 1894 "-" "Mozilla/5.0 AppleWebKit/537.36 (KHTML, like Gecko; compatible; GPTBot/1.2; +https://openai.com/gptbot)"
jomarlogistica.com.br:80 20.171.207.79 - - [10/Sep/2025:23:45:11 -0300] "GET /wp-json/oembed/1.0/embed?format=xml&url=https%3A%2F%2Fjomarlogistica.com.br%2F2023%2F09%2F27%2Fuses-of-a-vdr-for-acquisition%2F HTTP/1.1" 200 1885 "-" "Mozilla/5.0 AppleWebKit/537.36 (KHTML, like Gecko; compatible; GPTBot/1.2; +https://openai.com/gptbot)"
jomarlogistica.com.br:80 20.171.207.79 - - [10/Sep/2025:23:45:12 -0300] "GET /wp-json/oembed/1.0/embed?format=xml&url=https%3A%2F%2Fjomarlogistica.com.br%2F2023%2F10%2F15%2Fa-few-board-reaching-tips%2F HTTP/1.1" 200 1883 "-" "Mozilla/5.0 AppleWebKit/537.36 (KHTML, like Gecko; compatible; GPTBot/1.2; +https://openai.com/gptbot)"
jomarlogistica.com.br:80 20.171.207.79 - - [10/Sep/2025:23:45:13 -0300] "GET /2023/05/28/talkiv-review-pricing-features-interface-june-2023/embed/ HTTP/1.1" 200 6949 "-" "Mozilla/5.0 AppleWebKit/537.36 (KHTML, like Gecko; compatible; GPTBot/1.2; +https://openai.com/gptbot)"
jomarlogistica.com.br:80 20.171.207.79 - - [10/Sep/2025:23:45:14 -0300] "GET /wp-json/oembed/1.0/embed?format=xml&url=https%3A%2F%2Fjomarlogistica.com.br%2F2023%2F09%2F26%2Fhow-to-fix-ipvanish-problems%2F HTTP/1.1" 200 1909 "-" "Mozilla/5.0 AppleWebKit/537.36 (KHTML, like Gecko; compatible; GPTBot/1.2; +https://openai.com/gptbot)"
jomarlogistica.com.br:80 20.171.207.79 - - [10/Sep/2025:23:45:16 -0300] "GET /2023/09/26/the-best-free-vpn-for-mac/embed/ HTTP/1.1" 200 6852 "-" "Mozilla/5.0 AppleWebKit/537.36 (KHTML, like Gecko; compatible; GPTBot/1.2; +https://openai.com/gptbot)"
jomarlogistica.com.br:80 20.171.207.79 - - [10/Sep/2025:23:45:17 -0300] "GET /2023/05/30/sts-kod-promocji-sts-kupon-na-obecnie-darmowy-voucher-sts/embed/ HTTP/1.1" 200 7021 "-" "Mozilla/5.0 AppleWebKit/537.36 (KHTML, like Gecko; compatible; GPTBot/1.2; +https://openai.com/gptbot)"
jomarlogistica.com.br:80 20.171.207.79 - - [10/Sep/2025:23:45:18 -0300] "GET /wp-json/oembed/1.0/embed?format=xml&url=https%3A%2F%2Fjomarlogistica.com.br%2F2023%2F07%2F19%2Fmother-board-software-pertaining-to-holding-on-the-net-meetings%2F HTTP/1.1" 200 1924 "-" "Mozilla/5.0 AppleWebKit/537.36 (KHTML, like Gecko; compatible; GPTBot/1.2; +https://openai.com/gptbot)"
jomarlogistica.com.br:80 20.171.207.79 - - [10/Sep/2025:23:45:19 -0300] "GET /wp-json/oembed/1.0/embed?format=xml&url=https%3A%2F%2Fjomarlogistica.com.br%2F2023%2F05%2F02%2Fwhere-to-buy-the-bride-online%2F HTTP/1.1" 200 1888 "-" "Mozilla/5.0 AppleWebKit/537.36 (KHTML, like Gecko; compatible; GPTBot/1.2; +https://openai.com/gptbot)"
jomarlogistica.com.br:80 20.171.207.79 - - [10/Sep/2025:23:45:20 -0300] "GET /2022/12/20/exactly-what-are-mail-purchase-brides/embed/ HTTP/1.1" 200 6899 "-" "Mozilla/5.0 AppleWebKit/537.36 (KHTML, like Gecko; compatible; GPTBot/1.2; +https://openai.com/gptbot)"
jomarlogistica.com.br:80 20.171.207.79 - - [10/Sep/2025:23:45:21 -0300] "GET /wp-json/oembed/1.0/embed?format=xml&url=https%3A%2F%2Fjomarlogistica.com.br%2F2022%2F09%2F02%2Fhow-you-can-date-uk-women-on-the-net%2F HTTP/1.1" 200 1901 "-" "Mozilla/5.0 AppleWebKit/537.36 (KHTML, like Gecko; compatible; GPTBot/1.2; +https://openai.com/gptbot)"
jomarlogistica.com.br:80 20.171.207.79 - - [10/Sep/2025:23:45:22 -0300] "GET /2023/09/27/uses-of-a-vdr-for-acquisition/embed/ HTTP/1.1" 200 6891 "-" "Mozilla/5.0 AppleWebKit/537.36 (KHTML, like Gecko; compatible; GPTBot/1.2; +https://openai.com/gptbot)"
jomarlogistica.com.br:80 20.171.207.79 - - [10/Sep/2025:23:45:24 -0300] "GET /2023/10/15/a-few-board-reaching-tips/embed/ HTTP/1.1" 200 6878 "-" "Mozilla/5.0 AppleWebKit/537.36 (KHTML, like Gecko; compatible; GPTBot/1.2; +https://openai.com/gptbot)"
jomarlogistica.com.br:80 20.171.207.79 - - [10/Sep/2025:23:45:25 -0300] "GET /2023/10/31/how-you-can-calculate-intrinsic-value-2/embed/ HTTP/1.1" 200 6930 "-" "Mozilla/5.0 AppleWebKit/537.36 (KHTML, like Gecko; compatible; GPTBot/1.2; +https://openai.com/gptbot)"
jomarlogistica.com.br:80 20.171.207.79 - - [10/Sep/2025:23:45:26 -0300] "GET /wp-json/oembed/1.0/embed?format=xml&url=https%3A%2F%2Fjomarlogistica.com.br%2F2022%2F10%2F12%2Frealizing-love-signs-that-youll-be-in-love%2F HTTP/1.1" 200 1929 "-" "Mozilla/5.0 AppleWebKit/537.36 (KHTML, like Gecko; compatible; GPTBot/1.2; +https://openai.com/gptbot)"
jomarlogistica.com.br:80 20.171.207.79 - - [10/Sep/2025:23:45:27 -0300] "GET /2023/09/26/how-to-fix-ipvanish-problems/embed/ HTTP/1.1" 200 6873 "-" "Mozilla/5.0 AppleWebKit/537.36 (KHTML, like Gecko; compatible; GPTBot/1.2; +https://openai.com/gptbot)"
jomarlogistica.com.br:80 20.171.207.79 - - [10/Sep/2025:23:45:28 -0300] "GET /wp-json/oembed/1.0/embed?format=xml&url=https%3A%2F%2Fjomarlogistica.com.br%2F2023%2F03%2F13%2Fmethods-to-tell-a-hookup-you-have-feelings%2F HTTP/1.1" 200 1963 "-" "Mozilla/5.0 AppleWebKit/537.36 (KHTML, like Gecko; compatible; GPTBot/1.2; +https://openai.com/gptbot)"
jomarlogistica.com.br:80 216.244.66.226 - - [10/Sep/2025:23:46:47 -0300] "GET /robots.txt HTTP/1.1" 200 565 "-" "Mozilla/5.0 (compatible; DotBot/1.2; +https://opensiteexplorer.org/dotbot; help@moz.com)"
jomarlogistica.com.br:80 172.20.1.117 - - [10/Sep/2025:23:52:09 -0300] "POST /wp-cron.php?doing_wp_cron=1757559129.7848379611968994140625 HTTP/1.1" 200 389 "https://jomarlogistica.com.br/wp-cron.php?doing_wp_cron=1757559129.7848379611968994140625" "WordPress/5.8.10; https://jomarlogistica.com.br"
jomarlogistica.com.br:80 216.73.216.134 - - [10/Sep/2025:23:52:09 -0300] "GET /wp-sitemap.xml HTTP/1.1" 200 643 "-" "Mozilla/5.0 AppleWebKit/537.36 (KHTML, like Gecko; compatible; ClaudeBot/1.0; +claudebot@anthropic.com)"
jomarlogistica.com.br:80 127.0.0.1 - - [10/Sep/2025:23:52:15 -0300] "OPTIONS * HTTP/1.0" 200 110 "-" "Apache/2.4.65 (Ubuntu) (internal dummy connection)"
jomarlogistica.com.br:80 172.20.1.117 - - [10/Sep/2025:23:57:13 -0300] "POST /wp-cron.php?doing_wp_cron=1757559433.7995181083679199218750 HTTP/1.1" 200 389 "https://jomarlogistica.com.br/wp-cron.php?doing_wp_cron=1757559433.7995181083679199218750" "WordPress/5.8.10; https://jomarlogistica.com.br"
jomarlogistica.com.br:80 216.244.66.226 - - [10/Sep/2025:23:57:13 -0300] "GET /2023/09/09/the-way-to-select-the-best-vdr-providers/ HTTP/1.1" 200 79417 "-" "Mozilla/5.0 (compatible; DotBot/1.2; +https://opensiteexplorer.org/dotbot; help@moz.com)"
jomarlogistica.com.br:80 127.0.0.1 - - [10/Sep/2025:23:57:19 -0300] "OPTIONS * HTTP/1.0" 200 110 "-" "Apache/2.4.65 (Ubuntu) (internal dummy connection)"
jomarlogistica.com.br:80 20.171.207.79 - - [11/Sep/2025:00:01:10 -0300] "GET /wp-json/oembed/1.0/embed?format=xml&url=https%3A%2F%2Fjomarlogistica.com.br%2F2023%2F01%2F14%2Fwhat-is-a-mail-order-wife%2F HTTP/1.1" 200 1938 "-" "Mozilla/5.0 AppleWebKit/537.36 (KHTML, like Gecko; compatible; GPTBot/1.2; +https://openai.com/gptbot)"
jomarlogistica.com.br:80 20.171.207.79 - - [11/Sep/2025:00:01:15 -0300] "GET /wp-json/oembed/1.0/embed?format=xml&url=https%3A%2F%2Fjomarlogistica.com.br%2F2022%2F11%2F15%2Ffinding-a-wife-online%2F HTTP/1.1" 200 1875 "-" "Mozilla/5.0 AppleWebKit/537.36 (KHTML, like Gecko; compatible; GPTBot/1.2; +https://openai.com/gptbot)"
jomarlogistica.com.br:80 20.171.207.79 - - [11/Sep/2025:00:01:20 -0300] "GET /2023/05/02/where-to-buy-the-bride-online/embed/ HTTP/1.1" 200 6856 "-" "Mozilla/5.0 AppleWebKit/537.36 (KHTML, like Gecko; compatible; GPTBot/1.2; +https://openai.com/gptbot)"
jomarlogistica.com.br:80 20.171.207.79 - - [11/Sep/2025:00:01:22 -0300] "GET /2022/09/02/how-you-can-date-uk-women-on-the-net/embed/ HTTP/1.1" 200 6879 "-" "Mozilla/5.0 AppleWebKit/537.36 (KHTML, like Gecko; compatible; GPTBot/1.2; +https://openai.com/gptbot)"
jomarlogistica.com.br:80 20.171.207.79 - - [11/Sep/2025:00:01:25 -0300] "GET /wp-json/oembed/1.0/embed?format=xml&url=https%3A%2F%2Fjomarlogistica.com.br%2F2022%2F11%2F06%2Fone-latin-girls-dating%2F HTTP/1.1" 200 1875 "-" "Mozilla/5.0 AppleWebKit/537.36 (KHTML, like Gecko; compatible; GPTBot/1.2; +https://openai.com/gptbot)"
jomarlogistica.com.br:80 20.171.207.79 - - [11/Sep/2025:00:01:28 -0300] "GET /2022/10/12/realizing-love-signs-that-youll-be-in-love/embed/ HTTP/1.1" 200 6885 "-" "Mozilla/5.0 AppleWebKit/537.36 (KHTML, like Gecko; compatible; GPTBot/1.2; +https://openai.com/gptbot)"
jomarlogistica.com.br:80 20.171.207.79 - - [11/Sep/2025:00:01:30 -0300] "GET /2023/07/19/mother-board-software-pertaining-to-holding-on-the-net-meetings/embed/ HTTP/1.1" 200 6940 "-" "Mozilla/5.0 AppleWebKit/537.36 (KHTML, like Gecko; compatible; GPTBot/1.2; +https://openai.com/gptbot)"
jomarlogistica.com.br:80 20.171.207.79 - - [11/Sep/2025:00:01:34 -0300] "GET /wp-json/oembed/1.0/embed?format=xml&url=https%3A%2F%2Fjomarlogistica.com.br%2F2023%2F07%2F25%2Fwhat-is-web-panic%2F HTTP/1.1" 200 1874 "-" "Mozilla/5.0 AppleWebKit/537.36 (KHTML, like Gecko; compatible; GPTBot/1.2; +https://openai.com/gptbot)"
jomarlogistica.com.br:80 20.171.207.79 - - [11/Sep/2025:00:01:35 -0300] "GET /2023/03/13/methods-to-tell-a-hookup-you-have-feelings/embed/ HTTP/1.1" 200 6874 "-" "Mozilla/5.0 AppleWebKit/537.36 (KHTML, like Gecko; compatible; GPTBot/1.2; +https://openai.com/gptbot)"
jomarlogistica.com.br:80 20.171.207.79 - - [11/Sep/2025:00:01:37 -0300] "GET /wp-json/oembed/1.0/embed?format=xml&url=https%3A%2F%2Fjomarlogistica.com.br%2F2022%2F12%2F18%2Fhow-to-choose-a-submit-order-woman-website%2F HTTP/1.1" 200 1902 "-" "Mozilla/5.0 AppleWebKit/537.36 (KHTML, like Gecko; compatible; GPTBot/1.2; +https://openai.com/gptbot)"
jomarlogistica.com.br:80 20.171.207.79 - - [11/Sep/2025:00:01:39 -0300] "GET /wp-json/oembed/1.0/embed?format=xml&url=https%3A%2F%2Fjomarlogistica.com.br%2F2023%2F02%2F22%2Fseeing-someone-right-from-a-different-region%2F HTTP/1.1" 200 1901 "-" "Mozilla/5.0 AppleWebKit/537.36 (KHTML, like Gecko; compatible; GPTBot/1.2; +https://openai.com/gptbot)"
jomarlogistica.com.br:80 20.171.207.79 - - [11/Sep/2025:00:01:40 -0300] "GET /wp-json/oembed/1.0/embed?format=xml&url=https%3A%2F%2Fjomarlogistica.com.br%2F2023%2F03%2F08%2Fnude-webcam-shows%2F HTTP/1.1" 200 1890 "-" "Mozilla/5.0 AppleWebKit/537.36 (KHTML, like Gecko; compatible; GPTBot/1.2; +https://openai.com/gptbot)"
jomarlogistica.com.br:80 20.171.207.79 - - [11/Sep/2025:00:01:42 -0300] "GET /2023/01/14/what-is-a-mail-order-wife/embed/ HTTP/1.1" 200 6861 "-" "Mozilla/5.0 AppleWebKit/537.36 (KHTML, like Gecko; compatible; GPTBot/1.2; +https://openai.com/gptbot)"
jomarlogistica.com.br:80 20.171.207.79 - - [11/Sep/2025:00:01:43 -0300] "GET /2022/11/06/one-latin-girls-dating/embed/ HTTP/1.1" 200 6850 "-" "Mozilla/5.0 AppleWebKit/537.36 (KHTML, like Gecko; compatible; GPTBot/1.2; +https://openai.com/gptbot)"
jomarlogistica.com.br:80 20.171.207.79 - - [11/Sep/2025:00:01:44 -0300] "GET /wp-json/oembed/1.0/embed?format=xml&url=https%3A%2F%2Fjomarlogistica.com.br%2F2023%2F02%2F23%2Fsteps-to-make-a-colombian-woman-intimate%2F HTTP/1.1" 200 1895 "-" "Mozilla/5.0 AppleWebKit/537.36 (KHTML, like Gecko; compatible; GPTBot/1.2; +https://openai.com/gptbot)"
