jomarlogistica.com.br:80 185.228.3.82 - - [10/Sep/2025:14:54:08 -0300] "GET /assets/library.php HTTP/1.1" 404 467 "https://jomarlogistica.com.br//assets/library.php" "Go-http-client/2.0"
jomarlogistica.com.br:80 127.0.0.1 - - [10/Sep/2025:14:54:09 -0300] "OPTIONS * HTTP/1.0" 200 110 "-" "Apache/2.4.65 (Ubuntu) (internal dummy connection)"
jomarlogistica.com.br:80 185.228.3.82 - - [10/Sep/2025:14:54:09 -0300] "GET //h.php HTTP/1.1" 301 455 "http://jomarlogistica.com.br//h.php" "Go-http-client/2.0"
jomarlogistica.com.br:80 185.228.3.82 - - [10/Sep/2025:14:54:10 -0300] "GET /h.php HTTP/1.1" 404 448 "https://jomarlogistica.com.br//h.php" "Go-http-client/2.0"
jomarlogistica.com.br:80 185.228.3.82 - - [10/Sep/2025:14:54:11 -0300] "GET //504.php HTTP/1.1" 301 457 "http://jomarlogistica.com.br//504.php" "Go-http-client/2.0"
jomarlogistica.com.br:80 185.228.3.82 - - [10/Sep/2025:14:54:12 -0300] "GET /504.php HTTP/1.1" 404 448 "https://jomarlogistica.com.br//504.php" "Go-http-client/2.0"
jomarlogistica.com.br:80 185.228.3.82 - - [10/Sep/2025:14:54:13 -0300] "GET //wp-admin/css/network.php HTTP/1.1" 301 493 "http://jomarlogistica.com.br//wp-admin/css/network.php" "Go-http-client/2.0"
jomarlogistica.com.br:80 185.228.3.82 - - [10/Sep/2025:14:54:14 -0300] "GET /wp-admin/css/network.php HTTP/1.1" 404 448 "https://jomarlogistica.com.br//wp-admin/css/network.php" "Go-http-client/2.0"
jomarlogistica.com.br:80 172.20.1.117 - - [10/Sep/2025:14:57:58 -0300] "POST /wp-cron.php?doing_wp_cron=1757527078.8599169254302978515625 HTTP/1.1" 200 389 "https://jomarlogistica.com.br/wp-cron.php?doing_wp_cron=1757527078.8599169254302978515625" "WordPress/5.8.10; https://jomarlogistica.com.br"
jomarlogistica.com.br:80 43.132.214.228 - - [10/Sep/2025:14:57:58 -0300] "GET /wp-json/wp/v2/pages/5147 HTTP/1.1" 200 10522 "-" "Mozilla/5.0 (iPhone; CPU iPhone OS 13_2_3 like Mac OS X) AppleWebKit/605.1.15 (KHTML, like Gecko) Version/13.0.3 Mobile/15E148 Safari/604.1"
jomarlogistica.com.br:80 127.0.0.1 - - [10/Sep/2025:14:58:04 -0300] "OPTIONS * HTTP/1.0" 200 110 "-" "Apache/2.4.65 (Ubuntu) (internal dummy connection)"
jomarlogistica.com.br:80 57.141.0.24 - - [10/Sep/2025:14:59:14 -0300] "GET /2024/01/23/are-led-headlights-legal-in-ct-ct-headlight-laws-explained/ HTTP/1.1" 200 60496 "-" "meta-externalagent/1.1 (+https://developers.facebook.com/docs/sharing/webmasters/crawler)"
jomarlogistica.com.br:80 114.119.135.84 - - [10/Sep/2025:15:01:38 -0300] "GET /2023/05/02/free-chat-rooms-for-everybody/ HTTP/1.1" 200 17578 "https://jomarlogistica.com.br/2023/page/29/" "Mozilla/5.0 (Linux; Android 7.0;) AppleWebKit/537.36 (KHTML, like Gecko) Mobile Safari/537.36 (compatible; PetalBot;+https://webmaster.petalsearch.com/site/petalbot)"
jomarlogistica.com.br:80 172.20.1.117 - - [10/Sep/2025:15:02:55 -0300] "POST /wp-cron.php?doing_wp_cron=1757527375.8345859050750732421875 HTTP/1.1" 200 389 "https://jomarlogistica.com.br/wp-cron.php?doing_wp_cron=1757527375.8345859050750732421875" "WordPress/5.8.10; https://jomarlogistica.com.br"
jomarlogistica.com.br:80 177.116.188.98 - - [10/Sep/2025:15:02:55 -0300] "POST /autodiscover/autodiscover.xml HTTP/1.1" 404 448 "-" "AppleExchangeWebServices/833 accountsd/113"
jomarlogistica.com.br:80 127.0.0.1 - - [10/Sep/2025:15:03:00 -0300] "OPTIONS * HTTP/1.0" 200 110 "-" "Apache/2.4.65 (Ubuntu) (internal dummy connection)"
jomarlogistica.com.br:80 172.20.1.117 - - [10/Sep/2025:15:12:00 -0300] "POST /wp-cron.php?doing_wp_cron=1757527920.8470718860626220703125 HTTP/1.1" 200 389 "https://jomarlogistica.com.br/wp-cron.php?doing_wp_cron=1757527920.8470718860626220703125" "WordPress/5.8.10; https://jomarlogistica.com.br"
jomarlogistica.com.br:80 49.51.132.100 - - [10/Sep/2025:15:12:00 -0300] "GET /2023/11/11/what-is-the-protegent-antivirus-scam/ HTTP/1.1" 200 17259 "-" "Mozilla/5.0 (iPhone; CPU iPhone OS 13_2_3 like Mac OS X) AppleWebKit/605.1.15 (KHTML, like Gecko) Version/13.0.3 Mobile/15E148 Safari/604.1"
jomarlogistica.com.br:80 127.0.0.1 - - [10/Sep/2025:15:12:06 -0300] "OPTIONS * HTTP/1.0" 200 110 "-" "Apache/2.4.65 (Ubuntu) (internal dummy connection)"
jomarlogistica.com.br:80 172.20.1.117 - - [10/Sep/2025:15:18:03 -0300] "POST /wp-cron.php?doing_wp_cron=1757528283.4062500000000000000000 HTTP/1.1" 200 389 "https://jomarlogistica.com.br/wp-cron.php?doing_wp_cron=1757528283.4062500000000000000000" "WordPress/5.8.10; https://jomarlogistica.com.br"
jomarlogistica.com.br:80 43.165.69.68 - - [10/Sep/2025:15:18:03 -0300] "GET /embed/ HTTP/1.1" 301 449 "-" "Mozilla/5.0 (iPhone; CPU iPhone OS 13_2_3 like Mac OS X) AppleWebKit/605.1.15 (KHTML, like Gecko) Version/13.0.3 Mobile/15E148 Safari/604.1"
jomarlogistica.com.br:80 43.165.69.68 - - [10/Sep/2025:15:18:05 -0300] "GET / HTTP/1.1" 200 23930 "https://jomarlogistica.com.br/embed/" "Mozilla/5.0 (iPhone; CPU iPhone OS 13_2_3 like Mac OS X) AppleWebKit/605.1.15 (KHTML, like Gecko) Version/13.0.3 Mobile/15E148 Safari/604.1"
jomarlogistica.com.br:80 127.0.0.1 - - [10/Sep/2025:15:18:11 -0300] "OPTIONS * HTTP/1.0" 200 110 "-" "Apache/2.4.65 (Ubuntu) (internal dummy connection)"
jomarlogistica.com.br:80 114.119.128.158 - - [10/Sep/2025:15:18:57 -0300] "GET /2023/10/page/3/ HTTP/1.1" 200 18416 "https://jomarlogistica.com.br/2023/10/page/4/" "Mozilla/5.0 (Linux; Android 7.0;) AppleWebKit/537.36 (KHTML, like Gecko) Mobile Safari/537.36 (compatible; PetalBot;+https://webmaster.petalsearch.com/site/petalbot)"
jomarlogistica.com.br:80 114.119.135.84 - - [10/Sep/2025:15:20:23 -0300] "GET /2023/06/02/best-anonymous-chat-apps-for-android-2-to-avoid/ HTTP/1.1" 200 17293 "https://jomarlogistica.com.br/category/jomar/page/20/" "Mozilla/5.0 (Linux; Android 7.0;) AppleWebKit/537.36 (KHTML, like Gecko) Mobile Safari/537.36 (compatible; PetalBot;+https://webmaster.petalsearch.com/site/petalbot)"
jomarlogistica.com.br:80 114.119.138.207 - - [10/Sep/2025:15:21:42 -0300] "GET /2023/05/11/asian-wedding-ceremony-rituals/ HTTP/1.1" 200 17408 "https://jomarlogistica.com.br/author/jomar/page/26/" "Mozilla/5.0 (Linux; Android 7.0;) AppleWebKit/537.36 (KHTML, like Gecko) Mobile Safari/537.36 (compatible; PetalBot;+https://webmaster.petalsearch.com/site/petalbot)"
jomarlogistica.com.br:80 172.20.1.117 - - [10/Sep/2025:15:23:05 -0300] "POST /wp-cron.php?doing_wp_cron=1757528585.4262731075286865234375 HTTP/1.1" 200 389 "https://jomarlogistica.com.br/wp-cron.php?doing_wp_cron=1757528585.4262731075286865234375" "WordPress/5.8.10; https://jomarlogistica.com.br"
jomarlogistica.com.br:80 114.119.138.207 - - [10/Sep/2025:15:23:05 -0300] "GET /2023/09/04/best-free-antivirus-software/ HTTP/1.1" 200 17184 "https://jomarlogistica.com.br/author/jomar/page/12/" "Mozilla/5.0 (Linux; Android 7.0;) AppleWebKit/537.36 (KHTML, like Gecko) Mobile Safari/537.36 (compatible; PetalBot;+https://webmaster.petalsearch.com/site/petalbot)"
jomarlogistica.com.br:80 127.0.0.1 - - [10/Sep/2025:15:23:11 -0300] "OPTIONS * HTTP/1.0" 200 110 "-" "Apache/2.4.65 (Ubuntu) (internal dummy connection)"
jomarlogistica.com.br:80 114.119.158.0 - - [10/Sep/2025:15:24:32 -0300] "GET /2023/05/02/where-to-buy-the-bride-online/ HTTP/1.1" 200 18180 "https://jomarlogistica.com.br/2023/page/29/" "Mozilla/5.0 (Linux; Android 7.0;) AppleWebKit/537.36 (KHTML, like Gecko) Mobile Safari/537.36 (compatible; PetalBot;+https://webmaster.petalsearch.com/site/petalbot)"
jomarlogistica.com.br:80 114.119.136.72 - - [10/Sep/2025:15:25:53 -0300] "GET /2022/10/18/can-you-really-get-married-extended-distance/ HTTP/1.1" 200 18029 "https://jomarlogistica.com.br/author/jomar/page/53/" "Mozilla/5.0 (Linux; Android 7.0;) AppleWebKit/537.36 (KHTML, like Gecko) Mobile Safari/537.36 (compatible; PetalBot;+https://webmaster.petalsearch.com/site/petalbot)"
jomarlogistica.com.br:80 172.20.1.117 - - [10/Sep/2025:15:27:18 -0300] "POST /wp-cron.php?doing_wp_cron=1757528838.0777909755706787109375 HTTP/1.1" 200 389 "https://jomarlogistica.com.br/wp-cron.php?doing_wp_cron=1757528838.0777909755706787109375" "WordPress/5.8.10; https://jomarlogistica.com.br"
jomarlogistica.com.br:80 114.119.138.130 - - [10/Sep/2025:15:27:17 -0300] "GET /2022/08/11/tips-for-successful-sugars-daddies-and-babies-relationships/ HTTP/1.1" 200 18137 "https://jomarlogistica.com.br/2022/08/20/precisely-what-is-being-in-love/" "Mozilla/5.0 (Linux; Android 7.0;) AppleWebKit/537.36 (KHTML, like Gecko) Mobile Safari/537.36 (compatible; PetalBot;+https://webmaster.petalsearch.com/site/petalbot)"
jomarlogistica.com.br:80 127.0.0.1 - - [10/Sep/2025:15:27:23 -0300] "OPTIONS * HTTP/1.0" 200 110 "-" "Apache/2.4.65 (Ubuntu) (internal dummy connection)"
jomarlogistica.com.br:80 43.159.149.56 - - [10/Sep/2025:15:31:46 -0300] "GET /2023/11/08/tips-on-how-to-select-a-data-room-uk/ HTTP/1.1" 200 17282 "-" "Mozilla/5.0 (iPhone; CPU iPhone OS 13_2_3 like Mac OS X) AppleWebKit/605.1.15 (KHTML, like Gecko) Version/13.0.3 Mobile/15E148 Safari/604.1"
jomarlogistica.com.br:80 172.20.1.117 - - [10/Sep/2025:15:37:34 -0300] "POST /wp-cron.php?doing_wp_cron=1757529454.7479329109191894531250 HTTP/1.1" 200 389 "https://jomarlogistica.com.br/wp-cron.php?doing_wp_cron=1757529454.7479329109191894531250" "WordPress/5.8.10; https://jomarlogistica.com.br"
jomarlogistica.com.br:80 43.156.202.34 - - [10/Sep/2025:15:37:34 -0300] "GET /2023/11/ HTTP/1.1" 200 18535 "-" "Mozilla/5.0 (iPhone; CPU iPhone OS 13_2_3 like Mac OS X) AppleWebKit/605.1.15 (KHTML, like Gecko) Version/13.0.3 Mobile/15E148 Safari/604.1"
jomarlogistica.com.br:80 127.0.0.1 - - [10/Sep/2025:15:37:40 -0300] "OPTIONS * HTTP/1.0" 200 110 "-" "Apache/2.4.65 (Ubuntu) (internal dummy connection)"
jomarlogistica.com.br:80 114.119.135.84 - - [10/Sep/2025:15:42:02 -0300] "GET /2023/10/31/ways-to-simplify-the-due-diligence-process-with-a-info-room/ HTTP/1.1" 200 17328 "https://jomarlogistica.com.br/2023/10/" "Mozilla/5.0 (Linux; Android 7.0;) AppleWebKit/537.36 (KHTML, like Gecko) Mobile Safari/537.36 (compatible; PetalBot;+https://webmaster.petalsearch.com/site/petalbot)"
jomarlogistica.com.br:80 172.20.1.117 - - [10/Sep/2025:15:43:26 -0300] "POST /wp-cron.php?doing_wp_cron=1757529806.0667130947113037109375 HTTP/1.1" 200 389 "https://jomarlogistica.com.br/wp-cron.php?doing_wp_cron=1757529806.0667130947113037109375" "WordPress/5.8.10; https://jomarlogistica.com.br"
jomarlogistica.com.br:80 114.119.138.207 - - [10/Sep/2025:15:43:25 -0300] "GET /2022/09/02/how-you-can-date-uk-women-on-the-net/ HTTP/1.1" 200 18221 "https://jomarlogistica.com.br/2022/09/page/2/" "Mozilla/5.0 (Linux; Android 7.0;) AppleWebKit/537.36 (KHTML, like Gecko) Mobile Safari/537.36 (compatible; PetalBot;+https://webmaster.petalsearch.com/site/petalbot)"
jomarlogistica.com.br:80 127.0.0.1 - - [10/Sep/2025:15:43:31 -0300] "OPTIONS * HTTP/1.0" 200 110 "-" "Apache/2.4.65 (Ubuntu) (internal dummy connection)"
jomarlogistica.com.br:80 57.141.0.54 - - [10/Sep/2025:15:44:35 -0300] "GET /2022/12/18/where-to-get-legitimate-foreign-dating-sites-and-apps/ HTTP/1.1" 200 81328 "-" "meta-externalagent/1.1 (+https://developers.facebook.com/docs/sharing/webmasters/crawler)"
jomarlogistica.com.br:80 172.20.1.117 - - [10/Sep/2025:15:49:10 -0300] "POST /wp-cron.php?doing_wp_cron=1757530150.6870760917663574218750 HTTP/1.1" 200 389 "https://jomarlogistica.com.br/wp-cron.php?doing_wp_cron=1757530150.6870760917663574218750" "WordPress/5.8.10; https://jomarlogistica.com.br"
jomarlogistica.com.br:80 66.249.88.2 - - [10/Sep/2025:15:49:10 -0300] "GET /.well-known/traffic-advice HTTP/1.1" 404 448 "-" "Chrome Privacy Preserving Prefetch Proxy"
jomarlogistica.com.br:80 193.186.4.239 - - [10/Sep/2025:15:49:11 -0300] "GET / HTTP/1.1" 200 23930 "https://www.google.com/" "Mozilla/5.0 (Windows NT 10.0; Win64; x64) AppleWebKit/537.36 (KHTML, like Gecko) Chrome/139.0.0.0 Safari/537.36"
jomarlogistica.com.br:80 127.0.0.1 - - [10/Sep/2025:15:49:15 -0300] "OPTIONS * HTTP/1.0" 200 110 "-" "Apache/2.4.65 (Ubuntu) (internal dummy connection)"
jomarlogistica.com.br:80 127.0.0.1 - - [10/Sep/2025:15:49:16 -0300] "OPTIONS * HTTP/1.0" 200 110 "-" "Apache/2.4.65 (Ubuntu) (internal dummy connection)"
jomarlogistica.com.br:80 127.0.0.1 - - [10/Sep/2025:15:49:17 -0300] "OPTIONS * HTTP/1.0" 200 110 "-" "Apache/2.4.65 (Ubuntu) (internal dummy connection)"
jomarlogistica.com.br:80 172.20.1.117 - - [10/Sep/2025:15:53:15 -0300] "POST /wp-cron.php?doing_wp_cron=1757530395.3462960720062255859375 HTTP/1.1" 200 389 "https://jomarlogistica.com.br/wp-cron.php?doing_wp_cron=1757530395.3462960720062255859375" "WordPress/5.8.10; https://jomarlogistica.com.br"
jomarlogistica.com.br:80 43.153.204.189 - - [10/Sep/2025:15:53:14 -0300] "GET /author/jomar/ HTTP/1.1" 200 18682 "-" "Mozilla/5.0 (iPhone; CPU iPhone OS 13_2_3 like Mac OS X) AppleWebKit/605.1.15 (KHTML, like Gecko) Version/13.0.3 Mobile/15E148 Safari/604.1"
jomarlogistica.com.br:80 127.0.0.1 - - [10/Sep/2025:15:53:20 -0300] "OPTIONS * HTTP/1.0" 200 110 "-" "Apache/2.4.65 (Ubuntu) (internal dummy connection)"
jomarlogistica.com.br:80 193.186.4.201 - - [10/Sep/2025:15:56:10 -0300] "GET / HTTP/1.1" 200 23930 "https://www.google.com/" "Mozilla/5.0 (Windows NT 10.0; Win64; x64) AppleWebKit/537.36 (KHTML, like Gecko) Chrome/139.0.0.0 Safari/537.36"
jomarlogistica.com.br:80 172.20.1.117 - - [10/Sep/2025:15:57:43 -0300] "POST /wp-cron.php?doing_wp_cron=1757530662.9820930957794189453125 HTTP/1.1" 200 389 "https://jomarlogistica.com.br/wp-cron.php?doing_wp_cron=1757530662.9820930957794189453125" "WordPress/5.8.10; https://jomarlogistica.com.br"
jomarlogistica.com.br:80 114.119.128.158 - - [10/Sep/2025:15:57:42 -0300] "GET /author/jomar/page/18/ HTTP/1.1" 200 18870 "https://jomarlogistica.com.br/author/jomar/page/18/" "Mozilla/5.0 (Linux; Android 7.0;) AppleWebKit/537.36 (KHTML, like Gecko) Mobile Safari/537.36 (compatible; PetalBot;+https://webmaster.petalsearch.com/site/petalbot)"
jomarlogistica.com.br:80 127.0.0.1 - - [10/Sep/2025:15:57:48 -0300] "OPTIONS * HTTP/1.0" 200 110 "-" "Apache/2.4.65 (Ubuntu) (internal dummy connection)"
jomarlogistica.com.br:80 43.167.239.66 - - [10/Sep/2025:15:58:20 -0300] "GET /2023/09/ HTTP/1.1" 200 18390 "-" "Mozilla/5.0 (iPhone; CPU iPhone OS 13_2_3 like Mac OS X) AppleWebKit/605.1.15 (KHTML, like Gecko) Version/13.0.3 Mobile/15E148 Safari/604.1"
jomarlogistica.com.br:80 114.119.138.130 - - [10/Sep/2025:15:59:08 -0300] "GET /2023/10/02/antivirus-protection-detects-and-deflects-cyber-threats/ HTTP/1.1" 200 17253 "https://jomarlogistica.com.br/2023/10/02/antivirus-protection-detects-and-deflects-cyber-threats/" "Mozilla/5.0 (Linux; Android 7.0;) AppleWebKit/537.36 (KHTML, like Gecko) Mobile Safari/537.36 (compatible; PetalBot;+https://webmaster.petalsearch.com/site/petalbot)"
jomarlogistica.com.br:80 114.119.159.76 - - [10/Sep/2025:16:00:33 -0300] "GET /2023/08/28/choosing-the-right-board-management-tool/ HTTP/1.1" 200 17217 "https://jomarlogistica.com.br/2023/08/26/how-to-choose-the-best-data-room-software/" "Mozilla/5.0 (Linux; Android 7.0;) AppleWebKit/537.36 (KHTML, like Gecko) Mobile Safari/537.36 (compatible; PetalBot;+https://webmaster.petalsearch.com/site/petalbot)"
jomarlogistica.com.br:80 114.119.134.192 - - [10/Sep/2025:16:01:56 -0300] "GET /2023/08/01/spinning-events-inside-our-time/ HTTP/1.1" 200 17398 "https://jomarlogistica.com.br/2023/08/01/spinning-events-inside-our-time/" "Mozilla/5.0 (Linux; Android 7.0;) AppleWebKit/537.36 (KHTML, like Gecko) Mobile Safari/537.36 (compatible; PetalBot;+https://webmaster.petalsearch.com/site/petalbot)"
jomarlogistica.com.br:80 172.20.1.117 - - [10/Sep/2025:16:03:15 -0300] "POST /wp-cron.php?doing_wp_cron=1757530995.3928229808807373046875 HTTP/1.1" 200 389 "https://jomarlogistica.com.br/wp-cron.php?doing_wp_cron=1757530995.3928229808807373046875" "WordPress/5.8.10; https://jomarlogistica.com.br"
jomarlogistica.com.br:80 114.119.134.192 - - [10/Sep/2025:16:03:15 -0300] "GET /2023/01/01/tips-on-how-to-meet-international-women-just-for-marriage/ HTTP/1.1" 200 18232 "https://jomarlogistica.com.br/2022/12/31/how-to-locate-the-best-all-mail-order-star-of-the-event-service/" "Mozilla/5.0 (Linux; Android 7.0;) AppleWebKit/537.36 (KHTML, like Gecko) Mobile Safari/537.36 (compatible; PetalBot;+https://webmaster.petalsearch.com/site/petalbot)"
jomarlogistica.com.br:80 127.0.0.1 - - [10/Sep/2025:16:03:20 -0300] "OPTIONS * HTTP/1.0" 200 110 "-" "Apache/2.4.65 (Ubuntu) (internal dummy connection)"
jomarlogistica.com.br:80 172.20.1.117 - - [10/Sep/2025:16:10:07 -0300] "POST /wp-cron.php?doing_wp_cron=1757531407.0466730594635009765625 HTTP/1.1" 200 389 "https://jomarlogistica.com.br/wp-cron.php?doing_wp_cron=1757531407.0466730594635009765625" "WordPress/5.8.10; https://jomarlogistica.com.br"
jomarlogistica.com.br:80 43.166.128.187 - - [10/Sep/2025:16:10:06 -0300] "GET /2023/05/ HTTP/1.1" 200 18886 "-" "Mozilla/5.0 (iPhone; CPU iPhone OS 13_2_3 like Mac OS X) AppleWebKit/605.1.15 (KHTML, like Gecko) Version/13.0.3 Mobile/15E148 Safari/604.1"
jomarlogistica.com.br:80 149.40.53.5 - - [10/Sep/2025:16:10:07 -0300] "GET / HTTP/1.1" 200 134115 "-" "Mozilla/5.0 (Windows NT 10.0; Win64; x64) AppleWebKit/537.36 (KHTML, like Gecko) Chrome/78.0.3904.108 Safari/537.36"
jomarlogistica.com.br:80 149.40.53.5 - - [10/Sep/2025:16:10:09 -0300] "GET //wp-includes/wlwmanifest.xml HTTP/1.1" 200 1378 "-" "Mozilla/5.0 (Windows NT 10.0; Win64; x64) AppleWebKit/537.36 (KHTML, like Gecko) Chrome/78.0.3904.108 Safari/537.36"
jomarlogistica.com.br:80 149.40.53.5 - - [10/Sep/2025:16:10:09 -0300] "GET //?author=1 HTTP/1.1" 301 404 "-" "Mozilla/5.0 (Windows NT 10.0; Win64; x64) AppleWebKit/537.36 (KHTML, like Gecko) Chrome/78.0.3904.108 Safari/537.36"
jomarlogistica.com.br:80 149.40.53.5 - - [10/Sep/2025:16:10:10 -0300] "GET //?author=2 HTTP/1.1" 301 406 "-" "Mozilla/5.0 (Windows NT 10.0; Win64; x64) AppleWebKit/537.36 (KHTML, like Gecko) Chrome/78.0.3904.108 Safari/537.36"
jomarlogistica.com.br:80 149.40.53.5 - - [10/Sep/2025:16:10:10 -0300] "GET //wp-json/wp/v2/users/ HTTP/1.1" 200 1924 "-" "Mozilla/5.0 (Windows NT 10.0; Win64; x64) AppleWebKit/537.36 (KHTML, like Gecko) Chrome/78.0.3904.108 Safari/537.36"
jomarlogistica.com.br:80 149.40.53.5 - - [10/Sep/2025:16:10:11 -0300] "POST //xmlrpc.php HTTP/1.1" 403 2493 "-" "Mozilla/5.0 (Windows NT 10.0; Win64; x64) AppleWebKit/537.36 (KHTML, like Gecko) Chrome/78.0.3904.108 Safari/537.36"
jomarlogistica.com.br:80 149.40.53.5 - - [10/Sep/2025:16:10:11 -0300] "POST //xmlrpc.php HTTP/1.1" 403 2493 "-" "Mozilla/5.0 (Windows NT 10.0; Win64; x64) AppleWebKit/537.36 (KHTML, like Gecko) Chrome/78.0.3904.108 Safari/537.36"
jomarlogistica.com.br:80 127.0.0.1 - - [10/Sep/2025:16:10:11 -0300] "OPTIONS * HTTP/1.0" 200 110 "-" "Apache/2.4.65 (Ubuntu) (internal dummy connection)"
jomarlogistica.com.br:80 127.0.0.1 - - [10/Sep/2025:16:10:12 -0300] "OPTIONS * HTTP/1.0" 200 110 "-" "Apache/2.4.65 (Ubuntu) (internal dummy connection)"
jomarlogistica.com.br:80 127.0.0.1 - - [10/Sep/2025:16:10:15 -0300] "OPTIONS * HTTP/1.0" 200 110 "-" "Apache/2.4.65 (Ubuntu) (internal dummy connection)"
jomarlogistica.com.br:80 172.20.1.117 - - [10/Sep/2025:16:14:36 -0300] "POST /wp-cron.php?doing_wp_cron=1757531676.9490230083465576171875 HTTP/1.1" 200 389 "https://jomarlogistica.com.br/wp-cron.php?doing_wp_cron=1757531676.9490230083465576171875" "WordPress/5.8.10; https://jomarlogistica.com.br"
jomarlogistica.com.br:80 57.141.0.30 - - [10/Sep/2025:16:14:36 -0300] "GET /2023/01/25/important-things-to-know-have-a-good-marry-another-girl/ HTTP/1.1" 200 80631 "-" "meta-externalagent/1.1 (+https://developers.facebook.com/docs/sharing/webmasters/crawler)"
jomarlogistica.com.br:80 127.0.0.1 - - [10/Sep/2025:16:14:42 -0300] "OPTIONS * HTTP/1.0" 200 110 "-" "Apache/2.4.65 (Ubuntu) (internal dummy connection)"
jomarlogistica.com.br:80 34.1.28.160 - - [10/Sep/2025:16:15:45 -0300] "GET / HTTP/1.1" 200 23930 "-" "Mozilla/5.0 (Windows NT 10.0; Win64; x64) AppleWebKit/537.36 (KHTML, like Gecko; compatible; BW/1.3; rb.gy/qyzae5) Chrome/124.0.0.0 Safari/537.36"
jomarlogistica.com.br:80 34.1.28.160 - - [10/Sep/2025:16:15:49 -0300] "GET /robots.txt HTTP/1.1" 200 526 "-" "Mozilla/5.0 (Windows NT 10.0; Win64; x64) AppleWebKit/537.36 (KHTML, like Gecko; compatible; BW/1.3; rb.gy/qyzae5) Chrome/124.0.0.0 Safari/537.36"
jomarlogistica.com.br:80 34.1.28.160 - - [10/Sep/2025:16:15:53 -0300] "GET /2024/02/22/ac-thor-injury-law-group-expert-legal-representation-for-personal-injury-cases/ HTTP/1.1" 200 14122 "-" "Mozilla/5.0 (Windows NT 10.0; Win64; x64) AppleWebKit/537.36 (KHTML, like Gecko; compatible; BW/1.3; rb.gy/qyzae5) Chrome/124.0.0.0 Safari/537.36"
jomarlogistica.com.br:80 34.1.28.160 - - [10/Sep/2025:16:15:53 -0300] "GET /2024/02/24/austin-temp-agencies-legal-hire-legal-staff-with-confidence/ HTTP/1.1" 200 14736 "-" "Mozilla/5.0 (Windows NT 10.0; Win64; x64) AppleWebKit/537.36 (KHTML, like Gecko; compatible; BW/1.3; rb.gy/qyzae5) Chrome/124.0.0.0 Safari/537.36"
jomarlogistica.com.br:80 34.1.28.160 - - [10/Sep/2025:16:15:56 -0300] "GET /?a7b529c=7038855 HTTP/1.1" 200 287 "-" "Mozilla/5.0 (Windows NT 10.0; Win64; x64) AppleWebKit/537.36 (KHTML, like Gecko; compatible; BW/1.3; rb.gy/qyzae5) Chrome/124.0.0.0 Safari/537.36"
jomarlogistica.com.br:80 34.1.28.160 - - [10/Sep/2025:16:16:06 -0300] "GET /ads.txt HTTP/1.1" 404 390 "-" "Mozilla/5.0 (Windows NT 10.0; Win64; x64) AppleWebKit/537.36 (KHTML, like Gecko; compatible; BW/1.3; rb.gy/qyzae5) Chrome/124.0.0.0 Safari/537.36"
jomarlogistica.com.br:80 127.0.0.1 - - [10/Sep/2025:16:16:11 -0300] "OPTIONS * HTTP/1.0" 200 110 "-" "Apache/2.4.65 (Ubuntu) (internal dummy connection)"
jomarlogistica.com.br:80 114.119.135.84 - - [10/Sep/2025:16:16:29 -0300] "GET /2023/01/18/what-exactly-mutually-useful-relationship/ HTTP/1.1" 200 18095 "https://jomarlogistica.com.br/author/jomar/page/41/" "Mozilla/5.0 (Linux; Android 7.0;) AppleWebKit/537.36 (KHTML, like Gecko) Mobile Safari/537.36 (compatible; PetalBot;+https://webmaster.petalsearch.com/site/petalbot)"
jomarlogistica.com.br:80 172.20.1.117 - - [10/Sep/2025:16:17:46 -0300] "POST /wp-cron.php?doing_wp_cron=1757531865.9885120391845703125000 HTTP/1.1" 200 389 "https://jomarlogistica.com.br/wp-cron.php?doing_wp_cron=1757531865.9885120391845703125000" "WordPress/5.8.10; https://jomarlogistica.com.br"
jomarlogistica.com.br:80 114.119.158.0 - - [10/Sep/2025:16:17:45 -0300] "GET /2022/09/21/various-kinds-of-romantic-relationship/ HTTP/1.1" 200 18558 "https://jomarlogistica.com.br/2022/09/14/methods-for-successful-sugar-daddies-and-babies-human-relationships/" "Mozilla/5.0 (Linux; Android 7.0;) AppleWebKit/537.36 (KHTML, like Gecko) Mobile Safari/537.36 (compatible; PetalBot;+https://webmaster.petalsearch.com/site/petalbot)"
jomarlogistica.com.br:80 127.0.0.1 - - [10/Sep/2025:16:17:51 -0300] "OPTIONS * HTTP/1.0" 200 110 "-" "Apache/2.4.65 (Ubuntu) (internal dummy connection)"
jomarlogistica.com.br:80 43.157.142.101 - - [10/Sep/2025:16:18:10 -0300] "GET /2022/08/ HTTP/1.1" 200 16896 "-" "Mozilla/5.0 (iPhone; CPU iPhone OS 13_2_3 like Mac OS X) AppleWebKit/605.1.15 (KHTML, like Gecko) Version/13.0.3 Mobile/15E148 Safari/604.1"
jomarlogistica.com.br:80 40.116.73.209 - - [10/Sep/2025:16:20:09 -0300] "GET / HTTP/1.1" 200 23930 "-" "Mozilla/5.0 AppleWebKit/537.36 (KHTML, like Gecko); compatible; ChatGPT-User/1.0; +https://openai.com/bot"
jomarlogistica.com.br:80 172.20.1.117 - - [10/Sep/2025:16:23:35 -0300] "POST /wp-cron.php?doing_wp_cron=1757532215.5673079490661621093750 HTTP/1.1" 200 389 "https://jomarlogistica.com.br/wp-cron.php?doing_wp_cron=1757532215.5673079490661621093750" "WordPress/5.8.10; https://jomarlogistica.com.br"
jomarlogistica.com.br:80 57.141.0.8 - - [10/Sep/2025:16:23:35 -0300] "GET /2023/03/16/asian-family-prospects/ HTTP/1.1" 200 79754 "-" "meta-externalagent/1.1 (+https://developers.facebook.com/docs/sharing/webmasters/crawler)"
jomarlogistica.com.br:80 127.0.0.1 - - [10/Sep/2025:16:23:40 -0300] "OPTIONS * HTTP/1.0" 200 110 "-" "Apache/2.4.65 (Ubuntu) (internal dummy connection)"
jomarlogistica.com.br:80 57.141.0.72 - - [10/Sep/2025:16:24:14 -0300] "GET /2023/04/20/internet-dating-foreigners-can-be-exciting-and-romantic-but-it-may-also-be-difficult/ HTTP/1.1" 200 81951 "-" "meta-externalagent/1.1 (+https://developers.facebook.com/docs/sharing/webmasters/crawler)"
jomarlogistica.com.br:80 57.141.0.62 - - [10/Sep/2025:16:26:50 -0300] "GET /2023/05/07/certificate-of-no-impediment-form-application-and-requirements/ HTTP/1.1" 200 61148 "-" "meta-externalagent/1.1 (+https://developers.facebook.com/docs/sharing/webmasters/crawler)"
jomarlogistica.com.br:80 172.20.1.117 - - [10/Sep/2025:16:29:15 -0300] "POST /wp-cron.php?doing_wp_cron=1757532555.4278800487518310546875 HTTP/1.1" 200 389 "https://jomarlogistica.com.br/wp-cron.php?doing_wp_cron=1757532555.4278800487518310546875" "WordPress/5.8.10; https://jomarlogistica.com.br"
jomarlogistica.com.br:80 172.178.141.125 - - [10/Sep/2025:16:29:15 -0300] "GET /2022/03/18/are-bearded-dragons-legal-in-new-york-laws-regulations-explained/ HTTP/1.1" 200 13921 "-" "Mozilla/5.0 AppleWebKit/537.36 (KHTML, like Gecko); compatible; ChatGPT-User/1.0; +https://openai.com/bot"
jomarlogistica.com.br:80 172.178.141.114 - - [10/Sep/2025:16:29:15 -0300] "GET / HTTP/1.1" 200 23930 "-" "Mozilla/5.0 AppleWebKit/537.36 (KHTML, like Gecko); compatible; ChatGPT-User/1.0; +https://openai.com/bot"
jomarlogistica.com.br:80 127.0.0.1 - - [10/Sep/2025:16:29:17 -0300] "OPTIONS * HTTP/1.0" 200 110 "-" "Apache/2.4.65 (Ubuntu) (internal dummy connection)"
jomarlogistica.com.br:80 127.0.0.1 - - [10/Sep/2025:16:29:20 -0300] "OPTIONS * HTTP/1.0" 200 110 "-" "Apache/2.4.65 (Ubuntu) (internal dummy connection)"
jomarlogistica.com.br:80 127.0.0.1 - - [10/Sep/2025:16:29:21 -0300] "OPTIONS * HTTP/1.0" 200 110 "-" "Apache/2.4.65 (Ubuntu) (internal dummy connection)"
jomarlogistica.com.br:80 162.120.186.84 - - [10/Sep/2025:16:30:15 -0300] "GET / HTTP/1.1" 200 23930 "https://www.google.com/" "Mozilla/5.0 (Windows NT 10.0; Win64; x64) AppleWebKit/537.36 (KHTML, like Gecko) Chrome/140.0.0.0 Safari/537.36"
jomarlogistica.com.br:80 162.120.185.212 - - [10/Sep/2025:16:30:17 -0300] "GET / HTTP/1.1" 200 23930 "https://www.google.com/" "Mozilla/5.0 (Windows NT 10.0; Win64; x64) AppleWebKit/537.36 (KHTML, like Gecko) Chrome/140.0.0.0 Safari/537.36"
jomarlogistica.com.br:80 196.217.96.239 - - [10/Sep/2025:16:30:33 -0300] "GET /wp-login.php HTTP/1.1" 200 2994 "http://jomarlogistica.com.br/wp-admin/" "Mozilla/5.0 (Windows NT 10.0; Win64; x64) AppleWebKit/537.36 (KHTML, like Gecko) Chrome/90.0.4430.85 Safari/537.36"
jomarlogistica.com.br:80 196.217.96.239 - - [10/Sep/2025:16:30:34 -0300] "POST /wp-login.php HTTP/1.1" 200 3118 "http://jomarlogistica.com.br/wp-admin/" "Mozilla/5.0 (Windows NT 10.0; Win64; x64) AppleWebKit/537.36 (KHTML, like Gecko) Chrome/90.0.4430.85 Safari/537.36"
jomarlogistica.com.br:80 57.141.0.2 - - [10/Sep/2025:16:30:44 -0300] "GET /2023/05/05/amazing-latina-gals/ HTTP/1.1" 200 81095 "-" "meta-externalagent/1.1 (+https://developers.facebook.com/docs/sharing/webmasters/crawler)"
jomarlogistica.com.br:80 172.20.1.117 - - [10/Sep/2025:16:33:58 -0300] "POST /wp-cron.php?doing_wp_cron=1757532838.7679300308227539062500 HTTP/1.1" 200 389 "https://jomarlogistica.com.br/wp-cron.php?doing_wp_cron=1757532838.7679300308227539062500" "WordPress/5.8.10; https://jomarlogistica.com.br"
jomarlogistica.com.br:80 185.191.171.12 - - [10/Sep/2025:16:33:58 -0300] "GET /robots.txt HTTP/1.1" 200 584 "-" "Mozilla/5.0 (compatible; SemrushBot/7~bl; +http://www.semrush.com/bot.html)"
jomarlogistica.com.br:80 185.191.171.17 - - [10/Sep/2025:16:33:59 -0300] "GET /2023/04/26/employing-an-investor-data-room-to-accelerate-fund-collecting/ HTTP/1.1" 200 17538 "-" "Mozilla/5.0 (compatible; SemrushBot/7~bl; +http://www.semrush.com/bot.html)"
jomarlogistica.com.br:80 127.0.0.1 - - [10/Sep/2025:16:34:05 -0300] "OPTIONS * HTTP/1.0" 200 110 "-" "Apache/2.4.65 (Ubuntu) (internal dummy connection)"
jomarlogistica.com.br:80 57.141.0.56 - - [10/Sep/2025:16:36:24 -0300] "GET /2023/05/28/talkiv-review-pricing-features-interface-june-2023/ HTTP/1.1" 200 82533 "-" "meta-externalagent/1.1 (+https://developers.facebook.com/docs/sharing/webmasters/crawler)"
jomarlogistica.com.br:80 172.20.1.117 - - [10/Sep/2025:16:38:19 -0300] "POST /wp-cron.php?doing_wp_cron=1757533099.2203459739685058593750 HTTP/1.1" 200 389 "https://jomarlogistica.com.br/wp-cron.php?doing_wp_cron=1757533099.2203459739685058593750" "WordPress/5.8.10; https://jomarlogistica.com.br"
jomarlogistica.com.br:80 114.119.138.207 - - [10/Sep/2025:16:38:18 -0300] "GET /2024/01/17/new-number-agreement-in-france-summer-legal-requirements/ HTTP/1.1" 200 14370 "https://jomarlogistica.com.br/2023/05/08/the-board-bedroom-and-its-importance/" "Mozilla/5.0 (Linux; Android 7.0;) AppleWebKit/537.36 (KHTML, like Gecko) Mobile Safari/537.36 (compatible; PetalBot;+https://webmaster.petalsearch.com/site/petalbot)"
jomarlogistica.com.br:80 127.0.0.1 - - [10/Sep/2025:16:38:24 -0300] "OPTIONS * HTTP/1.0" 200 110 "-" "Apache/2.4.65 (Ubuntu) (internal dummy connection)"
jomarlogistica.com.br:80 114.119.134.192 - - [10/Sep/2025:16:39:40 -0300] "GET /2023/05/23/package-management-software-how-to-choose-the-right-deal-software-for-your-company/ HTTP/1.1" 200 17391 "https://jomarlogistica.com.br/author/jomar/page/23/" "Mozilla/5.0 (Linux; Android 7.0;) AppleWebKit/537.36 (KHTML, like Gecko) Mobile Safari/537.36 (compatible; PetalBot;+https://webmaster.petalsearch.com/site/petalbot)"
jomarlogistica.com.br:80 114.119.138.207 - - [10/Sep/2025:16:41:02 -0300] "GET /2022/11/13/signals-that-you-are-in-love/ HTTP/1.1" 200 17362 "https://jomarlogistica.com.br/2022/11/14/social-media-red-flags-in-relationships/" "Mozilla/5.0 (Linux; Android 7.0;) AppleWebKit/537.36 (KHTML, like Gecko) Mobile Safari/537.36 (compatible; PetalBot;+https://webmaster.petalsearch.com/site/petalbot)"
jomarlogistica.com.br:80 172.20.1.117 - - [10/Sep/2025:16:43:55 -0300] "POST /wp-cron.php?doing_wp_cron=1757533435.4719550609588623046875 HTTP/1.1" 200 389 "https://jomarlogistica.com.br/wp-cron.php?doing_wp_cron=1757533435.4719550609588623046875" "WordPress/5.8.10; https://jomarlogistica.com.br"
jomarlogistica.com.br:80 216.73.216.134 - - [10/Sep/2025:16:43:55 -0300] "GET /robots.txt HTTP/1.1" 200 584 "-" "Mozilla/5.0 AppleWebKit/537.36 (KHTML, like Gecko; compatible; ClaudeBot/1.0; +claudebot@anthropic.com)"
jomarlogistica.com.br:80 216.73.216.134 - - [10/Sep/2025:16:43:55 -0300] "GET /?a7b529c=7776111 HTTP/1.1" 200 287 "-" "Mozilla/5.0 AppleWebKit/537.36 (KHTML, like Gecko; compatible; ClaudeBot/1.0; +claudebot@anthropic.com)"
jomarlogistica.com.br:80 127.0.0.1 - - [10/Sep/2025:16:44:07 -0300] "OPTIONS * HTTP/1.0" 200 110 "-" "Apache/2.4.65 (Ubuntu) (internal dummy connection)"
jomarlogistica.com.br:80 216.73.216.134 - - [10/Sep/2025:16:45:03 -0300] "GET /?p=7265 HTTP/1.1" 301 492 "-" "Mozilla/5.0 AppleWebKit/537.36 (KHTML, like Gecko; compatible; ClaudeBot/1.0; +claudebot@anthropic.com)"
jomarlogistica.com.br:80 216.73.216.134 - - [10/Sep/2025:16:45:03 -0300] "GET /2023/12/10/e-law-resources-donoghue-v-stevenson-case-analysis-legal-resources/feed HTTP/1.1" 301 588 "-" "Mozilla/5.0 AppleWebKit/537.36 (KHTML, like Gecko; compatible; ClaudeBot/1.0; +claudebot@anthropic.com)"
jomarlogistica.com.br:80 216.73.216.134 - - [10/Sep/2025:16:45:04 -0300] "GET /2023/12/10/e-law-resources-donoghue-v-stevenson-case-analysis-legal-resources/feed/ HTTP/1.1" 200 945 "https://jomarlogistica.com.br/2023/12/10/e-law-resources-donoghue-v-stevenson-case-analysis-legal-resources/feed" "Mozilla/5.0 AppleWebKit/537.36 (KHTML, like Gecko; compatible; ClaudeBot/1.0; +claudebot@anthropic.com)"
jomarlogistica.com.br:80 216.73.216.134 - - [10/Sep/2025:16:45:04 -0300] "GET /2023/02/09/having-a-small-ceremony-wedding/ HTTP/1.1" 200 18021 "https://jomarlogistica.com.br/?p=7265" "Mozilla/5.0 AppleWebKit/537.36 (KHTML, like Gecko; compatible; ClaudeBot/1.0; +claudebot@anthropic.com)"
jomarlogistica.com.br:80 127.0.0.1 - - [10/Sep/2025:16:45:10 -0300] "OPTIONS * HTTP/1.0" 200 110 "-" "Apache/2.4.65 (Ubuntu) (internal dummy connection)"
jomarlogistica.com.br:80 156.228.124.3 - - [10/Sep/2025:16:46:30 -0300] "GET /wp-admin/install. HTTP/1.1" 301 466 "-" "Mozilla/5.0 (Windows NT 10.0; Win64; x64) AppleWebKit/537.36 (KHTML, like Gecko) Chrome/115.0.0.0 Safari/537.36 Edg/115.0.1901.203"
jomarlogistica.com.br:80 156.228.124.3 - - [10/Sep/2025:16:46:32 -0300] "GET /wp-admin/install HTTP/1.1" 404 390 "-" "Mozilla/5.0 (Windows NT 10.0; Win64; x64) AppleWebKit/537.36 (KHTML, like Gecko) Chrome/115.0.0.0 Safari/537.36 Edg/115.0.1901.203"
jomarlogistica.com.br:80 216.73.216.134 - - [10/Sep/2025:16:46:55 -0300] "GET /2022/page/9 HTTP/1.1" 301 461 "-" "Mozilla/5.0 AppleWebKit/537.36 (KHTML, like Gecko; compatible; ClaudeBot/1.0; +claudebot@anthropic.com)"
jomarlogistica.com.br:80 216.73.216.134 - - [10/Sep/2025:16:46:56 -0300] "GET /2022/page/9/ HTTP/1.1" 200 18391 "https://jomarlogistica.com.br/2022/page/9" "Mozilla/5.0 AppleWebKit/537.36 (KHTML, like Gecko; compatible; ClaudeBot/1.0; +claudebot@anthropic.com)"
jomarlogistica.com.br:80 172.20.1.117 - - [10/Sep/2025:16:49:10 -0300] "POST /wp-cron.php?doing_wp_cron=1757533750.3257360458374023437500 HTTP/1.1" 200 389 "https://jomarlogistica.com.br/wp-cron.php?doing_wp_cron=1757533750.3257360458374023437500" "WordPress/5.8.10; https://jomarlogistica.com.br"
jomarlogistica.com.br:80 216.73.216.134 - - [10/Sep/2025:16:49:10 -0300] "GET /?p=53257 HTTP/1.1" 301 582 "-" "Mozilla/5.0 AppleWebKit/537.36 (KHTML, like Gecko; compatible; ClaudeBot/1.0; +claudebot@anthropic.com)"
jomarlogistica.com.br:80 216.73.216.134 - - [10/Sep/2025:16:49:10 -0300] "GET /2023/12/10/e-law-resources-donoghue-v-stevenson-case-analysis-legal-resources/ HTTP/1.1" 200 14302 "https://jomarlogistica.com.br/?p=53257" "Mozilla/5.0 AppleWebKit/537.36 (KHTML, like Gecko; compatible; ClaudeBot/1.0; +claudebot@anthropic.com)"
jomarlogistica.com.br:80 127.0.0.1 - - [10/Sep/2025:16:49:16 -0300] "OPTIONS * HTTP/1.0" 200 110 "-" "Apache/2.4.65 (Ubuntu) (internal dummy connection)"
jomarlogistica.com.br:80 216.73.216.134 - - [10/Sep/2025:16:49:45 -0300] "GET /2023/12/08/application-for-non-renewal-of-contract-legal-guide HTTP/1.1" 301 567 "-" "Mozilla/5.0 AppleWebKit/537.36 (KHTML, like Gecko; compatible; ClaudeBot/1.0; +claudebot@anthropic.com)"
jomarlogistica.com.br:80 216.73.216.134 - - [10/Sep/2025:16:49:45 -0300] "GET /category/jomar/page/50 HTTP/1.1" 301 472 "-" "Mozilla/5.0 AppleWebKit/537.36 (KHTML, like Gecko; compatible; ClaudeBot/1.0; +claudebot@anthropic.com)"
jomarlogistica.com.br:80 216.73.216.134 - - [10/Sep/2025:16:49:46 -0300] "GET /2023/12/08/application-for-non-renewal-of-contract-legal-guide/ HTTP/1.1" 200 14166 "https://jomarlogistica.com.br/2023/12/08/application-for-non-renewal-of-contract-legal-guide" "Mozilla/5.0 AppleWebKit/537.36 (KHTML, like Gecko; compatible; ClaudeBot/1.0; +claudebot@anthropic.com)"
jomarlogistica.com.br:80 216.73.216.134 - - [10/Sep/2025:16:49:46 -0300] "GET /category/jomar/page/50/ HTTP/1.1" 200 18614 "https://jomarlogistica.com.br/category/jomar/page/50" "Mozilla/5.0 AppleWebKit/537.36 (KHTML, like Gecko; compatible; ClaudeBot/1.0; +claudebot@anthropic.com)"
jomarlogistica.com.br:80 127.0.0.1 - - [10/Sep/2025:16:49:51 -0300] "OPTIONS * HTTP/1.0" 200 110 "-" "Apache/2.4.65 (Ubuntu) (internal dummy connection)"
jomarlogistica.com.br:80 172.20.1.117 - - [10/Sep/2025:16:55:03 -0300] "POST /wp-cron.php?doing_wp_cron=1757534103.1978049278259277343750 HTTP/1.1" 200 389 "https://jomarlogistica.com.br/wp-cron.php?doing_wp_cron=1757534103.1978049278259277343750" "WordPress/5.8.10; https://jomarlogistica.com.br"
jomarlogistica.com.br:80 114.119.134.192 - - [10/Sep/2025:16:55:02 -0300] "GET /2023/10/23/a-written-agreement-between-two-countries-legal-implications/ HTTP/1.1" 200 13816 "https://jomarlogistica.com.br/2023/10/23/a-written-agreement-between-two-countries-legal-implications/" "Mozilla/5.0 (Linux; Android 7.0;) AppleWebKit/537.36 (KHTML, like Gecko) Mobile Safari/537.36 (compatible; PetalBot;+https://webmaster.petalsearch.com/site/petalbot)"
jomarlogistica.com.br:80 127.0.0.1 - - [10/Sep/2025:16:55:08 -0300] "OPTIONS * HTTP/1.0" 200 110 "-" "Apache/2.4.65 (Ubuntu) (internal dummy connection)"
jomarlogistica.com.br:80 216.73.216.134 - - [10/Sep/2025:16:55:12 -0300] "GET /2023/04/20/free-courting-hookups-made-easy HTTP/1.1" 301 492 "-" "Mozilla/5.0 AppleWebKit/537.36 (KHTML, like Gecko; compatible; ClaudeBot/1.0; +claudebot@anthropic.com)"
jomarlogistica.com.br:80 216.73.216.134 - - [10/Sep/2025:16:55:13 -0300] "GET /2023/04/20/free-courting-hookups-made-easy/ HTTP/1.1" 200 17470 "https://jomarlogistica.com.br/2023/04/20/free-courting-hookups-made-easy" "Mozilla/5.0 AppleWebKit/537.36 (KHTML, like Gecko; compatible; ClaudeBot/1.0; +claudebot@anthropic.com)"
jomarlogistica.com.br:80 177.116.188.98 - - [10/Sep/2025:16:56:09 -0300] "POST /autodiscover/autodiscover.xml HTTP/1.1" 404 448 "-" "AppleExchangeWebServices/833 accountsd/113"
jomarlogistica.com.br:80 114.119.135.84 - - [10/Sep/2025:16:56:27 -0300] "GET /2022/07/05/certifying-documents-for-family-members-legal-guidelines/ HTTP/1.1" 200 13911 "https://jomarlogistica.com.br/2022/07/" "Mozilla/5.0 (Linux; Android 7.0;) AppleWebKit/537.36 (KHTML, like Gecko) Mobile Safari/537.36 (compatible; PetalBot;+https://webmaster.petalsearch.com/site/petalbot)"
jomarlogistica.com.br:80 216.73.216.134 - - [10/Sep/2025:16:57:06 -0300] "GET /author/jomar/page/45 HTTP/1.1" 301 470 "-" "Mozilla/5.0 AppleWebKit/537.36 (KHTML, like Gecko; compatible; ClaudeBot/1.0; +claudebot@anthropic.com)"
jomarlogistica.com.br:80 216.73.216.134 - - [10/Sep/2025:16:57:07 -0300] "GET /author/jomar/page/45/ HTTP/1.1" 200 18681 "https://jomarlogistica.com.br/author/jomar/page/45" "Mozilla/5.0 AppleWebKit/537.36 (KHTML, like Gecko; compatible; ClaudeBot/1.0; +claudebot@anthropic.com)"
jomarlogistica.com.br:80 172.20.1.117 - - [10/Sep/2025:16:58:53 -0300] "POST /wp-cron.php?doing_wp_cron=1757534333.6498150825500488281250 HTTP/1.1" 200 389 "https://jomarlogistica.com.br/wp-cron.php?doing_wp_cron=1757534333.6498150825500488281250" "WordPress/5.8.10; https://jomarlogistica.com.br"
jomarlogistica.com.br:80 156.249.63.181 - - [10/Sep/2025:16:58:53 -0300] "GET /wp-login.php HTTP/1.1" 200 2994 "-" "Mozilla/5.0 (Windows NT 10.0; Win64; x64) AppleWebKit/537.36 (KHTML, like Gecko) Chrome/124.0.6367.207 Safari/537.36"
jomarlogistica.com.br:80 156.249.63.181 - - [10/Sep/2025:16:58:57 -0300] "GET /xmlrpc.php HTTP/1.1" 403 2493 "-" "Mozilla/5.0 (Windows NT 10.0; Win64; x64) AppleWebKit/537.36 (KHTML, like Gecko) Chrome/124.0.6367.207 Safari/537.36"
jomarlogistica.com.br:80 127.0.0.1 - - [10/Sep/2025:16:58:58 -0300] "OPTIONS * HTTP/1.0" 200 110 "-" "Apache/2.4.65 (Ubuntu) (internal dummy connection)"
jomarlogistica.com.br:80 127.0.0.1 - - [10/Sep/2025:16:59:01 -0300] "OPTIONS * HTTP/1.0" 200 110 "-" "Apache/2.4.65 (Ubuntu) (internal dummy connection)"
jomarlogistica.com.br:80 156.233.91.252 - - [10/Sep/2025:16:59:04 -0300] "GET /xmlrpc.php HTTP/1.1" 403 2493 "-" "Mozilla/5.0 (Macintosh; Intel Mac OS X 13_5) AppleWebKit/605.1.15 (KHTML, like Gecko) Version/17.5 Safari/605.1.15"
jomarlogistica.com.br:80 156.242.39.36 - - [10/Sep/2025:16:59:07 -0300] "GET /xmlrpc.php HTTP/1.1" 403 2493 "-" "Mozilla/5.0 (Macintosh; Intel Mac OS X 13_5) AppleWebKit/605.1.15 (KHTML, like Gecko) Version/17.5 Safari/605.1.15"
jomarlogistica.com.br:80 156.228.124.201 - - [10/Sep/2025:16:59:10 -0300] "GET /xmlrpc.php HTTP/1.1" 403 2493 "-" "Mozilla/5.0 (Windows NT 10.0; Win64; x64) AppleWebKit/537.36 (KHTML, like Gecko) Chrome/124.0.6367.207 Safari/537.36"
jomarlogistica.com.br:80 156.228.101.33 - - [10/Sep/2025:16:59:12 -0300] "GET /xmlrpc.php HTTP/1.1" 403 2493 "-" "Mozilla/5.0 (Macintosh; Intel Mac OS X 13_5) AppleWebKit/605.1.15 (KHTML, like Gecko) Version/17.5 Safari/605.1.15"
jomarlogistica.com.br:80 127.0.0.1 - - [10/Sep/2025:16:59:16 -0300] "OPTIONS * HTTP/1.0" 200 110 "-" "Apache/2.4.65 (Ubuntu) (internal dummy connection)"
jomarlogistica.com.br:80 156.253.170.103 - - [10/Sep/2025:16:59:20 -0300] "GET /xmlrpc.php HTTP/1.1" 403 2493 "-" "Mozilla/5.0 (Macintosh; Intel Mac OS X 13_5) AppleWebKit/605.1.15 (KHTML, like Gecko) Version/17.5 Safari/605.1.15"
jomarlogistica.com.br:80 156.228.100.54 - - [10/Sep/2025:16:59:23 -0300] "GET /xmlrpc.php HTTP/1.1" 403 2493 "-" "Mozilla/5.0 (Macintosh; Intel Mac OS X 13_5) AppleWebKit/605.1.15 (KHTML, like Gecko) Version/17.5 Safari/605.1.15"
jomarlogistica.com.br:80 156.249.63.181 - - [10/Sep/2025:16:59:26 -0300] "GET /feed/ HTTP/1.1" 200 12127 "-" "Mozilla/5.0 (Windows NT 10.0; Win64; x64) AppleWebKit/537.36 (KHTML, like Gecko) Chrome/124.0.6367.207 Safari/537.36"
jomarlogistica.com.br:80 156.249.63.181 - - [10/Sep/2025:16:59:27 -0300] "GET /wp-login.php HTTP/1.1" 200 2936 "-" "Mozilla/5.0 (Windows NT 10.0; Win64; x64) AppleWebKit/537.36 (KHTML, like Gecko) Chrome/124.0.6367.207 Safari/537.36"
jomarlogistica.com.br:80 156.249.63.181 - - [10/Sep/2025:16:59:28 -0300] "POST /wp-login.php?wp_lang=en_US HTTP/1.1" 200 2639 "https://jomarlogistica.com.br/wp-login.php?wp_lang=en_US" "Mozilla/5.0 (Windows NT 10.0; Win64; x64) AppleWebKit/537.36 (KHTML, like Gecko) Chrome/124.0.6367.207 Safari/537.36"
jomarlogistica.com.br:80 156.228.106.239 - - [10/Sep/2025:16:59:34 -0300] "GET /xmlrpc.php HTTP/1.1" 403 2493 "-" "Mozilla/5.0 (Macintosh; Intel Mac OS X 13_5) AppleWebKit/605.1.15 (KHTML, like Gecko) Version/17.5 Safari/605.1.15"
jomarlogistica.com.br:80 156.249.63.181 - - [10/Sep/2025:16:59:48 -0300] "GET /feed/ HTTP/1.1" 200 12127 "-" "Mozilla/5.0 (Windows NT 10.0; Win64; x64) AppleWebKit/537.36 (KHTML, like Gecko) Chrome/124.0.6367.207 Safari/537.36"
jomarlogistica.com.br:80 156.249.63.181 - - [10/Sep/2025:16:59:50 -0300] "GET /wp-login.php HTTP/1.1" 200 2936 "-" "Mozilla/5.0 (Windows NT 10.0; Win64; x64) AppleWebKit/537.36 (KHTML, like Gecko) Chrome/124.0.6367.207 Safari/537.36"
jomarlogistica.com.br:80 156.242.42.198 - - [10/Sep/2025:17:00:09 -0300] "GET /readme.html HTTP/1.1" 200 3392 "-" "Mozilla/5.0 (Windows NT 10.0; Win64; x64) AppleWebKit/537.36 (KHTML, like Gecko) Chrome/124.0.6367.207 Safari/537.36"
jomarlogistica.com.br:80 156.242.42.198 - - [10/Sep/2025:17:00:09 -0300] "GET /wp-login.php?wp_lang=en_US HTTP/1.1" 200 2554 "-" "Mozilla/5.0 (Windows NT 10.0; Win64; x64) AppleWebKit/537.36 (KHTML, like Gecko) Chrome/124.0.6367.207 Safari/537.36"
jomarlogistica.com.br:80 156.242.42.198 - - [10/Sep/2025:17:00:10 -0300] "POST /wp-login.php?wp_lang=en_US HTTP/1.1" 200 2649 "https://jomarlogistica.com.br/wp-login.php?wp_lang=en_US" "Mozilla/5.0 (Windows NT 10.0; Win64; x64) AppleWebKit/537.36 (KHTML, like Gecko) Chrome/124.0.6367.207 Safari/537.36"
jomarlogistica.com.br:80 156.233.85.22 - - [10/Sep/2025:17:00:16 -0300] "GET /feed/ HTTP/1.1" 200 12127 "-" "Mozilla/5.0 (Windows NT 10.0; Win64; x64) AppleWebKit/537.36 (KHTML, like Gecko) Chrome/124.0.6367.207 Safari/537.36"
jomarlogistica.com.br:80 156.233.85.22 - - [10/Sep/2025:17:00:18 -0300] "GET /wp-login.php?wp_lang=en_US HTTP/1.1" 200 2496 "-" "Mozilla/5.0 (Windows NT 10.0; Win64; x64) AppleWebKit/537.36 (KHTML, like Gecko) Chrome/124.0.6367.207 Safari/537.36"
jomarlogistica.com.br:80 156.233.85.22 - - [10/Sep/2025:17:00:19 -0300] "POST /wp-login.php?wp_lang=en_US HTTP/1.1" 200 2649 "https://jomarlogistica.com.br/wp-login.php?wp_lang=en_US" "Mozilla/5.0 (Windows NT 10.0; Win64; x64) AppleWebKit/537.36 (KHTML, like Gecko) Chrome/124.0.6367.207 Safari/537.36"
jomarlogistica.com.br:80 216.73.216.134 - - [10/Sep/2025:17:00:21 -0300] "GET /2023/04/18/the-very-best-female-competition-to-marry HTTP/1.1" 301 502 "-" "Mozilla/5.0 AppleWebKit/537.36 (KHTML, like Gecko; compatible; ClaudeBot/1.0; +claudebot@anthropic.com)"
jomarlogistica.com.br:80 216.73.216.134 - - [10/Sep/2025:17:00:22 -0300] "GET /2023/04/18/the-very-best-female-competition-to-marry/ HTTP/1.1" 200 17501 "https://jomarlogistica.com.br/2023/04/18/the-very-best-female-competition-to-marry" "Mozilla/5.0 AppleWebKit/537.36 (KHTML, like Gecko; compatible; ClaudeBot/1.0; +claudebot@anthropic.com)"
jomarlogistica.com.br:80 156.228.88.103 - - [10/Sep/2025:17:00:30 -0300] "GET /feed/ HTTP/1.1" 200 12127 "-" "Mozilla/5.0 (Windows NT 10.0; Win64; x64) AppleWebKit/537.36 (KHTML, like Gecko) Chrome/124.0.6367.207 Safari/537.36"
jomarlogistica.com.br:80 156.228.88.103 - - [10/Sep/2025:17:00:31 -0300] "GET /wp-login.php?wp_lang=en_US HTTP/1.1" 200 2496 "-" "Mozilla/5.0 (Windows NT 10.0; Win64; x64) AppleWebKit/537.36 (KHTML, like Gecko) Chrome/124.0.6367.207 Safari/537.36"
jomarlogistica.com.br:80 156.228.88.103 - - [10/Sep/2025:17:00:32 -0300] "POST /wp-login.php?wp_lang=en_US HTTP/1.1" 200 2649 "https://jomarlogistica.com.br/wp-login.php?wp_lang=en_US" "Mozilla/5.0 (Windows NT 10.0; Win64; x64) AppleWebKit/537.36 (KHTML, like Gecko) Chrome/124.0.6367.207 Safari/537.36"
jomarlogistica.com.br:80 156.228.180.177 - - [10/Sep/2025:17:00:43 -0300] "GET /feed/ HTTP/1.1" 200 12127 "-" "Mozilla/5.0 (Windows NT 10.0; Win64; x64) AppleWebKit/537.36 (KHTML, like Gecko) Chrome/124.0.6367.207 Safari/537.36"
jomarlogistica.com.br:80 156.228.180.177 - - [10/Sep/2025:17:00:43 -0300] "GET /wp-login.php?wp_lang=en_US HTTP/1.1" 200 2496 "-" "Mozilla/5.0 (Windows NT 10.0; Win64; x64) AppleWebKit/537.36 (KHTML, like Gecko) Chrome/124.0.6367.207 Safari/537.36"
jomarlogistica.com.br:80 156.228.180.177 - - [10/Sep/2025:17:00:44 -0300] "POST /wp-login.php?wp_lang=en_US HTTP/1.1" 200 2649 "https://jomarlogistica.com.br/wp-login.php?wp_lang=en_US" "Mozilla/5.0 (Windows NT 10.0; Win64; x64) AppleWebKit/537.36 (KHTML, like Gecko) Chrome/124.0.6367.207 Safari/537.36"
jomarlogistica.com.br:80 156.228.76.240 - - [10/Sep/2025:17:00:51 -0300] "GET /feed/ HTTP/1.1" 200 12127 "-" "Mozilla/5.0 (Windows NT 10.0; Win64; x64) AppleWebKit/537.36 (KHTML, like Gecko) Chrome/124.0.6367.207 Safari/537.36"
jomarlogistica.com.br:80 156.228.76.240 - - [10/Sep/2025:17:00:52 -0300] "GET /wp-login.php?wp_lang=en_US HTTP/1.1" 200 2496 "-" "Mozilla/5.0 (Windows NT 10.0; Win64; x64) AppleWebKit/537.36 (KHTML, like Gecko) Chrome/124.0.6367.207 Safari/537.36"
jomarlogistica.com.br:80 156.228.76.240 - - [10/Sep/2025:17:00:52 -0300] "POST /wp-login.php?wp_lang=en_US HTTP/1.1" 200 2649 "https://jomarlogistica.com.br/wp-login.php?wp_lang=en_US" "Mozilla/5.0 (Windows NT 10.0; Win64; x64) AppleWebKit/537.36 (KHTML, like Gecko) Chrome/124.0.6367.207 Safari/537.36"
jomarlogistica.com.br:80 156.228.105.236 - - [10/Sep/2025:17:00:55 -0300] "GET /feed/ HTTP/1.1" 200 12127 "-" "Mozilla/5.0 (Windows NT 10.0; Win64; x64) AppleWebKit/537.36 (KHTML, like Gecko) Chrome/124.0.6367.207 Safari/537.36"
jomarlogistica.com.br:80 156.228.105.236 - - [10/Sep/2025:17:00:57 -0300] "GET /wp-login.php?wp_lang=en_US HTTP/1.1" 200 2515 "-" "Mozilla/5.0 (Windows NT 10.0; Win64; x64) AppleWebKit/537.36 (KHTML, like Gecko) Chrome/124.0.6367.207 Safari/537.36"
jomarlogistica.com.br:80 156.228.105.236 - - [10/Sep/2025:17:00:57 -0300] "POST /wp-login.php?wp_lang=en_US HTTP/1.1" 200 2649 "https://jomarlogistica.com.br/wp-login.php?wp_lang=en_US" "Mozilla/5.0 (Windows NT 10.0; Win64; x64) AppleWebKit/537.36 (KHTML, like Gecko) Chrome/124.0.6367.207 Safari/537.36"
jomarlogistica.com.br:80 156.233.90.93 - - [10/Sep/2025:17:01:05 -0300] "GET /feed/ HTTP/1.1" 200 12127 "-" "Mozilla/5.0 (Windows NT 10.0; Win64; x64) AppleWebKit/537.36 (KHTML, like Gecko) Chrome/124.0.6367.207 Safari/537.36"
jomarlogistica.com.br:80 156.233.90.93 - - [10/Sep/2025:17:01:06 -0300] "GET /wp-login.php?wp_lang=en_US HTTP/1.1" 200 2496 "-" "Mozilla/5.0 (Windows NT 10.0; Win64; x64) AppleWebKit/537.36 (KHTML, like Gecko) Chrome/124.0.6367.207 Safari/537.36"
jomarlogistica.com.br:80 156.233.90.93 - - [10/Sep/2025:17:01:06 -0300] "POST /wp-login.php?wp_lang=en_US HTTP/1.1" 200 2649 "https://jomarlogistica.com.br/wp-login.php?wp_lang=en_US" "Mozilla/5.0 (Windows NT 10.0; Win64; x64) AppleWebKit/537.36 (KHTML, like Gecko) Chrome/124.0.6367.207 Safari/537.36"
jomarlogistica.com.br:80 156.233.88.139 - - [10/Sep/2025:17:01:09 -0300] "GET /feed/ HTTP/1.1" 200 12127 "-" "Mozilla/5.0 (Windows NT 10.0; Win64; x64) AppleWebKit/537.36 (KHTML, like Gecko) Chrome/124.0.6367.207 Safari/537.36"
jomarlogistica.com.br:80 156.233.88.139 - - [10/Sep/2025:17:01:09 -0300] "GET /wp-login.php?wp_lang=en_US HTTP/1.1" 200 2515 "-" "Mozilla/5.0 (Windows NT 10.0; Win64; x64) AppleWebKit/537.36 (KHTML, like Gecko) Chrome/124.0.6367.207 Safari/537.36"
jomarlogistica.com.br:80 156.233.88.139 - - [10/Sep/2025:17:01:10 -0300] "POST /wp-login.php?wp_lang=en_US HTTP/1.1" 200 2649 "https://jomarlogistica.com.br/wp-login.php?wp_lang=en_US" "Mozilla/5.0 (Windows NT 10.0; Win64; x64) AppleWebKit/537.36 (KHTML, like Gecko) Chrome/124.0.6367.207 Safari/537.36"
jomarlogistica.com.br:80 156.228.180.242 - - [10/Sep/2025:17:01:13 -0300] "GET /feed/ HTTP/1.1" 200 12127 "-" "Mozilla/5.0 (Windows NT 10.0; Win64; x64) AppleWebKit/537.36 (KHTML, like Gecko) Chrome/124.0.6367.207 Safari/537.36"
jomarlogistica.com.br:80 156.228.180.242 - - [10/Sep/2025:17:01:14 -0300] "GET /wp-login.php?wp_lang=en_US HTTP/1.1" 200 2496 "-" "Mozilla/5.0 (Windows NT 10.0; Win64; x64) AppleWebKit/537.36 (KHTML, like Gecko) Chrome/124.0.6367.207 Safari/537.36"
jomarlogistica.com.br:80 156.228.180.242 - - [10/Sep/2025:17:01:15 -0300] "POST /wp-login.php?wp_lang=en_US HTTP/1.1" 200 2649 "https://jomarlogistica.com.br/wp-login.php?wp_lang=en_US" "Mozilla/5.0 (Windows NT 10.0; Win64; x64) AppleWebKit/537.36 (KHTML, like Gecko) Chrome/124.0.6367.207 Safari/537.36"
jomarlogistica.com.br:80 156.242.46.144 - - [10/Sep/2025:17:01:21 -0300] "GET /feed/ HTTP/1.1" 200 12127 "-" "Mozilla/5.0 (Windows NT 10.0; Win64; x64) AppleWebKit/537.36 (KHTML, like Gecko) Chrome/124.0.6367.207 Safari/537.36"
