jomarlogistica.com.br:80 114.119.135.84 - - [10/Sep/2025:03:20:05 -0300] "GET /2023/03/02/top-ten-der-besondersten-kostenlosen-cam-to-cam-sites/ HTTP/1.1" 200 18315 "https://jomarlogistica.com.br/2023/03/page/3/" "Mozilla/5.0 (Linux; Android 7.0;) AppleWebKit/537.36 (KHTML, like Gecko) Mobile Safari/537.36 (compatible; PetalBot;+https://webmaster.petalsearch.com/site/petalbot)"
jomarlogistica.com.br:80 216.73.216.134 - - [10/Sep/2025:03:20:07 -0300] "GET /2023/page/39 HTTP/1.1" 301 462 "-" "Mozilla/5.0 AppleWebKit/537.36 (KHTML, like Gecko; compatible; ClaudeBot/1.0; +claudebot@anthropic.com)"
jomarlogistica.com.br:80 216.73.216.134 - - [10/Sep/2025:03:20:07 -0300] "GET /2023/page/39/ HTTP/1.1" 200 18828 "https://jomarlogistica.com.br/2023/page/39" "Mozilla/5.0 AppleWebKit/537.36 (KHTML, like Gecko; compatible; ClaudeBot/1.0; +claudebot@anthropic.com)"
jomarlogistica.com.br:80 114.119.136.72 - - [10/Sep/2025:03:21:25 -0300] "GET /2023/page/2/ HTTP/1.1" 200 18660 "https://jomarlogistica.com.br/2023/page/3/" "Mozilla/5.0 (Linux; Android 7.0;) AppleWebKit/537.36 (KHTML, like Gecko) Mobile Safari/537.36 (compatible; PetalBot;+https://webmaster.petalsearch.com/site/petalbot)"
jomarlogistica.com.br:80 216.73.216.134 - - [10/Sep/2025:03:21:54 -0300] "GET /?p=7289 HTTP/1.1" 301 487 "-" "Mozilla/5.0 AppleWebKit/537.36 (KHTML, like Gecko; compatible; ClaudeBot/1.0; +claudebot@anthropic.com)"
jomarlogistica.com.br:80 216.73.216.134 - - [10/Sep/2025:03:21:55 -0300] "GET /2023/09/27/advantages-of-vdr-software/ HTTP/1.1" 200 17151 "https://jomarlogistica.com.br/?p=7289" "Mozilla/5.0 AppleWebKit/537.36 (KHTML, like Gecko; compatible; ClaudeBot/1.0; +claudebot@anthropic.com)"
jomarlogistica.com.br:80 172.20.1.117 - - [10/Sep/2025:03:22:59 -0300] "POST /wp-cron.php?doing_wp_cron=1757485379.5746219158172607421875 HTTP/1.1" 200 389 "https://jomarlogistica.com.br/wp-cron.php?doing_wp_cron=1757485379.5746219158172607421875" "WordPress/5.8.10; https://jomarlogistica.com.br"
jomarlogistica.com.br:80 114.119.135.84 - - [10/Sep/2025:03:22:59 -0300] "GET /2023/08/29/asus-gaming-notebook-computers/ HTTP/1.1" 200 17439 "https://jomarlogistica.com.br/author/jomar/page/12/" "Mozilla/5.0 (Linux; Android 7.0;) AppleWebKit/537.36 (KHTML, like Gecko) Mobile Safari/537.36 (compatible; PetalBot;+https://webmaster.petalsearch.com/site/petalbot)"
jomarlogistica.com.br:80 127.0.0.1 - - [10/Sep/2025:03:23:05 -0300] "OPTIONS * HTTP/1.0" 200 110 "-" "Apache/2.4.65 (Ubuntu) (internal dummy connection)"
jomarlogistica.com.br:80 114.119.158.0 - - [10/Sep/2025:03:24:23 -0300] "GET /category/jomar/page/38/ HTTP/1.1" 200 18795 "https://jomarlogistica.com.br/category/jomar/page/39/" "Mozilla/5.0 (Linux; Android 7.0;) AppleWebKit/537.36 (KHTML, like Gecko) Mobile Safari/537.36 (compatible; PetalBot;+https://webmaster.petalsearch.com/site/petalbot)"
jomarlogistica.com.br:80 114.119.158.0 - - [10/Sep/2025:03:25:35 -0300] "GET /2023/page/39/ HTTP/1.1" 200 18886 "https://jomarlogistica.com.br/2023/page/39/" "Mozilla/5.0 (Linux; Android 7.0;) AppleWebKit/537.36 (KHTML, like Gecko) Mobile Safari/537.36 (compatible; PetalBot;+https://webmaster.petalsearch.com/site/petalbot)"
jomarlogistica.com.br:80 51.68.111.219 - - [10/Sep/2025:03:25:44 -0300] "GET /robots.txt HTTP/1.1" 200 584 "-" "Mozilla/5.0 (compatible; MJ12bot/v2.0.4; http://mj12bot.com/)"
jomarlogistica.com.br:80 51.68.111.219 - - [10/Sep/2025:03:25:45 -0300] "GET / HTTP/1.1" 200 23930 "-" "Mozilla/5.0 (compatible; MJ12bot/v2.0.4; http://mj12bot.com/)"
jomarlogistica.com.br:80 114.119.158.0 - - [10/Sep/2025:03:26:59 -0300] "GET /2023/12/27/carr-legal-photos-high-quality-legal-photography-services/ HTTP/1.1" 200 14177 "https://jomarlogistica.com.br/2023/12/25/understanding-the-2-year-rule-employment-legal-guidelines-and-advice/" "Mozilla/5.0 (Linux; Android 7.0;) AppleWebKit/537.36 (KHTML, like Gecko) Mobile Safari/537.36 (compatible; PetalBot;+https://webmaster.petalsearch.com/site/petalbot)"
jomarlogistica.com.br:80 172.20.1.117 - - [10/Sep/2025:03:28:03 -0300] "POST /wp-cron.php?doing_wp_cron=1757485683.9453051090240478515625 HTTP/1.1" 200 389 "https://jomarlogistica.com.br/wp-cron.php?doing_wp_cron=1757485683.9453051090240478515625" "WordPress/5.8.10; https://jomarlogistica.com.br"
jomarlogistica.com.br:80 216.244.66.226 - - [10/Sep/2025:03:28:03 -0300] "GET /robots.txt HTTP/1.1" 200 565 "-" "Mozilla/5.0 (compatible; DotBot/1.2; +https://opensiteexplorer.org/dotbot; help@moz.com)"
jomarlogistica.com.br:80 127.0.0.1 - - [10/Sep/2025:03:28:08 -0300] "OPTIONS * HTTP/1.0" 200 110 "-" "Apache/2.4.65 (Ubuntu) (internal dummy connection)"
jomarlogistica.com.br:80 114.119.134.192 - - [10/Sep/2025:03:28:24 -0300] "GET /2023/11/16/awaiting-your-agreement-legal-tips-for-negotiating-contracts/ HTTP/1.1" 200 14451 "https://jomarlogistica.com.br/2023/11/22/burrows-finn-and-todd-law-of-contract-in-new-zealand/" "Mozilla/5.0 (Linux; Android 7.0;) AppleWebKit/537.36 (KHTML, like Gecko) Mobile Safari/537.36 (compatible; PetalBot;+https://webmaster.petalsearch.com/site/petalbot)"
jomarlogistica.com.br:80 114.119.134.192 - - [10/Sep/2025:03:29:51 -0300] "GET /2023/11/07/expressvpn-prices-is-it-well-worth-the-extra-expense/ HTTP/1.1" 200 17368 "https://jomarlogistica.com.br/2023/11/04/company-branding-can-be-broader-than-product-logos/" "Mozilla/5.0 (Linux; Android 7.0;) AppleWebKit/537.36 (KHTML, like Gecko) Mobile Safari/537.36 (compatible; PetalBot;+https://webmaster.petalsearch.com/site/petalbot)"
jomarlogistica.com.br:80 57.141.0.41 - - [10/Sep/2025:03:29:51 -0300] "GET /2023/12/08/application-for-non-renewal-of-contract-legal-guide/ HTTP/1.1" 200 61254 "-" "meta-externalagent/1.1 (+https://developers.facebook.com/docs/sharing/webmasters/crawler)"
jomarlogistica.com.br:80 127.0.0.1 - - [10/Sep/2025:03:29:56 -0300] "OPTIONS * HTTP/1.0" 200 110 "-" "Apache/2.4.65 (Ubuntu) (internal dummy connection)"
jomarlogistica.com.br:80 114.119.158.0 - - [10/Sep/2025:03:31:07 -0300] "GET /wp-sitemap-taxonomies-category-1.xml HTTP/1.1" 200 589 "-" "Mozilla/5.0 (Linux; Android 7.0;) AppleWebKit/537.36 (KHTML, like Gecko) Mobile Safari/537.36 (compatible; PetalBot;+https://webmaster.petalsearch.com/site/petalbot)"
jomarlogistica.com.br:80 172.20.1.117 - - [10/Sep/2025:03:32:37 -0300] "POST /wp-cron.php?doing_wp_cron=1757485957.4981930255889892578125 HTTP/1.1" 200 389 "https://jomarlogistica.com.br/wp-cron.php?doing_wp_cron=1757485957.4981930255889892578125" "WordPress/5.8.10; https://jomarlogistica.com.br"
jomarlogistica.com.br:80 114.119.136.72 - - [10/Sep/2025:03:32:37 -0300] "GET /category/jomar/page/9/ HTTP/1.1" 200 18741 "https://jomarlogistica.com.br/category/jomar/page/8/" "Mozilla/5.0 (Linux; Android 7.0;) AppleWebKit/537.36 (KHTML, like Gecko) Mobile Safari/537.36 (compatible; PetalBot;+https://webmaster.petalsearch.com/site/petalbot)"
jomarlogistica.com.br:80 177.116.188.98 - - [10/Sep/2025:03:32:41 -0300] "POST /autodiscover/autodiscover.xml HTTP/1.1" 404 448 "-" "AppleExchangeWebServices/833 accountsd/113"
jomarlogistica.com.br:80 127.0.0.1 - - [10/Sep/2025:03:32:46 -0300] "OPTIONS * HTTP/1.0" 200 110 "-" "Apache/2.4.65 (Ubuntu) (internal dummy connection)"
jomarlogistica.com.br:80 114.119.128.158 - - [10/Sep/2025:03:33:59 -0300] "GET /category/jomar/page/39/ HTTP/1.1" 200 19021 "https://jomarlogistica.com.br/category/jomar/page/39/" "Mozilla/5.0 (Linux; Android 7.0;) AppleWebKit/537.36 (KHTML, like Gecko) Mobile Safari/537.36 (compatible; PetalBot;+https://webmaster.petalsearch.com/site/petalbot)"
jomarlogistica.com.br:80 104.210.140.138 - - [10/Sep/2025:03:34:01 -0300] "GET /robots.txt HTTP/1.1" 200 584 "-" "Mozilla/5.0 (Macintosh; Intel Mac OS X 10_15_7) AppleWebKit/537.36 (KHTML, like Gecko) Chrome/131.0.0.0 Safari/537.36; compatible; OAI-SearchBot/1.0; +https://openai.com/searchbot"
jomarlogistica.com.br:80 114.119.158.0 - - [10/Sep/2025:03:35:18 -0300] "GET /author/wadminw/ HTTP/1.1" 200 15959 "https://jomarlogistica.com.br/2025/" "Mozilla/5.0 (Linux; Android 7.0;) AppleWebKit/537.36 (KHTML, like Gecko) Mobile Safari/537.36 (compatible; PetalBot;+https://webmaster.petalsearch.com/site/petalbot)"
jomarlogistica.com.br:80 114.119.136.72 - - [10/Sep/2025:03:36:47 -0300] "GET /author/jomar/page/9/ HTTP/1.1" 200 18770 "https://jomarlogistica.com.br/author/jomar/page/9/" "Mozilla/5.0 (Linux; Android 7.0;) AppleWebKit/537.36 (KHTML, like Gecko) Mobile Safari/537.36 (compatible; PetalBot;+https://webmaster.petalsearch.com/site/petalbot)"
jomarlogistica.com.br:80 172.20.1.117 - - [10/Sep/2025:03:38:06 -0300] "POST /wp-cron.php?doing_wp_cron=1757486286.1769490242004394531250 HTTP/1.1" 200 389 "https://jomarlogistica.com.br/wp-cron.php?doing_wp_cron=1757486286.1769490242004394531250" "WordPress/5.8.10; https://jomarlogistica.com.br"
jomarlogistica.com.br:80 114.119.138.130 - - [10/Sep/2025:03:38:05 -0300] "GET /author/jomar/page/50/ HTTP/1.1" 200 18631 "https://jomarlogistica.com.br/author/jomar/page/49/" "Mozilla/5.0 (Linux; Android 7.0;) AppleWebKit/537.36 (KHTML, like Gecko) Mobile Safari/537.36 (compatible; PetalBot;+https://webmaster.petalsearch.com/site/petalbot)"
jomarlogistica.com.br:80 216.244.66.226 - - [10/Sep/2025:03:38:10 -0300] "GET /2023/05/07/best-international-dating-websites-linking-folks-throughout-the-world/ HTTP/1.1" 200 85172 "-" "Mozilla/5.0 (compatible; DotBot/1.2; +https://opensiteexplorer.org/dotbot; help@moz.com)"
jomarlogistica.com.br:80 127.0.0.1 - - [10/Sep/2025:03:38:16 -0300] "OPTIONS * HTTP/1.0" 200 110 "-" "Apache/2.4.65 (Ubuntu) (internal dummy connection)"
jomarlogistica.com.br:80 114.119.138.130 - - [10/Sep/2025:03:39:31 -0300] "GET /author/jomar/page/36/ HTTP/1.1" 200 18939 "https://jomarlogistica.com.br/author/jomar/page/35/" "Mozilla/5.0 (Linux; Android 7.0;) AppleWebKit/537.36 (KHTML, like Gecko) Mobile Safari/537.36 (compatible; PetalBot;+https://webmaster.petalsearch.com/site/petalbot)"
jomarlogistica.com.br:80 3.217.171.106 - - [10/Sep/2025:03:39:49 -0300] "GET /2023/10/02/what-is-a-data-room/ HTTP/1.1" 200 17275 "-" "Mozilla/5.0 AppleWebKit/537.36 (KHTML, like Gecko; compatible; Amazonbot/0.1; +https://developer.amazon.com/support/amazonbot) Chrome/119.0.6045.214 Safari/537.36"
jomarlogistica.com.br:80 3.213.46.222 - - [10/Sep/2025:03:39:54 -0300] "GET /2022/11/28/ways-to-match-turkish-ladies-with-western-guys/ HTTP/1.1" 200 18232 "-" "Mozilla/5.0 AppleWebKit/537.36 (KHTML, like Gecko; compatible; Amazonbot/0.1; +https://developer.amazon.com/support/amazonbot) Chrome/119.0.6045.214 Safari/537.36"
jomarlogistica.com.br:80 52.71.218.25 - - [10/Sep/2025:03:39:58 -0300] "GET /2022/12/24/how-to-construct-a-marriage-with-a-korean-woman/ HTTP/1.1" 200 17582 "-" "Mozilla/5.0 AppleWebKit/537.36 (KHTML, like Gecko; compatible; Amazonbot/0.1; +https://developer.amazon.com/support/amazonbot) Chrome/119.0.6045.214 Safari/537.36"
jomarlogistica.com.br:80 35.173.38.202 - - [10/Sep/2025:03:40:02 -0300] "GET /2023/03/29/ways-to-navigate-the-world-of-online-dating/ HTTP/1.1" 200 18298 "-" "Mozilla/5.0 AppleWebKit/537.36 (KHTML, like Gecko; compatible; Amazonbot/0.1; +https://developer.amazon.com/support/amazonbot) Chrome/119.0.6045.214 Safari/537.36"
jomarlogistica.com.br:80 52.54.157.23 - - [10/Sep/2025:03:40:05 -0300] "GET /2022/12/08/realizing-love-signs-you-are-in-love-3/ HTTP/1.1" 200 17437 "-" "Mozilla/5.0 AppleWebKit/537.36 (KHTML, like Gecko; compatible; Amazonbot/0.1; +https://developer.amazon.com/support/amazonbot) Chrome/119.0.6045.214 Safari/537.36"
jomarlogistica.com.br:80 3.231.193.38 - - [10/Sep/2025:03:40:09 -0300] "GET /2023/05/28/local-plumber-of-working-day-for-internet-dating/ HTTP/1.1" 200 17457 "-" "Mozilla/5.0 AppleWebKit/537.36 (KHTML, like Gecko; compatible; Amazonbot/0.1; +https://developer.amazon.com/support/amazonbot) Chrome/119.0.6045.214 Safari/537.36"
jomarlogistica.com.br:80 52.1.157.90 - - [10/Sep/2025:03:40:13 -0300] "GET /2022/11/25/exactly-what-is-a-soulmate-2/ HTTP/1.1" 200 18081 "-" "Mozilla/5.0 AppleWebKit/537.36 (KHTML, like Gecko; compatible; Amazonbot/0.1; +https://developer.amazon.com/support/amazonbot) Chrome/119.0.6045.214 Safari/537.36"
jomarlogistica.com.br:80 98.83.72.38 - - [10/Sep/2025:03:40:17 -0300] "GET /2023/10/16/best-builders-agreement-template-uk-legal-contract-samples/ HTTP/1.1" 200 14670 "-" "Mozilla/5.0 AppleWebKit/537.36 (KHTML, like Gecko; compatible; Amazonbot/0.1; +https://developer.amazon.com/support/amazonbot) Chrome/119.0.6045.214 Safari/537.36"
jomarlogistica.com.br:80 52.22.87.224 - - [10/Sep/2025:03:40:22 -0300] "GET /2023/01/10/five-reasons-to-get-married-to-slavic-females/ HTTP/1.1" 200 18141 "-" "Mozilla/5.0 AppleWebKit/537.36 (KHTML, like Gecko; compatible; Amazonbot/0.1; +https://developer.amazon.com/support/amazonbot) Chrome/119.0.6045.214 Safari/537.36"
jomarlogistica.com.br:80 98.84.60.17 - - [10/Sep/2025:03:40:25 -0300] "GET /2023/05/24/avg-antivirus-review/ HTTP/1.1" 200 17337 "-" "Mozilla/5.0 AppleWebKit/537.36 (KHTML, like Gecko; compatible; Amazonbot/0.1; +https://developer.amazon.com/support/amazonbot) Chrome/119.0.6045.214 Safari/537.36"
jomarlogistica.com.br:80 54.83.23.103 - - [10/Sep/2025:03:40:30 -0300] "GET /2023/07/03/email-voting-for-board-decisions/ HTTP/1.1" 200 17141 "-" "Mozilla/5.0 AppleWebKit/537.36 (KHTML, like Gecko; compatible; Amazonbot/0.1; +https://developer.amazon.com/support/amazonbot) Chrome/119.0.6045.214 Safari/537.36"
jomarlogistica.com.br:80 52.2.58.41 - - [10/Sep/2025:03:40:35 -0300] "GET /2023/10/31/the-very-best-paper-management-systems-with-respect-to-small-businesses/ HTTP/1.1" 200 17654 "-" "Mozilla/5.0 AppleWebKit/537.36 (KHTML, like Gecko; compatible; Amazonbot/0.1; +https://developer.amazon.com/support/amazonbot) Chrome/119.0.6045.214 Safari/537.36"
jomarlogistica.com.br:80 114.119.138.130 - - [10/Sep/2025:03:40:58 -0300] "GET /author/jomar/page/19/ HTTP/1.1" 200 18940 "https://jomarlogistica.com.br/author/jomar/page/18/" "Mozilla/5.0 (Linux; Android 7.0;) AppleWebKit/537.36 (KHTML, like Gecko) Mobile Safari/537.36 (compatible; PetalBot;+https://webmaster.petalsearch.com/site/petalbot)"
jomarlogistica.com.br:80 57.141.0.35 - - [10/Sep/2025:03:42:01 -0300] "GET /2023/06/10/11-best-hookup-sites-in-2023-prime-websites-for-hook-ups/ HTTP/1.1" 200 79356 "-" "meta-externalagent/1.1 (+https://developers.facebook.com/docs/sharing/webmasters/crawler)"
jomarlogistica.com.br:80 172.20.1.117 - - [10/Sep/2025:03:42:17 -0300] "POST /wp-cron.php?doing_wp_cron=1757486537.3993289470672607421875 HTTP/1.1" 200 389 "https://jomarlogistica.com.br/wp-cron.php?doing_wp_cron=1757486537.3993289470672607421875" "WordPress/5.8.10; https://jomarlogistica.com.br"
jomarlogistica.com.br:80 114.119.136.72 - - [10/Sep/2025:03:42:17 -0300] "GET /author/jomar/page/11/ HTTP/1.1" 200 18774 "https://jomarlogistica.com.br/author/jomar/page/12/" "Mozilla/5.0 (Linux; Android 7.0;) AppleWebKit/537.36 (KHTML, like Gecko) Mobile Safari/537.36 (compatible; PetalBot;+https://webmaster.petalsearch.com/site/petalbot)"
jomarlogistica.com.br:80 127.0.0.1 - - [10/Sep/2025:03:42:22 -0300] "OPTIONS * HTTP/1.0" 200 110 "-" "Apache/2.4.65 (Ubuntu) (internal dummy connection)"
jomarlogistica.com.br:80 114.119.138.130 - - [10/Sep/2025:03:43:40 -0300] "GET /2023/page/21/ HTTP/1.1" 200 18748 "https://jomarlogistica.com.br/2023/page/21/" "Mozilla/5.0 (Linux; Android 7.0;) AppleWebKit/537.36 (KHTML, like Gecko) Mobile Safari/537.36 (compatible; PetalBot;+https://webmaster.petalsearch.com/site/petalbot)"
jomarlogistica.com.br:80 114.119.135.84 - - [10/Sep/2025:03:45:02 -0300] "GET /2023/10/20/10-hour-rule-trucking-compliance-and-regulations-explained/ HTTP/1.1" 200 14373 "https://jomarlogistica.com.br/2023/10/23/a-written-agreement-between-two-countries-legal-implications/" "Mozilla/5.0 (Linux; Android 7.0;) AppleWebKit/537.36 (KHTML, like Gecko) Mobile Safari/537.36 (compatible; PetalBot;+https://webmaster.petalsearch.com/site/petalbot)"
jomarlogistica.com.br:80 114.119.135.84 - - [10/Sep/2025:03:46:36 -0300] "GET /2023/10/10/united-states-data-area-providers/ HTTP/1.1" 200 17267 "https://jomarlogistica.com.br/category/jomar/page/3/" "Mozilla/5.0 (Linux; Android 7.0;) AppleWebKit/537.36 (KHTML, like Gecko) Mobile Safari/537.36 (compatible; PetalBot;+https://webmaster.petalsearch.com/site/petalbot)"
jomarlogistica.com.br:80 172.20.1.117 - - [10/Sep/2025:03:47:54 -0300] "POST /wp-cron.php?doing_wp_cron=1757486874.5577399730682373046875 HTTP/1.1" 200 389 "https://jomarlogistica.com.br/wp-cron.php?doing_wp_cron=1757486874.5577399730682373046875" "WordPress/5.8.10; https://jomarlogistica.com.br"
jomarlogistica.com.br:80 114.119.134.192 - - [10/Sep/2025:03:47:54 -0300] "GET /2023/10/07/very-best-vpn-comparison/ HTTP/1.1" 200 17511 "https://jomarlogistica.com.br/2023/10/07/very-best-vpn-comparison/" "Mozilla/5.0 (Linux; Android 7.0;) AppleWebKit/537.36 (KHTML, like Gecko) Mobile Safari/537.36 (compatible; PetalBot;+https://webmaster.petalsearch.com/site/petalbot)"
jomarlogistica.com.br:80 127.0.0.1 - - [10/Sep/2025:03:48:00 -0300] "OPTIONS * HTTP/1.0" 200 110 "-" "Apache/2.4.65 (Ubuntu) (internal dummy connection)"
jomarlogistica.com.br:80 177.116.188.98 - - [10/Sep/2025:03:48:05 -0300] "POST /autodiscover/autodiscover.xml HTTP/1.1" 404 448 "-" "AppleExchangeWebServices/833 accountsd/113"
jomarlogistica.com.br:80 114.119.128.158 - - [10/Sep/2025:03:49:14 -0300] "GET /2023/10/03/online-antivirus-scan-for-android-mobile/ HTTP/1.1" 200 17131 "https://jomarlogistica.com.br/2023/page/4/" "Mozilla/5.0 (Linux; Android 7.0;) AppleWebKit/537.36 (KHTML, like Gecko) Mobile Safari/537.36 (compatible; PetalBot;+https://webmaster.petalsearch.com/site/petalbot)"
jomarlogistica.com.br:80 114.119.138.130 - - [10/Sep/2025:03:50:37 -0300] "GET /2023/10/03/accounting-software-benefits/ HTTP/1.1" 200 17234 "https://jomarlogistica.com.br/2023/page/4/" "Mozilla/5.0 (Linux; Android 7.0;) AppleWebKit/537.36 (KHTML, like Gecko) Mobile Safari/537.36 (compatible; PetalBot;+https://webmaster.petalsearch.com/site/petalbot)"
jomarlogistica.com.br:80 114.119.135.84 - - [10/Sep/2025:03:52:00 -0300] "GET /2023/10/02/top-antivirus-for-android/ HTTP/1.1" 200 17074 "https://jomarlogistica.com.br/author/jomar/page/5/" "Mozilla/5.0 (Linux; Android 7.0;) AppleWebKit/537.36 (KHTML, like Gecko) Mobile Safari/537.36 (compatible; PetalBot;+https://webmaster.petalsearch.com/site/petalbot)"
jomarlogistica.com.br:80 198.235.24.18 - - [10/Sep/2025:03:52:02 -0300] "GET / HTTP/1.1" 200 134115 "-" "Hello from Palo Alto Networks, find out more about our scans in https://docs-cortex.paloaltonetworks.com/r/1/Cortex-Xpanse/Scanning-activity"
jomarlogistica.com.br:80 172.20.1.117 - - [10/Sep/2025:03:52:41 -0300] "POST /wp-cron.php?doing_wp_cron=1757487161.7951900959014892578125 HTTP/1.1" 200 389 "https://jomarlogistica.com.br/wp-cron.php?doing_wp_cron=1757487161.7951900959014892578125" "WordPress/5.8.10; https://jomarlogistica.com.br"
jomarlogistica.com.br:80 57.141.0.5 - - [10/Sep/2025:03:52:41 -0300] "GET /2022/09/01/the-benefits-of-healthy-romantic-relationships/ HTTP/1.1" 200 82810 "-" "meta-externalagent/1.1 (+https://developers.facebook.com/docs/sharing/webmasters/crawler)"
jomarlogistica.com.br:80 127.0.0.1 - - [10/Sep/2025:03:52:47 -0300] "OPTIONS * HTTP/1.0" 200 110 "-" "Apache/2.4.65 (Ubuntu) (internal dummy connection)"
jomarlogistica.com.br:80 114.119.158.0 - - [10/Sep/2025:03:53:28 -0300] "GET /category/jomar/page/3/ HTTP/1.1" 200 18757 "https://jomarlogistica.com.br/category/jomar/page/3/" "Mozilla/5.0 (Linux; Android 7.0;) AppleWebKit/537.36 (KHTML, like Gecko) Mobile Safari/537.36 (compatible; PetalBot;+https://webmaster.petalsearch.com/site/petalbot)"
jomarlogistica.com.br:80 114.119.135.84 - - [10/Sep/2025:03:54:50 -0300] "GET /category/jomar/page/25/ HTTP/1.1" 200 18923 "https://jomarlogistica.com.br/category/jomar/page/25/" "Mozilla/5.0 (Linux; Android 7.0;) AppleWebKit/537.36 (KHTML, like Gecko) Mobile Safari/537.36 (compatible; PetalBot;+https://webmaster.petalsearch.com/site/petalbot)"
jomarlogistica.com.br:80 114.119.136.72 - - [10/Sep/2025:03:56:11 -0300] "GET /2023/page/10/ HTTP/1.1" 200 18528 "https://jomarlogistica.com.br/2023/page/11/" "Mozilla/5.0 (Linux; Android 7.0;) AppleWebKit/537.36 (KHTML, like Gecko) Mobile Safari/537.36 (compatible; PetalBot;+https://webmaster.petalsearch.com/site/petalbot)"
jomarlogistica.com.br:80 172.20.1.117 - - [10/Sep/2025:03:57:34 -0300] "POST /wp-cron.php?doing_wp_cron=1757487454.2273991107940673828125 HTTP/1.1" 200 389 "https://jomarlogistica.com.br/wp-cron.php?doing_wp_cron=1757487454.2273991107940673828125" "WordPress/5.8.10; https://jomarlogistica.com.br"
jomarlogistica.com.br:80 114.119.138.130 - - [10/Sep/2025:03:57:33 -0300] "GET /2023/12/30/are-signed-mediation-agreements-binding-expert-legal-insight/ HTTP/1.1" 200 14753 "https://jomarlogistica.com.br/2023/12/30/are-signed-mediation-agreements-binding-expert-legal-insight/" "Mozilla/5.0 (Linux; Android 7.0;) AppleWebKit/537.36 (KHTML, like Gecko) Mobile Safari/537.36 (compatible; PetalBot;+https://webmaster.petalsearch.com/site/petalbot)"
jomarlogistica.com.br:80 127.0.0.1 - - [10/Sep/2025:03:57:39 -0300] "OPTIONS * HTTP/1.0" 200 110 "-" "Apache/2.4.65 (Ubuntu) (internal dummy connection)"
jomarlogistica.com.br:80 114.119.134.192 - - [10/Sep/2025:03:58:58 -0300] "GET /2023/10/10/how-to-pick-the-best-internet-data-area/ HTTP/1.1" 200 17310 "https://jomarlogistica.com.br/2023/10/08/precisely-what-is-online-talking-to/" "Mozilla/5.0 (Linux; Android 7.0;) AppleWebKit/537.36 (KHTML, like Gecko) Mobile Safari/537.36 (compatible; PetalBot;+https://webmaster.petalsearch.com/site/petalbot)"
jomarlogistica.com.br:80 185.191.171.15 - - [10/Sep/2025:03:59:18 -0300] "GET /robots.txt HTTP/1.1" 200 584 "-" "Mozilla/5.0 (compatible; SemrushBot/7~bl; +http://www.semrush.com/bot.html)"
jomarlogistica.com.br:80 85.208.96.201 - - [10/Sep/2025:03:59:20 -0300] "GET /category/jomar/page/33/ HTTP/1.1" 200 18830 "-" "Mozilla/5.0 (compatible; SemrushBot/7~bl; +http://www.semrush.com/bot.html)"
jomarlogistica.com.br:80 114.119.134.192 - - [10/Sep/2025:04:00:26 -0300] "GET /2023/10/08/the-advantages-of-a-digital-data-area-for-expenditure-bankers/ HTTP/1.1" 200 17403 "https://jomarlogistica.com.br/category/jomar/page/3/" "Mozilla/5.0 (Linux; Android 7.0;) AppleWebKit/537.36 (KHTML, like Gecko) Mobile Safari/537.36 (compatible; PetalBot;+https://webmaster.petalsearch.com/site/petalbot)"
jomarlogistica.com.br:80 114.119.135.84 - - [10/Sep/2025:04:01:45 -0300] "GET /2023/09/page/7/ HTTP/1.1" 200 16067 "https://jomarlogistica.com.br/2023/09/page/7/" "Mozilla/5.0 (Linux; Android 7.0;) AppleWebKit/537.36 (KHTML, like Gecko) Mobile Safari/537.36 (compatible; PetalBot;+https://webmaster.petalsearch.com/site/petalbot)"
jomarlogistica.com.br:80 172.20.1.117 - - [10/Sep/2025:04:02:52 -0300] "POST /wp-cron.php?doing_wp_cron=1757487771.9789710044860839843750 HTTP/1.1" 200 389 "https://jomarlogistica.com.br/wp-cron.php?doing_wp_cron=1757487771.9789710044860839843750" "WordPress/5.8.10; https://jomarlogistica.com.br"
jomarlogistica.com.br:80 57.141.0.22 - - [10/Sep/2025:04:02:51 -0300] "GET /2023/10/03/cds-full-form-age-limit-eligibility-criteria-for-cds-exam/ HTTP/1.1" 200 60605 "-" "meta-externalagent/1.1 (+https://developers.facebook.com/docs/sharing/webmasters/crawler)"
jomarlogistica.com.br:80 127.0.0.1 - - [10/Sep/2025:04:02:56 -0300] "OPTIONS * HTTP/1.0" 200 110 "-" "Apache/2.4.65 (Ubuntu) (internal dummy connection)"
jomarlogistica.com.br:80 114.119.134.192 - - [10/Sep/2025:04:03:11 -0300] "GET /2023/09/27/virtual-data-room-preparation/ HTTP/1.1" 200 17093 "https://jomarlogistica.com.br/category/jomar/page/7/" "Mozilla/5.0 (Linux; Android 7.0;) AppleWebKit/537.36 (KHTML, like Gecko) Mobile Safari/537.36 (compatible; PetalBot;+https://webmaster.petalsearch.com/site/petalbot)"
jomarlogistica.com.br:80 186.202.163.107 - - [10/Sep/2025:04:03:15 -0300] "GET / HTTP/1.1" 200 23930 "-" "Mozilla/5.0 (Windows NT 10.0; Win64; x64) AppleWebKit/537.36 (KHTML, like Gecko) Chrome/90.0 Safari/537.36"
jomarlogistica.com.br:80 114.119.158.0 - - [10/Sep/2025:04:04:35 -0300] "GET /2023/09/25/what-is-data-room-confidential-mode/ HTTP/1.1" 200 17240 "https://jomarlogistica.com.br/author/jomar/page/9/" "Mozilla/5.0 (Linux; Android 7.0;) AppleWebKit/537.36 (KHTML, like Gecko) Mobile Safari/537.36 (compatible; PetalBot;+https://webmaster.petalsearch.com/site/petalbot)"
jomarlogistica.com.br:80 172.20.1.117 - - [10/Sep/2025:04:05:55 -0300] "POST /wp-cron.php?doing_wp_cron=1757487955.4795260429382324218750 HTTP/1.1" 200 389 "https://jomarlogistica.com.br/wp-cron.php?doing_wp_cron=1757487955.4795260429382324218750" "WordPress/5.8.10; https://jomarlogistica.com.br"
jomarlogistica.com.br:80 114.119.138.207 - - [10/Sep/2025:04:05:55 -0300] "GET /2023/09/25/top-vpn-services-reviews/ HTTP/1.1" 200 17363 "https://jomarlogistica.com.br/author/jomar/page/8/" "Mozilla/5.0 (Linux; Android 7.0;) AppleWebKit/537.36 (KHTML, like Gecko) Mobile Safari/537.36 (compatible; PetalBot;+https://webmaster.petalsearch.com/site/petalbot)"
jomarlogistica.com.br:80 127.0.0.1 - - [10/Sep/2025:04:06:01 -0300] "OPTIONS * HTTP/1.0" 200 110 "-" "Apache/2.4.65 (Ubuntu) (internal dummy connection)"
jomarlogistica.com.br:80 172.20.1.117 - - [10/Sep/2025:04:07:23 -0300] "POST /wp-cron.php?doing_wp_cron=1757488043.5303859710693359375000 HTTP/1.1" 200 389 "https://jomarlogistica.com.br/wp-cron.php?doing_wp_cron=1757488043.5303859710693359375000" "WordPress/5.8.10; https://jomarlogistica.com.br"
jomarlogistica.com.br:80 114.119.138.130 - - [10/Sep/2025:04:07:23 -0300] "GET /2023/09/25/how-to-choose-a-secure-data-repository/ HTTP/1.1" 200 17251 "https://jomarlogistica.com.br/author/jomar/page/8/" "Mozilla/5.0 (Linux; Android 7.0;) AppleWebKit/537.36 (KHTML, like Gecko) Mobile Safari/537.36 (compatible; PetalBot;+https://webmaster.petalsearch.com/site/petalbot)"
jomarlogistica.com.br:80 127.0.0.1 - - [10/Sep/2025:04:07:29 -0300] "OPTIONS * HTTP/1.0" 200 110 "-" "Apache/2.4.65 (Ubuntu) (internal dummy connection)"
jomarlogistica.com.br:80 114.119.134.192 - - [10/Sep/2025:04:08:43 -0300] "GET /2023/09/22/attachment-definition-in-legal-terms-understanding-legal-attachment/ HTTP/1.1" 200 14928 "https://jomarlogistica.com.br/2023/09/28/car-sale-agreement-stamp-paper-legal-document-for-vehicle-sale/" "Mozilla/5.0 (Linux; Android 7.0;) AppleWebKit/537.36 (KHTML, like Gecko) Mobile Safari/537.36 (compatible; PetalBot;+https://webmaster.petalsearch.com/site/petalbot)"
jomarlogistica.com.br:80 57.141.0.20 - - [10/Sep/2025:04:09:12 -0300] "GET /2023/03/02/the-hazards-of-the-sugardaddy-lifestyle/ HTTP/1.1" 200 81193 "-" "meta-externalagent/1.1 (+https://developers.facebook.com/docs/sharing/webmasters/crawler)"
jomarlogistica.com.br:80 114.119.135.84 - - [10/Sep/2025:04:10:08 -0300] "GET /2023/09/04/job-tips-how-to-find-a-brand-new-job/ HTTP/1.1" 200 17404 "https://jomarlogistica.com.br/2023/09/04/job-tips-how-to-find-a-brand-new-job/" "Mozilla/5.0 (Linux; Android 7.0;) AppleWebKit/537.36 (KHTML, like Gecko) Mobile Safari/537.36 (compatible; PetalBot;+https://webmaster.petalsearch.com/site/petalbot)"
jomarlogistica.com.br:80 114.119.134.192 - - [10/Sep/2025:04:11:35 -0300] "GET /2023/09/ HTTP/1.1" 200 18390 "https://jomarlogistica.com.br/2023/06/" "Mozilla/5.0 (Linux; Android 7.0;) AppleWebKit/537.36 (KHTML, like Gecko) Mobile Safari/537.36 (compatible; PetalBot;+https://webmaster.petalsearch.com/site/petalbot)"
jomarlogistica.com.br:80 172.20.1.117 - - [10/Sep/2025:04:12:57 -0300] "POST /wp-cron.php?doing_wp_cron=1757488377.1095979213714599609375 HTTP/1.1" 200 389 "https://jomarlogistica.com.br/wp-cron.php?doing_wp_cron=1757488377.1095979213714599609375" "WordPress/5.8.10; https://jomarlogistica.com.br"
jomarlogistica.com.br:80 114.119.136.72 - - [10/Sep/2025:04:12:56 -0300] "GET /2023/07/11/dataroom-software-review-brainloop/ HTTP/1.1" 200 16912 "https://jomarlogistica.com.br/2023/page/15/" "Mozilla/5.0 (Linux; Android 7.0;) AppleWebKit/537.36 (KHTML, like Gecko) Mobile Safari/537.36 (compatible; PetalBot;+https://webmaster.petalsearch.com/site/petalbot)"
jomarlogistica.com.br:80 127.0.0.1 - - [10/Sep/2025:04:13:02 -0300] "OPTIONS * HTTP/1.0" 200 110 "-" "Apache/2.4.65 (Ubuntu) (internal dummy connection)"
jomarlogistica.com.br:80 114.119.134.192 - - [10/Sep/2025:04:14:23 -0300] "GET /2023/07/03/email-voting-for-board-decisions/ HTTP/1.1" 200 17141 "https://jomarlogistica.com.br/2023/07/01/organization-trips-and-remote-work/" "Mozilla/5.0 (Linux; Android 7.0;) AppleWebKit/537.36 (KHTML, like Gecko) Mobile Safari/537.36 (compatible; PetalBot;+https://webmaster.petalsearch.com/site/petalbot)"
jomarlogistica.com.br:80 114.119.158.0 - - [10/Sep/2025:04:15:45 -0300] "GET /2023/07/ HTTP/1.1" 200 18639 "https://jomarlogistica.com.br/2023/06/" "Mozilla/5.0 (Linux; Android 7.0;) AppleWebKit/537.36 (KHTML, like Gecko) Mobile Safari/537.36 (compatible; PetalBot;+https://webmaster.petalsearch.com/site/petalbot)"
jomarlogistica.com.br:80 57.141.0.53 - - [10/Sep/2025:04:15:46 -0300] "GET /2023/02/01/the-best-latin-singers-of-all-time/ HTTP/1.1" 200 81170 "-" "meta-externalagent/1.1 (+https://developers.facebook.com/docs/sharing/webmasters/crawler)"
jomarlogistica.com.br:80 127.0.0.1 - - [10/Sep/2025:04:15:52 -0300] "OPTIONS * HTTP/1.0" 200 110 "-" "Apache/2.4.65 (Ubuntu) (internal dummy connection)"
jomarlogistica.com.br:80 114.119.136.72 - - [10/Sep/2025:04:17:05 -0300] "GET /2023/06/page/4/ HTTP/1.1" 200 16772 "https://jomarlogistica.com.br/2023/06/" "Mozilla/5.0 (Linux; Android 7.0;) AppleWebKit/537.36 (KHTML, like Gecko) Mobile Safari/537.36 (compatible; PetalBot;+https://webmaster.petalsearch.com/site/petalbot)"
jomarlogistica.com.br:80 91.224.92.45 - - [10/Sep/2025:04:17:08 -0300] "GET /wp-login.php HTTP/1.1" 200 2994 "https://duckduckgo.com/" "Mozilla/5.0 (Windows NT 10.0; Win64; x64) AppleWebKit/537.36 (KHTML, like Gecko) Chrome/118.0.5993.88 Safari/537.36"
jomarlogistica.com.br:80 91.224.92.45 - - [10/Sep/2025:04:17:09 -0300] "POST /wp-login.php HTTP/1.1" 200 3090 "https://jomarlogistica.com.br/wp-login.php" "Mozilla/5.0 (Macintosh; Intel Mac OS X 10.15) Gecko/20100101 Firefox/118.0.2"
jomarlogistica.com.br:80 91.224.92.45 - - [10/Sep/2025:04:17:10 -0300] "GET /wp-admin/index.php HTTP/1.1" 302 472 "https://jomarlogistica.com.br/wp-login.php" "Mozilla/5.0 (Macintosh; Intel Mac OS X 10.15) Gecko/20100101 Firefox/118.0.2"
jomarlogistica.com.br:80 172.20.1.117 - - [10/Sep/2025:04:17:12 -0300] "POST /wp-cron.php?doing_wp_cron=1757488632.5622909069061279296875 HTTP/1.1" 200 389 "https://jomarlogistica.com.br/wp-cron.php?doing_wp_cron=1757488632.5622909069061279296875" "WordPress/5.8.10; https://jomarlogistica.com.br"
jomarlogistica.com.br:80 91.224.92.45 - - [10/Sep/2025:04:17:12 -0300] "GET /wp-login.php?redirect_to=https%3A%2F%2Fjomarlogistica.com.br%2Fwp-admin%2Findex.php&reauth=1 HTTP/1.1" 200 5018 "https://jomarlogistica.com.br/wp-login.php" "Mozilla/5.0 (Macintosh; Intel Mac OS X 10.15) Gecko/20100101 Firefox/118.0.2"
jomarlogistica.com.br:80 91.224.92.45 - - [10/Sep/2025:04:17:13 -0300] "POST /wp-login.php HTTP/1.1" 200 3028 "https://jomarlogistica.com.br/wp-login.php" "Mozilla/5.0 (Macintosh; Intel Mac OS X 13_6_2) AppleWebKit/537.36 (KHTML, like Gecko) Chrome/122.0.6261.57 Safari/537.36"
jomarlogistica.com.br:80 91.224.92.45 - - [10/Sep/2025:04:17:14 -0300] "GET /wp-admin/index.php HTTP/1.1" 302 472 "https://jomarlogistica.com.br/wp-login.php" "Mozilla/5.0 (Macintosh; Intel Mac OS X 13_6_2) AppleWebKit/537.36 (KHTML, like Gecko) Chrome/122.0.6261.57 Safari/537.36"
jomarlogistica.com.br:80 91.224.92.45 - - [10/Sep/2025:04:17:15 -0300] "GET /wp-login.php?redirect_to=https%3A%2F%2Fjomarlogistica.com.br%2Fwp-admin%2Findex.php&reauth=1 HTTP/1.1" 200 4999 "https://jomarlogistica.com.br/wp-login.php" "Mozilla/5.0 (Macintosh; Intel Mac OS X 13_6_2) AppleWebKit/537.36 (KHTML, like Gecko) Chrome/122.0.6261.57 Safari/537.36"
jomarlogistica.com.br:80 91.224.92.45 - - [10/Sep/2025:04:17:16 -0300] "POST /wp-login.php HTTP/1.1" 200 3047 "https://jomarlogistica.com.br/wp-login.php" "Mozilla/5.0 (X11; Linux x86_64) AppleWebKit/537.36 (KHTML, like Gecko) Chrome/119.0.6045.159 Safari/537.36"
jomarlogistica.com.br:80 127.0.0.1 - - [10/Sep/2025:04:17:16 -0300] "OPTIONS * HTTP/1.0" 200 110 "-" "Apache/2.4.65 (Ubuntu) (internal dummy connection)"
jomarlogistica.com.br:80 91.224.92.45 - - [10/Sep/2025:04:17:16 -0300] "GET /wp-admin/index.php HTTP/1.1" 302 472 "https://jomarlogistica.com.br/wp-login.php" "Mozilla/5.0 (X11; Linux x86_64) AppleWebKit/537.36 (KHTML, like Gecko) Chrome/119.0.6045.159 Safari/537.36"
jomarlogistica.com.br:80 91.224.92.45 - - [10/Sep/2025:04:17:17 -0300] "GET /wp-login.php?redirect_to=https%3A%2F%2Fjomarlogistica.com.br%2Fwp-admin%2Findex.php&reauth=1 HTTP/1.1" 200 4999 "https://jomarlogistica.com.br/wp-login.php" "Mozilla/5.0 (X11; Linux x86_64) AppleWebKit/537.36 (KHTML, like Gecko) Chrome/119.0.6045.159 Safari/537.36"
jomarlogistica.com.br:80 91.224.92.45 - - [10/Sep/2025:04:17:18 -0300] "POST /wp-login.php HTTP/1.1" 200 3028 "https://jomarlogistica.com.br/wp-login.php" "Mozilla/5.0 (Windows NT 10.0; Win64; x64) AppleWebKit/537.36 (KHTML, like Gecko) Chrome/119.0.6045.159 Safari/537.36"
jomarlogistica.com.br:80 91.224.92.45 - - [10/Sep/2025:04:17:19 -0300] "GET /wp-admin/index.php HTTP/1.1" 302 472 "https://jomarlogistica.com.br/wp-login.php" "Mozilla/5.0 (Windows NT 10.0; Win64; x64) AppleWebKit/537.36 (KHTML, like Gecko) Chrome/119.0.6045.159 Safari/537.36"
jomarlogistica.com.br:80 91.224.92.45 - - [10/Sep/2025:04:17:19 -0300] "GET /wp-login.php?redirect_to=https%3A%2F%2Fjomarlogistica.com.br%2Fwp-admin%2Findex.php&reauth=1 HTTP/1.1" 200 5018 "https://jomarlogistica.com.br/wp-login.php" "Mozilla/5.0 (Windows NT 10.0; Win64; x64) AppleWebKit/537.36 (KHTML, like Gecko) Chrome/119.0.6045.159 Safari/537.36"
jomarlogistica.com.br:80 91.224.92.45 - - [10/Sep/2025:04:17:21 -0300] "POST /wp-login.php HTTP/1.1" 200 3028 "https://jomarlogistica.com.br/wp-login.php" "Mozilla/5.0 (Windows NT 10.0; Win64; x64) AppleWebKit/537.36 (KHTML, like Gecko) Chrome/121.0.0.0 Safari/537.36 Edg/121.0.2277.83"
jomarlogistica.com.br:80 91.224.92.45 - - [10/Sep/2025:04:17:22 -0300] "GET /wp-admin/index.php HTTP/1.1" 302 472 "https://jomarlogistica.com.br/wp-login.php" "Mozilla/5.0 (Windows NT 10.0; Win64; x64) AppleWebKit/537.36 (KHTML, like Gecko) Chrome/121.0.0.0 Safari/537.36 Edg/121.0.2277.83"
jomarlogistica.com.br:80 91.224.92.45 - - [10/Sep/2025:04:17:23 -0300] "GET /wp-login.php?redirect_to=https%3A%2F%2Fjomarlogistica.com.br%2Fwp-admin%2Findex.php&reauth=1 HTTP/1.1" 200 4999 "https://jomarlogistica.com.br/wp-login.php" "Mozilla/5.0 (Windows NT 10.0; Win64; x64) AppleWebKit/537.36 (KHTML, like Gecko) Chrome/121.0.0.0 Safari/537.36 Edg/121.0.2277.83"
jomarlogistica.com.br:80 91.224.92.45 - - [10/Sep/2025:04:17:26 -0300] "POST /wp-login.php HTTP/1.1" 200 3094 "https://jomarlogistica.com.br/wp-login.php" "Mozilla/5.0 (Windows NT 11.0; Win64; x64) AppleWebKit/537.36 (KHTML, like Gecko) Chrome/120.0.6099.130 Safari/537.36"
jomarlogistica.com.br:80 91.224.92.45 - - [10/Sep/2025:04:17:27 -0300] "GET /wp-admin/index.php HTTP/1.1" 302 491 "https://jomarlogistica.com.br/wp-login.php" "Mozilla/5.0 (Windows NT 11.0; Win64; x64) AppleWebKit/537.36 (KHTML, like Gecko) Chrome/120.0.6099.130 Safari/537.36"
jomarlogistica.com.br:80 91.224.92.45 - - [10/Sep/2025:04:17:28 -0300] "GET /wp-login.php?redirect_to=https%3A%2F%2Fjomarlogistica.com.br%2Fwp-admin%2Findex.php&reauth=1 HTTP/1.1" 200 4999 "https://jomarlogistica.com.br/wp-login.php" "Mozilla/5.0 (Windows NT 11.0; Win64; x64) AppleWebKit/537.36 (KHTML, like Gecko) Chrome/120.0.6099.130 Safari/537.36"
jomarlogistica.com.br:80 91.224.92.45 - - [10/Sep/2025:04:17:31 -0300] "POST /wp-login.php HTTP/1.1" 200 3095 "https://jomarlogistica.com.br/wp-login.php" "Mozilla/5.0 (Macintosh; Intel Mac OS X 12_6_2) AppleWebKit/605.1.15 (KHTML, like Gecko) Version/17.2.1 Safari/605.1.15"
jomarlogistica.com.br:80 91.224.92.45 - - [10/Sep/2025:04:17:31 -0300] "GET /wp-admin/index.php HTTP/1.1" 302 472 "https://jomarlogistica.com.br/wp-login.php" "Mozilla/5.0 (Macintosh; Intel Mac OS X 12_6_2) AppleWebKit/605.1.15 (KHTML, like Gecko) Version/17.2.1 Safari/605.1.15"
jomarlogistica.com.br:80 91.224.92.45 - - [10/Sep/2025:04:17:33 -0300] "GET /wp-login.php?redirect_to=https%3A%2F%2Fjomarlogistica.com.br%2Fwp-admin%2Findex.php&reauth=1 HTTP/1.1" 200 4999 "https://jomarlogistica.com.br/wp-login.php" "Mozilla/5.0 (Macintosh; Intel Mac OS X 12_6_2) AppleWebKit/605.1.15 (KHTML, like Gecko) Version/17.2.1 Safari/605.1.15"
jomarlogistica.com.br:80 185.191.171.19 - - [10/Sep/2025:04:18:04 -0300] "GET /2023/04/20/free-courting-hookups-made-easy/ HTTP/1.1" 200 17528 "-" "Mozilla/5.0 (compatible; SemrushBot/7~bl; +http://www.semrush.com/bot.html)"
jomarlogistica.com.br:80 114.119.128.158 - - [10/Sep/2025:04:18:36 -0300] "GET /2023/06/27/anti-virus-performance-comparability/ HTTP/1.1" 200 17580 "https://jomarlogistica.com.br/2023/06/" "Mozilla/5.0 (Linux; Android 7.0;) AppleWebKit/537.36 (KHTML, like Gecko) Mobile Safari/537.36 (compatible; PetalBot;+https://webmaster.petalsearch.com/site/petalbot)"
jomarlogistica.com.br:80 177.116.188.98 - - [10/Sep/2025:04:18:39 -0300] "POST /autodiscover/autodiscover.xml HTTP/1.1" 404 448 "-" "AppleExchangeWebServices/833 accountsd/113"
jomarlogistica.com.br:80 177.116.188.98 - - [10/Sep/2025:04:18:40 -0300] "POST /autodiscover/autodiscover.xml HTTP/1.1" 404 448 "-" "AppleExchangeWebServices/833 accountsd/113"
jomarlogistica.com.br:80 177.116.188.98 - - [10/Sep/2025:04:18:42 -0300] "POST /autodiscover/autodiscover.xml HTTP/1.1" 404 448 "-" "AppleExchangeWebServices/833 accountsd/113"
jomarlogistica.com.br:80 127.0.0.1 - - [10/Sep/2025:04:18:47 -0300] "OPTIONS * HTTP/1.0" 200 110 "-" "Apache/2.4.65 (Ubuntu) (internal dummy connection)"
jomarlogistica.com.br:80 114.119.135.84 - - [10/Sep/2025:04:19:58 -0300] "GET /2023/06/20/the-right-way-to-take-get-together-notes-successfully/ HTTP/1.1" 200 17419 "https://jomarlogistica.com.br/2023/06/" "Mozilla/5.0 (Linux; Android 7.0;) AppleWebKit/537.36 (KHTML, like Gecko) Mobile Safari/537.36 (compatible; PetalBot;+https://webmaster.petalsearch.com/site/petalbot)"
jomarlogistica.com.br:80 114.119.134.192 - - [10/Sep/2025:04:21:14 -0300] "GET /2023/06/19/marital-relationship-certificate-requirements/ HTTP/1.1" 200 17315 "https://jomarlogistica.com.br/2023/06/" "Mozilla/5.0 (Linux; Android 7.0;) AppleWebKit/537.36 (KHTML, like Gecko) Mobile Safari/537.36 (compatible; PetalBot;+https://webmaster.petalsearch.com/site/petalbot)"
jomarlogistica.com.br:80 172.20.1.117 - - [10/Sep/2025:04:22:42 -0300] "POST /wp-cron.php?doing_wp_cron=1757488962.5366020202636718750000 HTTP/1.1" 200 389 "https://jomarlogistica.com.br/wp-cron.php?doing_wp_cron=1757488962.5366020202636718750000" "WordPress/5.8.10; https://jomarlogistica.com.br"
jomarlogistica.com.br:80 114.119.136.72 - - [10/Sep/2025:04:22:42 -0300] "GET /2023/05/page/9/ HTTP/1.1" 200 18625 "https://jomarlogistica.com.br/2023/05/page/8/" "Mozilla/5.0 (Linux; Android 7.0;) AppleWebKit/537.36 (KHTML, like Gecko) Mobile Safari/537.36 (compatible; PetalBot;+https://webmaster.petalsearch.com/site/petalbot)"
jomarlogistica.com.br:80 127.0.0.1 - - [10/Sep/2025:04:22:48 -0300] "OPTIONS * HTTP/1.0" 200 110 "-" "Apache/2.4.65 (Ubuntu) (internal dummy connection)"
jomarlogistica.com.br:80 114.119.135.84 - - [10/Sep/2025:04:24:08 -0300] "GET /2023/05/24/betcris-opinie-zaklady-bukmacherskie-typy-bonus-szyfr-promocyjny-dzieki-start/ HTTP/1.1" 200 18445 "https://jomarlogistica.com.br/2023/05/25/mail-order-brides-a-form-of-human-trafficking-anti-trafficking-international/" "Mozilla/5.0 (Linux; Android 7.0;) AppleWebKit/537.36 (KHTML, like Gecko) Mobile Safari/537.36 (compatible; PetalBot;+https://webmaster.petalsearch.com/site/petalbot)"
jomarlogistica.com.br:80 114.119.138.130 - - [10/Sep/2025:04:25:24 -0300] "GET /2023/05/22/bbw-hookup-enables-you-to-meet-local-bbw-in-search-of-intercourse/ HTTP/1.1" 200 19262 "https://jomarlogistica.com.br/author/jomar/page/23/" "Mozilla/5.0 (Linux; Android 7.0;) AppleWebKit/537.36 (KHTML, like Gecko) Mobile Safari/537.36 (compatible; PetalBot;+https://webmaster.petalsearch.com/site/petalbot)"
jomarlogistica.com.br:80 114.119.128.158 - - [10/Sep/2025:04:26:50 -0300] "GET /2023/05/20/deal-tracking-software-automate-your-sales-processes/ HTTP/1.1" 200 17320 "https://jomarlogistica.com.br/2023/page/24/" "Mozilla/5.0 (Linux; Android 7.0;) AppleWebKit/537.36 (KHTML, like Gecko) Mobile Safari/537.36 (compatible; PetalBot;+https://webmaster.petalsearch.com/site/petalbot)"
jomarlogistica.com.br:80 172.20.1.117 - - [10/Sep/2025:04:28:11 -0300] "POST /wp-cron.php?doing_wp_cron=1757489291.7924249172210693359375 HTTP/1.1" 200 389 "https://jomarlogistica.com.br/wp-cron.php?doing_wp_cron=1757489291.7924249172210693359375" "WordPress/5.8.10; https://jomarlogistica.com.br"
jomarlogistica.com.br:80 114.119.135.84 - - [10/Sep/2025:04:28:11 -0300] "GET /2023/05/19/flirting-through-flattery-and-elegance/ HTTP/1.1" 200 17607 "https://jomarlogistica.com.br/2023/page/24/" "Mozilla/5.0 (Linux; Android 7.0;) AppleWebKit/537.36 (KHTML, like Gecko) Mobile Safari/537.36 (compatible; PetalBot;+https://webmaster.petalsearch.com/site/petalbot)"
jomarlogistica.com.br:80 127.0.0.1 - - [10/Sep/2025:04:28:17 -0300] "OPTIONS * HTTP/1.0" 200 110 "-" "Apache/2.4.65 (Ubuntu) (internal dummy connection)"
jomarlogistica.com.br:80 114.119.158.0 - - [10/Sep/2025:04:29:36 -0300] "GET /2023/05/11/mail-order-bride-wikipedia/ HTTP/1.1" 200 19061 "https://jomarlogistica.com.br/author/jomar/page/26/" "Mozilla/5.0 (Linux; Android 7.0;) AppleWebKit/537.36 (KHTML, like Gecko) Mobile Safari/537.36 (compatible; PetalBot;+https://webmaster.petalsearch.com/site/petalbot)"
jomarlogistica.com.br:80 114.119.159.76 - - [10/Sep/2025:04:31:00 -0300] "GET /2023/05/10/dating-chat-for-those-looking-for-hooking-up-or-settling-down-2/ HTTP/1.1" 200 17273 "https://jomarlogistica.com.br/category/jomar/page/27/" "Mozilla/5.0 (Linux; Android 7.0;) AppleWebKit/537.36 (KHTML, like Gecko) Mobile Safari/537.36 (compatible; PetalBot;+https://webmaster.petalsearch.com/site/petalbot)"
jomarlogistica.com.br:80 172.20.1.117 - - [10/Sep/2025:04:32:22 -0300] "POST /wp-cron.php?doing_wp_cron=1757489542.6496279239654541015625 HTTP/1.1" 200 389 "https://jomarlogistica.com.br/wp-cron.php?doing_wp_cron=1757489542.6496279239654541015625" "WordPress/5.8.10; https://jomarlogistica.com.br"
jomarlogistica.com.br:80 114.119.134.192 - - [10/Sep/2025:04:32:22 -0300] "GET /2023/05/10/advertising-data-what-you-need-as-well-as-how-to-get-it/ HTTP/1.1" 200 17348 "https://jomarlogistica.com.br/author/jomar/page/26/" "Mozilla/5.0 (Linux; Android 7.0;) AppleWebKit/537.36 (KHTML, like Gecko) Mobile Safari/537.36 (compatible; PetalBot;+https://webmaster.petalsearch.com/site/petalbot)"
jomarlogistica.com.br:80 127.0.0.1 - - [10/Sep/2025:04:32:28 -0300] "OPTIONS * HTTP/1.0" 200 110 "-" "Apache/2.4.65 (Ubuntu) (internal dummy connection)"
jomarlogistica.com.br:80 47.128.62.5 - - [10/Sep/2025:04:32:54 -0300] "GET /robots.txt HTTP/1.1" 200 584 "-" "Mozilla/5.0 (Linux; Android 5.0) AppleWebKit/537.36 (KHTML, like Gecko) Mobile Safari/537.36 (compatible; Bytespider; spider-feedback@bytedance.com)"
jomarlogistica.com.br:80 114.119.158.0 - - [10/Sep/2025:04:33:57 -0300] "GET /2023/05/04/english-chats-free-asian-on-line-chat-rooms-with-out-registration-asia-chat/ HTTP/1.1" 200 18645 "https://jomarlogistica.com.br/2023/05/04/english-chats-free-asian-on-line-chat-rooms-with-out-registration-asia-chat/" "Mozilla/5.0 (Linux; Android 7.0;) AppleWebKit/537.36 (KHTML, like Gecko) Mobile Safari/537.36 (compatible; PetalBot;+https://webmaster.petalsearch.com/site/petalbot)"
jomarlogistica.com.br:80 114.119.158.0 - - [10/Sep/2025:04:35:08 -0300] "GET /2023/05/02/dating-chat-for-those-looking-for-hooking-up-or-settling-down/ HTTP/1.1" 200 17652 "https://jomarlogistica.com.br/2023/page/29/" "Mozilla/5.0 (Linux; Android 7.0;) AppleWebKit/537.36 (KHTML, like Gecko) Mobile Safari/537.36 (compatible; PetalBot;+https://webmaster.petalsearch.com/site/petalbot)"
jomarlogistica.com.br:80 216.73.216.134 - - [10/Sep/2025:04:35:25 -0300] "GET /robots.txt HTTP/1.1" 200 584 "-" "Mozilla/5.0 AppleWebKit/537.36 (KHTML, like Gecko; compatible; ClaudeBot/1.0; +claudebot@anthropic.com)"
jomarlogistica.com.br:80 216.73.216.134 - - [10/Sep/2025:04:35:25 -0300] "GET /?p=7187 HTTP/1.1" 301 433 "-" "Mozilla/5.0 AppleWebKit/537.36 (KHTML, like Gecko; compatible; ClaudeBot/1.0; +claudebot@anthropic.com)"
jomarlogistica.com.br:80 216.73.216.134 - - [10/Sep/2025:04:35:26 -0300] "GET /2023/09/04/is-worth-of-digital-data-rooms/ HTTP/1.1" 200 17287 "https://jomarlogistica.com.br/?p=7187" "Mozilla/5.0 AppleWebKit/537.36 (KHTML, like Gecko; compatible; ClaudeBot/1.0; +claudebot@anthropic.com)"
jomarlogistica.com.br:80 216.73.216.134 - - [10/Sep/2025:04:35:26 -0300] "GET /?p=7189 HTTP/1.1" 301 464 "-" "Mozilla/5.0 AppleWebKit/537.36 (KHTML, like Gecko; compatible; ClaudeBot/1.0; +claudebot@anthropic.com)"
jomarlogistica.com.br:80 216.73.216.134 - - [10/Sep/2025:04:35:27 -0300] "GET /2023/09/04/innovating-with-impressive-technologies-with-regards-to-audit/ HTTP/1.1" 200 17426 "https://jomarlogistica.com.br/?p=7189" "Mozilla/5.0 AppleWebKit/537.36 (KHTML, like Gecko; compatible; ClaudeBot/1.0; +claudebot@anthropic.com)"
jomarlogistica.com.br:80 127.0.0.1 - - [10/Sep/2025:04:35:32 -0300] "OPTIONS * HTTP/1.0" 200 110 "-" "Apache/2.4.65 (Ubuntu) (internal dummy connection)"
jomarlogistica.com.br:80 114.119.158.0 - - [10/Sep/2025:04:36:35 -0300] "GET /2023/05/01/positives-and-negatives-of-dating-outside-your-culture/ HTTP/1.1" 200 17821 "https://jomarlogistica.com.br/2023/page/29/" "Mozilla/5.0 (Linux; Android 7.0;) AppleWebKit/537.36 (KHTML, like Gecko) Mobile Safari/537.36 (compatible; PetalBot;+https://webmaster.petalsearch.com/site/petalbot)"
jomarlogistica.com.br:80 172.20.1.117 - - [10/Sep/2025:04:37:33 -0300] "POST /wp-cron.php?doing_wp_cron=1757489853.2224760055541992187500 HTTP/1.1" 200 389 "https://jomarlogistica.com.br/wp-cron.php?doing_wp_cron=1757489853.2224760055541992187500" "WordPress/5.8.10; https://jomarlogistica.com.br"
jomarlogistica.com.br:80 216.73.216.134 - - [10/Sep/2025:04:37:32 -0300] "GET /wp-sitemap.xml HTTP/1.1" 200 643 "-" "Mozilla/5.0 AppleWebKit/537.36 (KHTML, like Gecko; compatible; ClaudeBot/1.0; +claudebot@anthropic.com)"
jomarlogistica.com.br:80 91.224.92.45 - - [10/Sep/2025:04:37:35 -0300] "POST /wp-login.php HTTP/1.1" 200 3090 "https://jomarlogistica.com.br/wp-login.php" "Mozilla/5.0 (Windows NT 10.0; Win64; x64) AppleWebKit/537.36 (KHTML, like Gecko) Chrome/119.0.0.0 Safari/537.36 Edg/119.0.2151.97"
jomarlogistica.com.br:80 91.224.92.45 - - [10/Sep/2025:04:37:35 -0300] "GET /wp-admin/index.php HTTP/1.1" 302 472 "https://jomarlogistica.com.br/wp-login.php" "Mozilla/5.0 (Windows NT 10.0; Win64; x64) AppleWebKit/537.36 (KHTML, like Gecko) Chrome/119.0.0.0 Safari/537.36 Edg/119.0.2151.97"
jomarlogistica.com.br:80 91.224.92.45 - - [10/Sep/2025:04:37:36 -0300] "GET /wp-login.php?redirect_to=https%3A%2F%2Fjomarlogistica.com.br%2Fwp-admin%2Findex.php&reauth=1 HTTP/1.1" 200 4999 "https://jomarlogistica.com.br/wp-login.php" "Mozilla/5.0 (Windows NT 10.0; Win64; x64) AppleWebKit/537.36 (KHTML, like Gecko) Chrome/119.0.0.0 Safari/537.36 Edg/119.0.2151.97"
jomarlogistica.com.br:80 91.224.92.45 - - [10/Sep/2025:04:37:37 -0300] "POST /wp-login.php HTTP/1.1" 200 3112 "https://jomarlogistica.com.br/wp-login.php" "Mozilla/5.0 (Macintosh; Intel Mac OS X 13_6_1) AppleWebKit/605.1.15 (KHTML, like Gecko) Version/17.1 Safari/605.1.15"
jomarlogistica.com.br:80 127.0.0.1 - - [10/Sep/2025:04:37:38 -0300] "OPTIONS * HTTP/1.0" 200 110 "-" "Apache/2.4.65 (Ubuntu) (internal dummy connection)"
jomarlogistica.com.br:80 91.224.92.45 - - [10/Sep/2025:04:37:38 -0300] "GET /wp-admin/index.php HTTP/1.1" 302 472 "https://jomarlogistica.com.br/wp-login.php" "Mozilla/5.0 (Macintosh; Intel Mac OS X 13_6_1) AppleWebKit/605.1.15 (KHTML, like Gecko) Version/17.1 Safari/605.1.15"
jomarlogistica.com.br:80 91.224.92.45 - - [10/Sep/2025:04:37:38 -0300] "GET /wp-login.php?redirect_to=https%3A%2F%2Fjomarlogistica.com.br%2Fwp-admin%2Findex.php&reauth=1 HTTP/1.1" 200 4999 "https://jomarlogistica.com.br/wp-login.php" "Mozilla/5.0 (Macintosh; Intel Mac OS X 13_6_1) AppleWebKit/605.1.15 (KHTML, like Gecko) Version/17.1 Safari/605.1.15"
jomarlogistica.com.br:80 91.224.92.45 - - [10/Sep/2025:04:37:39 -0300] "POST /wp-login.php HTTP/1.1" 200 3092 "https://jomarlogistica.com.br/wp-login.php" "Mozilla/5.0 (Macintosh; Intel Mac OS X 11_7_2) AppleWebKit/605.1.15 (KHTML, like Gecko) Version/17.0 Safari/605.1.15"
jomarlogistica.com.br:80 91.224.92.45 - - [10/Sep/2025:04:37:40 -0300] "GET /wp-admin/index.php HTTP/1.1" 302 472 "https://jomarlogistica.com.br/wp-login.php" "Mozilla/5.0 (Macintosh; Intel Mac OS X 11_7_2) AppleWebKit/605.1.15 (KHTML, like Gecko) Version/17.0 Safari/605.1.15"
jomarlogistica.com.br:80 91.224.92.45 - - [10/Sep/2025:04:37:41 -0300] "GET /wp-login.php?redirect_to=https%3A%2F%2Fjomarlogistica.com.br%2Fwp-admin%2Findex.php&reauth=1 HTTP/1.1" 200 5018 "https://jomarlogistica.com.br/wp-login.php" "Mozilla/5.0 (Macintosh; Intel Mac OS X 11_7_2) AppleWebKit/605.1.15 (KHTML, like Gecko) Version/17.0 Safari/605.1.15"
jomarlogistica.com.br:80 91.224.92.45 - - [10/Sep/2025:04:37:42 -0300] "POST /wp-login.php HTTP/1.1" 200 3089 "https://jomarlogistica.com.br/wp-login.php" "Mozilla/5.0 (Macintosh; Intel Mac OS X 13_6_2) AppleWebKit/537.36 (KHTML, like Gecko) Chrome/121.0.6167.85 Safari/537.36"
jomarlogistica.com.br:80 57.141.0.10 - - [10/Sep/2025:04:37:42 -0300] "GET /2023/11/15/how-to-organise-the-board-records-with-boardpro/ HTTP/1.1" 200 79650 "-" "meta-externalagent/1.1 (+https://developers.facebook.com/docs/sharing/webmasters/crawler)"
