jomarlogistica.com.br:80 57.141.0.10 - - [10/Sep/2025:11:30:29 -0300] "GET /2023/11/12/the-best-android-anti-virus-app/ HTTP/1.1" 200 79647 "-" "meta-externalagent/1.1 (+https://developers.facebook.com/docs/sharing/webmasters/crawler)"
jomarlogistica.com.br:80 172.20.1.117 - - [10/Sep/2025:11:32:53 -0300] "POST /wp-cron.php?doing_wp_cron=1757514773.3166029453277587890625 HTTP/1.1" 200 389 "https://jomarlogistica.com.br/wp-cron.php?doing_wp_cron=1757514773.3166029453277587890625" "WordPress/5.8.10; https://jomarlogistica.com.br"
jomarlogistica.com.br:80 114.119.138.207 - - [10/Sep/2025:11:32:52 -0300] "GET /2023/02/26/defense-tips-for-online-dating-sites/ HTTP/1.1" 200 17462 "https://jomarlogistica.com.br/2023/02/25/the-challenges-of-dating-someone-from-various-country/" "Mozilla/5.0 (Linux; Android 7.0;) AppleWebKit/537.36 (KHTML, like Gecko) Mobile Safari/537.36 (compatible; PetalBot;+https://webmaster.petalsearch.com/site/petalbot)"
jomarlogistica.com.br:80 127.0.0.1 - - [10/Sep/2025:11:32:59 -0300] "OPTIONS * HTTP/1.0" 200 110 "-" "Apache/2.4.65 (Ubuntu) (internal dummy connection)"
jomarlogistica.com.br:80 114.119.135.84 - - [10/Sep/2025:11:33:18 -0300] "GET /2024/03/09/boat-joint-ownership-agreement-contract-legal-guidelines-templates/ HTTP/1.1" 200 14790 "https://jomarlogistica.com.br/2023/06/" "Mozilla/5.0 (Linux; Android 7.0;) AppleWebKit/537.36 (KHTML, like Gecko) Mobile Safari/537.36 (compatible; PetalBot;+https://webmaster.petalsearch.com/site/petalbot)"
jomarlogistica.com.br:80 114.119.134.192 - - [10/Sep/2025:11:34:19 -0300] "GET /2022/12/15/internet-dating-first-time-frame-statistics/ HTTP/1.1" 200 17470 "https://jomarlogistica.com.br/2022/page/3/" "Mozilla/5.0 (Linux; Android 7.0;) AppleWebKit/537.36 (KHTML, like Gecko) Mobile Safari/537.36 (compatible; PetalBot;+https://webmaster.petalsearch.com/site/petalbot)"
jomarlogistica.com.br:80 57.141.0.26 - - [10/Sep/2025:11:35:12 -0300] "GET /2023/05/01/positives-and-negatives-of-dating-outside-your-culture/ HTTP/1.1" 200 80647 "-" "meta-externalagent/1.1 (+https://developers.facebook.com/docs/sharing/webmasters/crawler)"
jomarlogistica.com.br:80 114.119.134.192 - - [10/Sep/2025:11:36:09 -0300] "GET /2022/11/ HTTP/1.1" 200 18697 "https://jomarlogistica.com.br/2023/06/" "Mozilla/5.0 (Linux; Android 7.0;) AppleWebKit/537.36 (KHTML, like Gecko) Mobile Safari/537.36 (compatible; PetalBot;+https://webmaster.petalsearch.com/site/petalbot)"
jomarlogistica.com.br:80 57.141.0.30 - - [10/Sep/2025:11:36:24 -0300] "GET /2023/04/29/marriage-ceremony-budget-recommendations-from-florists-caterers-and-more/ HTTP/1.1" 200 80479 "-" "meta-externalagent/1.1 (+https://developers.facebook.com/docs/sharing/webmasters/crawler)"
jomarlogistica.com.br:80 114.119.158.0 - - [10/Sep/2025:11:37:03 -0300] "GET /2023/05/10/what-is-datenraum-review/ HTTP/1.1" 200 17126 "https://jomarlogistica.com.br/category/jomar/page/27/" "Mozilla/5.0 (Linux; Android 7.0;) AppleWebKit/537.36 (KHTML, like Gecko) Mobile Safari/537.36 (compatible; PetalBot;+https://webmaster.petalsearch.com/site/petalbot)"
jomarlogistica.com.br:80 172.20.1.117 - - [10/Sep/2025:11:42:32 -0300] "POST /wp-cron.php?doing_wp_cron=1757515352.4096419811248779296875 HTTP/1.1" 200 389 "https://jomarlogistica.com.br/wp-cron.php?doing_wp_cron=1757515352.4096419811248779296875" "WordPress/5.8.10; https://jomarlogistica.com.br"
jomarlogistica.com.br:80 185.191.171.11 - - [10/Sep/2025:11:42:32 -0300] "GET /2023/page/25/ HTTP/1.1" 200 18813 "-" "Mozilla/5.0 (compatible; SemrushBot/7~bl; +http://www.semrush.com/bot.html)"
jomarlogistica.com.br:80 127.0.0.1 - - [10/Sep/2025:11:42:37 -0300] "OPTIONS * HTTP/1.0" 200 110 "-" "Apache/2.4.65 (Ubuntu) (internal dummy connection)"
jomarlogistica.com.br:80 57.141.0.46 - - [10/Sep/2025:11:42:41 -0300] "GET /2023/05/10/how-to-fix-a-relationship/ HTTP/1.1" 200 82654 "-" "meta-externalagent/1.1 (+https://developers.facebook.com/docs/sharing/webmasters/crawler)"
jomarlogistica.com.br:80 57.141.0.53 - - [10/Sep/2025:11:43:45 -0300] "GET /2023/01/27/special-relationship-that-means-when-should-you-move-into-a-special-relationship/ HTTP/1.1" 200 80503 "-" "meta-externalagent/1.1 (+https://developers.facebook.com/docs/sharing/webmasters/crawler)"
jomarlogistica.com.br:80 165.22.52.240 - - [10/Sep/2025:11:44:21 -0300] "GET / HTTP/1.1" 200 134115 "-" "Mozilla/5.0 (Windows NT 10.0; Win64; x64) AppleWebKit/537.36 (KHTML, like Gecko) Chrome/78.0.3904.108 Safari/537.36"
jomarlogistica.com.br:80 165.22.52.240 - - [10/Sep/2025:11:44:24 -0300] "GET //wp-includes/wlwmanifest.xml HTTP/1.1" 200 1378 "-" "Mozilla/5.0 (Windows NT 10.0; Win64; x64) AppleWebKit/537.36 (KHTML, like Gecko) Chrome/78.0.3904.108 Safari/537.36"
jomarlogistica.com.br:80 165.22.52.240 - - [10/Sep/2025:11:44:25 -0300] "GET //?author=1 HTTP/1.1" 301 404 "-" "Mozilla/5.0 (Windows NT 10.0; Win64; x64) AppleWebKit/537.36 (KHTML, like Gecko) Chrome/78.0.3904.108 Safari/537.36"
jomarlogistica.com.br:80 165.22.52.240 - - [10/Sep/2025:11:44:26 -0300] "GET //?author=2 HTTP/1.1" 301 406 "-" "Mozilla/5.0 (Windows NT 10.0; Win64; x64) AppleWebKit/537.36 (KHTML, like Gecko) Chrome/78.0.3904.108 Safari/537.36"
jomarlogistica.com.br:80 165.22.52.240 - - [10/Sep/2025:11:44:27 -0300] "GET //wp-json/wp/v2/users/ HTTP/1.1" 200 1924 "-" "Mozilla/5.0 (Windows NT 10.0; Win64; x64) AppleWebKit/537.36 (KHTML, like Gecko) Chrome/78.0.3904.108 Safari/537.36"
jomarlogistica.com.br:80 165.22.52.240 - - [10/Sep/2025:11:44:28 -0300] "POST //xmlrpc.php HTTP/1.1" 403 2493 "-" "Mozilla/5.0 (Windows NT 10.0; Win64; x64) AppleWebKit/537.36 (KHTML, like Gecko) Chrome/78.0.3904.108 Safari/537.36"
jomarlogistica.com.br:80 165.22.52.240 - - [10/Sep/2025:11:44:28 -0300] "POST //xmlrpc.php HTTP/1.1" 403 2493 "-" "Mozilla/5.0 (Windows NT 10.0; Win64; x64) AppleWebKit/537.36 (KHTML, like Gecko) Chrome/78.0.3904.108 Safari/537.36"
jomarlogistica.com.br:80 172.20.1.117 - - [10/Sep/2025:11:47:18 -0300] "POST /wp-cron.php?doing_wp_cron=1757515638.5043029785156250000000 HTTP/1.1" 200 389 "https://jomarlogistica.com.br/wp-cron.php?doing_wp_cron=1757515638.5043029785156250000000" "WordPress/5.8.10; https://jomarlogistica.com.br"
jomarlogistica.com.br:80 146.70.186.142 - - [10/Sep/2025:11:47:18 -0300] "GET / HTTP/1.1" 200 23930 "-" "Mozilla/5.0 (Windows NT 10.0; Win64; x64) AppleWebKit/537.36 (KHTML, like Gecko) Chrome/132.0.0.0 Safari/537.36"
jomarlogistica.com.br:80 146.70.186.142 - - [10/Sep/2025:11:47:20 -0300] "GET / HTTP/1.1" 200 23872 "-" "Mozilla/5.0 (Windows NT 10.0; Win64; x64) AppleWebKit/537.36 (KHTML, like Gecko) Chrome/132.0.0.0 Safari/537.36"
jomarlogistica.com.br:80 146.70.186.142 - - [10/Sep/2025:11:47:22 -0300] "GET /wp-json/wp/v2/users HTTP/1.1" 200 1095 "-" "Mozilla/5.0 (Windows NT 10.0; Win64; x64) AppleWebKit/537.36 (KHTML, like Gecko) Chrome/132.0.0.0 Safari/537.36"
jomarlogistica.com.br:80 146.70.186.142 - - [10/Sep/2025:11:47:23 -0300] "GET / HTTP/1.1" 200 23872 "-" "Mozilla/5.0 (Windows NT 10.0; Win64; x64) AppleWebKit/537.36 (KHTML, like Gecko) Chrome/132.0.0.0 Safari/537.36"
jomarlogistica.com.br:80 146.70.186.142 - - [10/Sep/2025:11:47:24 -0300] "GET /contact HTTP/1.1" 404 467 "-" "Mozilla/5.0 (Windows NT 10.0; Win64; x64) AppleWebKit/537.36 (KHTML, like Gecko) Chrome/132.0.0.0 Safari/537.36"
jomarlogistica.com.br:80 146.70.186.142 - - [10/Sep/2025:11:47:25 -0300] "GET /contact-us HTTP/1.1" 404 390 "-" "Mozilla/5.0 (Windows NT 10.0; Win64; x64) AppleWebKit/537.36 (KHTML, like Gecko) Chrome/132.0.0.0 Safari/537.36"
jomarlogistica.com.br:80 146.70.186.142 - - [10/Sep/2025:11:47:27 -0300] "GET /about HTTP/1.1" 404 448 "-" "Mozilla/5.0 (Windows NT 10.0; Win64; x64) AppleWebKit/537.36 (KHTML, like Gecko) Chrome/132.0.0.0 Safari/537.36"
jomarlogistica.com.br:80 146.70.186.142 - - [10/Sep/2025:11:47:27 -0300] "GET /about-us HTTP/1.1" 404 390 "-" "Mozilla/5.0 (Windows NT 10.0; Win64; x64) AppleWebKit/537.36 (KHTML, like Gecko) Chrome/132.0.0.0 Safari/537.36"
jomarlogistica.com.br:80 146.70.186.142 - - [10/Sep/2025:11:47:29 -0300] "GET /service HTTP/1.1" 301 457 "-" "Mozilla/5.0 (Windows NT 10.0; Win64; x64) AppleWebKit/537.36 (KHTML, like Gecko) Chrome/132.0.0.0 Safari/537.36"
jomarlogistica.com.br:80 146.70.186.142 - - [10/Sep/2025:11:47:30 -0300] "GET /service/ HTTP/1.1" 200 350 "-" "Mozilla/5.0 (Windows NT 10.0; Win64; x64) AppleWebKit/537.36 (KHTML, like Gecko) Chrome/132.0.0.0 Safari/537.36"
jomarlogistica.com.br:80 127.0.0.1 - - [10/Sep/2025:11:47:31 -0300] "OPTIONS * HTTP/1.0" 200 110 "-" "Apache/2.4.65 (Ubuntu) (internal dummy connection)"
jomarlogistica.com.br:80 146.70.186.142 - - [10/Sep/2025:11:47:31 -0300] "GET /services HTTP/1.1" 404 448 "-" "Mozilla/5.0 (Windows NT 10.0; Win64; x64) AppleWebKit/537.36 (KHTML, like Gecko) Chrome/132.0.0.0 Safari/537.36"
jomarlogistica.com.br:80 146.70.186.142 - - [10/Sep/2025:11:47:32 -0300] "POST /wp-admin/admin-ajax.php HTTP/1.1" 200 976 "-" "Mozilla/5.0 (Windows NT 10.0; Win64; x64) AppleWebKit/537.36 (KHTML, like Gecko) Chrome/132.0.0.0 Safari/537.36"
jomarlogistica.com.br:80 146.70.186.142 - - [10/Sep/2025:11:47:33 -0300] "GET /wp-admin/plugin-install.php?tab=upload HTTP/1.1" 302 496 "-" "Mozilla/5.0 (Windows NT 10.0; Win64; x64) AppleWebKit/537.36 (KHTML, like Gecko) Chrome/132.0.0.0 Safari/537.36"
jomarlogistica.com.br:80 146.70.186.142 - - [10/Sep/2025:11:47:34 -0300] "GET /wp-login.php?redirect_to=https%3A%2F%2Fjomarlogistica.com.br%2Fwp-admin%2Fplugin-install.php%3Ftab%3Dupload&reauth=1 HTTP/1.1" 200 5015 "-" "Mozilla/5.0 (Windows NT 10.0; Win64; x64) AppleWebKit/537.36 (KHTML, like Gecko) Chrome/132.0.0.0 Safari/537.36"
jomarlogistica.com.br:80 146.70.186.142 - - [10/Sep/2025:11:47:35 -0300] "POST /wp-admin/admin-ajax.php HTTP/1.1" 400 531 "-" "Mozilla/5.0 (Windows NT 10.0; Win64; x64) AppleWebKit/537.36 (KHTML, like Gecko) Chrome/132.0.0.0 Safari/537.36"
jomarlogistica.com.br:80 146.70.186.142 - - [10/Sep/2025:11:47:36 -0300] "POST /wp-admin/admin-ajax.php HTTP/1.1" 200 976 "-" "Mozilla/5.0 (Windows NT 10.0; Win64; x64) AppleWebKit/537.36 (KHTML, like Gecko) Chrome/132.0.0.0 Safari/537.36"
jomarlogistica.com.br:80 146.70.186.142 - - [10/Sep/2025:11:47:37 -0300] "GET /wp-admin/plugin-install.php?tab=upload HTTP/1.1" 302 496 "-" "Mozilla/5.0 (Windows NT 10.0; Win64; x64) AppleWebKit/537.36 (KHTML, like Gecko) Chrome/132.0.0.0 Safari/537.36"
jomarlogistica.com.br:80 146.70.186.142 - - [10/Sep/2025:11:47:38 -0300] "GET /wp-login.php?redirect_to=https%3A%2F%2Fjomarlogistica.com.br%2Fwp-admin%2Fplugin-install.php%3Ftab%3Dupload&reauth=1 HTTP/1.1" 200 5015 "-" "Mozilla/5.0 (Windows NT 10.0; Win64; x64) AppleWebKit/537.36 (KHTML, like Gecko) Chrome/132.0.0.0 Safari/537.36"
jomarlogistica.com.br:80 146.70.186.142 - - [10/Sep/2025:11:47:39 -0300] "POST /wp-admin/admin-ajax.php HTTP/1.1" 400 531 "-" "Mozilla/5.0 (Windows NT 10.0; Win64; x64) AppleWebKit/537.36 (KHTML, like Gecko) Chrome/132.0.0.0 Safari/537.36"
jomarlogistica.com.br:80 127.0.0.1 - - [10/Sep/2025:11:47:40 -0300] "OPTIONS * HTTP/1.0" 200 110 "-" "Apache/2.4.65 (Ubuntu) (internal dummy connection)"
jomarlogistica.com.br:80 146.70.186.142 - - [10/Sep/2025:11:47:40 -0300] "POST /wp-admin/admin-ajax.php HTTP/1.1" 200 976 "-" "Mozilla/5.0 (Windows NT 10.0; Win64; x64) AppleWebKit/537.36 (KHTML, like Gecko) Chrome/132.0.0.0 Safari/537.36"
jomarlogistica.com.br:80 146.70.186.142 - - [10/Sep/2025:11:47:41 -0300] "GET /wp-admin/plugin-install.php?tab=upload HTTP/1.1" 302 496 "-" "Mozilla/5.0 (Windows NT 10.0; Win64; x64) AppleWebKit/537.36 (KHTML, like Gecko) Chrome/132.0.0.0 Safari/537.36"
jomarlogistica.com.br:80 146.70.186.142 - - [10/Sep/2025:11:47:42 -0300] "GET /wp-login.php?redirect_to=https%3A%2F%2Fjomarlogistica.com.br%2Fwp-admin%2Fplugin-install.php%3Ftab%3Dupload&reauth=1 HTTP/1.1" 200 5015 "-" "Mozilla/5.0 (Windows NT 10.0; Win64; x64) AppleWebKit/537.36 (KHTML, like Gecko) Chrome/132.0.0.0 Safari/537.36"
jomarlogistica.com.br:80 146.70.186.142 - - [10/Sep/2025:11:47:43 -0300] "POST /wp-admin/admin-ajax.php HTTP/1.1" 400 531 "-" "Mozilla/5.0 (Windows NT 10.0; Win64; x64) AppleWebKit/537.36 (KHTML, like Gecko) Chrome/132.0.0.0 Safari/537.36"
jomarlogistica.com.br:80 146.70.186.142 - - [10/Sep/2025:11:47:44 -0300] "POST /wp-admin/admin-ajax.php HTTP/1.1" 200 976 "-" "Mozilla/5.0 (Windows NT 10.0; Win64; x64) AppleWebKit/537.36 (KHTML, like Gecko) Chrome/132.0.0.0 Safari/537.36"
jomarlogistica.com.br:80 146.70.186.142 - - [10/Sep/2025:11:47:45 -0300] "GET /wp-admin/plugin-install.php?tab=upload HTTP/1.1" 302 496 "-" "Mozilla/5.0 (Windows NT 10.0; Win64; x64) AppleWebKit/537.36 (KHTML, like Gecko) Chrome/132.0.0.0 Safari/537.36"
jomarlogistica.com.br:80 146.70.186.142 - - [10/Sep/2025:11:47:46 -0300] "GET /wp-login.php?redirect_to=https%3A%2F%2Fjomarlogistica.com.br%2Fwp-admin%2Fplugin-install.php%3Ftab%3Dupload&reauth=1 HTTP/1.1" 200 5015 "-" "Mozilla/5.0 (Windows NT 10.0; Win64; x64) AppleWebKit/537.36 (KHTML, like Gecko) Chrome/132.0.0.0 Safari/537.36"
jomarlogistica.com.br:80 146.70.186.142 - - [10/Sep/2025:11:47:47 -0300] "POST /wp-admin/admin-ajax.php HTTP/1.1" 400 531 "-" "Mozilla/5.0 (Windows NT 10.0; Win64; x64) AppleWebKit/537.36 (KHTML, like Gecko) Chrome/132.0.0.0 Safari/537.36"
jomarlogistica.com.br:80 127.0.0.1 - - [10/Sep/2025:11:47:48 -0300] "OPTIONS * HTTP/1.0" 200 110 "-" "Apache/2.4.65 (Ubuntu) (internal dummy connection)"
jomarlogistica.com.br:80 146.70.186.142 - - [10/Sep/2025:11:47:48 -0300] "POST /wp-admin/admin-ajax.php HTTP/1.1" 200 976 "-" "Mozilla/5.0 (Windows NT 10.0; Win64; x64) AppleWebKit/537.36 (KHTML, like Gecko) Chrome/132.0.0.0 Safari/537.36"
jomarlogistica.com.br:80 146.70.186.142 - - [10/Sep/2025:11:47:49 -0300] "GET /wp-admin/plugin-install.php?tab=upload HTTP/1.1" 302 496 "-" "Mozilla/5.0 (Windows NT 10.0; Win64; x64) AppleWebKit/537.36 (KHTML, like Gecko) Chrome/132.0.0.0 Safari/537.36"
jomarlogistica.com.br:80 146.70.186.142 - - [10/Sep/2025:11:47:50 -0300] "GET /wp-login.php?redirect_to=https%3A%2F%2Fjomarlogistica.com.br%2Fwp-admin%2Fplugin-install.php%3Ftab%3Dupload&reauth=1 HTTP/1.1" 200 5015 "-" "Mozilla/5.0 (Windows NT 10.0; Win64; x64) AppleWebKit/537.36 (KHTML, like Gecko) Chrome/132.0.0.0 Safari/537.36"
jomarlogistica.com.br:80 146.70.186.142 - - [10/Sep/2025:11:47:51 -0300] "POST /wp-admin/admin-ajax.php HTTP/1.1" 400 531 "-" "Mozilla/5.0 (Windows NT 10.0; Win64; x64) AppleWebKit/537.36 (KHTML, like Gecko) Chrome/132.0.0.0 Safari/537.36"
jomarlogistica.com.br:80 146.70.186.142 - - [10/Sep/2025:11:47:52 -0300] "POST /wp-admin/admin-ajax.php HTTP/1.1" 200 976 "-" "Mozilla/5.0 (Windows NT 10.0; Win64; x64) AppleWebKit/537.36 (KHTML, like Gecko) Chrome/132.0.0.0 Safari/537.36"
jomarlogistica.com.br:80 146.70.186.142 - - [10/Sep/2025:11:47:53 -0300] "GET /wp-admin/plugin-install.php?tab=upload HTTP/1.1" 302 515 "-" "Mozilla/5.0 (Windows NT 10.0; Win64; x64) AppleWebKit/537.36 (KHTML, like Gecko) Chrome/132.0.0.0 Safari/537.36"
jomarlogistica.com.br:80 127.0.0.1 - - [10/Sep/2025:11:47:55 -0300] "OPTIONS * HTTP/1.0" 200 110 "-" "Apache/2.4.65 (Ubuntu) (internal dummy connection)"
jomarlogistica.com.br:80 146.70.186.142 - - [10/Sep/2025:11:47:55 -0300] "GET /wp-login.php?redirect_to=https%3A%2F%2Fjomarlogistica.com.br%2Fwp-admin%2Fplugin-install.php%3Ftab%3Dupload&reauth=1 HTTP/1.1" 200 5015 "-" "Mozilla/5.0 (Windows NT 10.0; Win64; x64) AppleWebKit/537.36 (KHTML, like Gecko) Chrome/132.0.0.0 Safari/537.36"
jomarlogistica.com.br:80 146.70.186.142 - - [10/Sep/2025:11:47:56 -0300] "POST /wp-admin/admin-ajax.php HTTP/1.1" 400 531 "-" "Mozilla/5.0 (Windows NT 10.0; Win64; x64) AppleWebKit/537.36 (KHTML, like Gecko) Chrome/132.0.0.0 Safari/537.36"
jomarlogistica.com.br:80 146.70.186.142 - - [10/Sep/2025:11:47:57 -0300] "POST /wp-admin/admin-ajax.php HTTP/1.1" 200 976 "-" "Mozilla/5.0 (Windows NT 10.0; Win64; x64) AppleWebKit/537.36 (KHTML, like Gecko) Chrome/132.0.0.0 Safari/537.36"
jomarlogistica.com.br:80 146.70.186.142 - - [10/Sep/2025:11:47:58 -0300] "GET /wp-admin/plugin-install.php?tab=upload HTTP/1.1" 302 496 "-" "Mozilla/5.0 (Windows NT 10.0; Win64; x64) AppleWebKit/537.36 (KHTML, like Gecko) Chrome/132.0.0.0 Safari/537.36"
jomarlogistica.com.br:80 146.70.186.142 - - [10/Sep/2025:11:47:59 -0300] "GET /wp-login.php?redirect_to=https%3A%2F%2Fjomarlogistica.com.br%2Fwp-admin%2Fplugin-install.php%3Ftab%3Dupload&reauth=1 HTTP/1.1" 200 5015 "-" "Mozilla/5.0 (Windows NT 10.0; Win64; x64) AppleWebKit/537.36 (KHTML, like Gecko) Chrome/132.0.0.0 Safari/537.36"
jomarlogistica.com.br:80 146.70.186.142 - - [10/Sep/2025:11:47:59 -0300] "POST /wp-admin/admin-ajax.php HTTP/1.1" 400 531 "-" "Mozilla/5.0 (Windows NT 10.0; Win64; x64) AppleWebKit/537.36 (KHTML, like Gecko) Chrome/132.0.0.0 Safari/537.36"
jomarlogistica.com.br:80 146.70.186.142 - - [10/Sep/2025:11:48:00 -0300] "POST /wp-admin/admin-ajax.php HTTP/1.1" 200 976 "-" "Mozilla/5.0 (Windows NT 10.0; Win64; x64) AppleWebKit/537.36 (KHTML, like Gecko) Chrome/132.0.0.0 Safari/537.36"
jomarlogistica.com.br:80 146.70.186.142 - - [10/Sep/2025:11:48:01 -0300] "GET /wp-admin/plugin-install.php?tab=upload HTTP/1.1" 302 496 "-" "Mozilla/5.0 (Windows NT 10.0; Win64; x64) AppleWebKit/537.36 (KHTML, like Gecko) Chrome/132.0.0.0 Safari/537.36"
jomarlogistica.com.br:80 146.70.186.142 - - [10/Sep/2025:11:48:03 -0300] "GET /wp-login.php?redirect_to=https%3A%2F%2Fjomarlogistica.com.br%2Fwp-admin%2Fplugin-install.php%3Ftab%3Dupload&reauth=1 HTTP/1.1" 200 5015 "-" "Mozilla/5.0 (Windows NT 10.0; Win64; x64) AppleWebKit/537.36 (KHTML, like Gecko) Chrome/132.0.0.0 Safari/537.36"
jomarlogistica.com.br:80 57.141.0.68 - - [10/Sep/2025:11:48:03 -0300] "GET /2023/05/15/the-highest-19-sex-chat-websites-adult-chatrooms-18-free-entry/ HTTP/1.1" 200 85929 "-" "meta-externalagent/1.1 (+https://developers.facebook.com/docs/sharing/webmasters/crawler)"
jomarlogistica.com.br:80 146.70.186.142 - - [10/Sep/2025:11:48:04 -0300] "POST /wp-admin/admin-ajax.php HTTP/1.1" 400 531 "-" "Mozilla/5.0 (Windows NT 10.0; Win64; x64) AppleWebKit/537.36 (KHTML, like Gecko) Chrome/132.0.0.0 Safari/537.36"
jomarlogistica.com.br:80 146.70.186.142 - - [10/Sep/2025:11:48:05 -0300] "POST /wp-admin/admin-ajax.php HTTP/1.1" 200 976 "-" "Mozilla/5.0 (Windows NT 10.0; Win64; x64) AppleWebKit/537.36 (KHTML, like Gecko) Chrome/132.0.0.0 Safari/537.36"
jomarlogistica.com.br:80 146.70.186.142 - - [10/Sep/2025:11:48:06 -0300] "GET /wp-admin/plugin-install.php?tab=upload HTTP/1.1" 302 496 "-" "Mozilla/5.0 (Windows NT 10.0; Win64; x64) AppleWebKit/537.36 (KHTML, like Gecko) Chrome/132.0.0.0 Safari/537.36"
jomarlogistica.com.br:80 146.70.186.142 - - [10/Sep/2025:11:48:07 -0300] "GET /wp-login.php?redirect_to=https%3A%2F%2Fjomarlogistica.com.br%2Fwp-admin%2Fplugin-install.php%3Ftab%3Dupload&reauth=1 HTTP/1.1" 200 5034 "-" "Mozilla/5.0 (Windows NT 10.0; Win64; x64) AppleWebKit/537.36 (KHTML, like Gecko) Chrome/132.0.0.0 Safari/537.36"
jomarlogistica.com.br:80 146.70.186.142 - - [10/Sep/2025:11:48:07 -0300] "POST /wp-admin/admin-ajax.php HTTP/1.1" 400 531 "-" "Mozilla/5.0 (Windows NT 10.0; Win64; x64) AppleWebKit/537.36 (KHTML, like Gecko) Chrome/132.0.0.0 Safari/537.36"
jomarlogistica.com.br:80 146.70.186.142 - - [10/Sep/2025:11:48:08 -0300] "POST /wp-admin/admin-ajax.php HTTP/1.1" 200 976 "-" "Mozilla/5.0 (Windows NT 10.0; Win64; x64) AppleWebKit/537.36 (KHTML, like Gecko) Chrome/132.0.0.0 Safari/537.36"
jomarlogistica.com.br:80 146.70.186.142 - - [10/Sep/2025:11:48:10 -0300] "GET /wp-admin/plugin-install.php?tab=upload HTTP/1.1" 302 496 "-" "Mozilla/5.0 (Windows NT 10.0; Win64; x64) AppleWebKit/537.36 (KHTML, like Gecko) Chrome/132.0.0.0 Safari/537.36"
jomarlogistica.com.br:80 146.70.186.142 - - [10/Sep/2025:11:48:11 -0300] "GET /wp-login.php?redirect_to=https%3A%2F%2Fjomarlogistica.com.br%2Fwp-admin%2Fplugin-install.php%3Ftab%3Dupload&reauth=1 HTTP/1.1" 200 5015 "-" "Mozilla/5.0 (Windows NT 10.0; Win64; x64) AppleWebKit/537.36 (KHTML, like Gecko) Chrome/132.0.0.0 Safari/537.36"
jomarlogistica.com.br:80 146.70.186.142 - - [10/Sep/2025:11:48:11 -0300] "POST /wp-admin/admin-ajax.php HTTP/1.1" 400 531 "-" "Mozilla/5.0 (Windows NT 10.0; Win64; x64) AppleWebKit/537.36 (KHTML, like Gecko) Chrome/132.0.0.0 Safari/537.36"
jomarlogistica.com.br:80 146.70.186.142 - - [10/Sep/2025:11:48:12 -0300] "POST /wp-admin/admin-ajax.php HTTP/1.1" 200 976 "-" "Mozilla/5.0 (Windows NT 10.0; Win64; x64) AppleWebKit/537.36 (KHTML, like Gecko) Chrome/132.0.0.0 Safari/537.36"
jomarlogistica.com.br:80 146.70.186.142 - - [10/Sep/2025:11:48:13 -0300] "GET /wp-admin/plugin-install.php?tab=upload HTTP/1.1" 302 496 "-" "Mozilla/5.0 (Windows NT 10.0; Win64; x64) AppleWebKit/537.36 (KHTML, like Gecko) Chrome/132.0.0.0 Safari/537.36"
jomarlogistica.com.br:80 146.70.186.142 - - [10/Sep/2025:11:48:14 -0300] "GET /wp-login.php?redirect_to=https%3A%2F%2Fjomarlogistica.com.br%2Fwp-admin%2Fplugin-install.php%3Ftab%3Dupload&reauth=1 HTTP/1.1" 200 5015 "-" "Mozilla/5.0 (Windows NT 10.0; Win64; x64) AppleWebKit/537.36 (KHTML, like Gecko) Chrome/132.0.0.0 Safari/537.36"
jomarlogistica.com.br:80 146.70.186.142 - - [10/Sep/2025:11:48:15 -0300] "POST /wp-admin/admin-ajax.php HTTP/1.1" 400 531 "-" "Mozilla/5.0 (Windows NT 10.0; Win64; x64) AppleWebKit/537.36 (KHTML, like Gecko) Chrome/132.0.0.0 Safari/537.36"
jomarlogistica.com.br:80 127.0.0.1 - - [10/Sep/2025:11:48:16 -0300] "OPTIONS * HTTP/1.0" 200 110 "-" "Apache/2.4.65 (Ubuntu) (internal dummy connection)"
jomarlogistica.com.br:80 146.70.186.142 - - [10/Sep/2025:11:48:16 -0300] "POST /wp-admin/admin-ajax.php HTTP/1.1" 200 976 "-" "Mozilla/5.0 (Windows NT 10.0; Win64; x64) AppleWebKit/537.36 (KHTML, like Gecko) Chrome/132.0.0.0 Safari/537.36"
jomarlogistica.com.br:80 146.70.186.142 - - [10/Sep/2025:11:48:17 -0300] "GET /wp-admin/plugin-install.php?tab=upload HTTP/1.1" 302 496 "-" "Mozilla/5.0 (Windows NT 10.0; Win64; x64) AppleWebKit/537.36 (KHTML, like Gecko) Chrome/132.0.0.0 Safari/537.36"
jomarlogistica.com.br:80 146.70.186.142 - - [10/Sep/2025:11:48:18 -0300] "GET /wp-login.php?redirect_to=https%3A%2F%2Fjomarlogistica.com.br%2Fwp-admin%2Fplugin-install.php%3Ftab%3Dupload&reauth=1 HTTP/1.1" 200 5015 "-" "Mozilla/5.0 (Windows NT 10.0; Win64; x64) AppleWebKit/537.36 (KHTML, like Gecko) Chrome/132.0.0.0 Safari/537.36"
jomarlogistica.com.br:80 146.70.186.142 - - [10/Sep/2025:11:48:19 -0300] "POST /wp-admin/admin-ajax.php HTTP/1.1" 400 531 "-" "Mozilla/5.0 (Windows NT 10.0; Win64; x64) AppleWebKit/537.36 (KHTML, like Gecko) Chrome/132.0.0.0 Safari/537.36"
jomarlogistica.com.br:80 146.70.186.142 - - [10/Sep/2025:11:48:20 -0300] "POST /wp-admin/admin-ajax.php HTTP/1.1" 200 976 "-" "Mozilla/5.0 (Windows NT 10.0; Win64; x64) AppleWebKit/537.36 (KHTML, like Gecko) Chrome/132.0.0.0 Safari/537.36"
jomarlogistica.com.br:80 146.70.186.142 - - [10/Sep/2025:11:48:21 -0300] "GET /wp-admin/plugin-install.php?tab=upload HTTP/1.1" 302 496 "-" "Mozilla/5.0 (Windows NT 10.0; Win64; x64) AppleWebKit/537.36 (KHTML, like Gecko) Chrome/132.0.0.0 Safari/537.36"
jomarlogistica.com.br:80 146.70.186.142 - - [10/Sep/2025:11:48:22 -0300] "GET /wp-login.php?redirect_to=https%3A%2F%2Fjomarlogistica.com.br%2Fwp-admin%2Fplugin-install.php%3Ftab%3Dupload&reauth=1 HTTP/1.1" 200 5015 "-" "Mozilla/5.0 (Windows NT 10.0; Win64; x64) AppleWebKit/537.36 (KHTML, like Gecko) Chrome/132.0.0.0 Safari/537.36"
jomarlogistica.com.br:80 146.70.186.142 - - [10/Sep/2025:11:48:23 -0300] "POST /wp-admin/admin-ajax.php HTTP/1.1" 400 531 "-" "Mozilla/5.0 (Windows NT 10.0; Win64; x64) AppleWebKit/537.36 (KHTML, like Gecko) Chrome/132.0.0.0 Safari/537.36"
jomarlogistica.com.br:80 146.70.186.142 - - [10/Sep/2025:11:48:24 -0300] "POST /wp-admin/admin-ajax.php HTTP/1.1" 200 976 "-" "Mozilla/5.0 (Windows NT 10.0; Win64; x64) AppleWebKit/537.36 (KHTML, like Gecko) Chrome/132.0.0.0 Safari/537.36"
jomarlogistica.com.br:80 146.70.186.142 - - [10/Sep/2025:11:48:25 -0300] "GET /wp-admin/plugin-install.php?tab=upload HTTP/1.1" 302 496 "-" "Mozilla/5.0 (Windows NT 10.0; Win64; x64) AppleWebKit/537.36 (KHTML, like Gecko) Chrome/132.0.0.0 Safari/537.36"
jomarlogistica.com.br:80 146.70.186.142 - - [10/Sep/2025:11:48:26 -0300] "GET /wp-login.php?redirect_to=https%3A%2F%2Fjomarlogistica.com.br%2Fwp-admin%2Fplugin-install.php%3Ftab%3Dupload&reauth=1 HTTP/1.1" 200 5015 "-" "Mozilla/5.0 (Windows NT 10.0; Win64; x64) AppleWebKit/537.36 (KHTML, like Gecko) Chrome/132.0.0.0 Safari/537.36"
jomarlogistica.com.br:80 146.70.186.142 - - [10/Sep/2025:11:48:26 -0300] "POST /wp-admin/admin-ajax.php HTTP/1.1" 400 531 "-" "Mozilla/5.0 (Windows NT 10.0; Win64; x64) AppleWebKit/537.36 (KHTML, like Gecko) Chrome/132.0.0.0 Safari/537.36"
jomarlogistica.com.br:80 146.70.186.142 - - [10/Sep/2025:11:48:27 -0300] "POST /wp-admin/admin-ajax.php HTTP/1.1" 200 976 "-" "Mozilla/5.0 (Windows NT 10.0; Win64; x64) AppleWebKit/537.36 (KHTML, like Gecko) Chrome/132.0.0.0 Safari/537.36"
jomarlogistica.com.br:80 146.70.186.142 - - [10/Sep/2025:11:48:28 -0300] "GET /wp-admin/plugin-install.php?tab=upload HTTP/1.1" 302 496 "-" "Mozilla/5.0 (Windows NT 10.0; Win64; x64) AppleWebKit/537.36 (KHTML, like Gecko) Chrome/132.0.0.0 Safari/537.36"
jomarlogistica.com.br:80 146.70.186.142 - - [10/Sep/2025:11:48:29 -0300] "GET /wp-login.php?redirect_to=https%3A%2F%2Fjomarlogistica.com.br%2Fwp-admin%2Fplugin-install.php%3Ftab%3Dupload&reauth=1 HTTP/1.1" 200 5015 "-" "Mozilla/5.0 (Windows NT 10.0; Win64; x64) AppleWebKit/537.36 (KHTML, like Gecko) Chrome/132.0.0.0 Safari/537.36"
jomarlogistica.com.br:80 146.70.186.142 - - [10/Sep/2025:11:48:30 -0300] "POST /wp-admin/admin-ajax.php HTTP/1.1" 400 531 "-" "Mozilla/5.0 (Windows NT 10.0; Win64; x64) AppleWebKit/537.36 (KHTML, like Gecko) Chrome/132.0.0.0 Safari/537.36"
jomarlogistica.com.br:80 127.0.0.1 - - [10/Sep/2025:11:48:34 -0300] "OPTIONS * HTTP/1.0" 200 110 "-" "Apache/2.4.65 (Ubuntu) (internal dummy connection)"
jomarlogistica.com.br:80 114.119.138.207 - - [10/Sep/2025:11:52:10 -0300] "GET /2023/09/03/tips-on-how-to-protect-the-private-data-of-the-customers/ HTTP/1.1" 200 17432 "https://jomarlogistica.com.br/2023/09/04/how-to-find-the-best-free-vpn/" "Mozilla/5.0 (Linux; Android 7.0;) AppleWebKit/537.36 (KHTML, like Gecko) Mobile Safari/537.36 (compatible; PetalBot;+https://webmaster.petalsearch.com/site/petalbot)"
jomarlogistica.com.br:80 172.20.1.117 - - [10/Sep/2025:11:53:39 -0300] "POST /wp-cron.php?doing_wp_cron=1757516019.5094170570373535156250 HTTP/1.1" 200 389 "https://jomarlogistica.com.br/wp-cron.php?doing_wp_cron=1757516019.5094170570373535156250" "WordPress/5.8.10; https://jomarlogistica.com.br"
jomarlogistica.com.br:80 114.119.135.84 - - [10/Sep/2025:11:53:39 -0300] "GET /2023/06/02/just-what-mutually-helpful-relationship/ HTTP/1.1" 200 17609 "https://jomarlogistica.com.br/category/jomar/page/20/" "Mozilla/5.0 (Linux; Android 7.0;) AppleWebKit/537.36 (KHTML, like Gecko) Mobile Safari/537.36 (compatible; PetalBot;+https://webmaster.petalsearch.com/site/petalbot)"
jomarlogistica.com.br:80 127.0.0.1 - - [10/Sep/2025:11:53:45 -0300] "OPTIONS * HTTP/1.0" 200 110 "-" "Apache/2.4.65 (Ubuntu) (internal dummy connection)"
jomarlogistica.com.br:80 185.191.171.1 - - [10/Sep/2025:11:54:31 -0300] "GET /robots.txt HTTP/1.1" 200 584 "-" "Mozilla/5.0 (compatible; SemrushBot/7~bl; +http://www.semrush.com/bot.html)"
jomarlogistica.com.br:80 85.208.96.204 - - [10/Sep/2025:11:54:32 -0300] "GET /2023/08/28/choosing-the-right-board-management-tool/ HTTP/1.1" 200 17217 "-" "Mozilla/5.0 (compatible; SemrushBot/7~bl; +http://www.semrush.com/bot.html)"
jomarlogistica.com.br:80 13.79.168.144 - - [10/Sep/2025:11:57:04 -0300] "GET /wp-content/plugins/hellopress/wp_filemanager.php HTTP/1.1" 404 448 "-" "-"
jomarlogistica.com.br:80 13.79.168.144 - - [10/Sep/2025:11:57:05 -0300] "GET /mr.php HTTP/1.1" 404 390 "-" "-"
jomarlogistica.com.br:80 13.79.168.144 - - [10/Sep/2025:11:57:06 -0300] "GET /pm.php HTTP/1.1" 404 390 "-" "-"
jomarlogistica.com.br:80 13.79.168.144 - - [10/Sep/2025:11:57:06 -0300] "GET /vxrl.php HTTP/1.1" 404 390 "-" "-"
jomarlogistica.com.br:80 13.79.168.144 - - [10/Sep/2025:11:57:07 -0300] "GET /shorw.php HTTP/1.1" 404 409 "-" "-"
jomarlogistica.com.br:80 13.79.168.144 - - [10/Sep/2025:11:57:08 -0300] "GET /gifclass.php HTTP/1.1" 404 390 "-" "-"
jomarlogistica.com.br:80 13.79.168.144 - - [10/Sep/2025:11:57:08 -0300] "GET /orm.php HTTP/1.1" 404 390 "-" "-"
jomarlogistica.com.br:80 13.79.168.144 - - [10/Sep/2025:11:57:09 -0300] "GET /gmo.php HTTP/1.1" 404 390 "-" "-"
jomarlogistica.com.br:80 13.79.168.144 - - [10/Sep/2025:11:57:10 -0300] "GET /ioxi2.php HTTP/1.1" 404 390 "-" "-"
jomarlogistica.com.br:80 13.79.168.144 - - [10/Sep/2025:11:57:10 -0300] "GET /MARIJUANA.php HTTP/1.1" 404 409 "-" "-"
jomarlogistica.com.br:80 172.20.1.117 - - [10/Sep/2025:11:57:12 -0300] "POST /wp-cron.php?doing_wp_cron=1757516232.0301530361175537109375 HTTP/1.1" 200 389 "https://jomarlogistica.com.br/wp-cron.php?doing_wp_cron=1757516232.0301530361175537109375" "WordPress/5.8.10; https://jomarlogistica.com.br"
jomarlogistica.com.br:80 13.79.168.144 - - [10/Sep/2025:11:57:11 -0300] "GET /file17.php HTTP/1.1" 404 390 "-" "-"
jomarlogistica.com.br:80 13.79.168.144 - - [10/Sep/2025:11:57:12 -0300] "GET /H.php HTTP/1.1" 404 390 "-" "-"
jomarlogistica.com.br:80 13.79.168.144 - - [10/Sep/2025:11:57:13 -0300] "GET /zcxb.php HTTP/1.1" 404 390 "-" "-"
jomarlogistica.com.br:80 13.79.168.144 - - [10/Sep/2025:11:57:14 -0300] "GET /wpls.php HTTP/1.1" 404 390 "-" "-"
jomarlogistica.com.br:80 13.79.168.144 - - [10/Sep/2025:11:57:14 -0300] "GET /testas.php HTTP/1.1" 404 409 "-" "-"
jomarlogistica.com.br:80 13.79.168.144 - - [10/Sep/2025:11:57:15 -0300] "GET /nope.php HTTP/1.1" 404 390 "-" "-"
jomarlogistica.com.br:80 13.79.168.144 - - [10/Sep/2025:11:57:16 -0300] "GET /reyna.php HTTP/1.1" 404 390 "-" "-"
jomarlogistica.com.br:80 13.79.168.144 - - [10/Sep/2025:11:57:17 -0300] "GET /ma1.php HTTP/1.1" 404 390 "-" "-"
jomarlogistica.com.br:80 13.79.168.144 - - [10/Sep/2025:11:57:18 -0300] "GET /bypltspd.php HTTP/1.1" 404 409 "-" "-"
jomarlogistica.com.br:80 13.79.168.144 - - [10/Sep/2025:11:57:19 -0300] "GET /aaa.php HTTP/1.1" 404 390 "-" "-"
jomarlogistica.com.br:80 13.79.168.144 - - [10/Sep/2025:11:57:20 -0300] "GET /wp-xx.php HTTP/1.1" 404 390 "-" "-"
jomarlogistica.com.br:80 13.79.168.144 - - [10/Sep/2025:11:57:20 -0300] "GET /wp-xm.php HTTP/1.1" 404 390 "-" "-"
jomarlogistica.com.br:80 13.79.168.144 - - [10/Sep/2025:11:57:21 -0300] "GET /zeal.php HTTP/1.1" 404 390 "-" "-"
jomarlogistica.com.br:80 13.79.168.144 - - [10/Sep/2025:11:57:22 -0300] "GET /h8h9.php HTTP/1.1" 404 409 "-" "-"
jomarlogistica.com.br:80 127.0.0.1 - - [10/Sep/2025:11:57:22 -0300] "OPTIONS * HTTP/1.0" 200 110 "-" "Apache/2.4.65 (Ubuntu) (internal dummy connection)"
jomarlogistica.com.br:80 13.79.168.144 - - [10/Sep/2025:11:57:22 -0300] "GET /zasd.php HTTP/1.1" 404 390 "-" "-"
jomarlogistica.com.br:80 13.79.168.144 - - [10/Sep/2025:11:57:23 -0300] "GET /xzs.php HTTP/1.1" 404 390 "-" "-"
jomarlogistica.com.br:80 13.79.168.144 - - [10/Sep/2025:11:57:24 -0300] "GET /yep.php HTTP/1.1" 404 390 "-" "-"
jomarlogistica.com.br:80 13.79.168.144 - - [10/Sep/2025:11:57:24 -0300] "GET /des.php HTTP/1.1" 404 390 "-" "-"
jomarlogistica.com.br:80 13.79.168.144 - - [10/Sep/2025:11:57:25 -0300] "GET /xex.php HTTP/1.1" 404 409 "-" "-"
jomarlogistica.com.br:80 13.79.168.144 - - [10/Sep/2025:11:57:26 -0300] "GET /tox.php HTTP/1.1" 404 390 "-" "-"
jomarlogistica.com.br:80 13.79.168.144 - - [10/Sep/2025:11:57:26 -0300] "GET /racs3.php HTTP/1.1" 404 390 "-" "-"
jomarlogistica.com.br:80 13.79.168.144 - - [10/Sep/2025:11:57:27 -0300] "GET /wp-cliner.php HTTP/1.1" 404 390 "-" "-"
jomarlogistica.com.br:80 13.79.168.144 - - [10/Sep/2025:11:57:28 -0300] "GET /law.php HTTP/1.1" 404 390 "-" "-"
jomarlogistica.com.br:80 13.79.168.144 - - [10/Sep/2025:11:57:29 -0300] "GET /moo.php HTTP/1.1" 404 409 "-" "-"
jomarlogistica.com.br:80 13.79.168.144 - - [10/Sep/2025:11:57:29 -0300] "GET /89.php HTTP/1.1" 404 390 "-" "-"
jomarlogistica.com.br:80 13.79.168.144 - - [10/Sep/2025:11:57:30 -0300] "GET /noe.php HTTP/1.1" 404 390 "-" "-"
jomarlogistica.com.br:80 13.79.168.144 - - [10/Sep/2025:11:57:31 -0300] "GET /fe5.php HTTP/1.1" 404 390 "-" "-"
jomarlogistica.com.br:80 13.79.168.144 - - [10/Sep/2025:11:57:31 -0300] "GET /gg.php HTTP/1.1" 404 390 "-" "-"
jomarlogistica.com.br:80 13.79.168.144 - - [10/Sep/2025:11:57:32 -0300] "GET /fresh3.php HTTP/1.1" 404 409 "-" "-"
jomarlogistica.com.br:80 13.79.168.144 - - [10/Sep/2025:11:57:33 -0300] "GET /mo.php HTTP/1.1" 404 390 "-" "-"
jomarlogistica.com.br:80 13.79.168.144 - - [10/Sep/2025:11:57:33 -0300] "GET /6erg.php HTTP/1.1" 404 390 "-" "-"
jomarlogistica.com.br:80 13.79.168.144 - - [10/Sep/2025:11:57:34 -0300] "GET /rsnu.php HTTP/1.1" 404 390 "-" "-"
jomarlogistica.com.br:80 13.79.168.144 - - [10/Sep/2025:11:57:35 -0300] "GET /card.php HTTP/1.1" 404 390 "-" "-"
jomarlogistica.com.br:80 13.79.168.144 - - [10/Sep/2025:11:57:36 -0300] "GET /aa17.php HTTP/1.1" 404 409 "-" "-"
jomarlogistica.com.br:80 13.79.168.144 - - [10/Sep/2025:11:57:37 -0300] "GET /admi.php HTTP/1.1" 404 390 "-" "-"
jomarlogistica.com.br:80 13.79.168.144 - - [10/Sep/2025:11:57:37 -0300] "GET /note.php HTTP/1.1" 404 390 "-" "-"
jomarlogistica.com.br:80 13.79.168.144 - - [10/Sep/2025:11:57:38 -0300] "GET /png.php HTTP/1.1" 404 390 "-" "-"
jomarlogistica.com.br:80 13.79.168.144 - - [10/Sep/2025:11:57:39 -0300] "GET /ava.php HTTP/1.1" 404 390 "-" "-"
jomarlogistica.com.br:80 13.79.168.144 - - [10/Sep/2025:11:57:40 -0300] "GET /resp.php HTTP/1.1" 404 409 "-" "-"
jomarlogistica.com.br:80 13.79.168.144 - - [10/Sep/2025:11:57:40 -0300] "GET /algox.php HTTP/1.1" 404 390 "-" "-"
jomarlogistica.com.br:80 13.79.168.144 - - [10/Sep/2025:11:57:41 -0300] "GET /v2.php HTTP/1.1" 404 390 "-" "-"
jomarlogistica.com.br:80 13.79.168.144 - - [10/Sep/2025:11:57:42 -0300] "GET /hb02ugyh.php HTTP/1.1" 404 390 "-" "-"
jomarlogistica.com.br:80 13.79.168.144 - - [10/Sep/2025:11:57:42 -0300] "GET /sxb.php HTTP/1.1" 404 390 "-" "-"
jomarlogistica.com.br:80 13.79.168.144 - - [10/Sep/2025:11:57:43 -0300] "GET /gm.php HTTP/1.1" 404 409 "-" "-"
jomarlogistica.com.br:80 13.79.168.144 - - [10/Sep/2025:11:57:44 -0300] "GET /jga.php HTTP/1.1" 404 390 "-" "-"
jomarlogistica.com.br:80 13.79.168.144 - - [10/Sep/2025:11:57:44 -0300] "GET /file5.php HTTP/1.1" 404 390 "-" "-"
jomarlogistica.com.br:80 13.79.168.144 - - [10/Sep/2025:11:57:45 -0300] "GET /miansha.php HTTP/1.1" 404 390 "-" "-"
jomarlogistica.com.br:80 13.79.168.144 - - [10/Sep/2025:11:57:46 -0300] "GET /mjq.php HTTP/1.1" 404 390 "-" "-"
jomarlogistica.com.br:80 13.79.168.144 - - [10/Sep/2025:11:57:47 -0300] "GET /yasnu.php HTTP/1.1" 404 409 "-" "-"
jomarlogistica.com.br:80 13.79.168.144 - - [10/Sep/2025:11:57:47 -0300] "GET /yanki.php HTTP/1.1" 404 390 "-" "-"
jomarlogistica.com.br:80 13.79.168.144 - - [10/Sep/2025:11:57:48 -0300] "GET /elf.php HTTP/1.1" 404 390 "-" "-"
jomarlogistica.com.br:80 13.79.168.144 - - [10/Sep/2025:11:57:49 -0300] "GET /7wom.php HTTP/1.1" 404 390 "-" "-"
jomarlogistica.com.br:80 13.79.168.144 - - [10/Sep/2025:11:57:49 -0300] "GET /new4.php HTTP/1.1" 404 390 "-" "-"
jomarlogistica.com.br:80 13.79.168.144 - - [10/Sep/2025:11:57:50 -0300] "GET /pola.php HTTP/1.1" 404 409 "-" "-"
jomarlogistica.com.br:80 13.79.168.144 - - [10/Sep/2025:11:57:51 -0300] "GET /mbg.php HTTP/1.1" 404 390 "-" "-"
jomarlogistica.com.br:80 13.79.168.144 - - [10/Sep/2025:11:57:51 -0300] "GET /1a.php HTTP/1.1" 404 390 "-" "-"
jomarlogistica.com.br:80 13.79.168.144 - - [10/Sep/2025:11:57:52 -0300] "GET /karak.php HTTP/1.1" 404 390 "-" "-"
jomarlogistica.com.br:80 13.79.168.144 - - [10/Sep/2025:11:57:53 -0300] "GET /loli.php HTTP/1.1" 404 390 "-" "-"
jomarlogistica.com.br:80 13.79.168.144 - - [10/Sep/2025:11:57:54 -0300] "GET /667.php HTTP/1.1" 404 409 "-" "-"
jomarlogistica.com.br:80 13.79.168.144 - - [10/Sep/2025:11:57:54 -0300] "GET /a2.php HTTP/1.1" 404 390 "-" "-"
jomarlogistica.com.br:80 13.79.168.144 - - [10/Sep/2025:11:57:55 -0300] "GET /ertg.php HTTP/1.1" 404 390 "-" "-"
jomarlogistica.com.br:80 13.79.168.144 - - [10/Sep/2025:11:57:56 -0300] "GET /jlex3.php HTTP/1.1" 404 390 "-" "-"
jomarlogistica.com.br:80 13.79.168.144 - - [10/Sep/2025:11:57:56 -0300] "GET /cool.php HTTP/1.1" 404 390 "-" "-"
jomarlogistica.com.br:80 13.79.168.144 - - [10/Sep/2025:11:57:57 -0300] "GET /13.php HTTP/1.1" 404 409 "-" "-"
jomarlogistica.com.br:80 13.79.168.144 - - [10/Sep/2025:11:57:58 -0300] "GET /lol.php HTTP/1.1" 404 390 "-" "-"
jomarlogistica.com.br:80 13.79.168.144 - - [10/Sep/2025:11:57:58 -0300] "GET /iov.php HTTP/1.1" 404 390 "-" "-"
jomarlogistica.com.br:80 13.79.168.144 - - [10/Sep/2025:11:57:59 -0300] "GET /bolt.php HTTP/1.1" 404 390 "-" "-"
jomarlogistica.com.br:80 13.79.168.144 - - [10/Sep/2025:11:58:00 -0300] "GET /as4AaPasd.php HTTP/1.1" 404 390 "-" "-"
jomarlogistica.com.br:80 13.79.168.144 - - [10/Sep/2025:11:58:01 -0300] "GET /w3llstore.php HTTP/1.1" 404 409 "-" "-"
jomarlogistica.com.br:80 13.79.168.144 - - [10/Sep/2025:11:58:01 -0300] "GET /shell20250630.php HTTP/1.1" 404 390 "-" "-"
jomarlogistica.com.br:80 13.79.168.144 - - [10/Sep/2025:11:58:02 -0300] "GET /aaaa.php HTTP/1.1" 404 390 "-" "-"
jomarlogistica.com.br:80 13.79.168.144 - - [10/Sep/2025:11:58:03 -0300] "GET /css.php HTTP/1.1" 404 390 "-" "-"
jomarlogistica.com.br:80 13.79.168.144 - - [10/Sep/2025:11:58:03 -0300] "GET /.lajuju.php HTTP/1.1" 404 390 "-" "-"
jomarlogistica.com.br:80 13.79.168.144 - - [10/Sep/2025:11:58:04 -0300] "GET /wp-gr.php HTTP/1.1" 404 409 "-" "-"
jomarlogistica.com.br:80 13.79.168.144 - - [10/Sep/2025:11:58:05 -0300] "GET /ffile.php HTTP/1.1" 404 390 "-" "-"
jomarlogistica.com.br:80 13.79.168.144 - - [10/Sep/2025:11:58:06 -0300] "GET /trd.php HTTP/1.1" 404 390 "-" "-"
jomarlogistica.com.br:80 13.79.168.144 - - [10/Sep/2025:11:58:07 -0300] "GET /goh.php HTTP/1.1" 404 390 "-" "-"
jomarlogistica.com.br:80 13.79.168.144 - - [10/Sep/2025:11:58:08 -0300] "GET /class-t.api.php HTTP/1.1" 404 390 "-" "-"
jomarlogistica.com.br:80 13.79.168.144 - - [10/Sep/2025:11:58:08 -0300] "GET /tcp.php HTTP/1.1" 404 409 "-" "-"
jomarlogistica.com.br:80 13.79.168.144 - - [10/Sep/2025:11:58:09 -0300] "GET /ioxi.php HTTP/1.1" 404 390 "-" "-"
jomarlogistica.com.br:80 13.79.168.144 - - [10/Sep/2025:11:58:10 -0300] "GET /jmfi2.php HTTP/1.1" 404 390 "-" "-"
jomarlogistica.com.br:80 13.79.168.144 - - [10/Sep/2025:11:58:10 -0300] "GET /zwso.php HTTP/1.1" 404 390 "-" "-"
jomarlogistica.com.br:80 13.79.168.144 - - [10/Sep/2025:11:58:11 -0300] "GET /wp-xrm.php HTTP/1.1" 404 390 "-" "-"
jomarlogistica.com.br:80 13.79.168.144 - - [10/Sep/2025:11:58:12 -0300] "GET /r4f_1.php HTTP/1.1" 404 409 "-" "-"
jomarlogistica.com.br:80 13.79.168.144 - - [10/Sep/2025:11:58:12 -0300] "GET /nbm.php HTTP/1.1" 404 390 "-" "-"
jomarlogistica.com.br:80 13.79.168.144 - - [10/Sep/2025:11:58:13 -0300] "GET /ff.php HTTP/1.1" 404 390 "-" "-"
jomarlogistica.com.br:80 13.79.168.144 - - [10/Sep/2025:11:58:14 -0300] "GET /mws.php HTTP/1.1" 404 390 "-" "-"
jomarlogistica.com.br:80 13.79.168.144 - - [10/Sep/2025:11:58:15 -0300] "GET /alf4.php HTTP/1.1" 404 390 "-" "-"
jomarlogistica.com.br:80 13.79.168.144 - - [10/Sep/2025:11:58:15 -0300] "GET /mtrje.php HTTP/1.1" 404 409 "-" "-"
jomarlogistica.com.br:80 13.79.168.144 - - [10/Sep/2025:11:58:16 -0300] "GET /shell1.php HTTP/1.1" 404 390 "-" "-"
jomarlogistica.com.br:80 13.79.168.144 - - [10/Sep/2025:11:58:17 -0300] "GET /chn.php HTTP/1.1" 404 390 "-" "-"
jomarlogistica.com.br:80 13.79.168.144 - - [10/Sep/2025:11:58:17 -0300] "GET /mnkalo.php HTTP/1.1" 404 390 "-" "-"
jomarlogistica.com.br:80 13.79.168.144 - - [10/Sep/2025:11:58:18 -0300] "GET /vxrl.php HTTP/1.1" 404 390 "-" "-"
jomarlogistica.com.br:80 13.79.168.144 - - [10/Sep/2025:11:58:19 -0300] "GET /abt.php HTTP/1.1" 404 409 "-" "-"
jomarlogistica.com.br:80 13.79.168.144 - - [10/Sep/2025:11:58:19 -0300] "GET /awi.php HTTP/1.1" 404 390 "-" "-"
jomarlogistica.com.br:80 13.79.168.144 - - [10/Sep/2025:11:58:20 -0300] "GET /malo.php HTTP/1.1" 404 390 "-" "-"
jomarlogistica.com.br:80 13.79.168.144 - - [10/Sep/2025:11:58:21 -0300] "GET /upgrade.php HTTP/1.1" 404 390 "-" "-"
jomarlogistica.com.br:80 13.79.168.144 - - [10/Sep/2025:11:58:21 -0300] "GET /10266.php HTTP/1.1" 404 390 "-" "-"
jomarlogistica.com.br:80 13.79.168.144 - - [10/Sep/2025:11:58:22 -0300] "GET /xpass.php HTTP/1.1" 404 409 "-" "-"
jomarlogistica.com.br:80 13.79.168.144 - - [10/Sep/2025:11:58:23 -0300] "GET /hg.php HTTP/1.1" 404 390 "-" "-"
jomarlogistica.com.br:80 13.79.168.144 - - [10/Sep/2025:11:58:24 -0300] "GET /async.php HTTP/1.1" 404 390 "-" "-"
jomarlogistica.com.br:80 13.79.168.144 - - [10/Sep/2025:11:58:24 -0300] "GET /class.1.php HTTP/1.1" 404 390 "-" "-"
jomarlogistica.com.br:80 13.79.168.144 - - [10/Sep/2025:11:58:25 -0300] "GET /gfile1.php HTTP/1.1" 404 390 "-" "-"
jomarlogistica.com.br:80 13.79.168.144 - - [10/Sep/2025:11:58:26 -0300] "GET /whv.php HTTP/1.1" 404 409 "-" "-"
jomarlogistica.com.br:80 13.79.168.144 - - [10/Sep/2025:11:58:26 -0300] "GET /ioxi-o.php HTTP/1.1" 404 390 "-" "-"
jomarlogistica.com.br:80 13.79.168.144 - - [10/Sep/2025:11:58:27 -0300] "GET /1a.php HTTP/1.1" 404 390 "-" "-"
jomarlogistica.com.br:80 13.79.168.144 - - [10/Sep/2025:11:58:28 -0300] "GET /volka.php HTTP/1.1" 404 390 "-" "-"
jomarlogistica.com.br:80 172.20.1.117 - - [10/Sep/2025:12:04:17 -0300] "POST /wp-cron.php?doing_wp_cron=1757516657.6875920295715332031250 HTTP/1.1" 200 389 "https://jomarlogistica.com.br/wp-cron.php?doing_wp_cron=1757516657.6875920295715332031250" "WordPress/5.8.10; https://jomarlogistica.com.br"
jomarlogistica.com.br:80 177.116.188.98 - - [10/Sep/2025:12:04:17 -0300] "POST /autodiscover/autodiscover.xml HTTP/1.1" 404 448 "-" "AppleExchangeWebServices/833 accountsd/113"
jomarlogistica.com.br:80 127.0.0.1 - - [10/Sep/2025:12:04:22 -0300] "OPTIONS * HTTP/1.0" 200 110 "-" "Apache/2.4.65 (Ubuntu) (internal dummy connection)"
jomarlogistica.com.br:80 172.20.1.117 - - [10/Sep/2025:12:08:19 -0300] "POST /wp-cron.php?doing_wp_cron=1757516899.2467811107635498046875 HTTP/1.1" 200 389 "https://jomarlogistica.com.br/wp-cron.php?doing_wp_cron=1757516899.2467811107635498046875" "WordPress/5.8.10; https://jomarlogistica.com.br"
jomarlogistica.com.br:80 114.119.138.207 - - [10/Sep/2025:12:08:18 -0300] "GET /2023/09/09/avast-secureline-vpn-review/ HTTP/1.1" 200 17281 "https://jomarlogistica.com.br/2023/09/09/avast-secureline-vpn-review/" "Mozilla/5.0 (Linux; Android 7.0;) AppleWebKit/537.36 (KHTML, like Gecko) Mobile Safari/537.36 (compatible; PetalBot;+https://webmaster.petalsearch.com/site/petalbot)"
jomarlogistica.com.br:80 127.0.0.1 - - [10/Sep/2025:12:08:25 -0300] "OPTIONS * HTTP/1.0" 200 110 "-" "Apache/2.4.65 (Ubuntu) (internal dummy connection)"
jomarlogistica.com.br:80 57.141.0.5 - - [10/Sep/2025:12:09:01 -0300] "GET /2023/04/16/i-got-divorced-after-40-heres-how-i-found-love-again/ HTTP/1.1" 200 83765 "-" "meta-externalagent/1.1 (+https://developers.facebook.com/docs/sharing/webmasters/crawler)"
jomarlogistica.com.br:80 114.119.158.0 - - [10/Sep/2025:12:09:49 -0300] "GET /2023/05/page/10/ HTTP/1.1" 200 16722 "https://jomarlogistica.com.br/2023/05/page/5/" "Mozilla/5.0 (Linux; Android 7.0;) AppleWebKit/537.36 (KHTML, like Gecko) Mobile Safari/537.36 (compatible; PetalBot;+https://webmaster.petalsearch.com/site/petalbot)"
jomarlogistica.com.br:80 114.119.134.192 - - [10/Sep/2025:12:11:04 -0300] "GET /2023/05/01/what-is-a-soulmate-5-various-signs-you-met-your-soulmate/ HTTP/1.1" 200 17883 "https://jomarlogistica.com.br/2023/page/29/" "Mozilla/5.0 (Linux; Android 7.0;) AppleWebKit/537.36 (KHTML, like Gecko) Mobile Safari/537.36 (compatible; PetalBot;+https://webmaster.petalsearch.com/site/petalbot)"
jomarlogistica.com.br:80 172.20.1.117 - - [10/Sep/2025:12:12:28 -0300] "POST /wp-cron.php?doing_wp_cron=1757517148.1199109554290771484375 HTTP/1.1" 200 389 "https://jomarlogistica.com.br/wp-cron.php?doing_wp_cron=1757517148.1199109554290771484375" "WordPress/5.8.10; https://jomarlogistica.com.br"
jomarlogistica.com.br:80 114.119.159.76 - - [10/Sep/2025:12:12:27 -0300] "GET /2023/04/12/asian-relationship-conversation-styles/ HTTP/1.1" 200 17598 "https://jomarlogistica.com.br/author/jomar/page/33/" "Mozilla/5.0 (Linux; Android 7.0;) AppleWebKit/537.36 (KHTML, like Gecko) Mobile Safari/537.36 (compatible; PetalBot;+https://webmaster.petalsearch.com/site/petalbot)"
jomarlogistica.com.br:80 127.0.0.1 - - [10/Sep/2025:12:12:33 -0300] "OPTIONS * HTTP/1.0" 200 110 "-" "Apache/2.4.65 (Ubuntu) (internal dummy connection)"
jomarlogistica.com.br:80 57.141.0.65 - - [10/Sep/2025:12:13:03 -0300] "GET /2022/11/02/the-very-best-countries-to-find-beautiful-girls/ HTTP/1.1" 200 81496 "-" "meta-externalagent/1.1 (+https://developers.facebook.com/docs/sharing/webmasters/crawler)"
jomarlogistica.com.br:80 114.119.135.84 - - [10/Sep/2025:12:13:52 -0300] "GET /2022/11/26/realizing-love-signs-you-are-in-love-2/ HTTP/1.1" 200 17360 "https://jomarlogistica.com.br/2022/page/7/" "Mozilla/5.0 (Linux; Android 7.0;) AppleWebKit/537.36 (KHTML, like Gecko) Mobile Safari/537.36 (compatible; PetalBot;+https://webmaster.petalsearch.com/site/petalbot)"
jomarlogistica.com.br:80 114.119.158.0 - - [10/Sep/2025:12:15:15 -0300] "GET /author/jomar/page/52/ HTTP/1.1" 200 18797 "https://jomarlogistica.com.br/author/jomar/page/53/" "Mozilla/5.0 (Linux; Android 7.0;) AppleWebKit/537.36 (KHTML, like Gecko) Mobile Safari/537.36 (compatible; PetalBot;+https://webmaster.petalsearch.com/site/petalbot)"
jomarlogistica.com.br:80 114.119.159.76 - - [10/Sep/2025:12:16:38 -0300] "GET /2022/10/06/the-qualities-of-perfect-interactions/ HTTP/1.1" 200 18096 "https://jomarlogistica.com.br/2022/10/08/methods-to-ask-sugardaddy-for-money/" "Mozilla/5.0 (Linux; Android 7.0;) AppleWebKit/537.36 (KHTML, like Gecko) Mobile Safari/537.36 (compatible; PetalBot;+https://webmaster.petalsearch.com/site/petalbot)"
jomarlogistica.com.br:80 172.20.1.117 - - [10/Sep/2025:12:18:04 -0300] "POST /wp-cron.php?doing_wp_cron=1757517484.2985160350799560546875 HTTP/1.1" 200 389 "https://jomarlogistica.com.br/wp-cron.php?doing_wp_cron=1757517484.2985160350799560546875" "WordPress/5.8.10; https://jomarlogistica.com.br"
jomarlogistica.com.br:80 114.119.138.130 - - [10/Sep/2025:12:18:03 -0300] "GET /2022/08/18/2022-aba-model-rules-key-updates-and-changes-for-legal-professionals/ HTTP/1.1" 200 7364 "https://jomarlogistica.com.br/2022/08/18/apft-form-fillable-legal-guide-and-fillable-forms/" "Mozilla/5.0 (Linux; Android 7.0;) AppleWebKit/537.36 (KHTML, like Gecko) Mobile Safari/537.36 (compatible; PetalBot;+https://webmaster.petalsearch.com/site/petalbot)"
jomarlogistica.com.br:80 127.0.0.1 - - [10/Sep/2025:12:18:08 -0300] "OPTIONS * HTTP/1.0" 200 110 "-" "Apache/2.4.65 (Ubuntu) (internal dummy connection)"
jomarlogistica.com.br:80 57.141.0.12 - - [10/Sep/2025:12:18:35 -0300] "GET /2023/09/22/attachment-definition-in-legal-terms-understanding-legal-attachment/ HTTP/1.1" 200 63180 "-" "meta-externalagent/1.1 (+https://developers.facebook.com/docs/sharing/webmasters/crawler)"
jomarlogistica.com.br:80 85.208.96.202 - - [10/Sep/2025:12:18:55 -0300] "GET /2023/08/13/ideal-free-vpn-for-mac/ HTTP/1.1" 200 17318 "-" "Mozilla/5.0 (compatible; SemrushBot/7~bl; +http://www.semrush.com/bot.html)"
jomarlogistica.com.br:80 172.20.1.117 - - [10/Sep/2025:12:30:27 -0300] "POST /wp-cron.php?doing_wp_cron=1757518227.7886490821838378906250 HTTP/1.1" 200 389 "https://jomarlogistica.com.br/wp-cron.php?doing_wp_cron=1757518227.7886490821838378906250" "WordPress/5.8.10; https://jomarlogistica.com.br"
jomarlogistica.com.br:80 114.119.159.76 - - [10/Sep/2025:12:30:27 -0300] "GET /2023/05/28/local-plumber-of-working-day-for-internet-dating/ HTTP/1.1" 200 17457 "https://jomarlogistica.com.br/2023/05/30/impair-services-the-advantages-of-virtualization/" "Mozilla/5.0 (Linux; Android 7.0;) AppleWebKit/537.36 (KHTML, like Gecko) Mobile Safari/537.36 (compatible; PetalBot;+https://webmaster.petalsearch.com/site/petalbot)"
jomarlogistica.com.br:80 127.0.0.1 - - [10/Sep/2025:12:30:33 -0300] "OPTIONS * HTTP/1.0" 200 110 "-" "Apache/2.4.65 (Ubuntu) (internal dummy connection)"
jomarlogistica.com.br:80 57.141.0.28 - - [10/Sep/2025:12:31:55 -0300] "GET /2023/05/10/dating-chat-for-those-looking-for-hooking-up-or-settling-down-2/ HTTP/1.1" 200 79413 "-" "meta-externalagent/1.1 (+https://developers.facebook.com/docs/sharing/webmasters/crawler)"
jomarlogistica.com.br:80 172.20.1.117 - - [10/Sep/2025:12:35:55 -0300] "POST /wp-cron.php?doing_wp_cron=1757518555.0066220760345458984375 HTTP/1.1" 200 389 "https://jomarlogistica.com.br/wp-cron.php?doing_wp_cron=1757518555.0066220760345458984375" "WordPress/5.8.10; https://jomarlogistica.com.br"
jomarlogistica.com.br:80 85.208.98.23 - - [10/Sep/2025:12:35:54 -0300] "GET /robots.txt HTTP/1.1" 200 584 "http://jomarlogistica.com.br/robots.txt" "Mozilla/5.0 (compatible; SemrushBot-BA; +http://www.semrush.com/bot.html)"
jomarlogistica.com.br:80 127.0.0.1 - - [10/Sep/2025:12:36:00 -0300] "OPTIONS * HTTP/1.0" 200 110 "-" "Apache/2.4.65 (Ubuntu) (internal dummy connection)"
jomarlogistica.com.br:80 85.208.98.29 - - [10/Sep/2025:12:36:12 -0300] "GET /2023/04/18/the-very-best-female-competition-to-marry/ HTTP/1.1" 200 17540 "-" "Mozilla/5.0 (compatible; SemrushBot-BA; +http://www.semrush.com/bot.html)"
jomarlogistica.com.br:80 172.20.1.117 - - [10/Sep/2025:12:37:44 -0300] "POST /wp-cron.php?doing_wp_cron=1757518664.0750849246978759765625 HTTP/1.1" 200 389 "https://jomarlogistica.com.br/wp-cron.php?doing_wp_cron=1757518664.0750849246978759765625" "WordPress/5.8.10; https://jomarlogistica.com.br"
jomarlogistica.com.br:80 177.116.188.98 - - [10/Sep/2025:12:37:43 -0300] "POST /autodiscover/autodiscover.xml HTTP/1.1" 404 448 "-" "AppleExchangeWebServices/833 accountsd/113"
jomarlogistica.com.br:80 127.0.0.1 - - [10/Sep/2025:12:37:49 -0300] "OPTIONS * HTTP/1.0" 200 110 "-" "Apache/2.4.65 (Ubuntu) (internal dummy connection)"
