jomarlogistica.com.br:80 172.20.1.117 - - [10/Sep/2025:18:57:42 -0300] "POST /wp-cron.php?doing_wp_cron=1757541462.4471819400787353515625 HTTP/1.1" 200 389 "https://jomarlogistica.com.br/wp-cron.php?doing_wp_cron=1757541462.4471819400787353515625" "WordPress/5.8.10; https://jomarlogistica.com.br"
jomarlogistica.com.br:80 114.119.128.158 - - [10/Sep/2025:18:57:42 -0300] "GET /2023/05/14/ukrainian-brides-hot-ukrainian-women-online-order-mail-gifts-on-findbride-com/ HTTP/1.1" 200 20158 "https://jomarlogistica.com.br/2023/05/page/5/" "Mozilla/5.0 (Linux; Android 7.0;) AppleWebKit/537.36 (KHTML, like Gecko) Mobile Safari/537.36 (compatible; PetalBot;+https://webmaster.petalsearch.com/site/petalbot)"
jomarlogistica.com.br:80 127.0.0.1 - - [10/Sep/2025:18:57:48 -0300] "OPTIONS * HTTP/1.0" 200 110 "-" "Apache/2.4.65 (Ubuntu) (internal dummy connection)"
jomarlogistica.com.br:80 57.141.0.63 - - [10/Sep/2025:18:58:59 -0300] "GET /2023/02/02/arya-samaj-rules-in-english-comprehensive-guide-and-explanation/ HTTP/1.1" 200 60741 "-" "meta-externalagent/1.1 (+https://developers.facebook.com/docs/sharing/webmasters/crawler)"
jomarlogistica.com.br:80 114.119.136.72 - - [10/Sep/2025:18:59:03 -0300] "GET /2022/10/21/finding-millionaire-on-line/ HTTP/1.1" 200 17331 "https://jomarlogistica.com.br/author/jomar/page/53/" "Mozilla/5.0 (Linux; Android 7.0;) AppleWebKit/537.36 (KHTML, like Gecko) Mobile Safari/537.36 (compatible; PetalBot;+https://webmaster.petalsearch.com/site/petalbot)"
jomarlogistica.com.br:80 172.20.1.117 - - [10/Sep/2025:19:08:57 -0300] "POST /wp-cron.php?doing_wp_cron=1757542137.4483039379119873046875 HTTP/1.1" 200 389 "https://jomarlogistica.com.br/wp-cron.php?doing_wp_cron=1757542137.4483039379119873046875" "WordPress/5.8.10; https://jomarlogistica.com.br"
jomarlogistica.com.br:80 114.119.136.72 - - [10/Sep/2025:19:08:57 -0300] "GET /2022/11/27/finding-a-sugardaddy/ HTTP/1.1" 200 17350 "https://jomarlogistica.com.br/2022/page/7/" "Mozilla/5.0 (Linux; Android 7.0;) AppleWebKit/537.36 (KHTML, like Gecko) Mobile Safari/537.36 (compatible; PetalBot;+https://webmaster.petalsearch.com/site/petalbot)"
jomarlogistica.com.br:80 127.0.0.1 - - [10/Sep/2025:19:09:02 -0300] "OPTIONS * HTTP/1.0" 200 110 "-" "Apache/2.4.65 (Ubuntu) (internal dummy connection)"
jomarlogistica.com.br:80 177.116.188.98 - - [10/Sep/2025:19:10:12 -0300] "POST /autodiscover/autodiscover.xml HTTP/1.1" 404 448 "-" "AppleExchangeWebServices/833 accountsd/113"
jomarlogistica.com.br:80 114.119.128.158 - - [10/Sep/2025:19:10:22 -0300] "GET /2022/06/ HTTP/1.1" 200 13474 "https://jomarlogistica.com.br/2022/05/12/baguette-laws-in-france-understanding-the-regulations/" "Mozilla/5.0 (Linux; Android 7.0;) AppleWebKit/537.36 (KHTML, like Gecko) Mobile Safari/537.36 (compatible; PetalBot;+https://webmaster.petalsearch.com/site/petalbot)"
jomarlogistica.com.br:80 57.141.0.56 - - [10/Sep/2025:19:10:38 -0300] "GET /2022/12/11/the-culture-of-dating-a-latin-girl/ HTTP/1.1" 200 81342 "-" "meta-externalagent/1.1 (+https://developers.facebook.com/docs/sharing/webmasters/crawler)"
jomarlogistica.com.br:80 172.20.1.117 - - [10/Sep/2025:19:12:06 -0300] "POST /wp-cron.php?doing_wp_cron=1757542326.1988670825958251953125 HTTP/1.1" 200 389 "https://jomarlogistica.com.br/wp-cron.php?doing_wp_cron=1757542326.1988670825958251953125" "WordPress/5.8.10; https://jomarlogistica.com.br"
jomarlogistica.com.br:80 177.116.188.98 - - [10/Sep/2025:19:12:05 -0300] "POST /autodiscover/autodiscover.xml HTTP/1.1" 404 448 "-" "AppleExchangeWebServices/833 accountsd/113"
jomarlogistica.com.br:80 127.0.0.1 - - [10/Sep/2025:19:12:11 -0300] "OPTIONS * HTTP/1.0" 200 110 "-" "Apache/2.4.65 (Ubuntu) (internal dummy connection)"
jomarlogistica.com.br:80 172.20.1.117 - - [10/Sep/2025:19:22:45 -0300] "POST /wp-cron.php?doing_wp_cron=1757542965.3392090797424316406250 HTTP/1.1" 200 389 "https://jomarlogistica.com.br/wp-cron.php?doing_wp_cron=1757542965.3392090797424316406250" "WordPress/5.8.10; https://jomarlogistica.com.br"
jomarlogistica.com.br:80 177.116.188.98 - - [10/Sep/2025:19:22:45 -0300] "POST /autodiscover/autodiscover.xml HTTP/1.1" 404 448 "-" "AppleExchangeWebServices/833 accountsd/113"
jomarlogistica.com.br:80 127.0.0.1 - - [10/Sep/2025:19:22:50 -0300] "OPTIONS * HTTP/1.0" 200 110 "-" "Apache/2.4.65 (Ubuntu) (internal dummy connection)"
jomarlogistica.com.br:80 216.73.216.134 - - [10/Sep/2025:19:23:54 -0300] "GET /robots.txt HTTP/1.1" 200 584 "-" "Mozilla/5.0 AppleWebKit/537.36 (KHTML, like Gecko; compatible; ClaudeBot/1.0; +claudebot@anthropic.com)"
jomarlogistica.com.br:80 216.73.216.134 - - [10/Sep/2025:19:23:55 -0300] "GET /category/jomar/page/49 HTTP/1.1" 301 414 "-" "Mozilla/5.0 AppleWebKit/537.36 (KHTML, like Gecko; compatible; ClaudeBot/1.0; +claudebot@anthropic.com)"
jomarlogistica.com.br:80 216.73.216.134 - - [10/Sep/2025:19:23:55 -0300] "GET /category/jomar/page/49/ HTTP/1.1" 200 18907 "https://jomarlogistica.com.br/category/jomar/page/49" "Mozilla/5.0 AppleWebKit/537.36 (KHTML, like Gecko; compatible; ClaudeBot/1.0; +claudebot@anthropic.com)"
jomarlogistica.com.br:80 57.141.0.62 - - [10/Sep/2025:19:24:09 -0300] "GET /2022/04/30/a-cooperative-a-popular-form-of-business-ownership/ HTTP/1.1" 200 61855 "-" "meta-externalagent/1.1 (+https://developers.facebook.com/docs/sharing/webmasters/crawler)"
jomarlogistica.com.br:80 57.141.0.28 - - [10/Sep/2025:19:24:44 -0300] "GET /2023/04/12/asian-american-friends-and-family-expectations/ HTTP/1.1" 200 80061 "-" "meta-externalagent/1.1 (+https://developers.facebook.com/docs/sharing/webmasters/crawler)"
jomarlogistica.com.br:80 85.208.96.197 - - [10/Sep/2025:19:26:38 -0300] "GET /robots.txt HTTP/1.1" 200 584 "-" "Mozilla/5.0 (compatible; SemrushBot/7~bl; +http://www.semrush.com/bot.html)"
jomarlogistica.com.br:80 85.208.96.199 - - [10/Sep/2025:19:26:39 -0300] "GET /2022/10/24/spots-to-meet-ladies/ HTTP/1.1" 200 18707 "-" "Mozilla/5.0 (compatible; SemrushBot/7~bl; +http://www.semrush.com/bot.html)"
jomarlogistica.com.br:80 172.20.1.117 - - [10/Sep/2025:19:30:13 -0300] "POST /wp-cron.php?doing_wp_cron=1757543412.9901280403137207031250 HTTP/1.1" 200 389 "https://jomarlogistica.com.br/wp-cron.php?doing_wp_cron=1757543412.9901280403137207031250" "WordPress/5.8.10; https://jomarlogistica.com.br"
jomarlogistica.com.br:80 177.116.188.98 - - [10/Sep/2025:19:30:12 -0300] "POST /autodiscover/autodiscover.xml HTTP/1.1" 404 448 "-" "AppleExchangeWebServices/833 accountsd/113"
jomarlogistica.com.br:80 127.0.0.1 - - [10/Sep/2025:19:30:18 -0300] "OPTIONS * HTTP/1.0" 200 110 "-" "Apache/2.4.65 (Ubuntu) (internal dummy connection)"
jomarlogistica.com.br:80 85.208.96.210 - - [10/Sep/2025:19:30:20 -0300] "GET /2022/12/08/the-right-way-to-be-a-better-husband-psychologically/ HTTP/1.1" 200 17358 "-" "Mozilla/5.0 (compatible; SemrushBot/7~bl; +http://www.semrush.com/bot.html)"
jomarlogistica.com.br:80 57.141.0.20 - - [10/Sep/2025:19:31:24 -0300] "GET /2024/02/05/anti-terrorism-laws-in-america-understanding-the-legal-framework/ HTTP/1.1" 200 63552 "-" "meta-externalagent/1.1 (+https://developers.facebook.com/docs/sharing/webmasters/crawler)"
jomarlogistica.com.br:80 172.20.1.117 - - [10/Sep/2025:19:34:32 -0300] "POST /wp-cron.php?doing_wp_cron=1757543672.5793850421905517578125 HTTP/1.1" 200 389 "https://jomarlogistica.com.br/wp-cron.php?doing_wp_cron=1757543672.5793850421905517578125" "WordPress/5.8.10; https://jomarlogistica.com.br"
jomarlogistica.com.br:80 66.249.70.39 - - [10/Sep/2025:19:34:32 -0300] "GET /2024/01/23/a-lease-agreement-sets-the-terms-of-a-rental-contract/ HTTP/1.1" 200 14005 "-" "Mozilla/5.0 (Linux; Android 6.0.1; Nexus 5X Build/MMB29P) AppleWebKit/537.36 (KHTML, like Gecko) Chrome/139.0.7258.154 Mobile Safari/537.36 (compatible; Googlebot/2.1; +http://www.google.com/bot.html)"
jomarlogistica.com.br:80 127.0.0.1 - - [10/Sep/2025:19:34:37 -0300] "OPTIONS * HTTP/1.0" 200 110 "-" "Apache/2.4.65 (Ubuntu) (internal dummy connection)"
jomarlogistica.com.br:80 66.249.70.39 - - [10/Sep/2025:19:34:39 -0300] "GET /wp-content/themes/consultio/assets/css/flaticon-v7.css?ver=2.8.0 HTTP/1.1" 200 990 "https://jomarlogistica.com.br/2024/01/23/a-lease-agreement-sets-the-terms-of-a-rental-contract/" "Mozilla/5.0 (Linux; Android 6.0.1; Nexus 5X Build/MMB29P) AppleWebKit/537.36 (KHTML, like Gecko) Chrome/139.0.7258.154 Mobile Safari/537.36 (compatible; Googlebot/2.1; +http://www.google.com/bot.html)"
jomarlogistica.com.br:80 172.203.190.134 - - [10/Sep/2025:19:34:45 -0300] "GET /robots.txt HTTP/1.1" 200 584 "-" "Mozilla/5.0 (Macintosh; Intel Mac OS X 10_15_7) AppleWebKit/537.36 (KHTML, like Gecko) Chrome/131.0.0.0 Safari/537.36; compatible; OAI-SearchBot/1.0; +https://openai.com/searchbot"
jomarlogistica.com.br:80 66.249.70.39 - - [10/Sep/2025:19:34:37 -0300] "GET /?a7b529c=7022314 HTTP/1.1" 200 287 "https://jomarlogistica.com.br/2024/01/23/a-lease-agreement-sets-the-terms-of-a-rental-contract/" "Mozilla/5.0 (Linux; Android 6.0.1; Nexus 5X Build/MMB29P) AppleWebKit/537.36 (KHTML, like Gecko) Chrome/139.0.7258.154 Mobile Safari/537.36 (compatible; Googlebot/2.1; +http://www.google.com/bot.html)"
jomarlogistica.com.br:80 185.191.171.5 - - [10/Sep/2025:19:34:47 -0300] "GET /2023/01/30/what-to-anticipate-from-a-latina-relationship-agency/ HTTP/1.1" 200 18060 "-" "Mozilla/5.0 (compatible; SemrushBot/7~bl; +http://www.semrush.com/bot.html)"
jomarlogistica.com.br:80 127.0.0.1 - - [10/Sep/2025:19:34:53 -0300] "OPTIONS * HTTP/1.0" 200 110 "-" "Apache/2.4.65 (Ubuntu) (internal dummy connection)"
jomarlogistica.com.br:80 177.116.188.98 - - [10/Sep/2025:19:35:22 -0300] "POST /autodiscover/autodiscover.xml HTTP/1.1" 404 448 "-" "AppleExchangeWebServices/833 accountsd/113"
jomarlogistica.com.br:80 172.20.1.117 - - [10/Sep/2025:19:37:27 -0300] "POST /wp-cron.php?doing_wp_cron=1757543847.3766930103302001953125 HTTP/1.1" 200 389 "https://jomarlogistica.com.br/wp-cron.php?doing_wp_cron=1757543847.3766930103302001953125" "WordPress/5.8.10; https://jomarlogistica.com.br"
jomarlogistica.com.br:80 57.141.0.7 - - [10/Sep/2025:19:37:26 -0300] "GET /2023/12/18/alien-wedge-legal-understanding-the-legalities-of-alienation-of-land/ HTTP/1.1" 200 63708 "-" "meta-externalagent/1.1 (+https://developers.facebook.com/docs/sharing/webmasters/crawler)"
jomarlogistica.com.br:80 127.0.0.1 - - [10/Sep/2025:19:37:32 -0300] "OPTIONS * HTTP/1.0" 200 110 "-" "Apache/2.4.65 (Ubuntu) (internal dummy connection)"
jomarlogistica.com.br:80 177.116.188.98 - - [10/Sep/2025:19:38:43 -0300] "POST /autodiscover/autodiscover.xml HTTP/1.1" 404 448 "-" "AppleExchangeWebServices/833 accountsd/113"
jomarlogistica.com.br:80 4.227.36.22 - - [10/Sep/2025:19:40:14 -0300] "GET /robots.txt HTTP/1.1" 200 584 "-" "Mozilla/5.0 AppleWebKit/537.36 (KHTML, like Gecko; compatible; GPTBot/1.2; +https://openai.com/gptbot)"
jomarlogistica.com.br:80 20.169.6.230 - - [10/Sep/2025:19:40:14 -0300] "GET /2022/03/18/are-bearded-dragons-legal-in-new-york-laws-regulations-explained/ HTTP/1.1" 200 13921 "-" "Mozilla/5.0 (Macintosh; Intel Mac OS X 10_15_7) AppleWebKit/537.36 (KHTML, like Gecko) Chrome/131.0.0.0 Safari/537.36; compatible; OAI-SearchBot/1.0; +https://openai.com/searchbot"
jomarlogistica.com.br:80 20.171.53.230 - - [10/Sep/2025:19:40:17 -0300] "GET /2022/03/18/are-bearded-dragons-legal-in-new-york-laws-regulations-explained/feed/ HTTP/1.1" 200 1007 "-" "Mozilla/5.0 (Macintosh; Intel Mac OS X 10_15_7) AppleWebKit/537.36 (KHTML, like Gecko) Chrome/131.0.0.0 Safari/537.36; compatible; OAI-SearchBot/1.0; +https://openai.com/searchbot"
jomarlogistica.com.br:80 20.169.6.230 - - [10/Sep/2025:19:40:20 -0300] "GET /wp-json/oembed/1.0/embed?format=xml&url=https%3A%2F%2Fjomarlogistica.com.br%2F2022%2F03%2F18%2Fare-bearded-dragons-legal-in-new-york-laws-regulations-explained%2F HTTP/1.1" 404 782 "-" "Mozilla/5.0 (Macintosh; Intel Mac OS X 10_15_7) AppleWebKit/537.36 (KHTML, like Gecko) Chrome/131.0.0.0 Safari/537.36; compatible; OAI-SearchBot/1.0; +https://openai.com/searchbot"
jomarlogistica.com.br:80 20.171.53.224 - - [10/Sep/2025:19:40:23 -0300] "GET /?a7b529c=7164928 HTTP/1.1" 200 287 "-" "Mozilla/5.0 (Macintosh; Intel Mac OS X 10_15_7) AppleWebKit/537.36 (KHTML, like Gecko) Chrome/131.0.0.0 Safari/537.36; compatible; OAI-SearchBot/1.0; +https://openai.com/searchbot"
jomarlogistica.com.br:80 20.169.6.227 - - [10/Sep/2025:19:40:33 -0300] "GET /?p=53104 HTTP/1.1" 301 580 "-" "Mozilla/5.0 (Macintosh; Intel Mac OS X 10_15_7) AppleWebKit/537.36 (KHTML, like Gecko) Chrome/131.0.0.0 Safari/537.36; compatible; OAI-SearchBot/1.0; +https://openai.com/searchbot"
jomarlogistica.com.br:80 20.169.6.227 - - [10/Sep/2025:19:40:34 -0300] "GET /2022/03/18/are-bearded-dragons-legal-in-new-york-laws-regulations-explained/ HTTP/1.1" 200 13863 "-" "Mozilla/5.0 (Macintosh; Intel Mac OS X 10_15_7) AppleWebKit/537.36 (KHTML, like Gecko) Chrome/131.0.0.0 Safari/537.36; compatible; OAI-SearchBot/1.0; +https://openai.com/searchbot"
jomarlogistica.com.br:80 172.182.193.87 - - [10/Sep/2025:19:40:36 -0300] "GET /wp-json/wp/v2/posts/53104 HTTP/1.1" 404 816 "-" "Mozilla/5.0 (Macintosh; Intel Mac OS X 10_15_7) AppleWebKit/537.36 (KHTML, like Gecko) Chrome/131.0.0.0 Safari/537.36; compatible; OAI-SearchBot/1.0; +https://openai.com/searchbot"
jomarlogistica.com.br:80 20.169.6.227 - - [10/Sep/2025:19:40:37 -0300] "GET /wp-json/oembed/1.0/embed?url=https%3A%2F%2Fjomarlogistica.com.br%2F2022%2F03%2F18%2Fare-bearded-dragons-legal-in-new-york-laws-regulations-explained%2F HTTP/1.1" 404 775 "-" "Mozilla/5.0 (Macintosh; Intel Mac OS X 10_15_7) AppleWebKit/537.36 (KHTML, like Gecko) Chrome/131.0.0.0 Safari/537.36; compatible; OAI-SearchBot/1.0; +https://openai.com/searchbot"
jomarlogistica.com.br:80 20.171.207.82 - - [10/Sep/2025:19:40:38 -0300] "GET /2022/03/20/north-america-free-trade-agreement-everything-you-need-to-know/ HTTP/1.1" 200 13424 "-" "Mozilla/5.0 AppleWebKit/537.36 (KHTML, like Gecko; compatible; GPTBot/1.2; +https://openai.com/gptbot)"
jomarlogistica.com.br:80 20.171.53.224 - - [10/Sep/2025:19:40:39 -0300] "GET /wp-content/themes/consultio/assets/js/match-height-min.js?ver=1.0.0 HTTP/1.1" 200 3557 "-" "Mozilla/5.0 (Macintosh; Intel Mac OS X 10_15_7) AppleWebKit/537.36 (KHTML, like Gecko) Chrome/131.0.0.0 Safari/537.36; compatible; OAI-SearchBot/1.0; +https://openai.com/searchbot"
jomarlogistica.com.br:80 20.169.6.227 - - [10/Sep/2025:19:40:41 -0300] "GET /wp-json/oembed/1.0/embed?url=https%3A%2F%2Fjomarlogistica.com.br%2F2022%2F03%2F18%2Fare-bearded-dragons-legal-in-new-york-laws-regulations-explained%2F HTTP/1.1" 404 756 "-" "Mozilla/5.0 (Macintosh; Intel Mac OS X 10_15_7) AppleWebKit/537.36 (KHTML, like Gecko) Chrome/131.0.0.0 Safari/537.36; compatible; OAI-SearchBot/1.0; +https://openai.com/searchbot"
jomarlogistica.com.br:80 20.171.53.230 - - [10/Sep/2025:19:40:44 -0300] "GET /2022/03/18/are-bearded-dragons-legal-in-new-york-laws-regulations-explained/feed/ HTTP/1.1" 200 949 "-" "Mozilla/5.0 (Macintosh; Intel Mac OS X 10_15_7) AppleWebKit/537.36 (KHTML, like Gecko) Chrome/131.0.0.0 Safari/537.36; compatible; OAI-SearchBot/1.0; +https://openai.com/searchbot"
jomarlogistica.com.br:80 172.182.193.87 - - [10/Sep/2025:19:40:46 -0300] "GET /wp-json/wp/v2/posts/53104 HTTP/1.1" 404 777 "-" "Mozilla/5.0 (Macintosh; Intel Mac OS X 10_15_7) AppleWebKit/537.36 (KHTML, like Gecko) Chrome/131.0.0.0 Safari/537.36; compatible; OAI-SearchBot/1.0; +https://openai.com/searchbot"
jomarlogistica.com.br:80 127.0.0.1 - - [10/Sep/2025:19:40:46 -0300] "OPTIONS * HTTP/1.0" 200 110 "-" "Apache/2.4.65 (Ubuntu) (internal dummy connection)"
jomarlogistica.com.br:80 20.169.6.230 - - [10/Sep/2025:19:40:47 -0300] "GET /wp-json/oembed/1.0/embed?format=xml&url=https%3A%2F%2Fjomarlogistica.com.br%2F2022%2F03%2F18%2Fare-bearded-dragons-legal-in-new-york-laws-regulations-explained%2F HTTP/1.1" 404 782 "-" "Mozilla/5.0 (Macintosh; Intel Mac OS X 10_15_7) AppleWebKit/537.36 (KHTML, like Gecko) Chrome/131.0.0.0 Safari/537.36; compatible; OAI-SearchBot/1.0; +https://openai.com/searchbot"
jomarlogistica.com.br:80 20.169.6.227 - - [10/Sep/2025:19:40:49 -0300] "GET /?p=53104 HTTP/1.1" 301 522 "-" "Mozilla/5.0 (Macintosh; Intel Mac OS X 10_15_7) AppleWebKit/537.36 (KHTML, like Gecko) Chrome/131.0.0.0 Safari/537.36; compatible; OAI-SearchBot/1.0; +https://openai.com/searchbot"
jomarlogistica.com.br:80 20.169.6.227 - - [10/Sep/2025:19:40:49 -0300] "GET /2022/03/18/are-bearded-dragons-legal-in-new-york-laws-regulations-explained/ HTTP/1.1" 200 13863 "-" "Mozilla/5.0 (Macintosh; Intel Mac OS X 10_15_7) AppleWebKit/537.36 (KHTML, like Gecko) Chrome/131.0.0.0 Safari/537.36; compatible; OAI-SearchBot/1.0; +https://openai.com/searchbot"
jomarlogistica.com.br:80 20.171.207.82 - - [10/Sep/2025:19:40:53 -0300] "GET /?p=53048 HTTP/1.1" 301 520 "-" "Mozilla/5.0 AppleWebKit/537.36 (KHTML, like Gecko; compatible; GPTBot/1.2; +https://openai.com/gptbot)"
jomarlogistica.com.br:80 20.171.207.82 - - [10/Sep/2025:19:40:53 -0300] "GET /2022/03/20/north-america-free-trade-agreement-everything-you-need-to-know/ HTTP/1.1" 200 13366 "-" "Mozilla/5.0 AppleWebKit/537.36 (KHTML, like Gecko; compatible; GPTBot/1.2; +https://openai.com/gptbot)"
jomarlogistica.com.br:80 20.171.207.82 - - [10/Sep/2025:19:40:59 -0300] "GET /wp-json/oembed/1.0/embed?url=https%3A%2F%2Fjomarlogistica.com.br%2F2022%2F03%2F20%2Fnorth-america-free-trade-agreement-everything-you-need-to-know%2F HTTP/1.1" 404 756 "-" "Mozilla/5.0 AppleWebKit/537.36 (KHTML, like Gecko; compatible; GPTBot/1.2; +https://openai.com/gptbot)"
jomarlogistica.com.br:80 20.171.53.224 - - [10/Sep/2025:19:40:51 -0300] "GET /?a7b529c=7164928 HTTP/1.1" 200 287 "-" "Mozilla/5.0 (Macintosh; Intel Mac OS X 10_15_7) AppleWebKit/537.36 (KHTML, like Gecko) Chrome/131.0.0.0 Safari/537.36; compatible; OAI-SearchBot/1.0; +https://openai.com/searchbot"
jomarlogistica.com.br:80 20.171.207.82 - - [10/Sep/2025:19:41:05 -0300] "GET /?a7b529c=7036492 HTTP/1.1" 200 306 "-" "Mozilla/5.0 AppleWebKit/537.36 (KHTML, like Gecko; compatible; GPTBot/1.2; +https://openai.com/gptbot)"
jomarlogistica.com.br:80 127.0.0.1 - - [10/Sep/2025:19:41:15 -0300] "OPTIONS * HTTP/1.0" 200 110 "-" "Apache/2.4.65 (Ubuntu) (internal dummy connection)"
jomarlogistica.com.br:80 20.171.207.82 - - [10/Sep/2025:19:41:17 -0300] "GET /wp-json/wp/v2/posts/53048 HTTP/1.1" 404 758 "-" "Mozilla/5.0 AppleWebKit/537.36 (KHTML, like Gecko; compatible; GPTBot/1.2; +https://openai.com/gptbot)"
jomarlogistica.com.br:80 20.171.207.82 - - [10/Sep/2025:19:41:22 -0300] "GET /wp-json/oembed/1.0/embed?format=xml&url=https%3A%2F%2Fjomarlogistica.com.br%2F2022%2F03%2F20%2Fnorth-america-free-trade-agreement-everything-you-need-to-know%2F HTTP/1.1" 404 782 "-" "Mozilla/5.0 AppleWebKit/537.36 (KHTML, like Gecko; compatible; GPTBot/1.2; +https://openai.com/gptbot)"
jomarlogistica.com.br:80 20.171.207.82 - - [10/Sep/2025:19:41:24 -0300] "GET /2022/03/20/north-america-free-trade-agreement-everything-you-need-to-know/feed/ HTTP/1.1" 200 944 "-" "Mozilla/5.0 AppleWebKit/537.36 (KHTML, like Gecko; compatible; GPTBot/1.2; +https://openai.com/gptbot)"
jomarlogistica.com.br:80 20.171.207.82 - - [10/Sep/2025:19:41:27 -0300] "GET /2022/03/29/13-rules-to-a-gunfight-usmc-poster-essential-tips-for-tactical-defense/ HTTP/1.1" 200 14775 "-" "Mozilla/5.0 AppleWebKit/537.36 (KHTML, like Gecko; compatible; GPTBot/1.2; +https://openai.com/gptbot)"
jomarlogistica.com.br:80 20.171.207.82 - - [10/Sep/2025:19:41:40 -0300] "GET /wp-json/wp/v2/posts/53034 HTTP/1.1" 404 758 "-" "Mozilla/5.0 AppleWebKit/537.36 (KHTML, like Gecko; compatible; GPTBot/1.2; +https://openai.com/gptbot)"
jomarlogistica.com.br:80 20.171.207.82 - - [10/Sep/2025:19:41:43 -0300] "GET /wp-json/oembed/1.0/embed?format=xml&url=https%3A%2F%2Fjomarlogistica.com.br%2F2022%2F03%2F29%2F13-rules-to-a-gunfight-usmc-poster-essential-tips-for-tactical-defense%2F HTTP/1.1" 404 782 "-" "Mozilla/5.0 AppleWebKit/537.36 (KHTML, like Gecko; compatible; GPTBot/1.2; +https://openai.com/gptbot)"
jomarlogistica.com.br:80 20.171.207.82 - - [10/Sep/2025:19:41:45 -0300] "GET /2022/03/29/13-rules-to-a-gunfight-usmc-poster-essential-tips-for-tactical-defense/feed/ HTTP/1.1" 200 952 "-" "Mozilla/5.0 AppleWebKit/537.36 (KHTML, like Gecko; compatible; GPTBot/1.2; +https://openai.com/gptbot)"
jomarlogistica.com.br:80 20.171.207.82 - - [10/Sep/2025:19:41:48 -0300] "GET /?a7b529c=7003410 HTTP/1.1" 200 287 "-" "Mozilla/5.0 AppleWebKit/537.36 (KHTML, like Gecko; compatible; GPTBot/1.2; +https://openai.com/gptbot)"
jomarlogistica.com.br:80 20.171.207.82 - - [10/Sep/2025:19:42:00 -0300] "GET /2022/04/11/legal-and-business-studies-expert-courses-training/ HTTP/1.1" 200 14282 "-" "Mozilla/5.0 AppleWebKit/537.36 (KHTML, like Gecko; compatible; GPTBot/1.2; +https://openai.com/gptbot)"
jomarlogistica.com.br:80 20.171.207.82 - - [10/Sep/2025:19:42:03 -0300] "GET /wp-json/oembed/1.0/embed?url=https%3A%2F%2Fjomarlogistica.com.br%2F2022%2F03%2F29%2F13-rules-to-a-gunfight-usmc-poster-essential-tips-for-tactical-defense%2F HTTP/1.1" 404 756 "-" "Mozilla/5.0 AppleWebKit/537.36 (KHTML, like Gecko; compatible; GPTBot/1.2; +https://openai.com/gptbot)"
jomarlogistica.com.br:80 20.171.207.82 - - [10/Sep/2025:19:42:05 -0300] "GET /?p=53034 HTTP/1.1" 301 528 "-" "Mozilla/5.0 AppleWebKit/537.36 (KHTML, like Gecko; compatible; GPTBot/1.2; +https://openai.com/gptbot)"
jomarlogistica.com.br:80 20.171.207.82 - - [10/Sep/2025:19:42:06 -0300] "GET /2022/03/29/13-rules-to-a-gunfight-usmc-poster-essential-tips-for-tactical-defense/ HTTP/1.1" 200 14775 "-" "Mozilla/5.0 AppleWebKit/537.36 (KHTML, like Gecko; compatible; GPTBot/1.2; +https://openai.com/gptbot)"
jomarlogistica.com.br:80 20.171.207.82 - - [10/Sep/2025:19:42:12 -0300] "GET /?a7b529c=7444665 HTTP/1.1" 200 287 "-" "Mozilla/5.0 AppleWebKit/537.36 (KHTML, like Gecko; compatible; GPTBot/1.2; +https://openai.com/gptbot)"
jomarlogistica.com.br:80 172.20.1.117 - - [10/Sep/2025:19:42:25 -0300] "POST /wp-cron.php?doing_wp_cron=1757544145.7066850662231445312500 HTTP/1.1" 200 389 "https://jomarlogistica.com.br/wp-cron.php?doing_wp_cron=1757544145.7066850662231445312500" "WordPress/5.8.10; https://jomarlogistica.com.br"
jomarlogistica.com.br:80 20.171.207.82 - - [10/Sep/2025:19:42:25 -0300] "GET /?p=53241 HTTP/1.1" 301 508 "-" "Mozilla/5.0 AppleWebKit/537.36 (KHTML, like Gecko; compatible; GPTBot/1.2; +https://openai.com/gptbot)"
jomarlogistica.com.br:80 20.171.207.82 - - [10/Sep/2025:19:42:26 -0300] "GET /2022/04/11/legal-and-business-studies-expert-courses-training/ HTTP/1.1" 200 14263 "-" "Mozilla/5.0 AppleWebKit/537.36 (KHTML, like Gecko; compatible; GPTBot/1.2; +https://openai.com/gptbot)"
jomarlogistica.com.br:80 20.171.207.82 - - [10/Sep/2025:19:42:29 -0300] "GET /wp-json/oembed/1.0/embed?format=xml&url=https%3A%2F%2Fjomarlogistica.com.br%2F2022%2F04%2F11%2Flegal-and-business-studies-expert-courses-training%2F HTTP/1.1" 404 782 "-" "Mozilla/5.0 AppleWebKit/537.36 (KHTML, like Gecko; compatible; GPTBot/1.2; +https://openai.com/gptbot)"
jomarlogistica.com.br:80 20.171.207.82 - - [10/Sep/2025:19:42:31 -0300] "GET /2022/04/11/legal-and-business-studies-expert-courses-training/feed/ HTTP/1.1" 200 958 "-" "Mozilla/5.0 AppleWebKit/537.36 (KHTML, like Gecko; compatible; GPTBot/1.2; +https://openai.com/gptbot)"
jomarlogistica.com.br:80 127.0.0.1 - - [10/Sep/2025:19:42:32 -0300] "OPTIONS * HTTP/1.0" 200 110 "-" "Apache/2.4.65 (Ubuntu) (internal dummy connection)"
jomarlogistica.com.br:80 20.171.207.82 - - [10/Sep/2025:19:42:34 -0300] "GET /2022/04/13/addendum-huurcontract-betekenis-alles-wat-u-moet-weten/ HTTP/1.1" 200 14819 "-" "Mozilla/5.0 AppleWebKit/537.36 (KHTML, like Gecko; compatible; GPTBot/1.2; +https://openai.com/gptbot)"
jomarlogistica.com.br:80 20.171.207.82 - - [10/Sep/2025:19:42:36 -0300] "GET /wp-json/oembed/1.0/embed?url=https%3A%2F%2Fjomarlogistica.com.br%2F2022%2F04%2F11%2Flegal-and-business-studies-expert-courses-training%2F HTTP/1.1" 404 756 "-" "Mozilla/5.0 AppleWebKit/537.36 (KHTML, like Gecko; compatible; GPTBot/1.2; +https://openai.com/gptbot)"
jomarlogistica.com.br:80 20.171.207.82 - - [10/Sep/2025:19:42:39 -0300] "GET /wp-json/wp/v2/posts/53241 HTTP/1.1" 404 758 "-" "Mozilla/5.0 AppleWebKit/537.36 (KHTML, like Gecko; compatible; GPTBot/1.2; +https://openai.com/gptbot)"
jomarlogistica.com.br:80 20.171.207.82 - - [10/Sep/2025:19:42:46 -0300] "GET /wp-json/wp/v2/posts/53054 HTTP/1.1" 404 758 "-" "Mozilla/5.0 AppleWebKit/537.36 (KHTML, like Gecko; compatible; GPTBot/1.2; +https://openai.com/gptbot)"
jomarlogistica.com.br:80 20.171.207.82 - - [10/Sep/2025:19:42:49 -0300] "GET /?a7b529c=7050670 HTTP/1.1" 200 287 "-" "Mozilla/5.0 AppleWebKit/537.36 (KHTML, like Gecko; compatible; GPTBot/1.2; +https://openai.com/gptbot)"
jomarlogistica.com.br:80 20.171.207.82 - - [10/Sep/2025:19:43:01 -0300] "GET /2022/04/13/addendum-huurcontract-betekenis-alles-wat-u-moet-weten/feed/ HTTP/1.1" 200 942 "-" "Mozilla/5.0 AppleWebKit/537.36 (KHTML, like Gecko; compatible; GPTBot/1.2; +https://openai.com/gptbot)"
jomarlogistica.com.br:80 20.171.207.82 - - [10/Sep/2025:19:43:03 -0300] "GET /wp-json/oembed/1.0/embed?url=https%3A%2F%2Fjomarlogistica.com.br%2F2022%2F04%2F13%2Faddendum-huurcontract-betekenis-alles-wat-u-moet-weten%2F HTTP/1.1" 404 756 "-" "Mozilla/5.0 AppleWebKit/537.36 (KHTML, like Gecko; compatible; GPTBot/1.2; +https://openai.com/gptbot)"
jomarlogistica.com.br:80 20.171.207.82 - - [10/Sep/2025:19:43:06 -0300] "GET /wp-json/oembed/1.0/embed?format=xml&url=https%3A%2F%2Fjomarlogistica.com.br%2F2022%2F04%2F13%2Faddendum-huurcontract-betekenis-alles-wat-u-moet-weten%2F HTTP/1.1" 404 801 "-" "Mozilla/5.0 AppleWebKit/537.36 (KHTML, like Gecko; compatible; GPTBot/1.2; +https://openai.com/gptbot)"
jomarlogistica.com.br:80 20.171.207.82 - - [10/Sep/2025:19:43:08 -0300] "GET /2022/04/14/understanding-assumption-of-the-risk-agreements-legal-implications/ HTTP/1.1" 200 14528 "-" "Mozilla/5.0 AppleWebKit/537.36 (KHTML, like Gecko; compatible; GPTBot/1.2; +https://openai.com/gptbot)"
jomarlogistica.com.br:80 20.171.207.82 - - [10/Sep/2025:19:43:11 -0300] "GET /?p=53054 HTTP/1.1" 301 512 "-" "Mozilla/5.0 AppleWebKit/537.36 (KHTML, like Gecko; compatible; GPTBot/1.2; +https://openai.com/gptbot)"
jomarlogistica.com.br:80 20.171.207.82 - - [10/Sep/2025:19:43:11 -0300] "GET /2022/04/13/addendum-huurcontract-betekenis-alles-wat-u-moet-weten/ HTTP/1.1" 200 14819 "-" "Mozilla/5.0 AppleWebKit/537.36 (KHTML, like Gecko; compatible; GPTBot/1.2; +https://openai.com/gptbot)"
jomarlogistica.com.br:80 20.171.207.82 - - [10/Sep/2025:19:43:21 -0300] "GET /?a7b529c=7228935 HTTP/1.1" 200 287 "-" "Mozilla/5.0 AppleWebKit/537.36 (KHTML, like Gecko; compatible; GPTBot/1.2; +https://openai.com/gptbot)"
jomarlogistica.com.br:80 20.171.207.82 - - [10/Sep/2025:19:43:33 -0300] "GET /?p=53133 HTTP/1.1" 301 524 "-" "Mozilla/5.0 AppleWebKit/537.36 (KHTML, like Gecko; compatible; GPTBot/1.2; +https://openai.com/gptbot)"
jomarlogistica.com.br:80 20.171.207.82 - - [10/Sep/2025:19:43:34 -0300] "GET /2022/04/14/understanding-assumption-of-the-risk-agreements-legal-implications/ HTTP/1.1" 200 14528 "-" "Mozilla/5.0 AppleWebKit/537.36 (KHTML, like Gecko; compatible; GPTBot/1.2; +https://openai.com/gptbot)"
jomarlogistica.com.br:80 20.171.207.82 - - [10/Sep/2025:19:43:36 -0300] "GET /2022/04/17/are-jamaican-marriages-legal-in-the-us-everything-you-need-to-know/ HTTP/1.1" 200 14257 "-" "Mozilla/5.0 AppleWebKit/537.36 (KHTML, like Gecko; compatible; GPTBot/1.2; +https://openai.com/gptbot)"
jomarlogistica.com.br:80 20.171.207.82 - - [10/Sep/2025:19:43:39 -0300] "GET /wp-json/oembed/1.0/embed?format=xml&url=https%3A%2F%2Fjomarlogistica.com.br%2F2022%2F04%2F14%2Funderstanding-assumption-of-the-risk-agreements-legal-implications%2F HTTP/1.1" 404 801 "-" "Mozilla/5.0 AppleWebKit/537.36 (KHTML, like Gecko; compatible; GPTBot/1.2; +https://openai.com/gptbot)"
jomarlogistica.com.br:80 20.171.207.82 - - [10/Sep/2025:19:43:41 -0300] "GET /wp-json/oembed/1.0/embed?url=https%3A%2F%2Fjomarlogistica.com.br%2F2022%2F04%2F14%2Funderstanding-assumption-of-the-risk-agreements-legal-implications%2F HTTP/1.1" 404 756 "-" "Mozilla/5.0 AppleWebKit/537.36 (KHTML, like Gecko; compatible; GPTBot/1.2; +https://openai.com/gptbot)"
jomarlogistica.com.br:80 20.171.207.82 - - [10/Sep/2025:19:43:43 -0300] "GET /wp-json/wp/v2/posts/53133 HTTP/1.1" 404 758 "-" "Mozilla/5.0 AppleWebKit/537.36 (KHTML, like Gecko; compatible; GPTBot/1.2; +https://openai.com/gptbot)"
jomarlogistica.com.br:80 20.171.207.82 - - [10/Sep/2025:19:43:45 -0300] "GET /2022/04/14/understanding-assumption-of-the-risk-agreements-legal-implications/feed/ HTTP/1.1" 200 945 "-" "Mozilla/5.0 AppleWebKit/537.36 (KHTML, like Gecko; compatible; GPTBot/1.2; +https://openai.com/gptbot)"
jomarlogistica.com.br:80 20.171.207.82 - - [10/Sep/2025:19:43:48 -0300] "GET /?p=53128 HTTP/1.1" 301 516 "-" "Mozilla/5.0 AppleWebKit/537.36 (KHTML, like Gecko; compatible; GPTBot/1.2; +https://openai.com/gptbot)"
jomarlogistica.com.br:80 20.171.207.82 - - [10/Sep/2025:19:43:48 -0300] "GET /2022/05/20/understanding-laws-a-comprehensive-guide-for-legal-matters/ HTTP/1.1" 200 14778 "-" "Mozilla/5.0 AppleWebKit/537.36 (KHTML, like Gecko; compatible; GPTBot/1.2; +https://openai.com/gptbot)"
jomarlogistica.com.br:80 20.171.207.82 - - [10/Sep/2025:19:43:51 -0300] "GET /?a7b529c=7218353 HTTP/1.1" 200 287 "-" "Mozilla/5.0 AppleWebKit/537.36 (KHTML, like Gecko; compatible; GPTBot/1.2; +https://openai.com/gptbot)"
jomarlogistica.com.br:80 20.171.207.82 - - [10/Sep/2025:19:44:04 -0300] "GET /?p=53079 HTTP/1.1" 301 512 "-" "Mozilla/5.0 AppleWebKit/537.36 (KHTML, like Gecko; compatible; GPTBot/1.2; +https://openai.com/gptbot)"
jomarlogistica.com.br:80 20.171.207.82 - - [10/Sep/2025:19:44:04 -0300] "GET /2024/01/14/understanding-airbnb-legal-force-what-you-need-to-know/ HTTP/1.1" 200 14652 "-" "Mozilla/5.0 AppleWebKit/537.36 (KHTML, like Gecko; compatible; GPTBot/1.2; +https://openai.com/gptbot)"
jomarlogistica.com.br:80 20.171.207.82 - - [10/Sep/2025:19:44:07 -0300] "GET /?p=53115 HTTP/1.1" 301 520 "-" "Mozilla/5.0 AppleWebKit/537.36 (KHTML, like Gecko; compatible; GPTBot/1.2; +https://openai.com/gptbot)"
jomarlogistica.com.br:80 20.171.207.82 - - [10/Sep/2025:19:44:08 -0300] "GET /2022/11/14/are-mutual-funds-legal-entities-understanding-the-legal-status/ HTTP/1.1" 200 14031 "-" "Mozilla/5.0 AppleWebKit/537.36 (KHTML, like Gecko; compatible; GPTBot/1.2; +https://openai.com/gptbot)"
jomarlogistica.com.br:80 20.171.207.82 - - [10/Sep/2025:19:44:11 -0300] "GET /?a7b529c=7108487 HTTP/1.1" 200 306 "-" "Mozilla/5.0 AppleWebKit/537.36 (KHTML, like Gecko; compatible; GPTBot/1.2; +https://openai.com/gptbot)"
jomarlogistica.com.br:80 127.0.0.1 - - [10/Sep/2025:19:44:21 -0300] "OPTIONS * HTTP/1.0" 200 110 "-" "Apache/2.4.65 (Ubuntu) (internal dummy connection)"
jomarlogistica.com.br:80 20.171.207.82 - - [10/Sep/2025:19:44:23 -0300] "GET /?p=53112 HTTP/1.1" 301 524 "-" "Mozilla/5.0 AppleWebKit/537.36 (KHTML, like Gecko; compatible; GPTBot/1.2; +https://openai.com/gptbot)"
jomarlogistica.com.br:80 20.171.207.82 - - [10/Sep/2025:19:44:23 -0300] "GET /2022/04/17/are-jamaican-marriages-legal-in-the-us-everything-you-need-to-know/ HTTP/1.1" 200 14257 "-" "Mozilla/5.0 AppleWebKit/537.36 (KHTML, like Gecko; compatible; GPTBot/1.2; +https://openai.com/gptbot)"
jomarlogistica.com.br:80 20.171.207.82 - - [10/Sep/2025:19:44:26 -0300] "GET /?a7b529c=7183183 HTTP/1.1" 200 287 "-" "Mozilla/5.0 AppleWebKit/537.36 (KHTML, like Gecko; compatible; GPTBot/1.2; +https://openai.com/gptbot)"
jomarlogistica.com.br:80 20.171.207.82 - - [10/Sep/2025:19:44:38 -0300] "GET /?a7b529c=7372838 HTTP/1.1" 200 287 "-" "Mozilla/5.0 AppleWebKit/537.36 (KHTML, like Gecko; compatible; GPTBot/1.2; +https://openai.com/gptbot)"
jomarlogistica.com.br:80 20.171.207.82 - - [10/Sep/2025:19:44:52 -0300] "GET /?p=53206 HTTP/1.1" 301 529 "-" "Mozilla/5.0 AppleWebKit/537.36 (KHTML, like Gecko; compatible; GPTBot/1.2; +https://openai.com/gptbot)"
jomarlogistica.com.br:80 20.171.207.82 - - [10/Sep/2025:19:44:53 -0300] "GET /2022/11/14/understanding-camper-van-rules-in-the-netherlands-what-you-need-to-know/ HTTP/1.1" 200 14394 "-" "Mozilla/5.0 AppleWebKit/537.36 (KHTML, like Gecko; compatible; GPTBot/1.2; +https://openai.com/gptbot)"
jomarlogistica.com.br:80 20.171.207.82 - - [10/Sep/2025:19:44:56 -0300] "GET /?a7b529c=7192101 HTTP/1.1" 200 287 "-" "Mozilla/5.0 AppleWebKit/537.36 (KHTML, like Gecko; compatible; GPTBot/1.2; +https://openai.com/gptbot)"
jomarlogistica.com.br:80 20.171.207.82 - - [10/Sep/2025:19:45:08 -0300] "GET /?p=53070 HTTP/1.1" 301 514 "-" "Mozilla/5.0 AppleWebKit/537.36 (KHTML, like Gecko; compatible; GPTBot/1.2; +https://openai.com/gptbot)"
jomarlogistica.com.br:80 20.171.207.82 - - [10/Sep/2025:19:45:08 -0300] "GET /2024/01/17/new-number-agreement-in-france-summer-legal-requirements/ HTTP/1.1" 200 14331 "-" "Mozilla/5.0 AppleWebKit/537.36 (KHTML, like Gecko; compatible; GPTBot/1.2; +https://openai.com/gptbot)"
jomarlogistica.com.br:80 20.171.207.82 - - [10/Sep/2025:19:45:11 -0300] "GET /2022/04/19/understanding-the-key-elements-of-an-agreement-legal-contract-basics/ HTTP/1.1" 200 14914 "-" "Mozilla/5.0 AppleWebKit/537.36 (KHTML, like Gecko; compatible; GPTBot/1.2; +https://openai.com/gptbot)"
jomarlogistica.com.br:80 20.171.207.82 - - [10/Sep/2025:19:45:14 -0300] "GET /?p=53117 HTTP/1.1" 301 515 "-" "Mozilla/5.0 AppleWebKit/537.36 (KHTML, like Gecko; compatible; GPTBot/1.2; +https://openai.com/gptbot)"
jomarlogistica.com.br:80 20.171.207.82 - - [10/Sep/2025:19:45:15 -0300] "GET /2024/01/16/is-owning-pet-squirrels-legal-in-florida-laws-regulations/ HTTP/1.1" 200 13756 "-" "Mozilla/5.0 AppleWebKit/537.36 (KHTML, like Gecko; compatible; GPTBot/1.2; +https://openai.com/gptbot)"
jomarlogistica.com.br:80 20.171.207.82 - - [10/Sep/2025:19:45:17 -0300] "GET /wp-json/wp/v2/posts/53112 HTTP/1.1" 404 758 "-" "Mozilla/5.0 AppleWebKit/537.36 (KHTML, like Gecko; compatible; GPTBot/1.2; +https://openai.com/gptbot)"
jomarlogistica.com.br:80 20.171.207.82 - - [10/Sep/2025:19:45:20 -0300] "GET /?p=53147 HTTP/1.1" 301 530 "-" "Mozilla/5.0 AppleWebKit/537.36 (KHTML, like Gecko; compatible; GPTBot/1.2; +https://openai.com/gptbot)"
jomarlogistica.com.br:80 20.171.207.82 - - [10/Sep/2025:19:45:20 -0300] "GET /2022/05/12/baguette-laws-in-france-understanding-the-regulations/ HTTP/1.1" 200 14777 "-" "Mozilla/5.0 AppleWebKit/537.36 (KHTML, like Gecko; compatible; GPTBot/1.2; +https://openai.com/gptbot)"
jomarlogistica.com.br:80 20.171.207.82 - - [10/Sep/2025:19:45:23 -0300] "GET /?a7b529c=7188496 HTTP/1.1" 200 287 "-" "Mozilla/5.0 AppleWebKit/537.36 (KHTML, like Gecko; compatible; GPTBot/1.2; +https://openai.com/gptbot)"
jomarlogistica.com.br:80 20.171.207.82 - - [10/Sep/2025:19:45:36 -0300] "GET /?a7b529c=7088478 HTTP/1.1" 200 287 "-" "Mozilla/5.0 AppleWebKit/537.36 (KHTML, like Gecko; compatible; GPTBot/1.2; +https://openai.com/gptbot)"
jomarlogistica.com.br:80 20.171.207.82 - - [10/Sep/2025:19:45:48 -0300] "GET /?a7b529c=7252683 HTTP/1.1" 200 287 "-" "Mozilla/5.0 AppleWebKit/537.36 (KHTML, like Gecko; compatible; GPTBot/1.2; +https://openai.com/gptbot)"
jomarlogistica.com.br:80 20.171.207.82 - - [10/Sep/2025:19:46:00 -0300] "GET /2022/04/17/are-jamaican-marriages-legal-in-the-us-everything-you-need-to-know/feed/ HTTP/1.1" 200 1009 "-" "Mozilla/5.0 AppleWebKit/537.36 (KHTML, like Gecko; compatible; GPTBot/1.2; +https://openai.com/gptbot)"
jomarlogistica.com.br:80 20.171.207.82 - - [10/Sep/2025:19:46:04 -0300] "GET /wp-json/oembed/1.0/embed?url=https%3A%2F%2Fjomarlogistica.com.br%2F2022%2F04%2F19%2Funderstanding-the-key-elements-of-an-agreement-legal-contract-basics%2F HTTP/1.1" 404 756 "-" "Mozilla/5.0 AppleWebKit/537.36 (KHTML, like Gecko; compatible; GPTBot/1.2; +https://openai.com/gptbot)"
jomarlogistica.com.br:80 20.171.207.82 - - [10/Sep/2025:19:46:06 -0300] "GET /2022/04/20/alabama-suboxone-laws-what-you-need-to-know/ HTTP/1.1" 200 13953 "-" "Mozilla/5.0 AppleWebKit/537.36 (KHTML, like Gecko; compatible; GPTBot/1.2; +https://openai.com/gptbot)"
jomarlogistica.com.br:80 20.171.207.82 - - [10/Sep/2025:19:46:09 -0300] "GET /wp-json/oembed/1.0/embed?format=xml&url=https%3A%2F%2Fjomarlogistica.com.br%2F2022%2F04%2F17%2Fare-jamaican-marriages-legal-in-the-us-everything-you-need-to-know%2F HTTP/1.1" 404 782 "-" "Mozilla/5.0 AppleWebKit/537.36 (KHTML, like Gecko; compatible; GPTBot/1.2; +https://openai.com/gptbot)"
jomarlogistica.com.br:80 20.171.207.82 - - [10/Sep/2025:19:46:12 -0300] "GET /wp-json/wp/v2/posts/53152 HTTP/1.1" 404 777 "-" "Mozilla/5.0 AppleWebKit/537.36 (KHTML, like Gecko; compatible; GPTBot/1.2; +https://openai.com/gptbot)"
jomarlogistica.com.br:80 20.171.207.82 - - [10/Sep/2025:19:46:14 -0300] "GET /wp-json/oembed/1.0/embed?format=xml&url=https%3A%2F%2Fjomarlogistica.com.br%2F2022%2F04%2F19%2Funderstanding-the-key-elements-of-an-agreement-legal-contract-basics%2F HTTP/1.1" 404 782 "-" "Mozilla/5.0 AppleWebKit/537.36 (KHTML, like Gecko; compatible; GPTBot/1.2; +https://openai.com/gptbot)"
jomarlogistica.com.br:80 20.171.207.82 - - [10/Sep/2025:19:46:17 -0300] "GET /wp-json/oembed/1.0/embed?url=https%3A%2F%2Fjomarlogistica.com.br%2F2022%2F04%2F17%2Fare-jamaican-marriages-legal-in-the-us-everything-you-need-to-know%2F HTTP/1.1" 404 756 "-" "Mozilla/5.0 AppleWebKit/537.36 (KHTML, like Gecko; compatible; GPTBot/1.2; +https://openai.com/gptbot)"
jomarlogistica.com.br:80 20.171.207.82 - - [10/Sep/2025:19:46:19 -0300] "GET /2022/04/19/understanding-the-key-elements-of-an-agreement-legal-contract-basics/feed/ HTTP/1.1" 200 947 "-" "Mozilla/5.0 AppleWebKit/537.36 (KHTML, like Gecko; compatible; GPTBot/1.2; +https://openai.com/gptbot)"
jomarlogistica.com.br:80 20.171.207.82 - - [10/Sep/2025:19:46:21 -0300] "GET /?a7b529c=7263758 HTTP/1.1" 200 287 "-" "Mozilla/5.0 AppleWebKit/537.36 (KHTML, like Gecko; compatible; GPTBot/1.2; +https://openai.com/gptbot)"
jomarlogistica.com.br:80 20.171.207.82 - - [10/Sep/2025:19:46:34 -0300] "GET /?p=53152 HTTP/1.1" 301 545 "-" "Mozilla/5.0 AppleWebKit/537.36 (KHTML, like Gecko; compatible; GPTBot/1.2; +https://openai.com/gptbot)"
jomarlogistica.com.br:80 20.171.207.82 - - [10/Sep/2025:19:46:34 -0300] "GET /2022/04/19/understanding-the-key-elements-of-an-agreement-legal-contract-basics/ HTTP/1.1" 200 14914 "-" "Mozilla/5.0 AppleWebKit/537.36 (KHTML, like Gecko; compatible; GPTBot/1.2; +https://openai.com/gptbot)"
jomarlogistica.com.br:80 20.171.207.82 - - [10/Sep/2025:19:46:37 -0300] "GET /wp-json/oembed/1.0/embed?url=https%3A%2F%2Fjomarlogistica.com.br%2F2022%2F04%2F20%2Falabama-suboxone-laws-what-you-need-to-know%2F HTTP/1.1" 404 756 "-" "Mozilla/5.0 AppleWebKit/537.36 (KHTML, like Gecko; compatible; GPTBot/1.2; +https://openai.com/gptbot)"
jomarlogistica.com.br:80 20.171.207.82 - - [10/Sep/2025:19:46:39 -0300] "GET /wp-json/oembed/1.0/embed?format=xml&url=https%3A%2F%2Fjomarlogistica.com.br%2F2022%2F04%2F20%2Falabama-suboxone-laws-what-you-need-to-know%2F HTTP/1.1" 404 782 "-" "Mozilla/5.0 AppleWebKit/537.36 (KHTML, like Gecko; compatible; GPTBot/1.2; +https://openai.com/gptbot)"
jomarlogistica.com.br:80 20.171.207.82 - - [10/Sep/2025:19:46:42 -0300] "GET /wp-json/wp/v2/posts/53081 HTTP/1.1" 404 758 "-" "Mozilla/5.0 AppleWebKit/537.36 (KHTML, like Gecko; compatible; GPTBot/1.2; +https://openai.com/gptbot)"
jomarlogistica.com.br:80 20.171.207.82 - - [10/Sep/2025:19:46:45 -0300] "GET /?p=53081 HTTP/1.1" 301 520 "-" "Mozilla/5.0 AppleWebKit/537.36 (KHTML, like Gecko; compatible; GPTBot/1.2; +https://openai.com/gptbot)"
jomarlogistica.com.br:80 20.171.207.82 - - [10/Sep/2025:19:46:45 -0300] "GET /2022/04/20/alabama-suboxone-laws-what-you-need-to-know/ HTTP/1.1" 200 13953 "-" "Mozilla/5.0 AppleWebKit/537.36 (KHTML, like Gecko; compatible; GPTBot/1.2; +https://openai.com/gptbot)"
jomarlogistica.com.br:80 20.171.207.82 - - [10/Sep/2025:19:46:48 -0300] "GET /?a7b529c=7112108 HTTP/1.1" 200 287 "-" "Mozilla/5.0 AppleWebKit/537.36 (KHTML, like Gecko; compatible; GPTBot/1.2; +https://openai.com/gptbot)"
jomarlogistica.com.br:80 20.171.207.82 - - [10/Sep/2025:19:47:00 -0300] "GET /2022/04/20/alabama-suboxone-laws-what-you-need-to-know/feed/ HTTP/1.1" 200 936 "-" "Mozilla/5.0 AppleWebKit/537.36 (KHTML, like Gecko; compatible; GPTBot/1.2; +https://openai.com/gptbot)"
jomarlogistica.com.br:80 20.171.207.82 - - [10/Sep/2025:19:47:02 -0300] "GET /2022/04/29/automation-service-agreement-legal-contracts-for-business-efficiency/ HTTP/1.1" 200 14728 "-" "Mozilla/5.0 AppleWebKit/537.36 (KHTML, like Gecko; compatible; GPTBot/1.2; +https://openai.com/gptbot)"
jomarlogistica.com.br:80 172.20.1.117 - - [10/Sep/2025:19:47:15 -0300] "POST /wp-cron.php?doing_wp_cron=1757544435.6726639270782470703125 HTTP/1.1" 200 389 "https://jomarlogistica.com.br/wp-cron.php?doing_wp_cron=1757544435.6726639270782470703125" "WordPress/5.8.10; https://jomarlogistica.com.br"
jomarlogistica.com.br:80 20.171.207.82 - - [10/Sep/2025:19:47:15 -0300] "GET /2022/04/30/a-cooperative-a-popular-form-of-business-ownership/ HTTP/1.1" 200 14368 "-" "Mozilla/5.0 AppleWebKit/537.36 (KHTML, like Gecko; compatible; GPTBot/1.2; +https://openai.com/gptbot)"
jomarlogistica.com.br:80 20.171.207.82 - - [10/Sep/2025:19:47:18 -0300] "GET /2022/04/29/automation-service-agreement-legal-contracts-for-business-efficiency/feed/ HTTP/1.1" 200 947 "-" "Mozilla/5.0 AppleWebKit/537.36 (KHTML, like Gecko; compatible; GPTBot/1.2; +https://openai.com/gptbot)"
jomarlogistica.com.br:80 20.171.207.82 - - [10/Sep/2025:19:47:21 -0300] "GET /wp-json/wp/v2/posts/53141 HTTP/1.1" 404 758 "-" "Mozilla/5.0 AppleWebKit/537.36 (KHTML, like Gecko; compatible; GPTBot/1.2; +https://openai.com/gptbot)"
jomarlogistica.com.br:80 20.171.207.82 - - [10/Sep/2025:19:47:23 -0300] "GET /?p=53141 HTTP/1.1" 301 526 "-" "Mozilla/5.0 AppleWebKit/537.36 (KHTML, like Gecko; compatible; GPTBot/1.2; +https://openai.com/gptbot)"
jomarlogistica.com.br:80 20.171.207.82 - - [10/Sep/2025:19:47:24 -0300] "GET /2022/04/29/automation-service-agreement-legal-contracts-for-business-efficiency/ HTTP/1.1" 200 14747 "-" "Mozilla/5.0 AppleWebKit/537.36 (KHTML, like Gecko; compatible; GPTBot/1.2; +https://openai.com/gptbot)"
jomarlogistica.com.br:80 127.0.0.1 - - [10/Sep/2025:19:47:25 -0300] "OPTIONS * HTTP/1.0" 200 110 "-" "Apache/2.4.65 (Ubuntu) (internal dummy connection)"
jomarlogistica.com.br:80 20.171.207.82 - - [10/Sep/2025:19:47:26 -0300] "GET /wp-json/oembed/1.0/embed?format=xml&url=https%3A%2F%2Fjomarlogistica.com.br%2F2022%2F04%2F29%2Fautomation-service-agreement-legal-contracts-for-business-efficiency%2F HTTP/1.1" 404 782 "-" "Mozilla/5.0 AppleWebKit/537.36 (KHTML, like Gecko; compatible; GPTBot/1.2; +https://openai.com/gptbot)"
jomarlogistica.com.br:80 20.171.207.82 - - [10/Sep/2025:19:47:29 -0300] "GET /?a7b529c=7242675 HTTP/1.1" 200 287 "-" "Mozilla/5.0 AppleWebKit/537.36 (KHTML, like Gecko; compatible; GPTBot/1.2; +https://openai.com/gptbot)"
jomarlogistica.com.br:80 20.171.207.82 - - [10/Sep/2025:19:47:41 -0300] "GET /wp-json/oembed/1.0/embed?url=https%3A%2F%2Fjomarlogistica.com.br%2F2022%2F04%2F29%2Fautomation-service-agreement-legal-contracts-for-business-efficiency%2F HTTP/1.1" 404 756 "-" "Mozilla/5.0 AppleWebKit/537.36 (KHTML, like Gecko; compatible; GPTBot/1.2; +https://openai.com/gptbot)"
jomarlogistica.com.br:80 20.171.207.82 - - [10/Sep/2025:19:47:43 -0300] "GET /?a7b529c=7019951 HTTP/1.1" 200 287 "-" "Mozilla/5.0 AppleWebKit/537.36 (KHTML, like Gecko; compatible; GPTBot/1.2; +https://openai.com/gptbot)"
jomarlogistica.com.br:80 20.171.207.82 - - [10/Sep/2025:19:47:55 -0300] "GET /wp-json/wp/v2/posts/53041 HTTP/1.1" 404 777 "-" "Mozilla/5.0 AppleWebKit/537.36 (KHTML, like Gecko; compatible; GPTBot/1.2; +https://openai.com/gptbot)"
jomarlogistica.com.br:80 20.171.207.82 - - [10/Sep/2025:19:48:00 -0300] "GET /?p=53041 HTTP/1.1" 301 508 "-" "Mozilla/5.0 AppleWebKit/537.36 (KHTML, like Gecko; compatible; GPTBot/1.2; +https://openai.com/gptbot)"
jomarlogistica.com.br:80 20.171.207.82 - - [10/Sep/2025:19:48:00 -0300] "GET /2022/04/30/a-cooperative-a-popular-form-of-business-ownership/ HTTP/1.1" 200 14368 "-" "Mozilla/5.0 AppleWebKit/537.36 (KHTML, like Gecko; compatible; GPTBot/1.2; +https://openai.com/gptbot)"
jomarlogistica.com.br:80 20.171.207.82 - - [10/Sep/2025:19:48:03 -0300] "GET /wp-json/oembed/1.0/embed?url=https%3A%2F%2Fjomarlogistica.com.br%2F2022%2F04%2F30%2Fa-cooperative-a-popular-form-of-business-ownership%2F HTTP/1.1" 404 756 "-" "Mozilla/5.0 AppleWebKit/537.36 (KHTML, like Gecko; compatible; GPTBot/1.2; +https://openai.com/gptbot)"
jomarlogistica.com.br:80 20.171.207.82 - - [10/Sep/2025:19:48:06 -0300] "GET /wp-json/oembed/1.0/embed?format=xml&url=https%3A%2F%2Fjomarlogistica.com.br%2F2022%2F04%2F30%2Fa-cooperative-a-popular-form-of-business-ownership%2F HTTP/1.1" 404 782 "-" "Mozilla/5.0 AppleWebKit/537.36 (KHTML, like Gecko; compatible; GPTBot/1.2; +https://openai.com/gptbot)"
jomarlogistica.com.br:80 20.171.207.82 - - [10/Sep/2025:19:48:08 -0300] "GET /2022/05/04/amazon-billing-agreement-status-check-your-account-now/ HTTP/1.1" 200 14194 "-" "Mozilla/5.0 AppleWebKit/537.36 (KHTML, like Gecko; compatible; GPTBot/1.2; +https://openai.com/gptbot)"
jomarlogistica.com.br:80 20.171.207.82 - - [10/Sep/2025:19:48:10 -0300] "GET /2022/04/30/a-cooperative-a-popular-form-of-business-ownership/feed/ HTTP/1.1" 200 939 "-" "Mozilla/5.0 AppleWebKit/537.36 (KHTML, like Gecko; compatible; GPTBot/1.2; +https://openai.com/gptbot)"
jomarlogistica.com.br:80 20.171.207.82 - - [10/Sep/2025:19:48:20 -0300] "GET /?p=53086 HTTP/1.1" 301 512 "-" "Mozilla/5.0 AppleWebKit/537.36 (KHTML, like Gecko; compatible; GPTBot/1.2; +https://openai.com/gptbot)"
jomarlogistica.com.br:80 20.171.207.82 - - [10/Sep/2025:19:48:21 -0300] "GET /2022/05/04/amazon-billing-agreement-status-check-your-account-now/ HTTP/1.1" 200 14175 "-" "Mozilla/5.0 AppleWebKit/537.36 (KHTML, like Gecko; compatible; GPTBot/1.2; +https://openai.com/gptbot)"
jomarlogistica.com.br:80 20.171.207.82 - - [10/Sep/2025:19:48:24 -0300] "GET /2022/05/04/card-game-pan-rules-tips-for-playing-and-winning-legal-strategies/ HTTP/1.1" 200 15031 "-" "Mozilla/5.0 AppleWebKit/537.36 (KHTML, like Gecko; compatible; GPTBot/1.2; +https://openai.com/gptbot)"
jomarlogistica.com.br:80 20.171.207.82 - - [10/Sep/2025:19:48:27 -0300] "GET /2022/05/04/amazon-billing-agreement-status-check-your-account-now/feed/ HTTP/1.1" 200 943 "-" "Mozilla/5.0 AppleWebKit/537.36 (KHTML, like Gecko; compatible; GPTBot/1.2; +https://openai.com/gptbot)"
jomarlogistica.com.br:80 20.171.207.82 - - [10/Sep/2025:19:48:29 -0300] "GET /wp-json/oembed/1.0/embed?format=xml&url=https%3A%2F%2Fjomarlogistica.com.br%2F2022%2F05%2F04%2Famazon-billing-agreement-status-check-your-account-now%2F HTTP/1.1" 404 801 "-" "Mozilla/5.0 AppleWebKit/537.36 (KHTML, like Gecko; compatible; GPTBot/1.2; +https://openai.com/gptbot)"
jomarlogistica.com.br:80 20.171.207.82 - - [10/Sep/2025:19:48:31 -0300] "GET /wp-json/wp/v2/posts/53086 HTTP/1.1" 404 758 "-" "Mozilla/5.0 AppleWebKit/537.36 (KHTML, like Gecko; compatible; GPTBot/1.2; +https://openai.com/gptbot)"
jomarlogistica.com.br:80 20.171.207.82 - - [10/Sep/2025:19:48:34 -0300] "GET /wp-json/oembed/1.0/embed?url=https%3A%2F%2Fjomarlogistica.com.br%2F2022%2F05%2F04%2Famazon-billing-agreement-status-check-your-account-now%2F HTTP/1.1" 404 756 "-" "Mozilla/5.0 AppleWebKit/537.36 (KHTML, like Gecko; compatible; GPTBot/1.2; +https://openai.com/gptbot)"
jomarlogistica.com.br:80 20.171.207.82 - - [10/Sep/2025:19:48:36 -0300] "GET /?a7b529c=7123923 HTTP/1.1" 200 287 "-" "Mozilla/5.0 AppleWebKit/537.36 (KHTML, like Gecko; compatible; GPTBot/1.2; +https://openai.com/gptbot)"
jomarlogistica.com.br:80 20.171.207.82 - - [10/Sep/2025:19:48:49 -0300] "GET /2022/05/06/buying-property-contractor-essential-tips-for-legal-real-estate-transactions/ HTTP/1.1" 200 14437 "-" "Mozilla/5.0 AppleWebKit/537.36 (KHTML, like Gecko; compatible; GPTBot/1.2; +https://openai.com/gptbot)"
jomarlogistica.com.br:80 20.171.207.82 - - [10/Sep/2025:19:48:51 -0300] "GET /?p=53230 HTTP/1.1" 301 542 "-" "Mozilla/5.0 AppleWebKit/537.36 (KHTML, like Gecko; compatible; GPTBot/1.2; +https://openai.com/gptbot)"
jomarlogistica.com.br:80 20.171.207.82 - - [10/Sep/2025:19:48:52 -0300] "GET /2022/05/04/card-game-pan-rules-tips-for-playing-and-winning-legal-strategies/ HTTP/1.1" 200 15031 "-" "Mozilla/5.0 AppleWebKit/537.36 (KHTML, like Gecko; compatible; GPTBot/1.2; +https://openai.com/gptbot)"
jomarlogistica.com.br:80 20.171.207.82 - - [10/Sep/2025:19:48:55 -0300] "GET /2022/05/04/card-game-pan-rules-tips-for-playing-and-winning-legal-strategies/feed/ HTTP/1.1" 200 947 "-" "Mozilla/5.0 AppleWebKit/537.36 (KHTML, like Gecko; compatible; GPTBot/1.2; +https://openai.com/gptbot)"
jomarlogistica.com.br:80 20.171.207.82 - - [10/Sep/2025:19:48:57 -0300] "GET /wp-json/wp/v2/posts/53230 HTTP/1.1" 404 758 "-" "Mozilla/5.0 AppleWebKit/537.36 (KHTML, like Gecko; compatible; GPTBot/1.2; +https://openai.com/gptbot)"
jomarlogistica.com.br:80 20.171.207.82 - - [10/Sep/2025:19:49:00 -0300] "GET /wp-json/oembed/1.0/embed?url=https%3A%2F%2Fjomarlogistica.com.br%2F2022%2F05%2F04%2Fcard-game-pan-rules-tips-for-playing-and-winning-legal-strategies%2F HTTP/1.1" 404 756 "-" "Mozilla/5.0 AppleWebKit/537.36 (KHTML, like Gecko; compatible; GPTBot/1.2; +https://openai.com/gptbot)"
jomarlogistica.com.br:80 20.171.207.82 - - [10/Sep/2025:19:49:02 -0300] "GET /?a7b529c=7425291 HTTP/1.1" 200 306 "-" "Mozilla/5.0 AppleWebKit/537.36 (KHTML, like Gecko; compatible; GPTBot/1.2; +https://openai.com/gptbot)"
jomarlogistica.com.br:80 20.171.207.82 - - [10/Sep/2025:19:49:14 -0300] "GET /wp-json/oembed/1.0/embed?format=xml&url=https%3A%2F%2Fjomarlogistica.com.br%2F2022%2F05%2F04%2Fcard-game-pan-rules-tips-for-playing-and-winning-legal-strategies%2F HTTP/1.1" 404 782 "-" "Mozilla/5.0 AppleWebKit/537.36 (KHTML, like Gecko; compatible; GPTBot/1.2; +https://openai.com/gptbot)"
