jomarlogistica.com.br:80 114.119.158.0 - - [10/Sep/2025:21:45:13 -0300] "GET /2023/page/41/ HTTP/1.1" 200 18497 "https://jomarlogistica.com.br/2023/page/40/" "Mozilla/5.0 (Linux; Android 7.0;) AppleWebKit/537.36 (KHTML, like Gecko) Mobile Safari/537.36 (compatible; PetalBot;+https://webmaster.petalsearch.com/site/petalbot)"
jomarlogistica.com.br:80 95.108.213.243 - - [10/Sep/2025:21:46:05 -0300] "GET /robots.txt HTTP/1.1" 200 565 "-" "Mozilla/5.0 (compatible; YandexBot/3.0; +http://yandex.com/bots)"
jomarlogistica.com.br:80 87.250.224.130 - - [10/Sep/2025:21:46:07 -0300] "GET /2023/05/23/package-management-software-how-to-choose-the-right-deal-software-for-your-company/ HTTP/1.1" 200 17390 "-" "Mozilla/5.0 (compatible; YandexBot/3.0; +http://yandex.com/bots)"
jomarlogistica.com.br:80 114.119.158.0 - - [10/Sep/2025:21:46:37 -0300] "GET /2023/01/24/are-texts-admissible-in-court-canada-legal-insights/ HTTP/1.1" 200 14646 "https://jomarlogistica.com.br/2023/01/24/are-texts-admissible-in-court-canada-legal-insights/" "Mozilla/5.0 (Linux; Android 7.0;) AppleWebKit/537.36 (KHTML, like Gecko) Mobile Safari/537.36 (compatible; PetalBot;+https://webmaster.petalsearch.com/site/petalbot)"
jomarlogistica.com.br:80 172.20.1.117 - - [10/Sep/2025:21:47:28 -0300] "POST /wp-cron.php?doing_wp_cron=1757551648.5436949729919433593750 HTTP/1.1" 200 389 "https://jomarlogistica.com.br/wp-cron.php?doing_wp_cron=1757551648.5436949729919433593750" "WordPress/5.8.10; https://jomarlogistica.com.br"
jomarlogistica.com.br:80 57.141.0.15 - - [10/Sep/2025:21:47:28 -0300] "GET /category/jomar/page/54/ HTTP/1.1" 200 94626 "-" "meta-externalagent/1.1 (+https://developers.facebook.com/docs/sharing/webmasters/crawler)"
jomarlogistica.com.br:80 127.0.0.1 - - [10/Sep/2025:21:47:34 -0300] "OPTIONS * HTTP/1.0" 200 110 "-" "Apache/2.4.65 (Ubuntu) (internal dummy connection)"
jomarlogistica.com.br:80 57.141.0.74 - - [10/Sep/2025:21:50:12 -0300] "GET /2023/09/page/2/ HTTP/1.1" 200 93857 "-" "meta-externalagent/1.1 (+https://developers.facebook.com/docs/sharing/webmasters/crawler)"
jomarlogistica.com.br:80 172.20.1.117 - - [10/Sep/2025:21:57:46 -0300] "POST /wp-cron.php?doing_wp_cron=1757552266.6402881145477294921875 HTTP/1.1" 200 389 "https://jomarlogistica.com.br/wp-cron.php?doing_wp_cron=1757552266.6402881145477294921875" "WordPress/5.8.10; https://jomarlogistica.com.br"
jomarlogistica.com.br:80 57.141.0.17 - - [10/Sep/2025:21:57:46 -0300] "GET /category/jomar/page/5/ HTTP/1.1" 200 94183 "-" "meta-externalagent/1.1 (+https://developers.facebook.com/docs/sharing/webmasters/crawler)"
jomarlogistica.com.br:80 127.0.0.1 - - [10/Sep/2025:21:57:52 -0300] "OPTIONS * HTTP/1.0" 200 110 "-" "Apache/2.4.65 (Ubuntu) (internal dummy connection)"
jomarlogistica.com.br:80 172.20.1.117 - - [10/Sep/2025:22:02:27 -0300] "POST /wp-cron.php?doing_wp_cron=1757552547.2786340713500976562500 HTTP/1.1" 200 389 "https://jomarlogistica.com.br/wp-cron.php?doing_wp_cron=1757552547.2786340713500976562500" "WordPress/5.8.10; https://jomarlogistica.com.br"
jomarlogistica.com.br:80 114.119.128.158 - - [10/Sep/2025:22:02:26 -0300] "GET /2023/page/3/ HTTP/1.1" 200 18661 "https://jomarlogistica.com.br/2023/page/4/" "Mozilla/5.0 (Linux; Android 7.0;) AppleWebKit/537.36 (KHTML, like Gecko) Mobile Safari/537.36 (compatible; PetalBot;+https://webmaster.petalsearch.com/site/petalbot)"
jomarlogistica.com.br:80 127.0.0.1 - - [10/Sep/2025:22:02:33 -0300] "OPTIONS * HTTP/1.0" 200 110 "-" "Apache/2.4.65 (Ubuntu) (internal dummy connection)"
jomarlogistica.com.br:80 114.119.158.0 - - [10/Sep/2025:22:03:49 -0300] "GET /2023/09/09/how-to-pick-the-best-anti-virus-software/ HTTP/1.1" 200 17357 "https://jomarlogistica.com.br/2023/09/13/the-best-iphone-antivirus-apps/" "Mozilla/5.0 (Linux; Android 7.0;) AppleWebKit/537.36 (KHTML, like Gecko) Mobile Safari/537.36 (compatible; PetalBot;+https://webmaster.petalsearch.com/site/petalbot)"
jomarlogistica.com.br:80 57.141.0.61 - - [10/Sep/2025:22:04:49 -0300] "GET /2023/04/28/base-legal-de-omaped-todo-lo-que-necesitas-saber/ HTTP/1.1" 200 61712 "-" "meta-externalagent/1.1 (+https://developers.facebook.com/docs/sharing/webmasters/crawler)"
jomarlogistica.com.br:80 23.98.186.205 - - [10/Sep/2025:22:04:51 -0300] "GET /2024/01/16/is-owning-pet-squirrels-legal-in-florida-laws-regulations/ HTTP/1.1" 200 13814 "-" "Mozilla/5.0 AppleWebKit/537.36 (KHTML, like Gecko); compatible; ChatGPT-User/1.0; +https://openai.com/bot"
jomarlogistica.com.br:80 114.119.135.84 - - [10/Sep/2025:22:05:14 -0300] "GET /2023/09/04/precisely-what-is-document-management/ HTTP/1.1" 200 17334 "https://jomarlogistica.com.br/author/jomar/page/11/" "Mozilla/5.0 (Linux; Android 7.0;) AppleWebKit/537.36 (KHTML, like Gecko) Mobile Safari/537.36 (compatible; PetalBot;+https://webmaster.petalsearch.com/site/petalbot)"
jomarlogistica.com.br:80 114.119.134.192 - - [10/Sep/2025:22:06:35 -0300] "GET /2023/08/page/2/ HTTP/1.1" 200 18608 "https://jomarlogistica.com.br/2023/08/page/3/" "Mozilla/5.0 (Linux; Android 7.0;) AppleWebKit/537.36 (KHTML, like Gecko) Mobile Safari/537.36 (compatible; PetalBot;+https://webmaster.petalsearch.com/site/petalbot)"
jomarlogistica.com.br:80 172.20.1.117 - - [10/Sep/2025:22:06:36 -0300] "GET / HTTP/1.1" 200 23929 "https://jomarlogistica.com.br/" "WordPress/5.8.10; https://jomarlogistica.com.br"
jomarlogistica.com.br:80 172.20.1.117 - - [10/Sep/2025:22:06:35 -0300] "POST /wp-cron.php?doing_wp_cron=1757552795.8881421089172363281250 HTTP/1.1" 200 389 "https://jomarlogistica.com.br/wp-cron.php?doing_wp_cron=1757552795.8881421089172363281250" "WordPress/5.8.10; https://jomarlogistica.com.br"
jomarlogistica.com.br:80 127.0.0.1 - - [10/Sep/2025:22:06:41 -0300] "OPTIONS * HTTP/1.0" 200 110 "-" "Apache/2.4.65 (Ubuntu) (internal dummy connection)"
jomarlogistica.com.br:80 127.0.0.1 - - [10/Sep/2025:22:06:42 -0300] "OPTIONS * HTTP/1.0" 200 110 "-" "Apache/2.4.65 (Ubuntu) (internal dummy connection)"
jomarlogistica.com.br:80 127.0.0.1 - - [10/Sep/2025:22:06:43 -0300] "OPTIONS * HTTP/1.0" 200 110 "-" "Apache/2.4.65 (Ubuntu) (internal dummy connection)"
jomarlogistica.com.br:80 147.185.132.162 - - [10/Sep/2025:22:07:06 -0300] "GET /shell.php HTTP/1.1" 404 448 "-" "Hello from Palo Alto Networks, find out more about our scans in https://docs-cortex.paloaltonetworks.com/r/1/Cortex-Xpanse/Scanning-activity"
jomarlogistica.com.br:80 147.185.132.12 - - [10/Sep/2025:22:07:07 -0300] "GET /shell HTTP/1.1" 404 448 "-" "Hello from Palo Alto Networks, find out more about our scans in https://docs-cortex.paloaltonetworks.com/r/1/Cortex-Xpanse/Scanning-activity"
jomarlogistica.com.br:80 205.210.31.74 - - [10/Sep/2025:22:07:09 -0300] "GET /webshell HTTP/1.1" 404 448 "-" "Hello from Palo Alto Networks, find out more about our scans in https://docs-cortex.paloaltonetworks.com/r/1/Cortex-Xpanse/Scanning-activity"
jomarlogistica.com.br:80 172.20.1.117 - - [10/Sep/2025:22:08:01 -0300] "POST /wp-cron.php?doing_wp_cron=1757552881.9501850605010986328125 HTTP/1.1" 200 389 "https://jomarlogistica.com.br/wp-cron.php?doing_wp_cron=1757552881.9501850605010986328125" "WordPress/5.8.10; https://jomarlogistica.com.br"
jomarlogistica.com.br:80 114.119.135.84 - - [10/Sep/2025:22:08:01 -0300] "GET /2023/01/16/sugar-daddy-personality/ HTTP/1.1" 200 18046 "https://jomarlogistica.com.br/2023/01/14/one-of-a-kind-wedding-tips-to-make-your-day-truly-yours/" "Mozilla/5.0 (Linux; Android 7.0;) AppleWebKit/537.36 (KHTML, like Gecko) Mobile Safari/537.36 (compatible; PetalBot;+https://webmaster.petalsearch.com/site/petalbot)"
jomarlogistica.com.br:80 127.0.0.1 - - [10/Sep/2025:22:08:07 -0300] "OPTIONS * HTTP/1.0" 200 110 "-" "Apache/2.4.65 (Ubuntu) (internal dummy connection)"
jomarlogistica.com.br:80 114.119.158.0 - - [10/Sep/2025:22:09:23 -0300] "GET /2022/11/04/the-difference-between-specifications-and-targets-in-romantic-relationships/ HTTP/1.1" 200 18175 "https://jomarlogistica.com.br/2022/11/page/4/" "Mozilla/5.0 (Linux; Android 7.0;) AppleWebKit/537.36 (KHTML, like Gecko) Mobile Safari/537.36 (compatible; PetalBot;+https://webmaster.petalsearch.com/site/petalbot)"
jomarlogistica.com.br:80 205.210.31.200 - - [10/Sep/2025:22:09:49 -0300] "GET /webshell.php HTTP/1.1" 404 448 "-" "Hello from Palo Alto Networks, find out more about our scans in https://docs-cortex.paloaltonetworks.com/r/1/Cortex-Xpanse/Scanning-activity"
jomarlogistica.com.br:80 114.119.158.0 - - [10/Sep/2025:22:10:46 -0300] "GET /2022/09/ HTTP/1.1" 200 18536 "https://jomarlogistica.com.br/category/jomar/" "Mozilla/5.0 (Linux; Android 7.0;) AppleWebKit/537.36 (KHTML, like Gecko) Mobile Safari/537.36 (compatible; PetalBot;+https://webmaster.petalsearch.com/site/petalbot)"
jomarlogistica.com.br:80 172.20.1.117 - - [10/Sep/2025:22:12:11 -0300] "POST /wp-cron.php?doing_wp_cron=1757553131.8160390853881835937500 HTTP/1.1" 200 389 "https://jomarlogistica.com.br/wp-cron.php?doing_wp_cron=1757553131.8160390853881835937500" "WordPress/5.8.10; https://jomarlogistica.com.br"
jomarlogistica.com.br:80 114.119.138.130 - - [10/Sep/2025:22:12:11 -0300] "GET /2023/11/15/how-to-organise-the-board-records-with-boardpro/ HTTP/1.1" 200 17187 "https://jomarlogistica.com.br/category/jomar/" "Mozilla/5.0 (Linux; Android 7.0;) AppleWebKit/537.36 (KHTML, like Gecko) Mobile Safari/537.36 (compatible; PetalBot;+https://webmaster.petalsearch.com/site/petalbot)"
jomarlogistica.com.br:80 127.0.0.1 - - [10/Sep/2025:22:12:17 -0300] "OPTIONS * HTTP/1.0" 200 110 "-" "Apache/2.4.65 (Ubuntu) (internal dummy connection)"
jomarlogistica.com.br:80 172.20.1.117 - - [10/Sep/2025:22:13:34 -0300] "POST /wp-cron.php?doing_wp_cron=1757553214.6618640422821044921875 HTTP/1.1" 200 389 "https://jomarlogistica.com.br/wp-cron.php?doing_wp_cron=1757553214.6618640422821044921875" "WordPress/5.8.10; https://jomarlogistica.com.br"
jomarlogistica.com.br:80 114.119.158.0 - - [10/Sep/2025:22:13:34 -0300] "GET /2022/page/10/ HTTP/1.1" 200 18487 "https://jomarlogistica.com.br/2022/page/9/" "Mozilla/5.0 (Linux; Android 7.0;) AppleWebKit/537.36 (KHTML, like Gecko) Mobile Safari/537.36 (compatible; PetalBot;+https://webmaster.petalsearch.com/site/petalbot)"
jomarlogistica.com.br:80 127.0.0.1 - - [10/Sep/2025:22:13:40 -0300] "OPTIONS * HTTP/1.0" 200 110 "-" "Apache/2.4.65 (Ubuntu) (internal dummy connection)"
jomarlogistica.com.br:80 216.73.216.134 - - [10/Sep/2025:22:14:38 -0300] "GET /robots.txt HTTP/1.1" 200 584 "-" "Mozilla/5.0 AppleWebKit/537.36 (KHTML, like Gecko; compatible; ClaudeBot/1.0; +claudebot@anthropic.com)"
jomarlogistica.com.br:80 216.73.216.134 - - [10/Sep/2025:22:14:39 -0300] "GET /category/jomar/page/48 HTTP/1.1" 301 414 "-" "Mozilla/5.0 AppleWebKit/537.36 (KHTML, like Gecko; compatible; ClaudeBot/1.0; +claudebot@anthropic.com)"
jomarlogistica.com.br:80 216.73.216.134 - - [10/Sep/2025:22:14:39 -0300] "GET /category/jomar/page/48/ HTTP/1.1" 200 18769 "https://jomarlogistica.com.br/category/jomar/page/48" "Mozilla/5.0 AppleWebKit/537.36 (KHTML, like Gecko; compatible; ClaudeBot/1.0; +claudebot@anthropic.com)"
jomarlogistica.com.br:80 172.20.1.117 - - [10/Sep/2025:22:17:53 -0300] "POST /wp-cron.php?doing_wp_cron=1757553473.8092749118804931640625 HTTP/1.1" 200 389 "https://jomarlogistica.com.br/wp-cron.php?doing_wp_cron=1757553473.8092749118804931640625" "WordPress/5.8.10; https://jomarlogistica.com.br"
jomarlogistica.com.br:80 216.244.66.226 - - [10/Sep/2025:22:17:53 -0300] "GET /robots.txt HTTP/1.1" 200 565 "-" "Mozilla/5.0 (compatible; DotBot/1.2; +https://opensiteexplorer.org/dotbot; help@moz.com)"
jomarlogistica.com.br:80 127.0.0.1 - - [10/Sep/2025:22:17:58 -0300] "OPTIONS * HTTP/1.0" 200 110 "-" "Apache/2.4.65 (Ubuntu) (internal dummy connection)"
jomarlogistica.com.br:80 114.119.136.72 - - [10/Sep/2025:22:20:01 -0300] "GET /2023/02/14/5-tips-to-help-you-will-find-a-girl-right-from-another-region-online/ HTTP/1.1" 200 18091 "https://jomarlogistica.com.br/category/jomar/page/38/" "Mozilla/5.0 (Linux; Android 7.0;) AppleWebKit/537.36 (KHTML, like Gecko) Mobile Safari/537.36 (compatible; PetalBot;+https://webmaster.petalsearch.com/site/petalbot)"
jomarlogistica.com.br:80 172.20.1.117 - - [10/Sep/2025:22:28:35 -0300] "POST /wp-cron.php?doing_wp_cron=1757554115.5430970191955566406250 HTTP/1.1" 200 389 "https://jomarlogistica.com.br/wp-cron.php?doing_wp_cron=1757554115.5430970191955566406250" "WordPress/5.8.10; https://jomarlogistica.com.br"
jomarlogistica.com.br:80 216.244.66.226 - - [10/Sep/2025:22:28:35 -0300] "GET /2023/03/21/broken-contract-film-legal-implications-contract-disputes-explained/ HTTP/1.1" 200 60953 "-" "Mozilla/5.0 (compatible; DotBot/1.2; +https://opensiteexplorer.org/dotbot; help@moz.com)"
jomarlogistica.com.br:80 127.0.0.1 - - [10/Sep/2025:22:28:40 -0300] "OPTIONS * HTTP/1.0" 200 110 "-" "Apache/2.4.65 (Ubuntu) (internal dummy connection)"
jomarlogistica.com.br:80 57.141.0.35 - - [10/Sep/2025:22:28:56 -0300] "GET /2023/01/25/20-tips-for-a-happy-married-life/ HTTP/1.1" 200 81483 "-" "meta-externalagent/1.1 (+https://developers.facebook.com/docs/sharing/webmasters/crawler)"
jomarlogistica.com.br:80 20.171.207.79 - - [10/Sep/2025:22:29:40 -0300] "GET /wp-content/plugins/booked/assets/js/tooltipster/css/tooltipster.css?ver=3.3.0 HTTP/1.1" 200 2174 "-" "Mozilla/5.0 AppleWebKit/537.36 (KHTML, like Gecko; compatible; GPTBot/1.2; +https://openai.com/gptbot)"
jomarlogistica.com.br:80 20.171.207.79 - - [10/Sep/2025:22:30:00 -0300] "GET /wp-includes/js/wp-emoji-release.min.js?ver=5.8.10 HTTP/1.1" 200 5577 "-" "Mozilla/5.0 AppleWebKit/537.36 (KHTML, like Gecko; compatible; GPTBot/1.2; +https://openai.com/gptbot)"
jomarlogistica.com.br:80 20.171.207.79 - - [10/Sep/2025:22:30:09 -0300] "GET /wp-includes/js/',b,' HTTP/1.1" 301 468 "-" "Mozilla/5.0 AppleWebKit/537.36 (KHTML, like Gecko; compatible; GPTBot/1.2; +https://openai.com/gptbot)"
jomarlogistica.com.br:80 20.171.207.79 - - [10/Sep/2025:22:30:09 -0300] "GET /wp-includes/js/,b, HTTP/1.1" 301 428 "-" "Mozilla/5.0 AppleWebKit/537.36 (KHTML, like Gecko; compatible; GPTBot/1.2; +https://openai.com/gptbot)"
jomarlogistica.com.br:80 20.171.207.79 - - [10/Sep/2025:22:30:10 -0300] "GET /2023/03/03/b-razil-marriage-customs/ HTTP/1.1" 200 17328 "-" "Mozilla/5.0 AppleWebKit/537.36 (KHTML, like Gecko; compatible; GPTBot/1.2; +https://openai.com/gptbot)"
jomarlogistica.com.br:80 20.171.207.79 - - [10/Sep/2025:22:30:18 -0300] "GET /2023/11/11/the-right-way-to-prepare-a-datenraum-review-meant-for-due-diligence/ HTTP/1.1" 200 17319 "-" "Mozilla/5.0 AppleWebKit/537.36 (KHTML, like Gecko; compatible; GPTBot/1.2; +https://openai.com/gptbot)"
jomarlogistica.com.br:80 20.171.207.79 - - [10/Sep/2025:22:30:21 -0300] "GET /2025/07/02/cool-kids-toys-youngsters-of-everyone/ HTTP/1.1" 200 18992 "-" "Mozilla/5.0 AppleWebKit/537.36 (KHTML, like Gecko; compatible; GPTBot/1.2; +https://openai.com/gptbot)"
jomarlogistica.com.br:80 20.171.207.79 - - [10/Sep/2025:22:30:23 -0300] "GET /2025/07/ HTTP/1.1" 200 15772 "-" "Mozilla/5.0 AppleWebKit/537.36 (KHTML, like Gecko; compatible; GPTBot/1.2; +https://openai.com/gptbot)"
jomarlogistica.com.br:80 20.171.207.79 - - [10/Sep/2025:22:30:25 -0300] "GET /2023/11/15/how-to-organise-the-board-records-with-boardpro/ HTTP/1.1" 200 17129 "-" "Mozilla/5.0 AppleWebKit/537.36 (KHTML, like Gecko; compatible; GPTBot/1.2; +https://openai.com/gptbot)"
jomarlogistica.com.br:80 20.171.207.79 - - [10/Sep/2025:22:30:26 -0300] "GET /2023/03/02/the-hazards-of-the-sugardaddy-lifestyle/ HTTP/1.1" 200 18094 "-" "Mozilla/5.0 AppleWebKit/537.36 (KHTML, like Gecko; compatible; GPTBot/1.2; +https://openai.com/gptbot)"
jomarlogistica.com.br:80 20.171.207.79 - - [10/Sep/2025:22:30:28 -0300] "GET /2023/03/03/b-razil-marriage-customs/ HTTP/1.1" 200 17328 "-" "Mozilla/5.0 AppleWebKit/537.36 (KHTML, like Gecko; compatible; GPTBot/1.2; +https://openai.com/gptbot)"
jomarlogistica.com.br:80 20.171.207.79 - - [10/Sep/2025:22:30:30 -0300] "GET /2023/11/11/what-is-the-protegent-antivirus-scam/ HTTP/1.1" 200 17200 "-" "Mozilla/5.0 AppleWebKit/537.36 (KHTML, like Gecko; compatible; GPTBot/1.2; +https://openai.com/gptbot)"
jomarlogistica.com.br:80 20.171.207.79 - - [10/Sep/2025:22:30:31 -0300] "GET /2023/03/07/scandinavian-popular-cities-for-flirting/ HTTP/1.1" 200 18995 "-" "Mozilla/5.0 AppleWebKit/537.36 (KHTML, like Gecko; compatible; GPTBot/1.2; +https://openai.com/gptbot)"
jomarlogistica.com.br:80 20.171.207.79 - - [10/Sep/2025:22:30:33 -0300] "GET /?p=6720 HTTP/1.1" 301 427 "-" "Mozilla/5.0 AppleWebKit/537.36 (KHTML, like Gecko; compatible; GPTBot/1.2; +https://openai.com/gptbot)"
jomarlogistica.com.br:80 20.171.207.79 - - [10/Sep/2025:22:30:34 -0300] "GET /2023/03/03/b-razil-marriage-customs/ HTTP/1.1" 200 17347 "-" "Mozilla/5.0 AppleWebKit/537.36 (KHTML, like Gecko; compatible; GPTBot/1.2; +https://openai.com/gptbot)"
jomarlogistica.com.br:80 20.171.207.79 - - [10/Sep/2025:22:30:35 -0300] "GET /2023/11/12/the-best-android-anti-virus-app/ HTTP/1.1" 200 17321 "-" "Mozilla/5.0 AppleWebKit/537.36 (KHTML, like Gecko; compatible; GPTBot/1.2; +https://openai.com/gptbot)"
jomarlogistica.com.br:80 20.171.207.79 - - [10/Sep/2025:22:30:37 -0300] "GET /category/jomar/ HTTP/1.1" 200 18596 "-" "Mozilla/5.0 AppleWebKit/537.36 (KHTML, like Gecko; compatible; GPTBot/1.2; +https://openai.com/gptbot)"
jomarlogistica.com.br:80 20.171.207.79 - - [10/Sep/2025:22:30:38 -0300] "GET /?p=7582 HTTP/1.1" 301 440 "-" "Mozilla/5.0 AppleWebKit/537.36 (KHTML, like Gecko; compatible; GPTBot/1.2; +https://openai.com/gptbot)"
jomarlogistica.com.br:80 20.171.207.79 - - [10/Sep/2025:22:30:39 -0300] "GET /2025/07/02/cool-kids-toys-youngsters-of-everyone/ HTTP/1.1" 200 18992 "-" "Mozilla/5.0 AppleWebKit/537.36 (KHTML, like Gecko; compatible; GPTBot/1.2; +https://openai.com/gptbot)"
jomarlogistica.com.br:80 20.171.207.79 - - [10/Sep/2025:22:30:41 -0300] "GET /?p=7539 HTTP/1.1" 301 489 "-" "Mozilla/5.0 AppleWebKit/537.36 (KHTML, like Gecko; compatible; GPTBot/1.2; +https://openai.com/gptbot)"
jomarlogistica.com.br:80 20.171.207.79 - - [10/Sep/2025:22:30:41 -0300] "GET /2023/11/11/the-right-way-to-prepare-a-datenraum-review-meant-for-due-diligence/ HTTP/1.1" 200 17319 "-" "Mozilla/5.0 AppleWebKit/537.36 (KHTML, like Gecko; compatible; GPTBot/1.2; +https://openai.com/gptbot)"
jomarlogistica.com.br:80 20.171.207.79 - - [10/Sep/2025:22:30:43 -0300] "GET /wp-json/oembed/1.0/embed?url=https%3A%2F%2Fjomarlogistica.com.br%2F2023%2F03%2F03%2Fb-razil-marriage-customs%2F HTTP/1.1" 200 1855 "-" "Mozilla/5.0 AppleWebKit/537.36 (KHTML, like Gecko; compatible; GPTBot/1.2; +https://openai.com/gptbot)"
jomarlogistica.com.br:80 20.171.207.79 - - [10/Sep/2025:22:30:44 -0300] "GET /?p=7475 HTTP/1.1" 301 442 "-" "Mozilla/5.0 AppleWebKit/537.36 (KHTML, like Gecko; compatible; GPTBot/1.2; +https://openai.com/gptbot)"
jomarlogistica.com.br:80 20.171.207.79 - - [10/Sep/2025:22:30:44 -0300] "GET /2023/03/02/the-hazards-of-the-sugardaddy-lifestyle/ HTTP/1.1" 200 18075 "-" "Mozilla/5.0 AppleWebKit/537.36 (KHTML, like Gecko; compatible; GPTBot/1.2; +https://openai.com/gptbot)"
jomarlogistica.com.br:80 20.171.207.79 - - [10/Sep/2025:22:30:46 -0300] "GET /?p=7560 HTTP/1.1" 301 469 "-" "Mozilla/5.0 AppleWebKit/537.36 (KHTML, like Gecko; compatible; GPTBot/1.2; +https://openai.com/gptbot)"
jomarlogistica.com.br:80 20.171.207.79 - - [10/Sep/2025:22:30:47 -0300] "GET /2023/11/15/how-to-organise-the-board-records-with-boardpro/ HTTP/1.1" 200 17129 "-" "Mozilla/5.0 AppleWebKit/537.36 (KHTML, like Gecko; compatible; GPTBot/1.2; +https://openai.com/gptbot)"
jomarlogistica.com.br:80 20.171.207.79 - - [10/Sep/2025:22:30:48 -0300] "GET /?p=7541 HTTP/1.1" 301 439 "-" "Mozilla/5.0 AppleWebKit/537.36 (KHTML, like Gecko; compatible; GPTBot/1.2; +https://openai.com/gptbot)"
jomarlogistica.com.br:80 20.171.207.79 - - [10/Sep/2025:22:30:49 -0300] "GET /2023/11/11/what-is-the-protegent-antivirus-scam/ HTTP/1.1" 200 17200 "-" "Mozilla/5.0 AppleWebKit/537.36 (KHTML, like Gecko; compatible; GPTBot/1.2; +https://openai.com/gptbot)"
jomarlogistica.com.br:80 20.171.207.79 - - [10/Sep/2025:22:30:50 -0300] "GET /?p=6615 HTTP/1.1" 301 443 "-" "Mozilla/5.0 AppleWebKit/537.36 (KHTML, like Gecko; compatible; GPTBot/1.2; +https://openai.com/gptbot)"
jomarlogistica.com.br:80 20.171.207.79 - - [10/Sep/2025:22:30:51 -0300] "GET /2023/03/07/scandinavian-popular-cities-for-flirting/ HTTP/1.1" 200 19014 "-" "Mozilla/5.0 AppleWebKit/537.36 (KHTML, like Gecko; compatible; GPTBot/1.2; +https://openai.com/gptbot)"
jomarlogistica.com.br:80 20.171.207.79 - - [10/Sep/2025:22:30:53 -0300] "GET /2023/03/08/nude-webcam-shows/ HTTP/1.1" 200 17722 "-" "Mozilla/5.0 AppleWebKit/537.36 (KHTML, like Gecko; compatible; GPTBot/1.2; +https://openai.com/gptbot)"
jomarlogistica.com.br:80 20.171.207.79 - - [10/Sep/2025:22:30:54 -0300] "GET /?p=7545 HTTP/1.1" 301 434 "-" "Mozilla/5.0 AppleWebKit/537.36 (KHTML, like Gecko; compatible; GPTBot/1.2; +https://openai.com/gptbot)"
jomarlogistica.com.br:80 20.171.207.79 - - [10/Sep/2025:22:30:55 -0300] "GET /2023/11/12/the-best-android-anti-virus-app/ HTTP/1.1" 200 17321 "-" "Mozilla/5.0 AppleWebKit/537.36 (KHTML, like Gecko; compatible; GPTBot/1.2; +https://openai.com/gptbot)"
jomarlogistica.com.br:80 20.171.207.79 - - [10/Sep/2025:22:30:57 -0300] "GET /2023/11/07/expressvpn-prices-is-it-well-worth-the-extra-expense/ HTTP/1.1" 200 17309 "-" "Mozilla/5.0 AppleWebKit/537.36 (KHTML, like Gecko; compatible; GPTBot/1.2; +https://openai.com/gptbot)"
jomarlogistica.com.br:80 20.171.207.79 - - [10/Sep/2025:22:30:58 -0300] "GET /2023/11/04/how-to-pick-the-best-online-data-room-software/ HTTP/1.1" 200 17442 "-" "Mozilla/5.0 AppleWebKit/537.36 (KHTML, like Gecko; compatible; GPTBot/1.2; +https://openai.com/gptbot)"
jomarlogistica.com.br:80 20.171.207.79 - - [10/Sep/2025:22:31:00 -0300] "GET /2023/11/07/360-total-secureness-vs-avast/ HTTP/1.1" 200 17329 "-" "Mozilla/5.0 AppleWebKit/537.36 (KHTML, like Gecko; compatible; GPTBot/1.2; +https://openai.com/gptbot)"
jomarlogistica.com.br:80 20.171.207.79 - - [10/Sep/2025:22:31:01 -0300] "GET /2023/11/04/company-branding-can-be-broader-than-product-logos/ HTTP/1.1" 200 17357 "-" "Mozilla/5.0 AppleWebKit/537.36 (KHTML, like Gecko; compatible; GPTBot/1.2; +https://openai.com/gptbot)"
jomarlogistica.com.br:80 20.171.207.79 - - [10/Sep/2025:22:31:03 -0300] "GET /2025/ HTTP/1.1" 200 15743 "-" "Mozilla/5.0 AppleWebKit/537.36 (KHTML, like Gecko; compatible; GPTBot/1.2; +https://openai.com/gptbot)"
jomarlogistica.com.br:80 20.171.207.79 - - [10/Sep/2025:22:31:04 -0300] "GET /category/jomar/page/57/ HTTP/1.1" 200 18187 "-" "Mozilla/5.0 AppleWebKit/537.36 (KHTML, like Gecko; compatible; GPTBot/1.2; +https://openai.com/gptbot)"
jomarlogistica.com.br:80 20.171.207.79 - - [10/Sep/2025:22:31:06 -0300] "GET /category/jomar/page/2/ HTTP/1.1" 200 18847 "-" "Mozilla/5.0 AppleWebKit/537.36 (KHTML, like Gecko; compatible; GPTBot/1.2; +https://openai.com/gptbot)"
jomarlogistica.com.br:80 20.171.207.79 - - [10/Sep/2025:22:31:07 -0300] "GET /author/wadminw/ HTTP/1.1" 200 15900 "-" "Mozilla/5.0 AppleWebKit/537.36 (KHTML, like Gecko; compatible; GPTBot/1.2; +https://openai.com/gptbot)"
jomarlogistica.com.br:80 20.171.207.79 - - [10/Sep/2025:22:31:09 -0300] "GET /?p=6743 HTTP/1.1" 301 420 "-" "Mozilla/5.0 AppleWebKit/537.36 (KHTML, like Gecko; compatible; GPTBot/1.2; +https://openai.com/gptbot)"
jomarlogistica.com.br:80 20.171.207.79 - - [10/Sep/2025:22:31:09 -0300] "GET /2023/03/08/nude-webcam-shows/ HTTP/1.1" 200 17722 "-" "Mozilla/5.0 AppleWebKit/537.36 (KHTML, like Gecko; compatible; GPTBot/1.2; +https://openai.com/gptbot)"
jomarlogistica.com.br:80 20.171.207.79 - - [10/Sep/2025:22:31:11 -0300] "GET /2023/03/10/online-dating-services-safety-recommendations/ HTTP/1.1" 200 17218 "-" "Mozilla/5.0 AppleWebKit/537.36 (KHTML, like Gecko; compatible; GPTBot/1.2; +https://openai.com/gptbot)"
jomarlogistica.com.br:80 20.171.207.79 - - [10/Sep/2025:22:31:13 -0300] "GET /?p=7527 HTTP/1.1" 301 474 "-" "Mozilla/5.0 AppleWebKit/537.36 (KHTML, like Gecko; compatible; GPTBot/1.2; +https://openai.com/gptbot)"
jomarlogistica.com.br:80 20.171.207.79 - - [10/Sep/2025:22:31:13 -0300] "GET /2023/11/07/expressvpn-prices-is-it-well-worth-the-extra-expense/ HTTP/1.1" 200 17309 "-" "Mozilla/5.0 AppleWebKit/537.36 (KHTML, like Gecko; compatible; GPTBot/1.2; +https://openai.com/gptbot)"
jomarlogistica.com.br:80 20.171.207.79 - - [10/Sep/2025:22:31:15 -0300] "GET /?p=7518 HTTP/1.1" 301 449 "-" "Mozilla/5.0 AppleWebKit/537.36 (KHTML, like Gecko; compatible; GPTBot/1.2; +https://openai.com/gptbot)"
jomarlogistica.com.br:80 20.171.207.79 - - [10/Sep/2025:22:31:15 -0300] "GET /2023/11/04/how-to-pick-the-best-online-data-room-software/ HTTP/1.1" 200 17423 "-" "Mozilla/5.0 AppleWebKit/537.36 (KHTML, like Gecko; compatible; GPTBot/1.2; +https://openai.com/gptbot)"
jomarlogistica.com.br:80 20.171.207.79 - - [10/Sep/2025:22:31:17 -0300] "GET /wp-json/wp/v2/posts/6720 HTTP/1.1" 200 2365 "-" "Mozilla/5.0 AppleWebKit/537.36 (KHTML, like Gecko; compatible; GPTBot/1.2; +https://openai.com/gptbot)"
jomarlogistica.com.br:80 20.171.207.79 - - [10/Sep/2025:22:31:18 -0300] "GET /?p=7529 HTTP/1.1" 301 451 "-" "Mozilla/5.0 AppleWebKit/537.36 (KHTML, like Gecko; compatible; GPTBot/1.2; +https://openai.com/gptbot)"
jomarlogistica.com.br:80 20.171.207.79 - - [10/Sep/2025:22:31:18 -0300] "GET /2023/11/07/360-total-secureness-vs-avast/ HTTP/1.1" 200 17329 "-" "Mozilla/5.0 AppleWebKit/537.36 (KHTML, like Gecko; compatible; GPTBot/1.2; +https://openai.com/gptbot)"
jomarlogistica.com.br:80 20.171.207.79 - - [10/Sep/2025:22:31:20 -0300] "GET /?p=7512 HTTP/1.1" 301 453 "-" "Mozilla/5.0 AppleWebKit/537.36 (KHTML, like Gecko; compatible; GPTBot/1.2; +https://openai.com/gptbot)"
jomarlogistica.com.br:80 20.171.207.79 - - [10/Sep/2025:22:31:21 -0300] "GET /2023/11/04/company-branding-can-be-broader-than-product-logos/ HTTP/1.1" 200 17357 "-" "Mozilla/5.0 AppleWebKit/537.36 (KHTML, like Gecko; compatible; GPTBot/1.2; +https://openai.com/gptbot)"
jomarlogistica.com.br:80 20.171.207.79 - - [10/Sep/2025:22:31:22 -0300] "GET /2023/10/31/the-very-best-paper-management-systems-with-respect-to-small-businesses/ HTTP/1.1" 200 17595 "-" "Mozilla/5.0 AppleWebKit/537.36 (KHTML, like Gecko; compatible; GPTBot/1.2; +https://openai.com/gptbot)"
jomarlogistica.com.br:80 20.171.207.79 - - [10/Sep/2025:22:31:24 -0300] "GET /2022/09/01/the-benefits-of-healthy-romantic-relationships/ HTTP/1.1" 200 18651 "-" "Mozilla/5.0 AppleWebKit/537.36 (KHTML, like Gecko; compatible; GPTBot/1.2; +https://openai.com/gptbot)"
jomarlogistica.com.br:80 20.171.207.79 - - [10/Sep/2025:22:31:25 -0300] "GET /?p=6712 HTTP/1.1" 301 448 "-" "Mozilla/5.0 AppleWebKit/537.36 (KHTML, like Gecko; compatible; GPTBot/1.2; +https://openai.com/gptbot)"
jomarlogistica.com.br:80 20.171.207.79 - - [10/Sep/2025:22:31:26 -0300] "GET /2023/03/10/online-dating-services-safety-recommendations/ HTTP/1.1" 200 17218 "-" "Mozilla/5.0 AppleWebKit/537.36 (KHTML, like Gecko; compatible; GPTBot/1.2; +https://openai.com/gptbot)"
jomarlogistica.com.br:80 20.171.207.79 - - [10/Sep/2025:22:31:28 -0300] "GET /2022/08/11/tips-for-successful-sugars-daddies-and-babies-relationships/ HTTP/1.1" 200 18078 "-" "Mozilla/5.0 AppleWebKit/537.36 (KHTML, like Gecko; compatible; GPTBot/1.2; +https://openai.com/gptbot)"
jomarlogistica.com.br:80 20.171.207.79 - - [10/Sep/2025:22:31:29 -0300] "GET /2022/08/25/what-exactly-is-mutually-effective-arrangement/ HTTP/1.1" 200 18021 "-" "Mozilla/5.0 AppleWebKit/537.36 (KHTML, like Gecko; compatible; GPTBot/1.2; +https://openai.com/gptbot)"
jomarlogistica.com.br:80 20.171.207.79 - - [10/Sep/2025:22:31:30 -0300] "GET /2023/10/31/using-a-lego-cheat-code-in-seglar-star-wars-the-skywalker-saga/ HTTP/1.1" 200 17262 "-" "Mozilla/5.0 AppleWebKit/537.36 (KHTML, like Gecko; compatible; GPTBot/1.2; +https://openai.com/gptbot)"
jomarlogistica.com.br:80 20.171.207.79 - - [10/Sep/2025:22:31:32 -0300] "GET /2023/11/04/get-paid-faster-considering-the-best-invoicing-software/ HTTP/1.1" 200 17326 "-" "Mozilla/5.0 AppleWebKit/537.36 (KHTML, like Gecko; compatible; GPTBot/1.2; +https://openai.com/gptbot)"
jomarlogistica.com.br:80 20.171.207.79 - - [10/Sep/2025:22:31:34 -0300] "GET /2023/10/31/career-tips-to-help-you-land-the-positioning-you-want/ HTTP/1.1" 200 17334 "-" "Mozilla/5.0 AppleWebKit/537.36 (KHTML, like Gecko; compatible; GPTBot/1.2; +https://openai.com/gptbot)"
jomarlogistica.com.br:80 20.171.207.79 - - [10/Sep/2025:22:31:35 -0300] "GET /2023/10/15/what-exactly-is-data-space-for-peer-to-peer/ HTTP/1.1" 200 17289 "-" "Mozilla/5.0 AppleWebKit/537.36 (KHTML, like Gecko; compatible; GPTBot/1.2; +https://openai.com/gptbot)"
jomarlogistica.com.br:80 20.171.207.79 - - [10/Sep/2025:22:31:37 -0300] "GET /?p=6381 HTTP/1.1" 301 449 "-" "Mozilla/5.0 AppleWebKit/537.36 (KHTML, like Gecko; compatible; GPTBot/1.2; +https://openai.com/gptbot)"
jomarlogistica.com.br:80 20.171.207.79 - - [10/Sep/2025:22:31:37 -0300] "GET /2022/09/01/the-benefits-of-healthy-romantic-relationships/ HTTP/1.1" 200 18651 "-" "Mozilla/5.0 AppleWebKit/537.36 (KHTML, like Gecko; compatible; GPTBot/1.2; +https://openai.com/gptbot)"
jomarlogistica.com.br:80 20.171.207.79 - - [10/Sep/2025:22:31:39 -0300] "GET /?p=7499 HTTP/1.1" 301 474 "-" "Mozilla/5.0 AppleWebKit/537.36 (KHTML, like Gecko; compatible; GPTBot/1.2; +https://openai.com/gptbot)"
jomarlogistica.com.br:80 20.171.207.79 - - [10/Sep/2025:22:31:40 -0300] "GET /2023/10/31/the-very-best-paper-management-systems-with-respect-to-small-businesses/ HTTP/1.1" 200 17595 "-" "Mozilla/5.0 AppleWebKit/537.36 (KHTML, like Gecko; compatible; GPTBot/1.2; +https://openai.com/gptbot)"
jomarlogistica.com.br:80 20.171.207.79 - - [10/Sep/2025:22:31:41 -0300] "GET /?p=6169 HTTP/1.1" 301 462 "-" "Mozilla/5.0 AppleWebKit/537.36 (KHTML, like Gecko; compatible; GPTBot/1.2; +https://openai.com/gptbot)"
jomarlogistica.com.br:80 20.171.207.79 - - [10/Sep/2025:22:31:42 -0300] "GET /2022/08/11/tips-for-successful-sugars-daddies-and-babies-relationships/ HTTP/1.1" 200 18078 "-" "Mozilla/5.0 AppleWebKit/537.36 (KHTML, like Gecko; compatible; GPTBot/1.2; +https://openai.com/gptbot)"
jomarlogistica.com.br:80 20.171.207.79 - - [10/Sep/2025:22:31:43 -0300] "GET /?p=6248 HTTP/1.1" 301 468 "-" "Mozilla/5.0 AppleWebKit/537.36 (KHTML, like Gecko; compatible; GPTBot/1.2; +https://openai.com/gptbot)"
jomarlogistica.com.br:80 20.171.207.79 - - [10/Sep/2025:22:31:44 -0300] "GET /2022/08/25/what-exactly-is-mutually-effective-arrangement/ HTTP/1.1" 200 18021 "-" "Mozilla/5.0 AppleWebKit/537.36 (KHTML, like Gecko; compatible; GPTBot/1.2; +https://openai.com/gptbot)"
jomarlogistica.com.br:80 20.171.207.79 - - [10/Sep/2025:22:31:46 -0300] "GET /?p=7497 HTTP/1.1" 301 465 "-" "Mozilla/5.0 AppleWebKit/537.36 (KHTML, like Gecko; compatible; GPTBot/1.2; +https://openai.com/gptbot)"
jomarlogistica.com.br:80 20.171.207.79 - - [10/Sep/2025:22:31:46 -0300] "GET /2023/10/31/using-a-lego-cheat-code-in-seglar-star-wars-the-skywalker-saga/ HTTP/1.1" 200 17243 "-" "Mozilla/5.0 AppleWebKit/537.36 (KHTML, like Gecko; compatible; GPTBot/1.2; +https://openai.com/gptbot)"
jomarlogistica.com.br:80 20.171.207.79 - - [10/Sep/2025:22:31:48 -0300] "GET /?p=7522 HTTP/1.1" 301 458 "-" "Mozilla/5.0 AppleWebKit/537.36 (KHTML, like Gecko; compatible; GPTBot/1.2; +https://openai.com/gptbot)"
jomarlogistica.com.br:80 20.171.207.79 - - [10/Sep/2025:22:31:48 -0300] "GET /2023/11/04/get-paid-faster-considering-the-best-invoicing-software/ HTTP/1.1" 200 17345 "-" "Mozilla/5.0 AppleWebKit/537.36 (KHTML, like Gecko; compatible; GPTBot/1.2; +https://openai.com/gptbot)"
jomarlogistica.com.br:80 20.171.207.79 - - [10/Sep/2025:22:31:50 -0300] "GET /?p=7486 HTTP/1.1" 301 456 "-" "Mozilla/5.0 AppleWebKit/537.36 (KHTML, like Gecko; compatible; GPTBot/1.2; +https://openai.com/gptbot)"
jomarlogistica.com.br:80 20.171.207.79 - - [10/Sep/2025:22:31:50 -0300] "GET /2023/10/31/career-tips-to-help-you-land-the-positioning-you-want/ HTTP/1.1" 200 17334 "-" "Mozilla/5.0 AppleWebKit/537.36 (KHTML, like Gecko; compatible; GPTBot/1.2; +https://openai.com/gptbot)"
jomarlogistica.com.br:80 20.171.207.79 - - [10/Sep/2025:22:31:52 -0300] "GET /?p=7440 HTTP/1.1" 301 446 "-" "Mozilla/5.0 AppleWebKit/537.36 (KHTML, like Gecko; compatible; GPTBot/1.2; +https://openai.com/gptbot)"
jomarlogistica.com.br:80 20.171.207.79 - - [10/Sep/2025:22:31:53 -0300] "GET /2023/10/15/what-exactly-is-data-space-for-peer-to-peer/ HTTP/1.1" 200 17289 "-" "Mozilla/5.0 AppleWebKit/537.36 (KHTML, like Gecko; compatible; GPTBot/1.2; +https://openai.com/gptbot)"
jomarlogistica.com.br:80 20.171.207.79 - - [10/Sep/2025:22:31:55 -0300] "GET /2023/10/11/several-types-of-business-computer-software/ HTTP/1.1" 200 17286 "-" "Mozilla/5.0 AppleWebKit/537.36 (KHTML, like Gecko; compatible; GPTBot/1.2; +https://openai.com/gptbot)"
jomarlogistica.com.br:80 20.171.207.79 - - [10/Sep/2025:22:31:56 -0300] "GET /2023/03/12/as-to-why-asian-young-ladies-like-old-men/ HTTP/1.1" 200 17833 "-" "Mozilla/5.0 AppleWebKit/537.36 (KHTML, like Gecko; compatible; GPTBot/1.2; +https://openai.com/gptbot)"
jomarlogistica.com.br:80 20.171.207.79 - - [10/Sep/2025:22:31:58 -0300] "GET /2022/09/02/how-you-can-date-uk-women-on-the-net/ HTTP/1.1" 200 18162 "-" "Mozilla/5.0 AppleWebKit/537.36 (KHTML, like Gecko; compatible; GPTBot/1.2; +https://openai.com/gptbot)"
jomarlogistica.com.br:80 20.171.207.79 - - [10/Sep/2025:22:32:00 -0300] "GET /2023/10/31/ways-to-simplify-the-due-diligence-process-with-a-info-room/ HTTP/1.1" 200 17270 "-" "Mozilla/5.0 AppleWebKit/537.36 (KHTML, like Gecko; compatible; GPTBot/1.2; +https://openai.com/gptbot)"
jomarlogistica.com.br:80 20.171.207.79 - - [10/Sep/2025:22:32:01 -0300] "GET /2022/09/06/the-actual-a-good-web-based-dater/ HTTP/1.1" 200 17499 "-" "Mozilla/5.0 AppleWebKit/537.36 (KHTML, like Gecko; compatible; GPTBot/1.2; +https://openai.com/gptbot)"
jomarlogistica.com.br:80 20.171.207.79 - - [10/Sep/2025:22:32:02 -0300] "GET /2023/03/07/internet-dating-safety-strategies/ HTTP/1.1" 200 17304 "-" "Mozilla/5.0 AppleWebKit/537.36 (KHTML, like Gecko; compatible; GPTBot/1.2; +https://openai.com/gptbot)"
jomarlogistica.com.br:80 20.171.207.79 - - [10/Sep/2025:22:32:04 -0300] "GET /?p=7428 HTTP/1.1" 301 446 "-" "Mozilla/5.0 AppleWebKit/537.36 (KHTML, like Gecko; compatible; GPTBot/1.2; +https://openai.com/gptbot)"
jomarlogistica.com.br:80 20.171.207.79 - - [10/Sep/2025:22:32:04 -0300] "GET /2023/10/11/several-types-of-business-computer-software/ HTTP/1.1" 200 17267 "-" "Mozilla/5.0 AppleWebKit/537.36 (KHTML, like Gecko; compatible; GPTBot/1.2; +https://openai.com/gptbot)"
jomarlogistica.com.br:80 20.171.207.79 - - [10/Sep/2025:22:32:06 -0300] "GET /2022/09/05/where-to-get-a-japan-girlfriend/ HTTP/1.1" 200 18186 "-" "Mozilla/5.0 AppleWebKit/537.36 (KHTML, like Gecko; compatible; GPTBot/1.2; +https://openai.com/gptbot)"
jomarlogistica.com.br:80 20.171.207.79 - - [10/Sep/2025:22:32:08 -0300] "GET /2023/03/13/methods-to-tell-a-hookup-you-have-feelings/ HTTP/1.1" 200 17313 "-" "Mozilla/5.0 AppleWebKit/537.36 (KHTML, like Gecko; compatible; GPTBot/1.2; +https://openai.com/gptbot)"
jomarlogistica.com.br:80 20.171.207.79 - - [10/Sep/2025:22:32:09 -0300] "GET /?p=7430 HTTP/1.1" 301 463 "-" "Mozilla/5.0 AppleWebKit/537.36 (KHTML, like Gecko; compatible; GPTBot/1.2; +https://openai.com/gptbot)"
jomarlogistica.com.br:80 20.171.207.79 - - [10/Sep/2025:22:32:10 -0300] "GET /2023/03/12/as-to-why-asian-young-ladies-like-old-men/ HTTP/1.1" 200 17833 "-" "Mozilla/5.0 AppleWebKit/537.36 (KHTML, like Gecko; compatible; GPTBot/1.2; +https://openai.com/gptbot)"
jomarlogistica.com.br:80 172.20.1.117 - - [10/Sep/2025:22:32:12 -0300] "POST /wp-cron.php?doing_wp_cron=1757554332.2306370735168457031250 HTTP/1.1" 200 389 "https://jomarlogistica.com.br/wp-cron.php?doing_wp_cron=1757554332.2306370735168457031250" "WordPress/5.8.10; https://jomarlogistica.com.br"
jomarlogistica.com.br:80 20.171.207.79 - - [10/Sep/2025:22:32:11 -0300] "GET /?p=6321 HTTP/1.1" 301 439 "-" "Mozilla/5.0 AppleWebKit/537.36 (KHTML, like Gecko; compatible; GPTBot/1.2; +https://openai.com/gptbot)"
jomarlogistica.com.br:80 20.171.207.79 - - [10/Sep/2025:22:32:12 -0300] "GET /2022/09/02/how-you-can-date-uk-women-on-the-net/ HTTP/1.1" 200 18162 "-" "Mozilla/5.0 AppleWebKit/537.36 (KHTML, like Gecko; compatible; GPTBot/1.2; +https://openai.com/gptbot)"
jomarlogistica.com.br:80 20.171.207.79 - - [10/Sep/2025:22:32:14 -0300] "GET /?p=7491 HTTP/1.1" 301 462 "-" "Mozilla/5.0 AppleWebKit/537.36 (KHTML, like Gecko; compatible; GPTBot/1.2; +https://openai.com/gptbot)"
jomarlogistica.com.br:80 20.171.207.79 - - [10/Sep/2025:22:32:14 -0300] "GET /2023/10/31/ways-to-simplify-the-due-diligence-process-with-a-info-room/ HTTP/1.1" 200 17289 "-" "Mozilla/5.0 AppleWebKit/537.36 (KHTML, like Gecko; compatible; GPTBot/1.2; +https://openai.com/gptbot)"
jomarlogistica.com.br:80 20.171.207.79 - - [10/Sep/2025:22:32:16 -0300] "GET /2023/11/04/is-certainly-kaspersky-better-than-avast/ HTTP/1.1" 200 17420 "-" "Mozilla/5.0 AppleWebKit/537.36 (KHTML, like Gecko; compatible; GPTBot/1.2; +https://openai.com/gptbot)"
jomarlogistica.com.br:80 216.244.66.226 - - [10/Sep/2025:22:32:16 -0300] "GET /2023/05/10/35-greatest-porn-games-together-with-free-porn-video-games-for-2023/ HTTP/1.1" 200 80274 "-" "Mozilla/5.0 (compatible; DotBot/1.2; +https://opensiteexplorer.org/dotbot; help@moz.com)"
jomarlogistica.com.br:80 20.171.207.79 - - [10/Sep/2025:22:32:18 -0300] "GET /?p=6656 HTTP/1.1" 301 436 "-" "Mozilla/5.0 AppleWebKit/537.36 (KHTML, like Gecko; compatible; GPTBot/1.2; +https://openai.com/gptbot)"
jomarlogistica.com.br:80 20.171.207.79 - - [10/Sep/2025:22:32:18 -0300] "GET /2023/03/07/internet-dating-safety-strategies/ HTTP/1.1" 200 17285 "-" "Mozilla/5.0 AppleWebKit/537.36 (KHTML, like Gecko; compatible; GPTBot/1.2; +https://openai.com/gptbot)"
jomarlogistica.com.br:80 20.171.207.79 - - [10/Sep/2025:22:32:20 -0300] "GET /?p=6500 HTTP/1.1" 301 436 "-" "Mozilla/5.0 AppleWebKit/537.36 (KHTML, like Gecko; compatible; GPTBot/1.2; +https://openai.com/gptbot)"
jomarlogistica.com.br:80 20.171.207.79 - - [10/Sep/2025:22:32:20 -0300] "GET /2022/09/06/the-actual-a-good-web-based-dater/ HTTP/1.1" 200 17518 "-" "Mozilla/5.0 AppleWebKit/537.36 (KHTML, like Gecko; compatible; GPTBot/1.2; +https://openai.com/gptbot)"
jomarlogistica.com.br:80 127.0.0.1 - - [10/Sep/2025:22:32:22 -0300] "OPTIONS * HTTP/1.0" 200 110 "-" "Apache/2.4.65 (Ubuntu) (internal dummy connection)"
jomarlogistica.com.br:80 20.171.207.79 - - [10/Sep/2025:22:32:22 -0300] "GET /?p=6182 HTTP/1.1" 301 434 "-" "Mozilla/5.0 AppleWebKit/537.36 (KHTML, like Gecko; compatible; GPTBot/1.2; +https://openai.com/gptbot)"
jomarlogistica.com.br:80 20.171.207.79 - - [10/Sep/2025:22:32:23 -0300] "GET /2022/09/05/where-to-get-a-japan-girlfriend/ HTTP/1.1" 200 18186 "-" "Mozilla/5.0 AppleWebKit/537.36 (KHTML, like Gecko; compatible; GPTBot/1.2; +https://openai.com/gptbot)"
jomarlogistica.com.br:80 20.171.207.79 - - [10/Sep/2025:22:32:24 -0300] "GET /2022/09/06/a-few-qualities-which-will-make-an-oriental-woman-a-very-good-wife/ HTTP/1.1" 200 17972 "-" "Mozilla/5.0 AppleWebKit/537.36 (KHTML, like Gecko; compatible; GPTBot/1.2; +https://openai.com/gptbot)"
jomarlogistica.com.br:80 20.171.207.79 - - [10/Sep/2025:22:32:26 -0300] "GET /?p=6786 HTTP/1.1" 301 445 "-" "Mozilla/5.0 AppleWebKit/537.36 (KHTML, like Gecko; compatible; GPTBot/1.2; +https://openai.com/gptbot)"
jomarlogistica.com.br:80 20.171.207.79 - - [10/Sep/2025:22:32:26 -0300] "GET /2023/03/13/methods-to-tell-a-hookup-you-have-feelings/ HTTP/1.1" 200 17332 "-" "Mozilla/5.0 AppleWebKit/537.36 (KHTML, like Gecko; compatible; GPTBot/1.2; +https://openai.com/gptbot)"
jomarlogistica.com.br:80 20.171.207.79 - - [10/Sep/2025:22:32:28 -0300] "GET /2023/10/10/united-states-data-area-providers/ HTTP/1.1" 200 17208 "-" "Mozilla/5.0 AppleWebKit/537.36 (KHTML, like Gecko; compatible; GPTBot/1.2; +https://openai.com/gptbot)"
jomarlogistica.com.br:80 20.171.207.79 - - [10/Sep/2025:22:32:30 -0300] "GET /2022/09/08/mutually-beneficial-relationship-sugar-daddy/ HTTP/1.1" 200 17400 "-" "Mozilla/5.0 AppleWebKit/537.36 (KHTML, like Gecko; compatible; GPTBot/1.2; +https://openai.com/gptbot)"
jomarlogistica.com.br:80 20.171.207.79 - - [10/Sep/2025:22:32:31 -0300] "GET /2023/10/31/how-you-can-calculate-intrinsic-value-2/ HTTP/1.1" 200 17268 "-" "Mozilla/5.0 AppleWebKit/537.36 (KHTML, like Gecko; compatible; GPTBot/1.2; +https://openai.com/gptbot)"
jomarlogistica.com.br:80 20.171.207.79 - - [10/Sep/2025:22:32:33 -0300] "GET /2022/08/29/esposas-por-mensaje/ HTTP/1.1" 200 18297 "-" "Mozilla/5.0 AppleWebKit/537.36 (KHTML, like Gecko; compatible; GPTBot/1.2; +https://openai.com/gptbot)"
jomarlogistica.com.br:80 20.171.207.79 - - [10/Sep/2025:22:32:34 -0300] "GET /2023/03/16/asian-family-prospects/ HTTP/1.1" 200 17469 "-" "Mozilla/5.0 AppleWebKit/537.36 (KHTML, like Gecko; compatible; GPTBot/1.2; +https://openai.com/gptbot)"
jomarlogistica.com.br:80 20.171.207.79 - - [10/Sep/2025:22:32:35 -0300] "GET /?p=6323 HTTP/1.1" 301 469 "-" "Mozilla/5.0 AppleWebKit/537.36 (KHTML, like Gecko; compatible; GPTBot/1.2; +https://openai.com/gptbot)"
jomarlogistica.com.br:80 20.171.207.79 - - [10/Sep/2025:22:32:36 -0300] "GET /2022/09/06/a-few-qualities-which-will-make-an-oriental-woman-a-very-good-wife/ HTTP/1.1" 200 17972 "-" "Mozilla/5.0 AppleWebKit/537.36 (KHTML, like Gecko; compatible; GPTBot/1.2; +https://openai.com/gptbot)"
jomarlogistica.com.br:80 20.171.207.79 - - [10/Sep/2025:22:32:38 -0300] "GET /2023/10/15/a-few-board-reaching-tips/ HTTP/1.1" 200 17256 "-" "Mozilla/5.0 AppleWebKit/537.36 (KHTML, like Gecko; compatible; GPTBot/1.2; +https://openai.com/gptbot)"
jomarlogistica.com.br:80 20.171.207.79 - - [10/Sep/2025:22:32:39 -0300] "GET /?p=7524 HTTP/1.1" 301 443 "-" "Mozilla/5.0 AppleWebKit/537.36 (KHTML, like Gecko; compatible; GPTBot/1.2; +https://openai.com/gptbot)"
jomarlogistica.com.br:80 20.171.207.79 - - [10/Sep/2025:22:32:40 -0300] "GET /2023/11/04/is-certainly-kaspersky-better-than-avast/ HTTP/1.1" 200 17439 "-" "Mozilla/5.0 AppleWebKit/537.36 (KHTML, like Gecko; compatible; GPTBot/1.2; +https://openai.com/gptbot)"
jomarlogistica.com.br:80 20.171.207.79 - - [10/Sep/2025:22:32:41 -0300] "GET /?p=7426 HTTP/1.1" 301 436 "-" "Mozilla/5.0 AppleWebKit/537.36 (KHTML, like Gecko; compatible; GPTBot/1.2; +https://openai.com/gptbot)"
jomarlogistica.com.br:80 20.171.207.79 - - [10/Sep/2025:22:32:42 -0300] "GET /2023/10/10/united-states-data-area-providers/ HTTP/1.1" 200 17208 "-" "Mozilla/5.0 AppleWebKit/537.36 (KHTML, like Gecko; compatible; GPTBot/1.2; +https://openai.com/gptbot)"
jomarlogistica.com.br:80 20.171.207.79 - - [10/Sep/2025:22:32:43 -0300] "GET /?p=6506 HTTP/1.1" 301 447 "-" "Mozilla/5.0 AppleWebKit/537.36 (KHTML, like Gecko; compatible; GPTBot/1.2; +https://openai.com/gptbot)"
jomarlogistica.com.br:80 20.171.207.79 - - [10/Sep/2025:22:32:44 -0300] "GET /2022/09/08/mutually-beneficial-relationship-sugar-daddy/ HTTP/1.1" 200 17400 "-" "Mozilla/5.0 AppleWebKit/537.36 (KHTML, like Gecko; compatible; GPTBot/1.2; +https://openai.com/gptbot)"
jomarlogistica.com.br:80 20.171.207.79 - - [10/Sep/2025:22:32:46 -0300] "GET /?p=7493 HTTP/1.1" 301 461 "-" "Mozilla/5.0 AppleWebKit/537.36 (KHTML, like Gecko; compatible; GPTBot/1.2; +https://openai.com/gptbot)"
jomarlogistica.com.br:80 20.171.207.79 - - [10/Sep/2025:22:32:46 -0300] "GET /2023/10/31/how-you-can-calculate-intrinsic-value-2/ HTTP/1.1" 200 17268 "-" "Mozilla/5.0 AppleWebKit/537.36 (KHTML, like Gecko; compatible; GPTBot/1.2; +https://openai.com/gptbot)"
jomarlogistica.com.br:80 20.171.207.79 - - [10/Sep/2025:22:32:48 -0300] "GET /?p=6207 HTTP/1.1" 301 422 "-" "Mozilla/5.0 AppleWebKit/537.36 (KHTML, like Gecko; compatible; GPTBot/1.2; +https://openai.com/gptbot)"
jomarlogistica.com.br:80 20.171.207.79 - - [10/Sep/2025:22:32:49 -0300] "GET /2022/08/29/esposas-por-mensaje/ HTTP/1.1" 200 18297 "-" "Mozilla/5.0 AppleWebKit/537.36 (KHTML, like Gecko; compatible; GPTBot/1.2; +https://openai.com/gptbot)"
jomarlogistica.com.br:80 20.171.207.79 - - [10/Sep/2025:22:32:51 -0300] "GET /2022/08/20/precisely-what-is-being-in-love/ HTTP/1.1" 200 18154 "-" "Mozilla/5.0 AppleWebKit/537.36 (KHTML, like Gecko; compatible; GPTBot/1.2; +https://openai.com/gptbot)"
jomarlogistica.com.br:80 20.171.207.79 - - [10/Sep/2025:22:32:52 -0300] "GET /?p=7198 HTTP/1.1" 301 444 "-" "Mozilla/5.0 AppleWebKit/537.36 (KHTML, like Gecko; compatible; GPTBot/1.2; +https://openai.com/gptbot)"
jomarlogistica.com.br:80 20.171.207.79 - - [10/Sep/2025:22:32:53 -0300] "GET /2023/03/16/asian-family-prospects/ HTTP/1.1" 200 17450 "-" "Mozilla/5.0 AppleWebKit/537.36 (KHTML, like Gecko; compatible; GPTBot/1.2; +https://openai.com/gptbot)"
jomarlogistica.com.br:80 20.171.207.79 - - [10/Sep/2025:22:32:54 -0300] "GET /2023/03/19/how-to-craft-successful-first-communications-in-online-dating-services/ HTTP/1.1" 200 18787 "-" "Mozilla/5.0 AppleWebKit/537.36 (KHTML, like Gecko; compatible; GPTBot/1.2; +https://openai.com/gptbot)"
jomarlogistica.com.br:80 20.171.207.79 - - [10/Sep/2025:22:32:56 -0300] "GET /?p=7438 HTTP/1.1" 301 428 "-" "Mozilla/5.0 AppleWebKit/537.36 (KHTML, like Gecko; compatible; GPTBot/1.2; +https://openai.com/gptbot)"
jomarlogistica.com.br:80 20.171.207.79 - - [10/Sep/2025:22:32:56 -0300] "GET /2023/10/15/a-few-board-reaching-tips/ HTTP/1.1" 200 17256 "-" "Mozilla/5.0 AppleWebKit/537.36 (KHTML, like Gecko; compatible; GPTBot/1.2; +https://openai.com/gptbot)"
jomarlogistica.com.br:80 20.171.207.79 - - [10/Sep/2025:22:32:58 -0300] "GET /2023/10/31/top-5-data-analytics-blogs/ HTTP/1.1" 200 17324 "-" "Mozilla/5.0 AppleWebKit/537.36 (KHTML, like Gecko; compatible; GPTBot/1.2; +https://openai.com/gptbot)"
jomarlogistica.com.br:80 20.171.207.79 - - [10/Sep/2025:22:33:00 -0300] "GET /2022/09/10/the-best-way-to-find-overseas-woman-via-the-internet/ HTTP/1.1" 200 18143 "-" "Mozilla/5.0 AppleWebKit/537.36 (KHTML, like Gecko; compatible; GPTBot/1.2; +https://openai.com/gptbot)"
jomarlogistica.com.br:80 20.171.207.79 - - [10/Sep/2025:22:33:01 -0300] "GET /2022/08/20/what-is-being-in-love/ HTTP/1.1" 200 18111 "-" "Mozilla/5.0 AppleWebKit/537.36 (KHTML, like Gecko; compatible; GPTBot/1.2; +https://openai.com/gptbot)"
jomarlogistica.com.br:80 20.171.207.79 - - [10/Sep/2025:22:33:02 -0300] "GET /2023/10/15/ma-deals/ HTTP/1.1" 200 17384 "-" "Mozilla/5.0 AppleWebKit/537.36 (KHTML, like Gecko; compatible; GPTBot/1.2; +https://openai.com/gptbot)"
jomarlogistica.com.br:80 20.171.207.79 - - [10/Sep/2025:22:33:04 -0300] "GET /?p=6254 HTTP/1.1" 301 434 "-" "Mozilla/5.0 AppleWebKit/537.36 (KHTML, like Gecko; compatible; GPTBot/1.2; +https://openai.com/gptbot)"
jomarlogistica.com.br:80 20.171.207.79 - - [10/Sep/2025:22:33:05 -0300] "GET /2022/08/20/precisely-what-is-being-in-love/ HTTP/1.1" 200 18173 "-" "Mozilla/5.0 AppleWebKit/537.36 (KHTML, like Gecko; compatible; GPTBot/1.2; +https://openai.com/gptbot)"
jomarlogistica.com.br:80 20.171.207.79 - - [10/Sep/2025:22:33:06 -0300] "GET /author/wadminw/feed/ HTTP/1.1" 200 4119 "-" "Mozilla/5.0 AppleWebKit/537.36 (KHTML, like Gecko; compatible; GPTBot/1.2; +https://openai.com/gptbot)"
jomarlogistica.com.br:80 20.171.207.79 - - [10/Sep/2025:22:33:07 -0300] "GET /?p=6613 HTTP/1.1" 301 473 "-" "Mozilla/5.0 AppleWebKit/537.36 (KHTML, like Gecko; compatible; GPTBot/1.2; +https://openai.com/gptbot)"
jomarlogistica.com.br:80 20.171.207.79 - - [10/Sep/2025:22:33:08 -0300] "GET /2023/03/19/how-to-craft-successful-first-communications-in-online-dating-services/ HTTP/1.1" 200 18787 "-" "Mozilla/5.0 AppleWebKit/537.36 (KHTML, like Gecko; compatible; GPTBot/1.2; +https://openai.com/gptbot)"
jomarlogistica.com.br:80 20.171.207.79 - - [10/Sep/2025:22:33:10 -0300] "GET /2023/03/20/best-foreign-brides/ HTTP/1.1" 200 18118 "-" "Mozilla/5.0 AppleWebKit/537.36 (KHTML, like Gecko; compatible; GPTBot/1.2; +https://openai.com/gptbot)"
jomarlogistica.com.br:80 20.171.207.79 - - [10/Sep/2025:22:33:11 -0300] "GET /?p=7495 HTTP/1.1" 301 448 "-" "Mozilla/5.0 AppleWebKit/537.36 (KHTML, like Gecko; compatible; GPTBot/1.2; +https://openai.com/gptbot)"
jomarlogistica.com.br:80 20.171.207.79 - - [10/Sep/2025:22:33:12 -0300] "GET /2023/10/31/top-5-data-analytics-blogs/ HTTP/1.1" 200 17305 "-" "Mozilla/5.0 AppleWebKit/537.36 (KHTML, like Gecko; compatible; GPTBot/1.2; +https://openai.com/gptbot)"
jomarlogistica.com.br:80 20.171.207.79 - - [10/Sep/2025:22:33:13 -0300] "GET /?p=6236 HTTP/1.1" 301 455 "-" "Mozilla/5.0 AppleWebKit/537.36 (KHTML, like Gecko; compatible; GPTBot/1.2; +https://openai.com/gptbot)"
jomarlogistica.com.br:80 20.171.207.79 - - [10/Sep/2025:22:33:14 -0300] "GET /2022/09/10/the-best-way-to-find-overseas-woman-via-the-internet/ HTTP/1.1" 200 18143 "-" "Mozilla/5.0 AppleWebKit/537.36 (KHTML, like Gecko; compatible; GPTBot/1.2; +https://openai.com/gptbot)"
jomarlogistica.com.br:80 20.171.207.79 - - [10/Sep/2025:22:33:16 -0300] "GET /?p=6256 HTTP/1.1" 301 424 "-" "Mozilla/5.0 AppleWebKit/537.36 (KHTML, like Gecko; compatible; GPTBot/1.2; +https://openai.com/gptbot)"
jomarlogistica.com.br:80 20.171.207.79 - - [10/Sep/2025:22:33:16 -0300] "GET /2022/08/20/what-is-being-in-love/ HTTP/1.1" 200 18130 "-" "Mozilla/5.0 AppleWebKit/537.36 (KHTML, like Gecko; compatible; GPTBot/1.2; +https://openai.com/gptbot)"
jomarlogistica.com.br:80 20.171.207.79 - - [10/Sep/2025:22:33:18 -0300] "GET /2022/09/13/what-european-woman-wants-by-a-man-in-a-relationship/ HTTP/1.1" 200 18301 "-" "Mozilla/5.0 AppleWebKit/537.36 (KHTML, like Gecko; compatible; GPTBot/1.2; +https://openai.com/gptbot)"
jomarlogistica.com.br:80 20.171.207.79 - - [10/Sep/2025:22:33:19 -0300] "GET /?p=7442 HTTP/1.1" 301 411 "-" "Mozilla/5.0 AppleWebKit/537.36 (KHTML, like Gecko; compatible; GPTBot/1.2; +https://openai.com/gptbot)"
jomarlogistica.com.br:80 20.171.207.79 - - [10/Sep/2025:22:33:20 -0300] "GET /2023/10/15/ma-deals/ HTTP/1.1" 200 17384 "-" "Mozilla/5.0 AppleWebKit/537.36 (KHTML, like Gecko; compatible; GPTBot/1.2; +https://openai.com/gptbot)"
