jomarlogistica.com.br:80 185.246.188.74 - - [10/Sep/2025:00:43:39 -0300] "GET /2024/03/06/economic-complementation-agreement-definition-understanding-its-impact/ HTTP/1.1" 200 61890 "https://jomarlogistica.com.br/2024/03/06/economic-complementation-agreement-definition-understanding-its-impact" "Mozilla/5.0 (Windows NT 6.1; WOW64; Trident/7.0; msn OptimizedIE8;ITIT; rv:11.0) like Gecko"
jomarlogistica.com.br:80 185.246.188.74 - - [10/Sep/2025:00:43:44 -0300] "GET /2024/03/08/ccpa-non-disclosure-agreement-protect-your-data HTTP/1.1" 301 563 "https://jomarlogistica.com.br/2024/03/08/ccpa-non-disclosure-agreement-protect-your-data" "Mozilla/5.0 (Windows NT 6.1; WOW64; Trident/7.0; msn OptimizedIE8;ITIT; rv:11.0) like Gecko"
jomarlogistica.com.br:80 185.246.188.74 - - [10/Sep/2025:00:43:45 -0300] "GET /2024/03/08/ccpa-non-disclosure-agreement-protect-your-data/ HTTP/1.1" 200 61810 "https://jomarlogistica.com.br/2024/03/08/ccpa-non-disclosure-agreement-protect-your-data" "Mozilla/5.0 (Windows NT 6.1; WOW64; Trident/7.0; msn OptimizedIE8;ITIT; rv:11.0) like Gecko"
jomarlogistica.com.br:80 185.220.101.37 - - [10/Sep/2025:00:43:51 -0300] "GET /2024/03/09/are-50-caliber-guns-legal-in-canada-rules-and-regulations-explained HTTP/1.1" 301 583 "https://jomarlogistica.com.br/2024/03/09/are-50-caliber-guns-legal-in-canada-rules-and-regulations-explained" "Mozilla/5.0 (Windows NT 6.1; WOW64; Trident/7.0; msn OptimizedIE8;ITIT; rv:11.0) like Gecko"
jomarlogistica.com.br:80 185.220.101.37 - - [10/Sep/2025:00:43:52 -0300] "GET /2024/03/09/are-50-caliber-guns-legal-in-canada-rules-and-regulations-explained/ HTTP/1.1" 200 62457 "https://jomarlogistica.com.br/2024/03/09/are-50-caliber-guns-legal-in-canada-rules-and-regulations-explained" "Mozilla/5.0 (Windows NT 6.1; WOW64; Trident/7.0; msn OptimizedIE8;ITIT; rv:11.0) like Gecko"
jomarlogistica.com.br:80 185.220.101.37 - - [10/Sep/2025:00:43:54 -0300] "GET /2024/03/09/auburn-hills-legal-services-expert-legal-advice-representation HTTP/1.1" 301 578 "https://jomarlogistica.com.br/2024/03/09/auburn-hills-legal-services-expert-legal-advice-representation" "Mozilla/5.0 (Windows NT 6.1; WOW64; Trident/7.0; msn OptimizedIE8;ITIT; rv:11.0) like Gecko"
jomarlogistica.com.br:80 185.220.101.37 - - [10/Sep/2025:00:43:55 -0300] "GET /2024/03/09/auburn-hills-legal-services-expert-legal-advice-representation/ HTTP/1.1" 200 61840 "https://jomarlogistica.com.br/2024/03/09/auburn-hills-legal-services-expert-legal-advice-representation" "Mozilla/5.0 (Windows NT 6.1; WOW64; Trident/7.0; msn OptimizedIE8;ITIT; rv:11.0) like Gecko"
jomarlogistica.com.br:80 185.220.101.37 - - [10/Sep/2025:00:43:57 -0300] "GET /2024/03/09/boat-joint-ownership-agreement-contract-legal-guidelines-templates HTTP/1.1" 301 601 "https://jomarlogistica.com.br/2024/03/09/boat-joint-ownership-agreement-contract-legal-guidelines-templates" "Mozilla/5.0 (Windows NT 6.1; WOW64; Trident/7.0; msn OptimizedIE8;ITIT; rv:11.0) like Gecko"
jomarlogistica.com.br:80 185.220.101.37 - - [10/Sep/2025:00:43:57 -0300] "GET /2024/03/09/boat-joint-ownership-agreement-contract-legal-guidelines-templates/ HTTP/1.1" 200 64141 "https://jomarlogistica.com.br/2024/03/09/boat-joint-ownership-agreement-contract-legal-guidelines-templates" "Mozilla/5.0 (Windows NT 6.1; WOW64; Trident/7.0; msn OptimizedIE8;ITIT; rv:11.0) like Gecko"
jomarlogistica.com.br:80 45.84.107.54 - - [10/Sep/2025:00:44:00 -0300] "GET /comments/feed HTTP/1.1" 301 519 "https://jomarlogistica.com.br/comments/feed" "Mozilla/5.0 (Windows NT 6.1; WOW64; Trident/7.0; msn OptimizedIE8;ITIT; rv:11.0) like Gecko"
jomarlogistica.com.br:80 45.84.107.54 - - [10/Sep/2025:00:44:00 -0300] "GET /comments/feed/ HTTP/1.1" 200 1262 "https://jomarlogistica.com.br/comments/feed" "Mozilla/5.0 (Windows NT 6.1; WOW64; Trident/7.0; msn OptimizedIE8;ITIT; rv:11.0) like Gecko"
jomarlogistica.com.br:80 45.84.107.54 - - [10/Sep/2025:00:44:02 -0300] "GET /contato HTTP/1.1" 301 457 "https://jomarlogistica.com.br/contato" "Mozilla/5.0 (Windows NT 6.1; WOW64; Trident/7.0; msn OptimizedIE8;ITIT; rv:11.0) like Gecko"
jomarlogistica.com.br:80 45.84.107.54 - - [10/Sep/2025:00:44:03 -0300] "GET /contato/ HTTP/1.1" 200 80054 "https://jomarlogistica.com.br/contato" "Mozilla/5.0 (Windows NT 6.1; WOW64; Trident/7.0; msn OptimizedIE8;ITIT; rv:11.0) like Gecko"
jomarlogistica.com.br:80 45.84.107.54 - - [10/Sep/2025:00:44:06 -0300] "GET /feed HTTP/1.1" 301 510 "https://jomarlogistica.com.br/feed" "Mozilla/5.0 (Windows NT 6.1; WOW64; Trident/7.0; msn OptimizedIE8;ITIT; rv:11.0) like Gecko"
jomarlogistica.com.br:80 45.84.107.54 - - [10/Sep/2025:00:44:06 -0300] "GET /feed/ HTTP/1.1" 200 34014 "https://jomarlogistica.com.br/feed" "Mozilla/5.0 (Windows NT 6.1; WOW64; Trident/7.0; msn OptimizedIE8;ITIT; rv:11.0) like Gecko"
jomarlogistica.com.br:80 179.250.80.161 - - [10/Sep/2025:00:44:09 -0300] "GET /servicos HTTP/1.1" 301 458 "https://jomarlogistica.com.br/servicos" "Mozilla/5.0 (Windows NT 6.1; WOW64; Trident/7.0; msn OptimizedIE8;ITIT; rv:11.0) like Gecko"
jomarlogistica.com.br:80 179.250.80.161 - - [10/Sep/2025:00:44:11 -0300] "GET /servicos/ HTTP/1.1" 200 96799 "https://jomarlogistica.com.br/servicos" "Mozilla/5.0 (Windows NT 6.1; WOW64; Trident/7.0; msn OptimizedIE8;ITIT; rv:11.0) like Gecko"
jomarlogistica.com.br:80 100.29.160.53 - - [10/Sep/2025:00:44:14 -0300] "GET /2022/12/05/affordable-law-schools-in-europe-for-international-students-study-options/ HTTP/1.1" 200 14869 "-" "Mozilla/5.0 AppleWebKit/537.36 (KHTML, like Gecko; compatible; Amazonbot/0.1; +https://developer.amazon.com/support/amazonbot) Chrome/119.0.6045.214 Safari/537.36"
jomarlogistica.com.br:80 127.0.0.1 - - [10/Sep/2025:00:44:18 -0300] "OPTIONS * HTTP/1.0" 200 110 "-" "Apache/2.4.65 (Ubuntu) (internal dummy connection)"
jomarlogistica.com.br:80 179.250.80.161 - - [10/Sep/2025:00:44:20 -0300] "GET /sobre HTTP/1.1" 301 455 "https://jomarlogistica.com.br/sobre" "Mozilla/5.0 (Windows NT 6.1; WOW64; Trident/7.0; msn OptimizedIE8;ITIT; rv:11.0) like Gecko"
jomarlogistica.com.br:80 179.250.80.161 - - [10/Sep/2025:00:44:22 -0300] "GET /sobre/ HTTP/1.1" 200 76695 "https://jomarlogistica.com.br/sobre" "Mozilla/5.0 (Windows NT 6.1; WOW64; Trident/7.0; msn OptimizedIE8;ITIT; rv:11.0) like Gecko"
jomarlogistica.com.br:80 185.220.101.106 - - [10/Sep/2025:00:44:26 -0300] "GET /wp-json HTTP/1.1" 200 148641 "https://jomarlogistica.com.br/wp-json" "Mozilla/5.0 (Windows NT 6.1; WOW64; Trident/7.0; msn OptimizedIE8;ITIT; rv:11.0) like Gecko"
jomarlogistica.com.br:80 185.220.101.106 - - [10/Sep/2025:00:44:30 -0300] "GET /wp-json/oembed/1.0/embed?url=https%3A%2F%2Fjomarlogistica.com.br%2F HTTP/1.1" 200 2972 "https://jomarlogistica.com.br/wp-json/oembed/1.0/embed?url=https%3A%2F%2Fjomarlogistica.com.br%2F" "Mozilla/5.0 (Windows NT 6.1; WOW64; Trident/7.0; msn OptimizedIE8;ITIT; rv:11.0) like Gecko"
jomarlogistica.com.br:80 45.66.35.33 - - [10/Sep/2025:00:44:33 -0300] "GET /wp-json/oembed/1.0/embed?url=https%3A%2F%2Fjomarlogistica.com.br%2F&format=xml HTTP/1.1" 200 3073 "https://jomarlogistica.com.br/wp-json/oembed/1.0/embed?url=https%3A%2F%2Fjomarlogistica.com.br%2F&format=xml" "Mozilla/5.0 (Windows NT 6.1; WOW64; Trident/7.0; msn OptimizedIE8;ITIT; rv:11.0) like Gecko"
jomarlogistica.com.br:80 192.42.116.210 - - [10/Sep/2025:00:44:35 -0300] "GET /wp-json/wp/v2/pages/5147 HTTP/1.1" 200 67891 "https://jomarlogistica.com.br/wp-json/wp/v2/pages/5147" "Mozilla/5.0 (Windows NT 6.1; WOW64; Trident/7.0; msn OptimizedIE8;ITIT; rv:11.0) like Gecko"
jomarlogistica.com.br:80 192.42.116.210 - - [10/Sep/2025:00:44:37 -0300] "GET /xmlrpc.php?rsd HTTP/1.1" 403 2493 "https://jomarlogistica.com.br/xmlrpc.php?rsd" "Mozilla/5.0 (Windows NT 6.1; WOW64; Trident/7.0; msn OptimizedIE8;ITIT; rv:11.0) like Gecko"
jomarlogistica.com.br:80 172.20.1.117 - - [10/Sep/2025:00:51:28 -0300] "POST /wp-cron.php?doing_wp_cron=1757476288.6120169162750244140625 HTTP/1.1" 200 389 "https://jomarlogistica.com.br/wp-cron.php?doing_wp_cron=1757476288.6120169162750244140625" "WordPress/5.8.10; https://jomarlogistica.com.br"
jomarlogistica.com.br:80 57.141.0.53 - - [10/Sep/2025:00:51:28 -0300] "GET /2023/05/15/how-you-can-create-a-mutually-beneficial-relationship/ HTTP/1.1" 200 80323 "-" "meta-externalagent/1.1 (+https://developers.facebook.com/docs/sharing/webmasters/crawler)"
jomarlogistica.com.br:80 127.0.0.1 - - [10/Sep/2025:00:51:34 -0300] "OPTIONS * HTTP/1.0" 200 110 "-" "Apache/2.4.65 (Ubuntu) (internal dummy connection)"
jomarlogistica.com.br:80 116.11.144.87 - - [10/Sep/2025:00:53:20 -0300] "POST /wp-comments-post.php HTTP/1.1" 403 2493 "-" "Mozilla/5.0 (Windows NT 10.0; Win64; x64) AppleWebKit/537.36 (KHTML, like Gecko) Chrome/108.0.0.0 Safari/537.36 Edg/108.0.1462.46"
jomarlogistica.com.br:80 172.20.1.117 - - [10/Sep/2025:00:56:38 -0300] "POST /wp-cron.php?doing_wp_cron=1757476598.7854640483856201171875 HTTP/1.1" 200 389 "https://jomarlogistica.com.br/wp-cron.php?doing_wp_cron=1757476598.7854640483856201171875" "WordPress/5.8.10; https://jomarlogistica.com.br"
jomarlogistica.com.br:80 216.73.216.134 - - [10/Sep/2025:00:56:38 -0300] "GET /2023/12/14/adobe-agreement-sign-learn-how-to-sign-legal-documents-online HTTP/1.1" 301 577 "-" "Mozilla/5.0 AppleWebKit/537.36 (KHTML, like Gecko; compatible; ClaudeBot/1.0; +claudebot@anthropic.com)"
jomarlogistica.com.br:80 216.73.216.134 - - [10/Sep/2025:00:56:39 -0300] "GET /2023/12/14/adobe-agreement-sign-learn-how-to-sign-legal-documents-online/ HTTP/1.1" 200 14371 "https://jomarlogistica.com.br/2023/12/14/adobe-agreement-sign-learn-how-to-sign-legal-documents-online" "Mozilla/5.0 AppleWebKit/537.36 (KHTML, like Gecko; compatible; ClaudeBot/1.0; +claudebot@anthropic.com)"
jomarlogistica.com.br:80 127.0.0.1 - - [10/Sep/2025:00:56:44 -0300] "OPTIONS * HTTP/1.0" 200 110 "-" "Apache/2.4.65 (Ubuntu) (internal dummy connection)"
jomarlogistica.com.br:80 172.20.1.117 - - [10/Sep/2025:00:57:30 -0300] "POST /wp-cron.php?doing_wp_cron=1757476650.4735848903656005859375 HTTP/1.1" 200 389 "https://jomarlogistica.com.br/wp-cron.php?doing_wp_cron=1757476650.4735848903656005859375" "WordPress/5.8.10; https://jomarlogistica.com.br"
jomarlogistica.com.br:80 177.116.188.98 - - [10/Sep/2025:00:57:30 -0300] "POST /autodiscover/autodiscover.xml HTTP/1.1" 404 448 "-" "AppleExchangeWebServices/833 accountsd/113"
jomarlogistica.com.br:80 127.0.0.1 - - [10/Sep/2025:00:57:35 -0300] "OPTIONS * HTTP/1.0" 200 110 "-" "Apache/2.4.65 (Ubuntu) (internal dummy connection)"
jomarlogistica.com.br:80 57.141.0.64 - - [10/Sep/2025:00:59:42 -0300] "GET /2022/12/01/as-to-why-asian-females-are-a-great-choice-for-men-who-want-to-get-married/ HTTP/1.1" 200 82098 "-" "meta-externalagent/1.1 (+https://developers.facebook.com/docs/sharing/webmasters/crawler)"
jomarlogistica.com.br:80 216.73.216.134 - - [10/Sep/2025:01:01:15 -0300] "GET /?p=53109 HTTP/1.1" 301 573 "-" "Mozilla/5.0 AppleWebKit/537.36 (KHTML, like Gecko; compatible; ClaudeBot/1.0; +claudebot@anthropic.com)"
jomarlogistica.com.br:80 216.73.216.134 - - [10/Sep/2025:01:01:15 -0300] "GET /2023/12/15/are-fire-pits-legal-in-florida-regulations-laws-explained/ HTTP/1.1" 200 14141 "https://jomarlogistica.com.br/?p=53109" "Mozilla/5.0 AppleWebKit/537.36 (KHTML, like Gecko; compatible; ClaudeBot/1.0; +claudebot@anthropic.com)"
jomarlogistica.com.br:80 172.20.1.117 - - [10/Sep/2025:01:07:35 -0300] "POST /wp-cron.php?doing_wp_cron=1757477255.9140160083770751953125 HTTP/1.1" 200 389 "https://jomarlogistica.com.br/wp-cron.php?doing_wp_cron=1757477255.9140160083770751953125" "WordPress/5.8.10; https://jomarlogistica.com.br"
jomarlogistica.com.br:80 216.73.216.134 - - [10/Sep/2025:01:07:35 -0300] "GET /2023/12/15/are-fire-pits-legal-in-florida-regulations-laws-explained/feed HTTP/1.1" 301 579 "-" "Mozilla/5.0 AppleWebKit/537.36 (KHTML, like Gecko; compatible; ClaudeBot/1.0; +claudebot@anthropic.com)"
jomarlogistica.com.br:80 216.73.216.134 - - [10/Sep/2025:01:07:36 -0300] "GET /2023/12/15/are-fire-pits-legal-in-florida-regulations-laws-explained/feed/ HTTP/1.1" 200 942 "https://jomarlogistica.com.br/2023/12/15/are-fire-pits-legal-in-florida-regulations-laws-explained/feed" "Mozilla/5.0 AppleWebKit/537.36 (KHTML, like Gecko; compatible; ClaudeBot/1.0; +claudebot@anthropic.com)"
jomarlogistica.com.br:80 127.0.0.1 - - [10/Sep/2025:01:07:41 -0300] "OPTIONS * HTTP/1.0" 200 110 "-" "Apache/2.4.65 (Ubuntu) (internal dummy connection)"
jomarlogistica.com.br:80 172.20.1.117 - - [10/Sep/2025:01:12:12 -0300] "POST /wp-cron.php?doing_wp_cron=1757477532.7155699729919433593750 HTTP/1.1" 200 389 "https://jomarlogistica.com.br/wp-cron.php?doing_wp_cron=1757477532.7155699729919433593750" "WordPress/5.8.10; https://jomarlogistica.com.br"
jomarlogistica.com.br:80 216.73.216.134 - - [10/Sep/2025:01:12:12 -0300] "GET /robots.txt HTTP/1.1" 200 584 "-" "Mozilla/5.0 AppleWebKit/537.36 (KHTML, like Gecko; compatible; ClaudeBot/1.0; +claudebot@anthropic.com)"
jomarlogistica.com.br:80 216.73.216.134 - - [10/Sep/2025:01:12:13 -0300] "GET /?a7b529c=7176186 HTTP/1.1" 200 287 "-" "Mozilla/5.0 AppleWebKit/537.36 (KHTML, like Gecko; compatible; ClaudeBot/1.0; +claudebot@anthropic.com)"
jomarlogistica.com.br:80 127.0.0.1 - - [10/Sep/2025:01:12:23 -0300] "OPTIONS * HTTP/1.0" 200 110 "-" "Apache/2.4.65 (Ubuntu) (internal dummy connection)"
jomarlogistica.com.br:80 172.20.1.117 - - [10/Sep/2025:01:12:35 -0300] "POST /wp-cron.php?doing_wp_cron=1757477555.3113050460815429687500 HTTP/1.1" 200 389 "https://jomarlogistica.com.br/wp-cron.php?doing_wp_cron=1757477555.3113050460815429687500" "WordPress/5.8.10; https://jomarlogistica.com.br"
jomarlogistica.com.br:80 57.141.0.67 - - [10/Sep/2025:01:12:34 -0300] "GET /2023/04/14/understanding-the-carinity-schools-enterprise-agreement/ HTTP/1.1" 200 62003 "-" "meta-externalagent/1.1 (+https://developers.facebook.com/docs/sharing/webmasters/crawler)"
jomarlogistica.com.br:80 127.0.0.1 - - [10/Sep/2025:01:12:40 -0300] "OPTIONS * HTTP/1.0" 200 110 "-" "Apache/2.4.65 (Ubuntu) (internal dummy connection)"
jomarlogistica.com.br:80 152.42.205.226 - - [10/Sep/2025:01:13:13 -0300] "GET /wp-content/plugins/init-help/init.php HTTP/1.1" 404 448 "www.google.com" "Mozilla/5.0 (Linux; Android 7.0; SM-G892A Build/NRD90M; wv) AppleWebKit/537.36 (KHTML, like Gecko) Version/4.0 Chrome/60.0.3112.107 Mobile Safari/537.36"
jomarlogistica.com.br:80 57.141.0.48 - - [10/Sep/2025:01:13:37 -0300] "GET /2023/03/30/the-right-way-to-talk-to-quite-girls/ HTTP/1.1" 200 80732 "-" "meta-externalagent/1.1 (+https://developers.facebook.com/docs/sharing/webmasters/crawler)"
jomarlogistica.com.br:80 177.116.188.98 - - [10/Sep/2025:01:15:13 -0300] "POST /autodiscover/autodiscover.xml HTTP/1.1" 404 448 "-" "AppleExchangeWebServices/833 accountsd/113"
jomarlogistica.com.br:80 185.191.171.1 - - [10/Sep/2025:01:15:26 -0300] "GET /robots.txt HTTP/1.1" 200 584 "-" "Mozilla/5.0 (compatible; SemrushBot/7~bl; +http://www.semrush.com/bot.html)"
jomarlogistica.com.br:80 185.191.171.16 - - [10/Sep/2025:01:15:27 -0300] "GET /category/jomar/page/4/ HTTP/1.1" 200 18599 "-" "Mozilla/5.0 (compatible; SemrushBot/7~bl; +http://www.semrush.com/bot.html)"
jomarlogistica.com.br:80 127.0.0.1 - - [10/Sep/2025:01:15:32 -0300] "OPTIONS * HTTP/1.0" 200 110 "-" "Apache/2.4.65 (Ubuntu) (internal dummy connection)"
jomarlogistica.com.br:80 172.20.1.117 - - [10/Sep/2025:01:19:12 -0300] "POST /wp-cron.php?doing_wp_cron=1757477952.6108388900756835937500 HTTP/1.1" 200 389 "https://jomarlogistica.com.br/wp-cron.php?doing_wp_cron=1757477952.6108388900756835937500" "WordPress/5.8.10; https://jomarlogistica.com.br"
jomarlogistica.com.br:80 177.116.188.98 - - [10/Sep/2025:01:19:12 -0300] "POST /autodiscover/autodiscover.xml HTTP/1.1" 404 448 "-" "AppleExchangeWebServices/833 accountsd/113"
jomarlogistica.com.br:80 127.0.0.1 - - [10/Sep/2025:01:19:17 -0300] "OPTIONS * HTTP/1.0" 200 110 "-" "Apache/2.4.65 (Ubuntu) (internal dummy connection)"
jomarlogistica.com.br:80 172.20.1.117 - - [10/Sep/2025:01:24:39 -0300] "POST /wp-cron.php?doing_wp_cron=1757478279.3621850013732910156250 HTTP/1.1" 200 389 "https://jomarlogistica.com.br/wp-cron.php?doing_wp_cron=1757478279.3621850013732910156250" "WordPress/5.8.10; https://jomarlogistica.com.br"
jomarlogistica.com.br:80 57.141.0.40 - - [10/Sep/2025:01:24:38 -0300] "GET /2023/12/16/air-france-covid-requirements-legal-guidelines-and-updates/ HTTP/1.1" 200 61399 "-" "meta-externalagent/1.1 (+https://developers.facebook.com/docs/sharing/webmasters/crawler)"
jomarlogistica.com.br:80 127.0.0.1 - - [10/Sep/2025:01:24:44 -0300] "OPTIONS * HTTP/1.0" 200 110 "-" "Apache/2.4.65 (Ubuntu) (internal dummy connection)"
jomarlogistica.com.br:80 57.141.0.34 - - [10/Sep/2025:01:26:03 -0300] "GET /2023/10/17/submit-uif-forms-online-application-process-and-requirements/ HTTP/1.1" 200 62376 "-" "meta-externalagent/1.1 (+https://developers.facebook.com/docs/sharing/webmasters/crawler)"
jomarlogistica.com.br:80 185.191.171.12 - - [10/Sep/2025:01:26:50 -0300] "GET /author/jomar/page/2/ HTTP/1.1" 200 18802 "-" "Mozilla/5.0 (compatible; SemrushBot/7~bl; +http://www.semrush.com/bot.html)"
jomarlogistica.com.br:80 172.20.1.117 - - [10/Sep/2025:01:27:49 -0300] "POST /wp-cron.php?doing_wp_cron=1757478469.1735661029815673828125 HTTP/1.1" 200 389 "https://jomarlogistica.com.br/wp-cron.php?doing_wp_cron=1757478469.1735661029815673828125" "WordPress/5.8.10; https://jomarlogistica.com.br"
jomarlogistica.com.br:80 114.119.138.207 - - [10/Sep/2025:01:27:48 -0300] "GET /2022/03/18/are-bearded-dragons-legal-in-new-york-laws-regulations-explained/ HTTP/1.1" 200 13921 "-" "Mozilla/5.0 (Linux; Android 7.0;) AppleWebKit/537.36 (KHTML, like Gecko) Mobile Safari/537.36 (compatible; PetalBot;+https://webmaster.petalsearch.com/site/petalbot)"
jomarlogistica.com.br:80 127.0.0.1 - - [10/Sep/2025:01:27:54 -0300] "OPTIONS * HTTP/1.0" 200 110 "-" "Apache/2.4.65 (Ubuntu) (internal dummy connection)"
jomarlogistica.com.br:80 114.119.138.130 - - [10/Sep/2025:01:29:12 -0300] "GET /category/jomar/ HTTP/1.1" 200 18655 "https://jomarlogistica.com.br/2022/12/31/how-to-locate-the-best-all-mail-order-star-of-the-event-service/" "Mozilla/5.0 (Linux; Android 7.0;) AppleWebKit/537.36 (KHTML, like Gecko) Mobile Safari/537.36 (compatible; PetalBot;+https://webmaster.petalsearch.com/site/petalbot)"
jomarlogistica.com.br:80 114.119.134.192 - - [10/Sep/2025:01:30:42 -0300] "GET /2023/01/01/tips-on-how-to-meet-international-women-just-for-marriage/ HTTP/1.1" 200 18232 "https://jomarlogistica.com.br/2022/12/31/how-to-locate-the-best-all-mail-order-star-of-the-event-service/" "Mozilla/5.0 (Linux; Android 7.0;) AppleWebKit/537.36 (KHTML, like Gecko) Mobile Safari/537.36 (compatible; PetalBot;+https://webmaster.petalsearch.com/site/petalbot)"
jomarlogistica.com.br:80 114.119.136.72 - - [10/Sep/2025:01:32:10 -0300] "GET /2023/11/07/expressvpn-prices-is-it-well-worth-the-extra-expense/ HTTP/1.1" 200 17368 "https://jomarlogistica.com.br/2023/11/04/company-branding-can-be-broader-than-product-logos/" "Mozilla/5.0 (Linux; Android 7.0;) AppleWebKit/537.36 (KHTML, like Gecko) Mobile Safari/537.36 (compatible; PetalBot;+https://webmaster.petalsearch.com/site/petalbot)"
jomarlogistica.com.br:80 216.73.216.134 - - [10/Sep/2025:01:32:19 -0300] "GET /2023/09/04/is-worth-of-digital-data-rooms HTTP/1.1" 301 491 "-" "Mozilla/5.0 AppleWebKit/537.36 (KHTML, like Gecko; compatible; ClaudeBot/1.0; +claudebot@anthropic.com)"
jomarlogistica.com.br:80 172.20.1.117 - - [10/Sep/2025:01:32:19 -0300] "POST /wp-cron.php?doing_wp_cron=1757478739.9550390243530273437500 HTTP/1.1" 200 389 "https://jomarlogistica.com.br/wp-cron.php?doing_wp_cron=1757478739.9550390243530273437500" "WordPress/5.8.10; https://jomarlogistica.com.br"
jomarlogistica.com.br:80 216.73.216.134 - - [10/Sep/2025:01:32:19 -0300] "GET /author/jomar/page/12 HTTP/1.1" 301 470 "-" "Mozilla/5.0 AppleWebKit/537.36 (KHTML, like Gecko; compatible; ClaudeBot/1.0; +claudebot@anthropic.com)"
jomarlogistica.com.br:80 216.73.216.134 - - [10/Sep/2025:01:32:20 -0300] "GET /2023/09/04/is-worth-of-digital-data-rooms/ HTTP/1.1" 200 17287 "https://jomarlogistica.com.br/2023/09/04/is-worth-of-digital-data-rooms" "Mozilla/5.0 AppleWebKit/537.36 (KHTML, like Gecko; compatible; ClaudeBot/1.0; +claudebot@anthropic.com)"
jomarlogistica.com.br:80 216.73.216.134 - - [10/Sep/2025:01:32:20 -0300] "GET /author/jomar/page/12/ HTTP/1.1" 200 18622 "https://jomarlogistica.com.br/author/jomar/page/12" "Mozilla/5.0 AppleWebKit/537.36 (KHTML, like Gecko; compatible; ClaudeBot/1.0; +claudebot@anthropic.com)"
jomarlogistica.com.br:80 127.0.0.1 - - [10/Sep/2025:01:32:21 -0300] "OPTIONS * HTTP/1.0" 200 110 "-" "Apache/2.4.65 (Ubuntu) (internal dummy connection)"
jomarlogistica.com.br:80 216.73.216.134 - - [10/Sep/2025:01:32:22 -0300] "GET /2023/09/04/innovating-with-impressive-technologies-with-regards-to-audit HTTP/1.1" 301 464 "-" "Mozilla/5.0 AppleWebKit/537.36 (KHTML, like Gecko; compatible; ClaudeBot/1.0; +claudebot@anthropic.com)"
jomarlogistica.com.br:80 216.73.216.134 - - [10/Sep/2025:01:32:22 -0300] "GET /2023/09/04/innovating-with-impressive-technologies-with-regards-to-audit/ HTTP/1.1" 200 17426 "https://jomarlogistica.com.br/2023/09/04/innovating-with-impressive-technologies-with-regards-to-audit" "Mozilla/5.0 AppleWebKit/537.36 (KHTML, like Gecko; compatible; ClaudeBot/1.0; +claudebot@anthropic.com)"
jomarlogistica.com.br:80 127.0.0.1 - - [10/Sep/2025:01:32:25 -0300] "OPTIONS * HTTP/1.0" 200 110 "-" "Apache/2.4.65 (Ubuntu) (internal dummy connection)"
jomarlogistica.com.br:80 127.0.0.1 - - [10/Sep/2025:01:32:27 -0300] "OPTIONS * HTTP/1.0" 200 110 "-" "Apache/2.4.65 (Ubuntu) (internal dummy connection)"
jomarlogistica.com.br:80 114.119.138.207 - - [10/Sep/2025:01:33:21 -0300] "GET /2023/05/19/flirting-through-flattery-and-elegance/ HTTP/1.1" 200 17607 "https://jomarlogistica.com.br/2023/page/24/" "Mozilla/5.0 (Linux; Android 7.0;) AppleWebKit/537.36 (KHTML, like Gecko) Mobile Safari/537.36 (compatible; PetalBot;+https://webmaster.petalsearch.com/site/petalbot)"
jomarlogistica.com.br:80 114.119.128.158 - - [10/Sep/2025:01:34:44 -0300] "GET /2022/11/17/are-you-able-to-get-married-prolonged-distance/ HTTP/1.1" 200 18006 "https://jomarlogistica.com.br/category/jomar/page/50/" "Mozilla/5.0 (Linux; Android 7.0;) AppleWebKit/537.36 (KHTML, like Gecko) Mobile Safari/537.36 (compatible; PetalBot;+https://webmaster.petalsearch.com/site/petalbot)"
jomarlogistica.com.br:80 177.116.188.98 - - [10/Sep/2025:01:35:31 -0300] "POST /autodiscover/autodiscover.xml HTTP/1.1" 404 448 "-" "AppleExchangeWebServices/833 accountsd/113"
jomarlogistica.com.br:80 114.119.135.84 - - [10/Sep/2025:01:36:08 -0300] "GET /2022/11/06/one-latin-girls-dating/ HTTP/1.1" 200 18115 "https://jomarlogistica.com.br/2022/11/06/one-latin-girls-dating/" "Mozilla/5.0 (Linux; Android 7.0;) AppleWebKit/537.36 (KHTML, like Gecko) Mobile Safari/537.36 (compatible; PetalBot;+https://webmaster.petalsearch.com/site/petalbot)"
jomarlogistica.com.br:80 172.20.1.117 - - [10/Sep/2025:01:38:07 -0300] "POST /wp-cron.php?doing_wp_cron=1757479087.3707120418548583984375 HTTP/1.1" 200 389 "https://jomarlogistica.com.br/wp-cron.php?doing_wp_cron=1757479087.3707120418548583984375" "WordPress/5.8.10; https://jomarlogistica.com.br"
jomarlogistica.com.br:80 216.73.216.134 - - [10/Sep/2025:01:38:06 -0300] "GET /author/jomar/page/48 HTTP/1.1" 301 470 "-" "Mozilla/5.0 AppleWebKit/537.36 (KHTML, like Gecko; compatible; ClaudeBot/1.0; +claudebot@anthropic.com)"
jomarlogistica.com.br:80 216.73.216.134 - - [10/Sep/2025:01:38:07 -0300] "GET /author/jomar/page/48/ HTTP/1.1" 200 18833 "https://jomarlogistica.com.br/author/jomar/page/48" "Mozilla/5.0 AppleWebKit/537.36 (KHTML, like Gecko; compatible; ClaudeBot/1.0; +claudebot@anthropic.com)"
jomarlogistica.com.br:80 127.0.0.1 - - [10/Sep/2025:01:38:13 -0300] "OPTIONS * HTTP/1.0" 200 110 "-" "Apache/2.4.65 (Ubuntu) (internal dummy connection)"
jomarlogistica.com.br:80 216.73.216.134 - - [10/Sep/2025:01:38:31 -0300] "GET /?p=7506 HTTP/1.1" 301 499 "-" "Mozilla/5.0 AppleWebKit/537.36 (KHTML, like Gecko; compatible; ClaudeBot/1.0; +claudebot@anthropic.com)"
jomarlogistica.com.br:80 216.73.216.134 - - [10/Sep/2025:01:38:31 -0300] "GET /2023/04/12/asian-relationship-conversation-styles/ HTTP/1.1" 200 17540 "https://jomarlogistica.com.br/?p=7506" "Mozilla/5.0 AppleWebKit/537.36 (KHTML, like Gecko; compatible; ClaudeBot/1.0; +claudebot@anthropic.com)"
jomarlogistica.com.br:80 216.73.216.134 - - [10/Sep/2025:01:41:44 -0300] "GET /2023/04/14/uk-wedding-traditions HTTP/1.1" 301 482 "-" "Mozilla/5.0 AppleWebKit/537.36 (KHTML, like Gecko; compatible; ClaudeBot/1.0; +claudebot@anthropic.com)"
jomarlogistica.com.br:80 216.73.216.134 - - [10/Sep/2025:01:41:44 -0300] "GET /2023/04/17/seeing-a-guy-right-from-another-nation HTTP/1.1" 301 499 "-" "Mozilla/5.0 AppleWebKit/537.36 (KHTML, like Gecko; compatible; ClaudeBot/1.0; +claudebot@anthropic.com)"
jomarlogistica.com.br:80 216.73.216.134 - - [10/Sep/2025:01:41:44 -0300] "GET /2023/04/14/uk-wedding-traditions/ HTTP/1.1" 200 17825 "https://jomarlogistica.com.br/2023/04/14/uk-wedding-traditions" "Mozilla/5.0 AppleWebKit/537.36 (KHTML, like Gecko; compatible; ClaudeBot/1.0; +claudebot@anthropic.com)"
jomarlogistica.com.br:80 216.73.216.134 - - [10/Sep/2025:01:41:44 -0300] "GET /2023/04/17/seeing-a-guy-right-from-another-nation/ HTTP/1.1" 200 17178 "https://jomarlogistica.com.br/2023/04/17/seeing-a-guy-right-from-another-nation" "Mozilla/5.0 AppleWebKit/537.36 (KHTML, like Gecko; compatible; ClaudeBot/1.0; +claudebot@anthropic.com)"
jomarlogistica.com.br:80 127.0.0.1 - - [10/Sep/2025:01:41:50 -0300] "OPTIONS * HTTP/1.0" 200 110 "-" "Apache/2.4.65 (Ubuntu) (internal dummy connection)"
jomarlogistica.com.br:80 172.20.1.117 - - [10/Sep/2025:01:43:28 -0300] "POST /wp-cron.php?doing_wp_cron=1757479408.6656670570373535156250 HTTP/1.1" 200 389 "https://jomarlogistica.com.br/wp-cron.php?doing_wp_cron=1757479408.6656670570373535156250" "WordPress/5.8.10; https://jomarlogistica.com.br"
jomarlogistica.com.br:80 114.119.135.84 - - [10/Sep/2025:01:43:28 -0300] "GET /2023/08/29/how-setting-up-a-vdr-can-speed-up-and-improve-processes/ HTTP/1.1" 200 17302 "https://jomarlogistica.com.br/category/jomar/page/13/" "Mozilla/5.0 (Linux; Android 7.0;) AppleWebKit/537.36 (KHTML, like Gecko) Mobile Safari/537.36 (compatible; PetalBot;+https://webmaster.petalsearch.com/site/petalbot)"
jomarlogistica.com.br:80 127.0.0.1 - - [10/Sep/2025:01:43:34 -0300] "OPTIONS * HTTP/1.0" 200 110 "-" "Apache/2.4.65 (Ubuntu) (internal dummy connection)"
jomarlogistica.com.br:80 114.119.159.76 - - [10/Sep/2025:01:44:51 -0300] "GET /author/jomar/page/21/ HTTP/1.1" 200 18891 "https://jomarlogistica.com.br/author/jomar/page/22/" "Mozilla/5.0 (Linux; Android 7.0;) AppleWebKit/537.36 (KHTML, like Gecko) Mobile Safari/537.36 (compatible; PetalBot;+https://webmaster.petalsearch.com/site/petalbot)"
jomarlogistica.com.br:80 87.236.176.126 - - [10/Sep/2025:01:45:52 -0300] "GET / HTTP/1.1" 301 449 "-" "Mozilla/5.0 (compatible; InternetMeasurement/1.0; +https://internet-measurement.com/)"
jomarlogistica.com.br:80 87.236.176.126 - - [10/Sep/2025:01:45:53 -0300] "GET / HTTP/1.1" 200 23930 "https://www.jomarlogistica.com.br" "Mozilla/5.0 (compatible; InternetMeasurement/1.0; +https://internet-measurement.com/)"
jomarlogistica.com.br:80 87.236.176.56 - - [10/Sep/2025:01:45:56 -0300] "GET /wp-content/uploads/2021/12/icone.jpg HTTP/1.1" 200 2901 "-" "Mozilla/5.0 (compatible; InternetMeasurement/1.0; +https://internet-measurement.com/)"
jomarlogistica.com.br:80 185.247.137.67 - - [10/Sep/2025:01:45:56 -0300] "GET /favicon.ico HTTP/1.1" 302 547 "-" "Mozilla/5.0 (compatible; InternetMeasurement/1.0; +https://internet-measurement.com/)"
jomarlogistica.com.br:80 185.247.137.67 - - [10/Sep/2025:01:45:57 -0300] "GET /wp-content/uploads/2021/12/icone.jpg HTTP/1.1" 200 2901 "https://jomarlogistica.com.br/favicon.ico" "Mozilla/5.0 (compatible; InternetMeasurement/1.0; +https://internet-measurement.com/)"
jomarlogistica.com.br:80 127.0.0.1 - - [10/Sep/2025:01:46:01 -0300] "OPTIONS * HTTP/1.0" 200 110 "-" "Apache/2.4.65 (Ubuntu) (internal dummy connection)"
jomarlogistica.com.br:80 114.119.138.207 - - [10/Sep/2025:01:46:16 -0300] "GET /2023/05/08/the-board-bedroom-and-its-importance/ HTTP/1.1" 200 17340 "https://jomarlogistica.com.br/category/jomar/page/27/" "Mozilla/5.0 (Linux; Android 7.0;) AppleWebKit/537.36 (KHTML, like Gecko) Mobile Safari/537.36 (compatible; PetalBot;+https://webmaster.petalsearch.com/site/petalbot)"
jomarlogistica.com.br:80 51.68.111.215 - - [10/Sep/2025:01:46:54 -0300] "GET /robots.txt HTTP/1.1" 200 584 "-" "Mozilla/5.0 (compatible; MJ12bot/v2.0.4; http://mj12bot.com/)"
jomarlogistica.com.br:80 51.68.111.215 - - [10/Sep/2025:01:46:54 -0300] "GET / HTTP/1.1" 200 23930 "-" "Mozilla/5.0 (compatible; MJ12bot/v2.0.4; http://mj12bot.com/)"
jomarlogistica.com.br:80 172.20.1.117 - - [10/Sep/2025:01:52:10 -0300] "POST /wp-cron.php?doing_wp_cron=1757479929.3428249359130859375000 HTTP/1.1" 200 389 "https://jomarlogistica.com.br/wp-cron.php?doing_wp_cron=1757479929.3428249359130859375000" "WordPress/5.8.10; https://jomarlogistica.com.br"
jomarlogistica.com.br:80 57.141.0.16 - - [10/Sep/2025:01:52:09 -0300] "GET /2023/02/13/the-right-way-to-impress-an-european-girl/ HTTP/1.1" 200 81473 "-" "meta-externalagent/1.1 (+https://developers.facebook.com/docs/sharing/webmasters/crawler)"
jomarlogistica.com.br:80 85.208.96.200 - - [10/Sep/2025:01:52:08 -0300] "GET /2023/09/04/best-free-antivirus-software/ HTTP/1.1" 200 17185 "-" "Mozilla/5.0 (compatible; SemrushBot/7~bl; +http://www.semrush.com/bot.html)"
jomarlogistica.com.br:80 127.0.0.1 - - [10/Sep/2025:01:52:15 -0300] "OPTIONS * HTTP/1.0" 200 110 "-" "Apache/2.4.65 (Ubuntu) (internal dummy connection)"
jomarlogistica.com.br:80 172.20.1.117 - - [10/Sep/2025:01:57:44 -0300] "POST /wp-cron.php?doing_wp_cron=1757480264.0120151042938232421875 HTTP/1.1" 200 389 "https://jomarlogistica.com.br/wp-cron.php?doing_wp_cron=1757480264.0120151042938232421875" "WordPress/5.8.10; https://jomarlogistica.com.br"
jomarlogistica.com.br:80 185.191.171.17 - - [10/Sep/2025:01:57:43 -0300] "GET /faq/ HTTP/1.1" 200 17807 "-" "Mozilla/5.0 (compatible; SemrushBot/7~bl; +http://www.semrush.com/bot.html)"
jomarlogistica.com.br:80 127.0.0.1 - - [10/Sep/2025:01:57:49 -0300] "OPTIONS * HTTP/1.0" 200 110 "-" "Apache/2.4.65 (Ubuntu) (internal dummy connection)"
jomarlogistica.com.br:80 177.116.188.98 - - [10/Sep/2025:01:58:59 -0300] "POST /autodiscover/autodiscover.xml HTTP/1.1" 404 448 "-" "AppleExchangeWebServices/833 accountsd/113"
jomarlogistica.com.br:80 216.73.216.134 - - [10/Sep/2025:01:59:21 -0300] "GET /wp-sitemap.xml HTTP/1.1" 200 643 "-" "Mozilla/5.0 AppleWebKit/537.36 (KHTML, like Gecko; compatible; ClaudeBot/1.0; +claudebot@anthropic.com)"
jomarlogistica.com.br:80 114.119.158.0 - - [10/Sep/2025:02:00:01 -0300] "GET /2023/09/16/how-collaborative-software-benefits-your-business/ HTTP/1.1" 200 17280 "https://jomarlogistica.com.br/author/jomar/page/9/" "Mozilla/5.0 (Linux; Android 7.0;) AppleWebKit/537.36 (KHTML, like Gecko) Mobile Safari/537.36 (compatible; PetalBot;+https://webmaster.petalsearch.com/site/petalbot)"
jomarlogistica.com.br:80 114.119.128.158 - - [10/Sep/2025:02:01:24 -0300] "GET /2022/09/24/interracial-couples-star/ HTTP/1.1" 200 17628 "https://jomarlogistica.com.br/2022/09/24/interracial-couples-star/" "Mozilla/5.0 (Linux; Android 7.0;) AppleWebKit/537.36 (KHTML, like Gecko) Mobile Safari/537.36 (compatible; PetalBot;+https://webmaster.petalsearch.com/site/petalbot)"
jomarlogistica.com.br:80 172.20.1.117 - - [10/Sep/2025:02:02:48 -0300] "POST /wp-cron.php?doing_wp_cron=1757480568.1084330081939697265625 HTTP/1.1" 200 389 "https://jomarlogistica.com.br/wp-cron.php?doing_wp_cron=1757480568.1084330081939697265625" "WordPress/5.8.10; https://jomarlogistica.com.br"
jomarlogistica.com.br:80 114.119.136.72 - - [10/Sep/2025:02:02:47 -0300] "GET /2022/07/24/bet-tzedek-tax-clinic-free-legal-assistance-for-tax-issues/ HTTP/1.1" 200 13622 "https://jomarlogistica.com.br/2022/08/01/are-court-dates-being-delayed-understanding-the-impact-on-legal-proceedings/" "Mozilla/5.0 (Linux; Android 7.0;) AppleWebKit/537.36 (KHTML, like Gecko) Mobile Safari/537.36 (compatible; PetalBot;+https://webmaster.petalsearch.com/site/petalbot)"
jomarlogistica.com.br:80 127.0.0.1 - - [10/Sep/2025:02:02:53 -0300] "OPTIONS * HTTP/1.0" 200 110 "-" "Apache/2.4.65 (Ubuntu) (internal dummy connection)"
jomarlogistica.com.br:80 172.20.1.117 - - [10/Sep/2025:02:29:45 -0300] "POST /wp-cron.php?doing_wp_cron=1757482185.5305349826812744140625 HTTP/1.1" 200 389 "https://jomarlogistica.com.br/wp-cron.php?doing_wp_cron=1757482185.5305349826812744140625" "WordPress/5.8.10; https://jomarlogistica.com.br"
jomarlogistica.com.br:80 57.141.0.31 - - [10/Sep/2025:02:29:45 -0300] "GET /2023/02/23/powerful-interracial-relationships/ HTTP/1.1" 200 79610 "-" "meta-externalagent/1.1 (+https://developers.facebook.com/docs/sharing/webmasters/crawler)"
jomarlogistica.com.br:80 127.0.0.1 - - [10/Sep/2025:02:29:51 -0300] "OPTIONS * HTTP/1.0" 200 110 "-" "Apache/2.4.65 (Ubuntu) (internal dummy connection)"
jomarlogistica.com.br:80 57.141.0.72 - - [10/Sep/2025:02:30:03 -0300] "GET /2024/02/29/law-order-organized-crime-s3e3-cast-meet-the-characters/ HTTP/1.1" 200 33976 "-" "meta-externalagent/1.1 (+https://developers.facebook.com/docs/sharing/webmasters/crawler)"
stat.jomarlogistica.com.br:80 100.20.101.190 - - [10/Sep/2025:02:34:43 -0300] "GET /robots.txt HTTP/1.1" 404 341 "-" "Mozilla/5.0 (compatible; wpbot/1.3; +https://forms.gle/ajBaxygz9jSR8p8G9)"
stat.jomarlogistica.com.br:80 100.20.101.190 - - [10/Sep/2025:02:34:43 -0300] "GET / HTTP/1.1" 301 545 "-" "Mozilla/5.0 (compatible; wpbot/1.3; +https://forms.gle/ajBaxygz9jSR8p8G9)"
stat.jomarlogistica.com.br:80 100.20.101.190 - - [10/Sep/2025:02:34:44 -0300] "GET /awstats/awstats.pl HTTP/1.1" 401 589 "-" "Mozilla/5.0 (compatible; wpbot/1.3; +https://forms.gle/ajBaxygz9jSR8p8G9)"
jomarlogistica.com.br:80 172.20.1.117 - - [10/Sep/2025:02:36:01 -0300] "POST /wp-cron.php?doing_wp_cron=1757482561.7187790870666503906250 HTTP/1.1" 200 389 "https://jomarlogistica.com.br/wp-cron.php?doing_wp_cron=1757482561.7187790870666503906250" "WordPress/5.8.10; https://jomarlogistica.com.br"
jomarlogistica.com.br:80 20.117.22.234 - - [10/Sep/2025:02:36:01 -0300] "GET /2023/06/23/backdated-agreement-singapore-legal-implications-process/ HTTP/1.1" 200 14913 "-" "Mozilla/5.0 AppleWebKit/537.36 (KHTML, like Gecko); compatible; ChatGPT-User/1.0; +https://openai.com/bot"
jomarlogistica.com.br:80 127.0.0.1 - - [10/Sep/2025:02:36:06 -0300] "OPTIONS * HTTP/1.0" 200 110 "-" "Apache/2.4.65 (Ubuntu) (internal dummy connection)"
jomarlogistica.com.br:80 216.73.216.134 - - [10/Sep/2025:02:36:49 -0300] "GET /robots.txt HTTP/1.1" 200 584 "-" "Mozilla/5.0 AppleWebKit/537.36 (KHTML, like Gecko; compatible; ClaudeBot/1.0; +claudebot@anthropic.com)"
jomarlogistica.com.br:80 216.73.216.134 - - [10/Sep/2025:02:36:50 -0300] "GET /wp-sitemap.xml HTTP/1.1" 200 585 "-" "Mozilla/5.0 AppleWebKit/537.36 (KHTML, like Gecko; compatible; ClaudeBot/1.0; +claudebot@anthropic.com)"
jomarlogistica.com.br:80 172.20.1.117 - - [10/Sep/2025:02:40:00 -0300] "POST /wp-cron.php?doing_wp_cron=1757482800.2757220268249511718750 HTTP/1.1" 200 389 "https://jomarlogistica.com.br/wp-cron.php?doing_wp_cron=1757482800.2757220268249511718750" "WordPress/5.8.10; https://jomarlogistica.com.br"
jomarlogistica.com.br:80 216.73.216.134 - - [10/Sep/2025:02:39:59 -0300] "GET /category/jomar/page/53 HTTP/1.1" 301 472 "-" "Mozilla/5.0 AppleWebKit/537.36 (KHTML, like Gecko; compatible; ClaudeBot/1.0; +claudebot@anthropic.com)"
jomarlogistica.com.br:80 216.73.216.134 - - [10/Sep/2025:02:40:00 -0300] "GET /category/jomar/page/53/ HTTP/1.1" 200 18712 "https://jomarlogistica.com.br/category/jomar/page/53" "Mozilla/5.0 AppleWebKit/537.36 (KHTML, like Gecko; compatible; ClaudeBot/1.0; +claudebot@anthropic.com)"
jomarlogistica.com.br:80 127.0.0.1 - - [10/Sep/2025:02:40:06 -0300] "OPTIONS * HTTP/1.0" 200 110 "-" "Apache/2.4.65 (Ubuntu) (internal dummy connection)"
jomarlogistica.com.br:80 57.141.0.63 - - [10/Sep/2025:02:40:41 -0300] "GET /2023/09/page/6/ HTTP/1.1" 200 94088 "-" "meta-externalagent/1.1 (+https://developers.facebook.com/docs/sharing/webmasters/crawler)"
jomarlogistica.com.br:80 185.241.208.212 - - [10/Sep/2025:02:44:53 -0300] "GET /wp-content/themes/seotheme/db.php?u HTTP/1.1" 404 448 "www.google.com" "Mozlila/5.0 (Linux; Android 7.0; SM-G892A Bulid/NRD90M; wv) AppleWebKit/537.36 (KHTML, like Gecko) Version/4.0 Chrome/60.0.3112.107 Moblie Safari/537.36"
jomarlogistica.com.br:80 185.241.208.212 - - [10/Sep/2025:02:44:54 -0300] "POST /wp-plain.php HTTP/1.1" 404 448 "www.google.com" "Mozilla/5.0 (Linux; Android 7.0; SM-G892A Bulid/NRD90M; wv) AppleWebKit/537.36 (KHTML, like Gecko) Version/4.0 Chrome/60.0.3112.107 Moblie Safari/537.36"
jomarlogistica.com.br:80 185.241.208.212 - - [10/Sep/2025:02:44:54 -0300] "GET /wp-content/themes/seotheme/db.php?u HTTP/1.1" 404 448 "www.google.com" "Mozlila/5.0 (Linux; Android 7.0; SM-G892A Bulid/NRD90M; wv) AppleWebKit/537.36 (KHTML, like Gecko) Version/4.0 Chrome/60.0.3112.107 Moblie Safari/537.36"
jomarlogistica.com.br:80 185.241.208.212 - - [10/Sep/2025:02:44:54 -0300] "GET /bkhipvww.php?Fox=d3wL7 HTTP/1.1" 404 448 "www.google.com" "Mozilla/5.0 (Linux; Android 7.0; SM-G892A Bulid/NRD90M; wv) AppleWebKit/537.36 (KHTML, like Gecko) Version/4.0 Chrome/60.0.3112.107 Moblie Safari/537.36"
jomarlogistica.com.br:80 185.241.208.212 - - [10/Sep/2025:02:44:53 -0300] "GET /wp-content/plugins/fix/up.php HTTP/1.1" 404 448 "-" "Mozilla/5.0 (Windows NT 10.0; Win64; x64) AppleWebKit/537.36 (KHTML, like Gecko) Chrome/85.0.4183.102 Safari/537.36"
jomarlogistica.com.br:80 185.241.208.212 - - [10/Sep/2025:02:44:55 -0300] "POST /ALFA_DATA/alfacgiapi/perl.alfa HTTP/1.1" 404 448 "www.google.com" "Mozlila/5.0 (Linux; Android 7.0; SM-G892A Bulid/NRD90M; wv) AppleWebKit/537.36 (KHTML, like Gecko) Version/4.0 Chrome/60.0.3112.107 Moblie Safari/537.36"
jomarlogistica.com.br:80 185.241.208.212 - - [10/Sep/2025:02:44:55 -0300] "GET / HTTP/1.1" 200 134115 "-" "Mozlila/5.0 (Linux; Android 7.0; SM-G892A Bulid/NRD90M; wv) AppleWebKit/537.36 (KHTML, like Gecko) Version/4.0 Chrome/60.0.3112.107 Moblie Safari/537.36"
jomarlogistica.com.br:80 185.241.208.212 - - [10/Sep/2025:02:44:56 -0300] "POST /alfacgiapi/perl.alfa HTTP/1.1" 404 448 "www.google.com" "Mozlila/5.0 (Linux; Android 7.0; SM-G892A Bulid/NRD90M; wv) AppleWebKit/537.36 (KHTML, like Gecko) Version/4.0 Chrome/60.0.3112.107 Moblie Safari/537.36"
jomarlogistica.com.br:80 172.20.1.117 - - [10/Sep/2025:02:44:56 -0300] "POST /wp-cron.php?doing_wp_cron=1757483094.2727580070495605468750 HTTP/1.1" 200 389 "https://jomarlogistica.com.br/wp-cron.php?doing_wp_cron=1757483094.2727580070495605468750" "WordPress/5.8.10; https://jomarlogistica.com.br"
jomarlogistica.com.br:80 185.241.208.212 - - [10/Sep/2025:02:44:56 -0300] "GET /wp-content/plugins/apikey/apikey.php?test=hello HTTP/1.1" 404 448 "-" "Mozlila/5.0 (Linux; Android 7.0; SM-G892A Bulid/NRD90M; wv) AppleWebKit/537.36 (KHTML, like Gecko) Version/4.0 Chrome/60.0.3112.107 Moblie Safari/537.36"
jomarlogistica.com.br:80 185.241.208.212 - - [10/Sep/2025:02:44:57 -0300] "GET /plugins/content/apismtp/apismtp.php?test=hello HTTP/1.1" 404 448 "-" "Mozlila/5.0 (Linux; Android 7.0; SM-G892A Bulid/NRD90M; wv) AppleWebKit/537.36 (KHTML, like Gecko) Version/4.0 Chrome/60.0.3112.107 Moblie Safari/537.36"
jomarlogistica.com.br:80 185.241.208.212 - - [10/Sep/2025:02:44:58 -0300] "GET /wp-content/plugins/apikey/apikey.php.suspected?test=hello HTTP/1.1" 404 448 "-" "Mozlila/5.0 (Linux; Android 7.0; SM-G892A Bulid/NRD90M; wv) AppleWebKit/537.36 (KHTML, like Gecko) Version/4.0 Chrome/60.0.3112.107 Moblie Safari/537.36"
jomarlogistica.com.br:80 185.241.208.212 - - [10/Sep/2025:02:44:58 -0300] "GET /plugins/content/apismtp/apismtp.php.suspected?test=hello HTTP/1.1" 404 448 "-" "Mozlila/5.0 (Linux; Android 7.0; SM-G892A Bulid/NRD90M; wv) AppleWebKit/537.36 (KHTML, like Gecko) Version/4.0 Chrome/60.0.3112.107 Moblie Safari/537.36"
jomarlogistica.com.br:80 127.0.0.1 - - [10/Sep/2025:02:45:02 -0300] "OPTIONS * HTTP/1.0" 200 110 "-" "Apache/2.4.65 (Ubuntu) (internal dummy connection)"
jomarlogistica.com.br:80 127.0.0.1 - - [10/Sep/2025:02:45:03 -0300] "OPTIONS * HTTP/1.0" 200 110 "-" "Apache/2.4.65 (Ubuntu) (internal dummy connection)"
jomarlogistica.com.br:80 127.0.0.1 - - [10/Sep/2025:02:45:04 -0300] "OPTIONS * HTTP/1.0" 200 110 "-" "Apache/2.4.65 (Ubuntu) (internal dummy connection)"
jomarlogistica.com.br:80 127.0.0.1 - - [10/Sep/2025:02:45:05 -0300] "OPTIONS * HTTP/1.0" 200 110 "-" "Apache/2.4.65 (Ubuntu) (internal dummy connection)"
jomarlogistica.com.br:80 172.20.1.117 - - [10/Sep/2025:02:48:22 -0300] "POST /wp-cron.php?doing_wp_cron=1757483302.7569839954376220703125 HTTP/1.1" 200 389 "https://jomarlogistica.com.br/wp-cron.php?doing_wp_cron=1757483302.7569839954376220703125" "WordPress/5.8.10; https://jomarlogistica.com.br"
jomarlogistica.com.br:80 216.73.216.134 - - [10/Sep/2025:02:48:22 -0300] "GET /2022/page/12 HTTP/1.1" 301 462 "-" "Mozilla/5.0 AppleWebKit/537.36 (KHTML, like Gecko; compatible; ClaudeBot/1.0; +claudebot@anthropic.com)"
jomarlogistica.com.br:80 216.73.216.134 - - [10/Sep/2025:02:48:23 -0300] "GET /2022/page/12/ HTTP/1.1" 200 18498 "https://jomarlogistica.com.br/2022/page/12" "Mozilla/5.0 AppleWebKit/537.36 (KHTML, like Gecko; compatible; ClaudeBot/1.0; +claudebot@anthropic.com)"
jomarlogistica.com.br:80 127.0.0.1 - - [10/Sep/2025:02:48:28 -0300] "OPTIONS * HTTP/1.0" 200 110 "-" "Apache/2.4.65 (Ubuntu) (internal dummy connection)"
jomarlogistica.com.br:80 177.116.188.98 - - [10/Sep/2025:02:50:06 -0300] "POST /autodiscover/autodiscover.xml HTTP/1.1" 404 448 "-" "AppleExchangeWebServices/833 accountsd/113"
jomarlogistica.com.br:80 172.20.1.117 - - [10/Sep/2025:02:54:25 -0300] "POST /wp-cron.php?doing_wp_cron=1757483665.7572770118713378906250 HTTP/1.1" 200 389 "https://jomarlogistica.com.br/wp-cron.php?doing_wp_cron=1757483665.7572770118713378906250" "WordPress/5.8.10; https://jomarlogistica.com.br"
jomarlogistica.com.br:80 57.141.0.64 - - [10/Sep/2025:02:54:25 -0300] "GET /2022/05/25/child-marriage-case-law-in-india-key-legal-aspects/ HTTP/1.1" 200 61083 "-" "meta-externalagent/1.1 (+https://developers.facebook.com/docs/sharing/webmasters/crawler)"
jomarlogistica.com.br:80 127.0.0.1 - - [10/Sep/2025:02:54:30 -0300] "OPTIONS * HTTP/1.0" 200 110 "-" "Apache/2.4.65 (Ubuntu) (internal dummy connection)"
jomarlogistica.com.br:80 172.20.1.117 - - [10/Sep/2025:03:06:23 -0300] "POST /wp-cron.php?doing_wp_cron=1757484383.1814270019531250000000 HTTP/1.1" 200 389 "https://jomarlogistica.com.br/wp-cron.php?doing_wp_cron=1757484383.1814270019531250000000" "WordPress/5.8.10; https://jomarlogistica.com.br"
jomarlogistica.com.br:80 177.116.188.98 - - [10/Sep/2025:03:06:22 -0300] "POST /autodiscover/autodiscover.xml HTTP/1.1" 404 448 "-" "AppleExchangeWebServices/833 accountsd/113"
jomarlogistica.com.br:80 127.0.0.1 - - [10/Sep/2025:03:06:28 -0300] "OPTIONS * HTTP/1.0" 200 110 "-" "Apache/2.4.65 (Ubuntu) (internal dummy connection)"
jomarlogistica.com.br:80 172.20.1.117 - - [10/Sep/2025:03:11:23 -0300] "POST /wp-cron.php?doing_wp_cron=1757484683.0692338943481445312500 HTTP/1.1" 200 389 "https://jomarlogistica.com.br/wp-cron.php?doing_wp_cron=1757484683.0692338943481445312500" "WordPress/5.8.10; https://jomarlogistica.com.br"
jomarlogistica.com.br:80 57.141.0.22 - - [10/Sep/2025:03:11:22 -0300] "GET /2023/02/04/can-simplisafe-be-used-for-business-legal-considerations-explained/ HTTP/1.1" 200 61690 "-" "meta-externalagent/1.1 (+https://developers.facebook.com/docs/sharing/webmasters/crawler)"
jomarlogistica.com.br:80 127.0.0.1 - - [10/Sep/2025:03:11:27 -0300] "OPTIONS * HTTP/1.0" 200 110 "-" "Apache/2.4.65 (Ubuntu) (internal dummy connection)"
jomarlogistica.com.br:80 172.20.1.117 - - [10/Sep/2025:03:13:34 -0300] "POST /wp-cron.php?doing_wp_cron=1757484814.0888938903808593750000 HTTP/1.1" 200 389 "https://jomarlogistica.com.br/wp-cron.php?doing_wp_cron=1757484814.0888938903808593750000" "WordPress/5.8.10; https://jomarlogistica.com.br"
jomarlogistica.com.br:80 216.73.216.134 - - [10/Sep/2025:03:13:33 -0300] "GET /?p=7249 HTTP/1.1" 301 510 "-" "Mozilla/5.0 AppleWebKit/537.36 (KHTML, like Gecko; compatible; ClaudeBot/1.0; +claudebot@anthropic.com)"
jomarlogistica.com.br:80 216.73.216.134 - - [10/Sep/2025:03:13:34 -0300] "GET /2023/09/16/how-collaborative-software-benefits-your-business/ HTTP/1.1" 200 17222 "https://jomarlogistica.com.br/?p=7249" "Mozilla/5.0 AppleWebKit/537.36 (KHTML, like Gecko; compatible; ClaudeBot/1.0; +claudebot@anthropic.com)"
jomarlogistica.com.br:80 127.0.0.1 - - [10/Sep/2025:03:13:39 -0300] "OPTIONS * HTTP/1.0" 200 110 "-" "Apache/2.4.65 (Ubuntu) (internal dummy connection)"
jomarlogistica.com.br:80 144.76.33.62 - - [10/Sep/2025:03:14:39 -0300] "GET /robots.txt HTTP/1.1" 200 584 "-" "Mozilla/5.0 (compatible; BLEXBot/1.0; +https://help.seranking.com/en/blex-crawler)"
jomarlogistica.com.br:80 144.76.33.62 - - [10/Sep/2025:03:14:40 -0300] "GET /author/jomar/page/29/ HTTP/1.1" 200 18680 "-" "Mozilla/5.0 (compatible; BLEXBot/1.0; +https://help.seranking.com/en/blex-crawler)"
jomarlogistica.com.br:80 177.116.188.98 - - [10/Sep/2025:03:14:42 -0300] "POST /autodiscover/autodiscover.xml HTTP/1.1" 404 448 "-" "AppleExchangeWebServices/833 accountsd/113"
jomarlogistica.com.br:80 144.76.33.62 - - [10/Sep/2025:03:14:46 -0300] "GET /author/jomar/page/30/ HTTP/1.1" 200 19042 "-" "Mozilla/5.0 (compatible; BLEXBot/1.0; +https://help.seranking.com/en/blex-crawler)"
jomarlogistica.com.br:80 144.76.33.62 - - [10/Sep/2025:03:14:52 -0300] "GET /category/jomar/page/27/ HTTP/1.1" 200 19047 "-" "Mozilla/5.0 (compatible; BLEXBot/1.0; +https://help.seranking.com/en/blex-crawler)"
jomarlogistica.com.br:80 144.76.33.62 - - [10/Sep/2025:03:14:59 -0300] "GET /category/jomar/page/32/ HTTP/1.1" 200 18888 "-" "Mozilla/5.0 (compatible; BLEXBot/1.0; +https://help.seranking.com/en/blex-crawler)"
jomarlogistica.com.br:80 144.76.33.62 - - [10/Sep/2025:03:15:05 -0300] "GET /2023/04/17/cancellation-agreement-letter-sample-free-templates-examples/ HTTP/1.1" 200 13559 "-" "Mozilla/5.0 (compatible; BLEXBot/1.0; +https://help.seranking.com/en/blex-crawler)"
jomarlogistica.com.br:80 144.76.33.62 - - [10/Sep/2025:03:15:11 -0300] "GET /2022/12/31/canada-paris-agreement-ratification-legal-analysis-implications/ HTTP/1.1" 200 14376 "-" "Mozilla/5.0 (compatible; BLEXBot/1.0; +https://help.seranking.com/en/blex-crawler)"
jomarlogistica.com.br:80 144.76.33.62 - - [10/Sep/2025:03:15:18 -0300] "GET /2023/03/21/broken-contract-film-legal-implications-contract-disputes-explained/ HTTP/1.1" 200 14189 "-" "Mozilla/5.0 (compatible; BLEXBot/1.0; +https://help.seranking.com/en/blex-crawler)"
jomarlogistica.com.br:80 216.73.216.134 - - [10/Sep/2025:03:16:09 -0300] "GET /?p=7191 HTTP/1.1" 301 498 "-" "Mozilla/5.0 AppleWebKit/537.36 (KHTML, like Gecko; compatible; ClaudeBot/1.0; +claudebot@anthropic.com)"
jomarlogistica.com.br:80 216.73.216.134 - - [10/Sep/2025:03:16:09 -0300] "GET /wp-sitemap.xml HTTP/1.1" 200 643 "-" "Mozilla/5.0 AppleWebKit/537.36 (KHTML, like Gecko; compatible; ClaudeBot/1.0; +claudebot@anthropic.com)"
jomarlogistica.com.br:80 216.73.216.134 - - [10/Sep/2025:03:16:10 -0300] "GET /2023/09/04/precisely-what-is-document-management/ HTTP/1.1" 200 17278 "https://jomarlogistica.com.br/?p=7191" "Mozilla/5.0 AppleWebKit/537.36 (KHTML, like Gecko; compatible; ClaudeBot/1.0; +claudebot@anthropic.com)"
jomarlogistica.com.br:80 127.0.0.1 - - [10/Sep/2025:03:16:16 -0300] "OPTIONS * HTTP/1.0" 200 110 "-" "Apache/2.4.65 (Ubuntu) (internal dummy connection)"
jomarlogistica.com.br:80 172.20.1.117 - - [10/Sep/2025:03:17:14 -0300] "POST /wp-cron.php?doing_wp_cron=1757485034.6055409908294677734375 HTTP/1.1" 200 389 "https://jomarlogistica.com.br/wp-cron.php?doing_wp_cron=1757485034.6055409908294677734375" "WordPress/5.8.10; https://jomarlogistica.com.br"
jomarlogistica.com.br:80 114.119.138.207 - - [10/Sep/2025:03:17:14 -0300] "GET /2023/05/14/being-unfaithful-greatest-overseas-relationship-websites-2023-sites-that-really-work/ HTTP/1.1" 200 19957 "https://jomarlogistica.com.br/2023/05/page/5/" "Mozilla/5.0 (Linux; Android 7.0;) AppleWebKit/537.36 (KHTML, like Gecko) Mobile Safari/537.36 (compatible; PetalBot;+https://webmaster.petalsearch.com/site/petalbot)"
jomarlogistica.com.br:80 127.0.0.1 - - [10/Sep/2025:03:17:20 -0300] "OPTIONS * HTTP/1.0" 200 110 "-" "Apache/2.4.65 (Ubuntu) (internal dummy connection)"
jomarlogistica.com.br:80 216.73.216.134 - - [10/Sep/2025:03:17:31 -0300] "GET /category/jomar/page/6 HTTP/1.1" 301 471 "-" "Mozilla/5.0 AppleWebKit/537.36 (KHTML, like Gecko; compatible; ClaudeBot/1.0; +claudebot@anthropic.com)"
jomarlogistica.com.br:80 216.73.216.134 - - [10/Sep/2025:03:17:31 -0300] "GET /category/jomar/page/6/ HTTP/1.1" 200 18569 "https://jomarlogistica.com.br/category/jomar/page/6" "Mozilla/5.0 AppleWebKit/537.36 (KHTML, like Gecko; compatible; ClaudeBot/1.0; +claudebot@anthropic.com)"
jomarlogistica.com.br:80 114.119.138.207 - - [10/Sep/2025:03:18:44 -0300] "GET /2023/04/29/the-best-female-contest-to-get-married-to/ HTTP/1.1" 200 17519 "https://jomarlogistica.com.br/2023/04/30/tips-on-how-to-date-an-area-latino-daughter-that-want-to-marry-tourists/" "Mozilla/5.0 (Linux; Android 7.0;) AppleWebKit/537.36 (KHTML, like Gecko) Mobile Safari/537.36 (compatible; PetalBot;+https://webmaster.petalsearch.com/site/petalbot)"
