jomarlogistica.com.br:80 114.119.138.207 - - [04/Oct/2025:19:37:59 -0300] "GET /2023/12/25/understanding-the-2-year-rule-employment-legal-guidelines-and-advice/ HTTP/1.1" 200 13511 "https://jomarlogistica.com.br/2023/12/" "Mozilla/5.0 (Linux; Android 7.0;) AppleWebKit/537.36 (KHTML, like Gecko) Mobile Safari/537.36 (compatible; PetalBot;+https://webmaster.petalsearch.com/site/petalbot)"
jomarlogistica.com.br:80 127.0.0.1 - - [04/Oct/2025:19:38:04 -0300] "OPTIONS * HTTP/1.0" 200 110 "-" "Apache/2.4.65 (Ubuntu) (internal dummy connection)"
jomarlogistica.com.br:80 114.119.134.192 - - [04/Oct/2025:19:39:28 -0300] "GET /2023/02/07/wedding-ceremony-tradition-in-the-balkans/ HTTP/1.1" 200 18105 "https://jomarlogistica.com.br/author/jomar/page/39/" "Mozilla/5.0 (Linux; Android 7.0;) AppleWebKit/537.36 (KHTML, like Gecko) Mobile Safari/537.36 (compatible; PetalBot;+https://webmaster.petalsearch.com/site/petalbot)"
jomarlogistica.com.br:80 172.20.1.198 - - [04/Oct/2025:19:44:05 -0300] "POST /wp-cron.php?doing_wp_cron=1759617845.6934208869934082031250 HTTP/1.1" 200 389 "https://jomarlogistica.com.br/wp-cron.php?doing_wp_cron=1759617845.6934208869934082031250" "WordPress/5.8.10; https://jomarlogistica.com.br"
jomarlogistica.com.br:80 57.141.6.26 - - [04/Oct/2025:19:44:05 -0300] "GET /2023/04/12/asian-relationship-conversation-styles/ HTTP/1.1" 200 80047 "-" "meta-externalagent/1.1 (+https://developers.facebook.com/docs/sharing/webmasters/crawler)"
jomarlogistica.com.br:80 127.0.0.1 - - [04/Oct/2025:19:44:11 -0300] "OPTIONS * HTTP/1.0" 200 110 "-" "Apache/2.4.65 (Ubuntu) (internal dummy connection)"
jomarlogistica.com.br:80 216.244.66.226 - - [04/Oct/2025:19:44:55 -0300] "GET /author/jomar/page/56/ HTTP/1.1" 200 94796 "-" "Mozilla/5.0 (compatible; DotBot/1.2; +https://opensiteexplorer.org/dotbot; help@moz.com)"
jomarlogistica.com.br:80 5.133.192.168 - - [04/Oct/2025:19:44:58 -0300] "GET / HTTP/1.1" 200 23931 "-" "Mozilla/5.0 (Windows NT 10.0; Win64; x64) AppleWebKit/537.36 (KHTML, like Gecko) Chrome/105.0.0.0 Safari/537.36"
jomarlogistica.com.br:80 5.133.192.168 - - [04/Oct/2025:19:45:01 -0300] "GET /wp-content/uploads/2021/12/icone.jpg HTTP/1.1" 200 2901 "-" "Mozilla/5.0 (Windows NT 10.0; Win64; x64) AppleWebKit/537.36 (KHTML, like Gecko) Chrome/105.0.0.0 Safari/537.36"
jomarlogistica.com.br:80 85.208.96.193 - - [04/Oct/2025:19:46:14 -0300] "GET /2023/09/27/the-board-meeting-schedule/ HTTP/1.1" 200 17153 "-" "Mozilla/5.0 (compatible; SemrushBot/7~bl; +http://www.semrush.com/bot.html)"
jomarlogistica.com.br:80 172.20.1.198 - - [04/Oct/2025:19:48:18 -0300] "POST /wp-cron.php?doing_wp_cron=1759618098.6007649898529052734375 HTTP/1.1" 200 389 "https://jomarlogistica.com.br/wp-cron.php?doing_wp_cron=1759618098.6007649898529052734375" "WordPress/5.8.10; https://jomarlogistica.com.br"
jomarlogistica.com.br:80 57.141.6.32 - - [04/Oct/2025:19:48:18 -0300] "GET /?p=6389 HTTP/1.1" 301 612 "-" "meta-externalagent/1.1 (+https://developers.facebook.com/docs/sharing/webmasters/crawler)"
jomarlogistica.com.br:80 57.141.6.38 - - [04/Oct/2025:19:48:20 -0300] "GET /2023/04/19/70-finest-chat-lines-with-100-percent-free-trials-the-top-numbers-to-call-for-adult-telephone-chat-all-the-adult-chat-line-numbers-obtainable-occasions/ HTTP/1.1" 200 82217 "-" "meta-externalagent/1.1 (+https://developers.facebook.com/docs/sharing/webmasters/crawler)"
jomarlogistica.com.br:80 127.0.0.1 - - [04/Oct/2025:19:48:26 -0300] "OPTIONS * HTTP/1.0" 200 110 "-" "Apache/2.4.65 (Ubuntu) (internal dummy connection)"
jomarlogistica.com.br:80 177.212.244.15 - - [04/Oct/2025:19:50:03 -0300] "POST /autodiscover/autodiscover.xml HTTP/1.1" 404 448 "-" "AppleExchangeWebServices/833 accountsd/113"
jomarlogistica.com.br:80 57.141.6.73 - - [04/Oct/2025:19:51:40 -0300] "GET /2024/01/23/are-led-headlights-legal-in-ct-ct-headlight-laws-explained/ HTTP/1.1" 200 60496 "-" "meta-externalagent/1.1 (+https://developers.facebook.com/docs/sharing/webmasters/crawler)"
jomarlogistica.com.br:80 172.20.1.198 - - [04/Oct/2025:19:52:42 -0300] "POST /wp-cron.php?doing_wp_cron=1759618362.7073290348052978515625 HTTP/1.1" 200 389 "https://jomarlogistica.com.br/wp-cron.php?doing_wp_cron=1759618362.7073290348052978515625" "WordPress/5.8.10; https://jomarlogistica.com.br"
jomarlogistica.com.br:80 177.212.244.15 - - [04/Oct/2025:19:52:42 -0300] "POST /autodiscover/autodiscover.xml HTTP/1.1" 404 448 "-" "AppleExchangeWebServices/833 accountsd/113"
jomarlogistica.com.br:80 127.0.0.1 - - [04/Oct/2025:19:52:47 -0300] "OPTIONS * HTTP/1.0" 200 110 "-" "Apache/2.4.65 (Ubuntu) (internal dummy connection)"
jomarlogistica.com.br:80 114.119.136.72 - - [04/Oct/2025:19:55:11 -0300] "GET /2023/12/10/e-law-resources-donoghue-v-stevenson-case-analysis-legal-resources/ HTTP/1.1" 200 14359 "https://jomarlogistica.com.br/2023/12/page/2/" "Mozilla/5.0 (Linux; Android 7.0;) AppleWebKit/537.36 (KHTML, like Gecko) Mobile Safari/537.36 (compatible; PetalBot;+https://webmaster.petalsearch.com/site/petalbot)"
jomarlogistica.com.br:80 216.244.66.226 - - [04/Oct/2025:19:55:23 -0300] "GET /2022/09/18/are-ar-pistols-legal-in-florida-laws-requirements-restrictions/ HTTP/1.1" 200 60678 "-" "Mozilla/5.0 (compatible; DotBot/1.2; +https://opensiteexplorer.org/dotbot; help@moz.com)"
jomarlogistica.com.br:80 114.119.159.76 - - [04/Oct/2025:19:56:34 -0300] "GET /2023/04/27/exactly-what-the-best-online-dating-sites/ HTTP/1.1" 200 17414 "https://jomarlogistica.com.br/2023/04/" "Mozilla/5.0 (Linux; Android 7.0;) AppleWebKit/537.36 (KHTML, like Gecko) Mobile Safari/537.36 (compatible; PetalBot;+https://webmaster.petalsearch.com/site/petalbot)"
jomarlogistica.com.br:80 172.20.1.198 - - [04/Oct/2025:20:00:12 -0300] "POST /wp-cron.php?doing_wp_cron=1759618812.5209159851074218750000 HTTP/1.1" 200 389 "https://jomarlogistica.com.br/wp-cron.php?doing_wp_cron=1759618812.5209159851074218750000" "WordPress/5.8.10; https://jomarlogistica.com.br"
jomarlogistica.com.br:80 185.191.171.9 - - [04/Oct/2025:20:00:12 -0300] "GET /robots.txt HTTP/1.1" 200 584 "-" "Mozilla/5.0 (compatible; SemrushBot/7~bl; +http://www.semrush.com/bot.html)"
jomarlogistica.com.br:80 185.191.171.18 - - [04/Oct/2025:20:00:13 -0300] "GET /2022/09/ HTTP/1.1" 200 18537 "-" "Mozilla/5.0 (compatible; SemrushBot/7~bl; +http://www.semrush.com/bot.html)"
jomarlogistica.com.br:80 127.0.0.1 - - [04/Oct/2025:20:00:19 -0300] "OPTIONS * HTTP/1.0" 200 110 "-" "Apache/2.4.65 (Ubuntu) (internal dummy connection)"
jomarlogistica.com.br:80 216.244.66.226 - - [04/Oct/2025:20:01:16 -0300] "GET /robots.txt HTTP/1.1" 200 565 "-" "Mozilla/5.0 (compatible; DotBot/1.2; +https://opensiteexplorer.org/dotbot; help@moz.com)"
jomarlogistica.com.br:80 172.20.1.198 - - [04/Oct/2025:20:04:52 -0300] "POST /wp-cron.php?doing_wp_cron=1759619092.5294549465179443359375 HTTP/1.1" 200 389 "https://jomarlogistica.com.br/wp-cron.php?doing_wp_cron=1759619092.5294549465179443359375" "WordPress/5.8.10; https://jomarlogistica.com.br"
jomarlogistica.com.br:80 57.141.6.36 - - [04/Oct/2025:20:04:52 -0300] "GET /2023/08/29/how-setting-up-a-vdr-can-speed-up-and-improve-processes/ HTTP/1.1" 200 79602 "-" "meta-externalagent/1.1 (+https://developers.facebook.com/docs/sharing/webmasters/crawler)"
jomarlogistica.com.br:80 127.0.0.1 - - [04/Oct/2025:20:04:58 -0300] "OPTIONS * HTTP/1.0" 200 110 "-" "Apache/2.4.65 (Ubuntu) (internal dummy connection)"
jomarlogistica.com.br:80 172.20.1.198 - - [04/Oct/2025:20:11:48 -0300] "POST /wp-cron.php?doing_wp_cron=1759619508.3740470409393310546875 HTTP/1.1" 200 389 "https://jomarlogistica.com.br/wp-cron.php?doing_wp_cron=1759619508.3740470409393310546875" "WordPress/5.8.10; https://jomarlogistica.com.br"
jomarlogistica.com.br:80 114.119.138.207 - - [04/Oct/2025:20:11:47 -0300] "GET /2023/page/8/ HTTP/1.1" 200 18459 "https://jomarlogistica.com.br/2023/page/8/" "Mozilla/5.0 (Linux; Android 7.0;) AppleWebKit/537.36 (KHTML, like Gecko) Mobile Safari/537.36 (compatible; PetalBot;+https://webmaster.petalsearch.com/site/petalbot)"
jomarlogistica.com.br:80 127.0.0.1 - - [04/Oct/2025:20:11:53 -0300] "OPTIONS * HTTP/1.0" 200 110 "-" "Apache/2.4.65 (Ubuntu) (internal dummy connection)"
jomarlogistica.com.br:80 172.20.1.198 - - [04/Oct/2025:20:13:08 -0300] "POST /wp-cron.php?doing_wp_cron=1759619588.8781440258026123046875 HTTP/1.1" 200 389 "https://jomarlogistica.com.br/wp-cron.php?doing_wp_cron=1759619588.8781440258026123046875" "WordPress/5.8.10; https://jomarlogistica.com.br"
jomarlogistica.com.br:80 114.119.135.84 - - [04/Oct/2025:20:13:08 -0300] "GET /2022/11/26/realizing-love-signs-you-are-in-love-2/ HTTP/1.1" 200 17360 "https://jomarlogistica.com.br/2022/page/7/" "Mozilla/5.0 (Linux; Android 7.0;) AppleWebKit/537.36 (KHTML, like Gecko) Mobile Safari/537.36 (compatible; PetalBot;+https://webmaster.petalsearch.com/site/petalbot)"
jomarlogistica.com.br:80 127.0.0.1 - - [04/Oct/2025:20:13:14 -0300] "OPTIONS * HTTP/1.0" 200 110 "-" "Apache/2.4.65 (Ubuntu) (internal dummy connection)"
jomarlogistica.com.br:80 185.191.171.3 - - [04/Oct/2025:20:13:40 -0300] "GET /2023/07/11/plank-portal-india/ HTTP/1.1" 200 17337 "-" "Mozilla/5.0 (compatible; SemrushBot/7~bl; +http://www.semrush.com/bot.html)"
jomarlogistica.com.br:80 177.212.244.15 - - [04/Oct/2025:20:14:06 -0300] "POST /autodiscover/autodiscover.xml HTTP/1.1" 404 448 "-" "AppleExchangeWebServices/833 accountsd/113"
jomarlogistica.com.br:80 114.119.159.76 - - [04/Oct/2025:20:14:30 -0300] "GET /2022/03/ HTTP/1.1" 200 11519 "https://jomarlogistica.com.br/2022/07/24/bc-tenancy-agreement-move-out-time-important-guidelines-and-requirements/" "Mozilla/5.0 (Linux; Android 7.0;) AppleWebKit/537.36 (KHTML, like Gecko) Mobile Safari/537.36 (compatible; PetalBot;+https://webmaster.petalsearch.com/site/petalbot)"
jomarlogistica.com.br:80 57.141.6.60 - - [04/Oct/2025:20:15:23 -0300] "GET /2023/09/27/how-to-conduct-a-borad-meeting-online/ HTTP/1.1" 200 79395 "-" "meta-externalagent/1.1 (+https://developers.facebook.com/docs/sharing/webmasters/crawler)"
jomarlogistica.com.br:80 172.20.1.198 - - [04/Oct/2025:20:17:32 -0300] "POST /wp-cron.php?doing_wp_cron=1759619852.8723440170288085937500 HTTP/1.1" 200 389 "https://jomarlogistica.com.br/wp-cron.php?doing_wp_cron=1759619852.8723440170288085937500" "WordPress/5.8.10; https://jomarlogistica.com.br"
jomarlogistica.com.br:80 57.141.6.6 - - [04/Oct/2025:20:17:32 -0300] "GET /2023/01/24/can-relationships-for-cash-be-a-good-choice/ HTTP/1.1" 200 81058 "-" "meta-externalagent/1.1 (+https://developers.facebook.com/docs/sharing/webmasters/crawler)"
jomarlogistica.com.br:80 127.0.0.1 - - [04/Oct/2025:20:17:38 -0300] "OPTIONS * HTTP/1.0" 200 110 "-" "Apache/2.4.65 (Ubuntu) (internal dummy connection)"
jomarlogistica.com.br:80 172.20.1.198 - - [04/Oct/2025:20:26:44 -0300] "POST /wp-cron.php?doing_wp_cron=1759620404.6997261047363281250000 HTTP/1.1" 200 389 "https://jomarlogistica.com.br/wp-cron.php?doing_wp_cron=1759620404.6997261047363281250000" "WordPress/5.8.10; https://jomarlogistica.com.br"
jomarlogistica.com.br:80 216.244.66.226 - - [04/Oct/2025:20:26:44 -0300] "GET /2022/03/20/north-america-free-trade-agreement-everything-you-need-to-know/ HTTP/1.1" 200 58737 "-" "Mozilla/5.0 (compatible; DotBot/1.2; +https://opensiteexplorer.org/dotbot; help@moz.com)"
jomarlogistica.com.br:80 127.0.0.1 - - [04/Oct/2025:20:26:49 -0300] "OPTIONS * HTTP/1.0" 200 110 "-" "Apache/2.4.65 (Ubuntu) (internal dummy connection)"
jomarlogistica.com.br:80 216.244.66.226 - - [04/Oct/2025:20:26:53 -0300] "GET /2023/02/page/4/ HTTP/1.1" 200 77989 "-" "Mozilla/5.0 (compatible; DotBot/1.2; +https://opensiteexplorer.org/dotbot; help@moz.com)"
jomarlogistica.com.br:80 172.20.1.198 - - [04/Oct/2025:20:28:27 -0300] "POST /wp-cron.php?doing_wp_cron=1759620507.1991550922393798828125 HTTP/1.1" 200 389 "https://jomarlogistica.com.br/wp-cron.php?doing_wp_cron=1759620507.1991550922393798828125" "WordPress/5.8.10; https://jomarlogistica.com.br"
jomarlogistica.com.br:80 57.141.6.17 - - [04/Oct/2025:20:28:26 -0300] "GET /2022/09/01/the-benefits-of-healthy-romantic-relationships/ HTTP/1.1" 200 82810 "-" "meta-externalagent/1.1 (+https://developers.facebook.com/docs/sharing/webmasters/crawler)"
jomarlogistica.com.br:80 127.0.0.1 - - [04/Oct/2025:20:28:32 -0300] "OPTIONS * HTTP/1.0" 200 110 "-" "Apache/2.4.65 (Ubuntu) (internal dummy connection)"
jomarlogistica.com.br:80 114.119.134.192 - - [04/Oct/2025:20:28:35 -0300] "GET /2022/12/31/canada-paris-agreement-ratification-legal-analysis-implications/ HTTP/1.1" 200 14376 "https://jomarlogistica.com.br/2023/01/02/aia-construction-contract-forms-understanding-and-utilizing-legal-contracts/" "Mozilla/5.0 (Linux; Android 7.0;) AppleWebKit/537.36 (KHTML, like Gecko) Mobile Safari/537.36 (compatible; PetalBot;+https://webmaster.petalsearch.com/site/petalbot)"
jomarlogistica.com.br:80 66.249.66.38 - - [04/Oct/2025:20:28:57 -0300] "GET /robots.txt HTTP/1.1" 200 584 "-" "Mozilla/5.0 (compatible; Googlebot/2.1; +http://www.google.com/bot.html)"
jomarlogistica.com.br:80 66.249.66.38 - - [04/Oct/2025:20:28:57 -0300] "GET /2023/10/23/a-written-agreement-between-two-countries-legal-implications/ HTTP/1.1" 200 13815 "-" "Mozilla/5.0 (Linux; Android 6.0.1; Nexus 5X Build/MMB29P) AppleWebKit/537.36 (KHTML, like Gecko) Chrome/140.0.7339.207 Mobile Safari/537.36 (compatible; GoogleOther)"
jomarlogistica.com.br:80 66.249.66.37 - - [04/Oct/2025:20:29:02 -0300] "GET /?a7b529c=7029403 HTTP/1.1" 200 287 "https://jomarlogistica.com.br/2023/10/23/a-written-agreement-between-two-countries-legal-implications/" "Mozilla/5.0 (Linux; Android 6.0.1; Nexus 5X Build/MMB29P) AppleWebKit/537.36 (KHTML, like Gecko) Chrome/139.0.7258.127 Mobile Safari/537.36 (compatible; Googlebot/2.1; +http://www.google.com/bot.html)"
jomarlogistica.com.br:80 114.119.136.72 - - [04/Oct/2025:20:29:58 -0300] "GET /2022/10/ HTTP/1.1" 200 18562 "https://jomarlogistica.com.br/2022/12/page/4/" "Mozilla/5.0 (Linux; Android 7.0;) AppleWebKit/537.36 (KHTML, like Gecko) Mobile Safari/537.36 (compatible; PetalBot;+https://webmaster.petalsearch.com/site/petalbot)"
jomarlogistica.com.br:80 114.119.158.0 - - [04/Oct/2025:20:31:22 -0300] "GET /2022/08/ HTTP/1.1" 200 16895 "https://jomarlogistica.com.br/2022/12/page/4/" "Mozilla/5.0 (Linux; Android 7.0;) AppleWebKit/537.36 (KHTML, like Gecko) Mobile Safari/537.36 (compatible; PetalBot;+https://webmaster.petalsearch.com/site/petalbot)"
jomarlogistica.com.br:80 185.191.171.2 - - [04/Oct/2025:20:31:36 -0300] "GET /2022/10/08/methods-to-ask-sugardaddy-for-money/ HTTP/1.1" 200 17287 "-" "Mozilla/5.0 (compatible; SemrushBot/7~bl; +http://www.semrush.com/bot.html)"
jomarlogistica.com.br:80 177.212.244.15 - - [04/Oct/2025:20:31:40 -0300] "POST /autodiscover/autodiscover.xml HTTP/1.1" 404 448 "-" "AppleExchangeWebServices/833 accountsd/113"
jomarlogistica.com.br:80 127.0.0.1 - - [04/Oct/2025:20:31:44 -0300] "OPTIONS * HTTP/1.0" 200 110 "-" "Apache/2.4.65 (Ubuntu) (internal dummy connection)"
jomarlogistica.com.br:80 172.20.1.198 - - [04/Oct/2025:20:32:46 -0300] "POST /wp-cron.php?doing_wp_cron=1759620766.7596390247344970703125 HTTP/1.1" 200 389 "https://jomarlogistica.com.br/wp-cron.php?doing_wp_cron=1759620766.7596390247344970703125" "WordPress/5.8.10; https://jomarlogistica.com.br"
jomarlogistica.com.br:80 185.191.171.19 - - [04/Oct/2025:20:32:46 -0300] "GET /2023/03/29/ways-to-navigate-the-world-of-online-dating/ HTTP/1.1" 200 18298 "-" "Mozilla/5.0 (compatible; SemrushBot/7~bl; +http://www.semrush.com/bot.html)"
jomarlogistica.com.br:80 114.119.135.84 - - [04/Oct/2025:20:32:47 -0300] "GET /category/jomar/page/15/ HTTP/1.1" 200 18827 "https://jomarlogistica.com.br/category/jomar/page/16/" "Mozilla/5.0 (Linux; Android 7.0;) AppleWebKit/537.36 (KHTML, like Gecko) Mobile Safari/537.36 (compatible; PetalBot;+https://webmaster.petalsearch.com/site/petalbot)"
jomarlogistica.com.br:80 127.0.0.1 - - [04/Oct/2025:20:32:52 -0300] "OPTIONS * HTTP/1.0" 200 110 "-" "Apache/2.4.65 (Ubuntu) (internal dummy connection)"
jomarlogistica.com.br:80 57.141.6.36 - - [04/Oct/2025:20:33:55 -0300] "GET /2023/10/03/cds-full-form-age-limit-eligibility-criteria-for-cds-exam/ HTTP/1.1" 200 60605 "-" "meta-externalagent/1.1 (+https://developers.facebook.com/docs/sharing/webmasters/crawler)"
jomarlogistica.com.br:80 172.20.1.198 - - [04/Oct/2025:20:38:23 -0300] "POST /wp-cron.php?doing_wp_cron=1759621103.7205929756164550781250 HTTP/1.1" 200 389 "https://jomarlogistica.com.br/wp-cron.php?doing_wp_cron=1759621103.7205929756164550781250" "WordPress/5.8.10; https://jomarlogistica.com.br"
jomarlogistica.com.br:80 185.191.171.3 - - [04/Oct/2025:20:38:23 -0300] "GET /2023/02/28/the-challenges-of-dating-someone-from-an-alternate-country/ HTTP/1.1" 200 18246 "-" "Mozilla/5.0 (compatible; SemrushBot/7~bl; +http://www.semrush.com/bot.html)"
jomarlogistica.com.br:80 127.0.0.1 - - [04/Oct/2025:20:38:29 -0300] "OPTIONS * HTTP/1.0" 200 110 "-" "Apache/2.4.65 (Ubuntu) (internal dummy connection)"
jomarlogistica.com.br:80 57.141.6.22 - - [04/Oct/2025:20:38:45 -0300] "GET /2023/05/21/abk-agreement-understanding-the-legal-aspects/ HTTP/1.1" 200 61056 "-" "meta-externalagent/1.1 (+https://developers.facebook.com/docs/sharing/webmasters/crawler)"
jomarlogistica.com.br:80 57.141.6.56 - - [04/Oct/2025:20:40:11 -0300] "GET /2023/12/14/adobe-agreement-sign-learn-how-to-sign-legal-documents-online/ HTTP/1.1" 200 61704 "-" "meta-externalagent/1.1 (+https://developers.facebook.com/docs/sharing/webmasters/crawler)"
jomarlogistica.com.br:80 172.20.1.198 - - [04/Oct/2025:20:42:55 -0300] "POST /wp-cron.php?doing_wp_cron=1759621375.7314479351043701171875 HTTP/1.1" 200 389 "https://jomarlogistica.com.br/wp-cron.php?doing_wp_cron=1759621375.7314479351043701171875" "WordPress/5.8.10; https://jomarlogistica.com.br"
jomarlogistica.com.br:80 57.141.6.9 - - [04/Oct/2025:20:42:55 -0300] "GET /2023/03/12/everything-you-need-to-know-about-child-benefit-new-rules-legal-guide/ HTTP/1.1" 200 61160 "-" "meta-externalagent/1.1 (+https://developers.facebook.com/docs/sharing/webmasters/crawler)"
jomarlogistica.com.br:80 127.0.0.1 - - [04/Oct/2025:20:43:00 -0300] "OPTIONS * HTTP/1.0" 200 110 "-" "Apache/2.4.65 (Ubuntu) (internal dummy connection)"
jomarlogistica.com.br:80 66.249.66.39 - - [04/Oct/2025:20:45:32 -0300] "GET /2022/05/ HTTP/1.1" 200 13523 "-" "Mozilla/5.0 (Linux; Android 6.0.1; Nexus 5X Build/MMB29P) AppleWebKit/537.36 (KHTML, like Gecko) Chrome/140.0.7339.207 Mobile Safari/537.36 (compatible; GoogleOther)"
jomarlogistica.com.br:80 172.20.1.198 - - [04/Oct/2025:20:49:38 -0300] "POST /wp-cron.php?doing_wp_cron=1759621778.9749031066894531250000 HTTP/1.1" 200 389 "https://jomarlogistica.com.br/wp-cron.php?doing_wp_cron=1759621778.9749031066894531250000" "WordPress/5.8.10; https://jomarlogistica.com.br"
jomarlogistica.com.br:80 114.119.128.158 - - [04/Oct/2025:20:49:38 -0300] "GET /category/jomar/page/3/ HTTP/1.1" 200 18754 "https://jomarlogistica.com.br/category/jomar/page/4/" "Mozilla/5.0 (Linux; Android 7.0;) AppleWebKit/537.36 (KHTML, like Gecko) Mobile Safari/537.36 (compatible; PetalBot;+https://webmaster.petalsearch.com/site/petalbot)"
jomarlogistica.com.br:80 127.0.0.1 - - [04/Oct/2025:20:49:45 -0300] "OPTIONS * HTTP/1.0" 200 110 "-" "Apache/2.4.65 (Ubuntu) (internal dummy connection)"
jomarlogistica.com.br:80 216.244.66.226 - - [04/Oct/2025:20:50:04 -0300] "GET /2023/04/25/tips-on-how-to-find-a-mailbox-order-new-bride-in-2023-get-yourself-a-significant-other-online/ HTTP/1.1" 200 84427 "-" "Mozilla/5.0 (compatible; DotBot/1.2; +https://opensiteexplorer.org/dotbot; help@moz.com)"
jomarlogistica.com.br:80 57.141.6.33 - - [04/Oct/2025:20:50:32 -0300] "GET /2022/12/11/understanding-actual-knowledge-in-company-law-key-concepts-and-applications/ HTTP/1.1" 200 62264 "-" "meta-externalagent/1.1 (+https://developers.facebook.com/docs/sharing/webmasters/crawler)"
jomarlogistica.com.br:80 172.20.1.198 - - [04/Oct/2025:21:05:01 -0300] "POST /wp-cron.php?doing_wp_cron=1759622701.7385509014129638671875 HTTP/1.1" 200 389 "https://jomarlogistica.com.br/wp-cron.php?doing_wp_cron=1759622701.7385509014129638671875" "WordPress/5.8.10; https://jomarlogistica.com.br"
jomarlogistica.com.br:80 114.119.136.72 - - [04/Oct/2025:21:05:01 -0300] "GET /2023/10/04/pia-private-internet-access-vs-avast-secureline-vpn/ HTTP/1.1" 200 17274 "https://jomarlogistica.com.br/2023/10/03/the-best-document-management-software/" "Mozilla/5.0 (Linux; Android 7.0;) AppleWebKit/537.36 (KHTML, like Gecko) Mobile Safari/537.36 (compatible; PetalBot;+https://webmaster.petalsearch.com/site/petalbot)"
jomarlogistica.com.br:80 57.141.6.68 - - [04/Oct/2025:21:05:04 -0300] "GET /2022/04/17/are-jamaican-marriages-legal-in-the-us-everything-you-need-to-know/ HTTP/1.1" 200 61639 "-" "meta-externalagent/1.1 (+https://developers.facebook.com/docs/sharing/webmasters/crawler)"
jomarlogistica.com.br:80 127.0.0.1 - - [04/Oct/2025:21:05:09 -0300] "OPTIONS * HTTP/1.0" 200 110 "-" "Apache/2.4.65 (Ubuntu) (internal dummy connection)"
jomarlogistica.com.br:80 172.20.1.198 - - [04/Oct/2025:21:06:23 -0300] "POST /wp-cron.php?doing_wp_cron=1759622783.1498498916625976562500 HTTP/1.1" 200 389 "https://jomarlogistica.com.br/wp-cron.php?doing_wp_cron=1759622783.1498498916625976562500" "WordPress/5.8.10; https://jomarlogistica.com.br"
jomarlogistica.com.br:80 114.119.138.130 - - [04/Oct/2025:21:06:22 -0300] "GET /2023/08/28/choosing-the-right-board-management-tool/ HTTP/1.1" 200 17217 "https://jomarlogistica.com.br/2023/08/26/how-to-choose-the-best-data-room-software/" "Mozilla/5.0 (Linux; Android 7.0;) AppleWebKit/537.36 (KHTML, like Gecko) Mobile Safari/537.36 (compatible; PetalBot;+https://webmaster.petalsearch.com/site/petalbot)"
jomarlogistica.com.br:80 127.0.0.1 - - [04/Oct/2025:21:06:29 -0300] "OPTIONS * HTTP/1.0" 200 110 "-" "Apache/2.4.65 (Ubuntu) (internal dummy connection)"
jomarlogistica.com.br:80 57.141.6.16 - - [04/Oct/2025:21:14:50 -0300] "GET /2022/ HTTP/1.1" 200 93932 "-" "meta-externalagent/1.1 (+https://developers.facebook.com/docs/sharing/webmasters/crawler)"
jomarlogistica.com.br:80 104.210.140.131 - - [04/Oct/2025:21:14:50 -0300] "GET /robots.txt HTTP/1.1" 200 584 "-" "Mozilla/5.0 (Macintosh; Intel Mac OS X 10_15_7) AppleWebKit/537.36 (KHTML, like Gecko) Chrome/131.0.0.0 Safari/537.36; compatible; OAI-SearchBot/1.0; +https://openai.com/searchbot"
jomarlogistica.com.br:80 172.20.1.198 - - [04/Oct/2025:21:14:51 -0300] "POST /wp-cron.php?doing_wp_cron=1759623290.7843248844146728515625 HTTP/1.1" 200 389 "https://jomarlogistica.com.br/wp-cron.php?doing_wp_cron=1759623290.7843248844146728515625" "WordPress/5.8.10; https://jomarlogistica.com.br"
jomarlogistica.com.br:80 57.141.6.40 - - [04/Oct/2025:21:14:52 -0300] "GET /2023/10/02/how-to-enable-and-disable-avast-game-mode/ HTTP/1.1" 200 79405 "-" "meta-externalagent/1.1 (+https://developers.facebook.com/docs/sharing/webmasters/crawler)"
jomarlogistica.com.br:80 127.0.0.1 - - [04/Oct/2025:21:14:57 -0300] "OPTIONS * HTTP/1.0" 200 110 "-" "Apache/2.4.65 (Ubuntu) (internal dummy connection)"
jomarlogistica.com.br:80 177.212.244.15 - - [04/Oct/2025:21:15:06 -0300] "POST /autodiscover/autodiscover.xml HTTP/1.1" 404 448 "-" "AppleExchangeWebServices/833 accountsd/113"
jomarlogistica.com.br:80 20.27.94.139 - - [04/Oct/2025:21:15:48 -0300] "GET /2024/01/16/is-owning-pet-squirrels-legal-in-florida-laws-regulations/ HTTP/1.1" 200 13814 "-" "Mozilla/5.0 AppleWebKit/537.36 (KHTML, like Gecko); compatible; ChatGPT-User/1.0; +https://openai.com/bot"
jomarlogistica.com.br:80 172.20.1.198 - - [04/Oct/2025:21:20:34 -0300] "POST /wp-cron.php?doing_wp_cron=1759623634.3124279975891113281250 HTTP/1.1" 200 389 "https://jomarlogistica.com.br/wp-cron.php?doing_wp_cron=1759623634.3124279975891113281250" "WordPress/5.8.10; https://jomarlogistica.com.br"
jomarlogistica.com.br:80 52.187.246.129 - - [04/Oct/2025:21:20:33 -0300] "GET /2023/06/23/backdated-agreement-singapore-legal-implications-process/ HTTP/1.1" 200 14913 "-" "Mozilla/5.0 AppleWebKit/537.36 (KHTML, like Gecko); compatible; ChatGPT-User/1.0; +https://openai.com/bot"
jomarlogistica.com.br:80 127.0.0.1 - - [04/Oct/2025:21:20:39 -0300] "OPTIONS * HTTP/1.0" 200 110 "-" "Apache/2.4.65 (Ubuntu) (internal dummy connection)"
jomarlogistica.com.br:80 20.25.151.230 - - [04/Oct/2025:21:21:12 -0300] "GET /2023/06/23/backdated-agreement-singapore-legal-implications-process/ HTTP/1.1" 200 14913 "-" "Mozilla/5.0 (Macintosh; Intel Mac OS X 10_15_7) AppleWebKit/537.36 (KHTML, like Gecko) Chrome/131.0.0.0 Safari/537.36; compatible; OAI-SearchBot/1.0; +https://openai.com/searchbot"
jomarlogistica.com.br:80 20.171.207.59 - - [04/Oct/2025:21:21:14 -0300] "GET /?a7b529c=7251004 HTTP/1.1" 200 287 "-" "Mozilla/5.0 AppleWebKit/537.36 (KHTML, like Gecko; compatible; GPTBot/1.2; +https://openai.com/gptbot)"
jomarlogistica.com.br:80 20.171.207.59 - - [04/Oct/2025:21:21:24 -0300] "GET / HTTP/1.1" 200 23930 "-" "Mozilla/5.0 AppleWebKit/537.36 (KHTML, like Gecko; compatible; GPTBot/1.2; +https://openai.com/gptbot)"
jomarlogistica.com.br:80 20.171.207.59 - - [04/Oct/2025:21:21:27 -0300] "GET /?p=53146 HTTP/1.1" 301 514 "-" "Mozilla/5.0 AppleWebKit/537.36 (KHTML, like Gecko; compatible; GPTBot/1.2; +https://openai.com/gptbot)"
jomarlogistica.com.br:80 20.171.207.59 - - [04/Oct/2025:21:21:27 -0300] "GET /2023/06/23/backdated-agreement-singapore-legal-implications-process/ HTTP/1.1" 200 14874 "-" "Mozilla/5.0 AppleWebKit/537.36 (KHTML, like Gecko; compatible; GPTBot/1.2; +https://openai.com/gptbot)"
jomarlogistica.com.br:80 172.20.1.198 - - [04/Oct/2025:21:22:47 -0300] "POST /wp-cron.php?doing_wp_cron=1759623767.2018570899963378906250 HTTP/1.1" 200 389 "https://jomarlogistica.com.br/wp-cron.php?doing_wp_cron=1759623767.2018570899963378906250" "WordPress/5.8.10; https://jomarlogistica.com.br"
jomarlogistica.com.br:80 114.119.138.130 - - [04/Oct/2025:21:22:46 -0300] "GET /author/jomar/page/23/ HTTP/1.1" 200 18919 "https://jomarlogistica.com.br/author/jomar/page/23/" "Mozilla/5.0 (Linux; Android 7.0;) AppleWebKit/537.36 (KHTML, like Gecko) Mobile Safari/537.36 (compatible; PetalBot;+https://webmaster.petalsearch.com/site/petalbot)"
jomarlogistica.com.br:80 127.0.0.1 - - [04/Oct/2025:21:22:53 -0300] "OPTIONS * HTTP/1.0" 200 110 "-" "Apache/2.4.65 (Ubuntu) (internal dummy connection)"
jomarlogistica.com.br:80 114.119.135.84 - - [04/Oct/2025:21:24:10 -0300] "GET /2023/06/04/man-dating-tips-to-help-you-_-design-your-primary-date/ HTTP/1.1" 200 19079 "https://jomarlogistica.com.br/2023/06/page/3/" "Mozilla/5.0 (Linux; Android 7.0;) AppleWebKit/537.36 (KHTML, like Gecko) Mobile Safari/537.36 (compatible; PetalBot;+https://webmaster.petalsearch.com/site/petalbot)"
jomarlogistica.com.br:80 114.119.136.72 - - [04/Oct/2025:21:25:32 -0300] "GET /2023/02/03/agarbatti-making-with-buyback-agreement-legal-company-services/ HTTP/1.1" 200 14591 "https://jomarlogistica.com.br/2023/02/04/can-simplisafe-be-used-for-business-legal-considerations-explained/" "Mozilla/5.0 (Linux; Android 7.0;) AppleWebKit/537.36 (KHTML, like Gecko) Mobile Safari/537.36 (compatible; PetalBot;+https://webmaster.petalsearch.com/site/petalbot)"
jomarlogistica.com.br:80 114.119.158.0 - - [04/Oct/2025:21:26:56 -0300] "GET /2022/11/19/how-to-find-millionaire-on-line/ HTTP/1.1" 200 17424 "https://jomarlogistica.com.br/2022/11/17/are-you-able-to-get-married-prolonged-distance/" "Mozilla/5.0 (Linux; Android 7.0;) AppleWebKit/537.36 (KHTML, like Gecko) Mobile Safari/537.36 (compatible; PetalBot;+https://webmaster.petalsearch.com/site/petalbot)"
jomarlogistica.com.br:80 172.20.1.198 - - [04/Oct/2025:21:32:45 -0300] "POST /wp-cron.php?doing_wp_cron=1759624365.0353538990020751953125 HTTP/1.1" 200 389 "https://jomarlogistica.com.br/wp-cron.php?doing_wp_cron=1759624365.0353538990020751953125" "WordPress/5.8.10; https://jomarlogistica.com.br"
jomarlogistica.com.br:80 177.212.244.15 - - [04/Oct/2025:21:32:44 -0300] "POST /autodiscover/autodiscover.xml HTTP/1.1" 404 448 "-" "AppleExchangeWebServices/833 accountsd/113"
jomarlogistica.com.br:80 127.0.0.1 - - [04/Oct/2025:21:32:49 -0300] "OPTIONS * HTTP/1.0" 200 110 "-" "Apache/2.4.65 (Ubuntu) (internal dummy connection)"
jomarlogistica.com.br:80 66.249.66.37 - - [04/Oct/2025:21:33:32 -0300] "GET /robots.txt HTTP/1.1" 200 584 "-" "Mozilla/5.0 (compatible; Googlebot/2.1; +http://www.google.com/bot.html)"
jomarlogistica.com.br:80 66.249.66.37 - - [04/Oct/2025:21:33:33 -0300] "GET / HTTP/1.1" 200 23930 "-" "Mozilla/5.0 (compatible; Googlebot/2.1; +http://www.google.com/bot.html)"
jomarlogistica.com.br:80 66.249.66.38 - - [04/Oct/2025:21:33:37 -0300] "GET /wp-content/uploads/elementor/css/post-5147.css?ver=1692608776 HTTP/1.1" 200 2059 "https://jomarlogistica.com.br/" "Mozilla/5.0 AppleWebKit/537.36 (KHTML, like Gecko; compatible; Googlebot/2.1; +http://www.google.com/bot.html) Chrome/139.0.7258.127 Safari/537.36"
jomarlogistica.com.br:80 66.249.66.37 - - [04/Oct/2025:21:33:37 -0300] "GET /wp-content/themes/consultio/elementor/js/ct-counter-widget.js?ver=2.8.0 HTTP/1.1" 200 845 "https://jomarlogistica.com.br/" "Mozilla/5.0 AppleWebKit/537.36 (KHTML, like Gecko; compatible; Googlebot/2.1; +http://www.google.com/bot.html) Chrome/139.0.7258.127 Safari/537.36"
jomarlogistica.com.br:80 66.249.66.38 - - [04/Oct/2025:21:33:37 -0300] "GET /wp-content/plugins/elementor/assets/lib/jquery-numerator/jquery-numerator.min.js?ver=0.2.1 HTTP/1.1" 200 1116 "https://jomarlogistica.com.br/" "Mozilla/5.0 AppleWebKit/537.36 (KHTML, like Gecko; compatible; Googlebot/2.1; +http://www.google.com/bot.html) Chrome/139.0.7258.127 Safari/537.36"
jomarlogistica.com.br:80 66.249.66.37 - - [04/Oct/2025:21:33:37 -0300] "GET /wp-includes/js/imagesloaded.min.js?ver=4.1.4 HTTP/1.1" 200 2270 "https://jomarlogistica.com.br/" "Mozilla/5.0 AppleWebKit/537.36 (KHTML, like Gecko; compatible; Googlebot/2.1; +http://www.google.com/bot.html) Chrome/139.0.7258.127 Safari/537.36"
jomarlogistica.com.br:80 66.249.66.38 - - [04/Oct/2025:21:33:38 -0300] "GET /wp-content/themes/consultio/elementor/js/ct-post-grid-widget.js?ver=2.8.0 HTTP/1.1" 200 760 "https://jomarlogistica.com.br/" "Mozilla/5.0 AppleWebKit/537.36 (KHTML, like Gecko; compatible; Googlebot/2.1; +http://www.google.com/bot.html) Chrome/139.0.7258.127 Safari/537.36"
jomarlogistica.com.br:80 66.249.66.37 - - [04/Oct/2025:21:33:38 -0300] "GET /wp-content/plugins/elementor/assets/lib/slick/slick.min.js?ver=1.8.1 HTTP/1.1" 200 11405 "https://jomarlogistica.com.br/" "Mozilla/5.0 AppleWebKit/537.36 (KHTML, like Gecko; compatible; Googlebot/2.1; +http://www.google.com/bot.html) Chrome/139.0.7258.127 Safari/537.36"
jomarlogistica.com.br:80 66.249.66.37 - - [04/Oct/2025:21:33:38 -0300] "GET /wp-content/themes/consultio/elementor/js/ct-post-carousel-widget.js?ver=2.8.0 HTTP/1.1" 200 1609 "https://jomarlogistica.com.br/" "Mozilla/5.0 AppleWebKit/537.36 (KHTML, like Gecko; compatible; Googlebot/2.1; +http://www.google.com/bot.html) Chrome/139.0.7258.127 Safari/537.36"
jomarlogistica.com.br:80 127.0.0.1 - - [04/Oct/2025:21:33:42 -0300] "OPTIONS * HTTP/1.0" 200 110 "-" "Apache/2.4.65 (Ubuntu) (internal dummy connection)"
jomarlogistica.com.br:80 172.20.1.198 - - [04/Oct/2025:21:37:25 -0300] "POST /wp-cron.php?doing_wp_cron=1759624645.9733769893646240234375 HTTP/1.1" 200 389 "https://jomarlogistica.com.br/wp-cron.php?doing_wp_cron=1759624645.9733769893646240234375" "WordPress/5.8.10; https://jomarlogistica.com.br"
jomarlogistica.com.br:80 114.119.134.192 - - [04/Oct/2025:21:37:25 -0300] "GET /2023/11/12/asda-new-employee-contract-understanding-the-legal-terms/ HTTP/1.1" 200 14226 "https://jomarlogistica.com.br/2023/11/12/asda-new-employee-contract-understanding-the-legal-terms/" "Mozilla/5.0 (Linux; Android 7.0;) AppleWebKit/537.36 (KHTML, like Gecko) Mobile Safari/537.36 (compatible; PetalBot;+https://webmaster.petalsearch.com/site/petalbot)"
jomarlogistica.com.br:80 127.0.0.1 - - [04/Oct/2025:21:37:30 -0300] "OPTIONS * HTTP/1.0" 200 110 "-" "Apache/2.4.65 (Ubuntu) (internal dummy connection)"
jomarlogistica.com.br:80 114.119.136.72 - - [04/Oct/2025:21:38:52 -0300] "GET /2022/12/page/4/ HTTP/1.1" 200 18496 "https://jomarlogistica.com.br/2022/12/page/4/" "Mozilla/5.0 (Linux; Android 7.0;) AppleWebKit/537.36 (KHTML, like Gecko) Mobile Safari/537.36 (compatible; PetalBot;+https://webmaster.petalsearch.com/site/petalbot)"
jomarlogistica.com.br:80 100.28.44.58 - - [04/Oct/2025:21:41:02 -0300] "GET /2022/09/15/understanding-accrued-legal-meaning-a-comprehensive-guide/ HTTP/1.1" 200 14006 "-" "Mozilla/5.0 AppleWebKit/537.36 (KHTML, like Gecko; compatible; Amazonbot/0.1; +https://developer.amazon.com/support/amazonbot) Chrome/119.0.6045.214 Safari/537.36"
jomarlogistica.com.br:80 172.20.1.198 - - [04/Oct/2025:21:49:46 -0300] "POST /wp-cron.php?doing_wp_cron=1759625386.4034819602966308593750 HTTP/1.1" 200 389 "https://jomarlogistica.com.br/wp-cron.php?doing_wp_cron=1759625386.4034819602966308593750" "WordPress/5.8.10; https://jomarlogistica.com.br"
jomarlogistica.com.br:80 177.212.244.15 - - [04/Oct/2025:21:49:46 -0300] "POST /autodiscover/autodiscover.xml HTTP/1.1" 404 448 "-" "AppleExchangeWebServices/833 accountsd/113"
jomarlogistica.com.br:80 127.0.0.1 - - [04/Oct/2025:21:49:51 -0300] "OPTIONS * HTTP/1.0" 200 110 "-" "Apache/2.4.65 (Ubuntu) (internal dummy connection)"
jomarlogistica.com.br:80 172.20.1.198 - - [04/Oct/2025:21:52:42 -0300] "POST /wp-cron.php?doing_wp_cron=1759625562.2212679386138916015625 HTTP/1.1" 200 389 "https://jomarlogistica.com.br/wp-cron.php?doing_wp_cron=1759625562.2212679386138916015625" "WordPress/5.8.10; https://jomarlogistica.com.br"
jomarlogistica.com.br:80 57.141.6.34 - - [04/Oct/2025:21:52:41 -0300] "GET /2023/02/13/internet-dating-in-other-countries/ HTTP/1.1" 200 81157 "-" "meta-externalagent/1.1 (+https://developers.facebook.com/docs/sharing/webmasters/crawler)"
jomarlogistica.com.br:80 127.0.0.1 - - [04/Oct/2025:21:52:47 -0300] "OPTIONS * HTTP/1.0" 200 110 "-" "Apache/2.4.65 (Ubuntu) (internal dummy connection)"
jomarlogistica.com.br:80 114.119.128.158 - - [04/Oct/2025:21:54:59 -0300] "GET /2023/03/07/internet-dating-safety-strategies/ HTTP/1.1" 200 17344 "https://jomarlogistica.com.br/author/jomar/page/35/" "Mozilla/5.0 (Linux; Android 7.0;) AppleWebKit/537.36 (KHTML, like Gecko) Mobile Safari/537.36 (compatible; PetalBot;+https://webmaster.petalsearch.com/site/petalbot)"
jomarlogistica.com.br:80 172.20.1.198 - - [04/Oct/2025:22:02:17 -0300] "POST /wp-cron.php?doing_wp_cron=1759626137.5033230781555175781250 HTTP/1.1" 200 389 "https://jomarlogistica.com.br/wp-cron.php?doing_wp_cron=1759626137.5033230781555175781250" "WordPress/5.8.10; https://jomarlogistica.com.br"
jomarlogistica.com.br:80 57.141.6.76 - - [04/Oct/2025:22:02:17 -0300] "GET /2023/06/10/11-best-hookup-sites-in-2023-prime-websites-for-hook-ups/ HTTP/1.1" 200 79356 "-" "meta-externalagent/1.1 (+https://developers.facebook.com/docs/sharing/webmasters/crawler)"
jomarlogistica.com.br:80 127.0.0.1 - - [04/Oct/2025:22:02:23 -0300] "OPTIONS * HTTP/1.0" 200 110 "-" "Apache/2.4.65 (Ubuntu) (internal dummy connection)"
jomarlogistica.com.br:80 114.119.135.84 - - [04/Oct/2025:22:10:10 -0300] "GET /2023/08/08/item-business-calculating/ HTTP/1.1" 200 17341 "https://jomarlogistica.com.br/category/jomar/page/14/" "Mozilla/5.0 (Linux; Android 7.0;) AppleWebKit/537.36 (KHTML, like Gecko) Mobile Safari/537.36 (compatible; PetalBot;+https://webmaster.petalsearch.com/site/petalbot)"
jomarlogistica.com.br:80 172.20.1.198 - - [04/Oct/2025:22:10:11 -0300] "GET / HTTP/1.1" 200 23930 "https://jomarlogistica.com.br/" "WordPress/5.8.10; https://jomarlogistica.com.br"
jomarlogistica.com.br:80 172.20.1.198 - - [04/Oct/2025:22:10:11 -0300] "POST /wp-cron.php?doing_wp_cron=1759626611.0377619266510009765625 HTTP/1.1" 200 389 "https://jomarlogistica.com.br/wp-cron.php?doing_wp_cron=1759626611.0377619266510009765625" "WordPress/5.8.10; https://jomarlogistica.com.br"
jomarlogistica.com.br:80 127.0.0.1 - - [04/Oct/2025:22:10:16 -0300] "OPTIONS * HTTP/1.0" 200 110 "-" "Apache/2.4.65 (Ubuntu) (internal dummy connection)"
jomarlogistica.com.br:80 127.0.0.1 - - [04/Oct/2025:22:10:17 -0300] "OPTIONS * HTTP/1.0" 200 110 "-" "Apache/2.4.65 (Ubuntu) (internal dummy connection)"
jomarlogistica.com.br:80 127.0.0.1 - - [04/Oct/2025:22:10:18 -0300] "OPTIONS * HTTP/1.0" 200 110 "-" "Apache/2.4.65 (Ubuntu) (internal dummy connection)"
jomarlogistica.com.br:80 114.119.138.207 - - [04/Oct/2025:22:11:33 -0300] "GET /2022/12/30/why-older-men-and-younger-females-are-seeing/ HTTP/1.1" 200 18195 "https://jomarlogistica.com.br/2022/" "Mozilla/5.0 (Linux; Android 7.0;) AppleWebKit/537.36 (KHTML, like Gecko) Mobile Safari/537.36 (compatible; PetalBot;+https://webmaster.petalsearch.com/site/petalbot)"
jomarlogistica.com.br:80 57.141.6.4 - - [04/Oct/2025:22:11:36 -0300] "GET /2023/05/08/where-to-find-a-european-bride/ HTTP/1.1" 200 81780 "-" "meta-externalagent/1.1 (+https://developers.facebook.com/docs/sharing/webmasters/crawler)"
jomarlogistica.com.br:80 172.20.1.198 - - [04/Oct/2025:22:12:48 -0300] "POST /wp-cron.php?doing_wp_cron=1759626768.4746599197387695312500 HTTP/1.1" 200 389 "https://jomarlogistica.com.br/wp-cron.php?doing_wp_cron=1759626768.4746599197387695312500" "WordPress/5.8.10; https://jomarlogistica.com.br"
jomarlogistica.com.br:80 57.141.6.73 - - [04/Oct/2025:22:12:48 -0300] "GET /2023/02/19/wedding-tradition-in-croatia/ HTTP/1.1" 200 80734 "-" "meta-externalagent/1.1 (+https://developers.facebook.com/docs/sharing/webmasters/crawler)"
jomarlogistica.com.br:80 127.0.0.1 - - [04/Oct/2025:22:12:55 -0300] "OPTIONS * HTTP/1.0" 200 110 "-" "Apache/2.4.65 (Ubuntu) (internal dummy connection)"
jomarlogistica.com.br:80 114.119.159.76 - - [04/Oct/2025:22:12:56 -0300] "GET /2022/10/18/can-you-really-get-married-extended-distance/ HTTP/1.1" 200 18029 "https://jomarlogistica.com.br/2022/page/12/" "Mozilla/5.0 (Linux; Android 7.0;) AppleWebKit/537.36 (KHTML, like Gecko) Mobile Safari/537.36 (compatible; PetalBot;+https://webmaster.petalsearch.com/site/petalbot)"
jomarlogistica.com.br:80 57.141.6.17 - - [04/Oct/2025:22:13:43 -0300] "GET /2023/09/28/car-sale-agreement-stamp-paper-legal-document-for-vehicle-sale/ HTTP/1.1" 200 60619 "-" "meta-externalagent/1.1 (+https://developers.facebook.com/docs/sharing/webmasters/crawler)"
jomarlogistica.com.br:80 177.212.244.15 - - [04/Oct/2025:22:16:08 -0300] "POST /autodiscover/autodiscover.xml HTTP/1.1" 404 448 "-" "AppleExchangeWebServices/833 accountsd/113"
jomarlogistica.com.br:80 185.94.32.13 - - [04/Oct/2025:22:19:30 -0300] "POST /xmlrpc.php HTTP/1.1" 403 2493 "-" "Mozilla/5.0 (Macintosh; Intel Mac OS X 10_14_5) AppleWebKit/534.39 (KHTML, like Gecko111) Chrome/98.4 Safari/533.58"
jomarlogistica.com.br:80 193.203.9.73 - - [04/Oct/2025:22:19:30 -0300] "POST /xmlrpc.php HTTP/1.1" 403 2493 "-" "Mozilla/5.0 (Macintosh; Intel Mac OS X 10_14_2) AppleWebKit/537.31 (KHTML, like Gecko111) Chrome/95.1 Safari/533.57"
jomarlogistica.com.br:80 199.96.166.26 - - [04/Oct/2025:22:19:30 -0300] "POST /xmlrpc.php HTTP/1.1" 403 2493 "-" "Mozilla/5.0 (Macintosh; Intel Mac OS X 10_14_1) AppleWebKit/537.33 (KHTML, like Gecko111) Chrome/97.5 Safari/536.57"
jomarlogistica.com.br:80 172.20.1.198 - - [04/Oct/2025:22:22:19 -0300] "POST /wp-cron.php?doing_wp_cron=1759627339.7004249095916748046875 HTTP/1.1" 200 389 "https://jomarlogistica.com.br/wp-cron.php?doing_wp_cron=1759627339.7004249095916748046875" "WordPress/5.8.10; https://jomarlogistica.com.br"
jomarlogistica.com.br:80 57.141.6.16 - - [04/Oct/2025:22:22:19 -0300] "GET /2023/05/04/cities-and-knights-barbarian-attack-rules-expert-strategies-for-legal-defense/ HTTP/1.1" 200 62967 "-" "meta-externalagent/1.1 (+https://developers.facebook.com/docs/sharing/webmasters/crawler)"
jomarlogistica.com.br:80 127.0.0.1 - - [04/Oct/2025:22:22:24 -0300] "OPTIONS * HTTP/1.0" 200 110 "-" "Apache/2.4.65 (Ubuntu) (internal dummy connection)"
jomarlogistica.com.br:80 172.20.1.198 - - [04/Oct/2025:22:30:06 -0300] "POST /wp-cron.php?doing_wp_cron=1759627806.7351129055023193359375 HTTP/1.1" 200 389 "https://jomarlogistica.com.br/wp-cron.php?doing_wp_cron=1759627806.7351129055023193359375" "WordPress/5.8.10; https://jomarlogistica.com.br"
jomarlogistica.com.br:80 114.119.128.158 - - [04/Oct/2025:22:30:06 -0300] "GET /2022/10/17/what-exactly-mutually-beneficial-arrangement/ HTTP/1.1" 200 18174 "https://jomarlogistica.com.br/2022/page/12/" "Mozilla/5.0 (Linux; Android 7.0;) AppleWebKit/537.36 (KHTML, like Gecko) Mobile Safari/537.36 (compatible; PetalBot;+https://webmaster.petalsearch.com/site/petalbot)"
jomarlogistica.com.br:80 127.0.0.1 - - [04/Oct/2025:22:30:12 -0300] "OPTIONS * HTTP/1.0" 200 110 "-" "Apache/2.4.65 (Ubuntu) (internal dummy connection)"
jomarlogistica.com.br:80 114.119.136.72 - - [04/Oct/2025:22:31:28 -0300] "GET /2022/11/17/free-of-charge-dating-and-chatting-sites-for-lonely-women/ HTTP/1.1" 200 17438 "https://jomarlogistica.com.br/2022/page/8/" "Mozilla/5.0 (Linux; Android 7.0;) AppleWebKit/537.36 (KHTML, like Gecko) Mobile Safari/537.36 (compatible; PetalBot;+https://webmaster.petalsearch.com/site/petalbot)"
jomarlogistica.com.br:80 172.20.1.198 - - [04/Oct/2025:22:32:51 -0300] "POST /wp-cron.php?doing_wp_cron=1759627971.3026471138000488281250 HTTP/1.1" 200 389 "https://jomarlogistica.com.br/wp-cron.php?doing_wp_cron=1759627971.3026471138000488281250" "WordPress/5.8.10; https://jomarlogistica.com.br"
jomarlogistica.com.br:80 114.119.159.76 - - [04/Oct/2025:22:32:50 -0300] "GET /2023/10/02/avast-premier-review/ HTTP/1.1" 200 17218 "https://jomarlogistica.com.br/category/jomar/page/6/" "Mozilla/5.0 (Linux; Android 7.0;) AppleWebKit/537.36 (KHTML, like Gecko) Mobile Safari/537.36 (compatible; PetalBot;+https://webmaster.petalsearch.com/site/petalbot)"
jomarlogistica.com.br:80 127.0.0.1 - - [04/Oct/2025:22:32:57 -0300] "OPTIONS * HTTP/1.0" 200 110 "-" "Apache/2.4.65 (Ubuntu) (internal dummy connection)"
jomarlogistica.com.br:80 177.212.244.15 - - [04/Oct/2025:22:33:40 -0300] "POST /autodiscover/autodiscover.xml HTTP/1.1" 404 448 "-" "AppleExchangeWebServices/833 accountsd/113"
jomarlogistica.com.br:80 172.20.1.198 - - [04/Oct/2025:22:37:38 -0300] "POST /wp-cron.php?doing_wp_cron=1759628258.7627980709075927734375 HTTP/1.1" 200 389 "https://jomarlogistica.com.br/wp-cron.php?doing_wp_cron=1759628258.7627980709075927734375" "WordPress/5.8.10; https://jomarlogistica.com.br"
jomarlogistica.com.br:80 143.255.14.152 - - [04/Oct/2025:22:37:38 -0300] "GET /2022/12/31/canada-paris-agreement-ratification-legal-analysis-implications/ HTTP/1.1" 200 14376 "-" "Mozilla/5.0 (Macintosh; Intel Mac OS X 10_15_7) AppleWebKit/537.36 (KHTML, like Gecko) Chrome/125.0.0.0 Safari/537.36"
jomarlogistica.com.br:80 143.255.14.152 - - [04/Oct/2025:22:37:40 -0300] "GET /wp-content/plugins/case-theme-core/assets/js/main.js?ver=1.0.0 HTTP/1.1" 200 570 "https://jomarlogistica.com.br/2022/12/31/canada-paris-agreement-ratification-legal-analysis-implications/" "Mozilla/5.0 (Macintosh; Intel Mac OS X 10_15_7) AppleWebKit/537.36 (KHTML, like Gecko) Chrome/125.0.0.0 Safari/537.36"
jomarlogistica.com.br:80 143.255.14.152 - - [04/Oct/2025:22:37:40 -0300] "GET /wp-includes/js/jquery/jquery.min.js?ver=3.6.0 HTTP/1.1" 200 32444 "https://jomarlogistica.com.br/2022/12/31/canada-paris-agreement-ratification-legal-analysis-implications/" "Mozilla/5.0 (Macintosh; Intel Mac OS X 10_15_7) AppleWebKit/537.36 (KHTML, like Gecko) Chrome/125.0.0.0 Safari/537.36"
jomarlogistica.com.br:80 143.255.14.152 - - [04/Oct/2025:22:37:40 -0300] "GET /wp-content/themes/consultio/elementor/js/ct-inline-css.js?ver=2.8.0 HTTP/1.1" 200 864 "https://jomarlogistica.com.br/2022/12/31/canada-paris-agreement-ratification-legal-analysis-implications/" "Mozilla/5.0 (Macintosh; Intel Mac OS X 10_15_7) AppleWebKit/537.36 (KHTML, like Gecko) Chrome/125.0.0.0 Safari/537.36"
jomarlogistica.com.br:80 143.255.14.152 - - [04/Oct/2025:22:37:40 -0300] "GET /wp-includes/js/jquery/jquery-migrate.min.js?ver=3.3.2 HTTP/1.1" 200 4613 "https://jomarlogistica.com.br/2022/12/31/canada-paris-agreement-ratification-legal-analysis-implications/" "Mozilla/5.0 (Macintosh; Intel Mac OS X 10_15_7) AppleWebKit/537.36 (KHTML, like Gecko) Chrome/125.0.0.0 Safari/537.36"
jomarlogistica.com.br:80 143.255.14.152 - - [04/Oct/2025:22:37:40 -0300] "GET /wp-content/uploads/2021/12/logo.png HTTP/1.1" 200 32663 "https://jomarlogistica.com.br/2022/12/31/canada-paris-agreement-ratification-legal-analysis-implications/" "Mozilla/5.0 (Macintosh; Intel Mac OS X 10_15_7) AppleWebKit/537.36 (KHTML, like Gecko) Chrome/125.0.0.0 Safari/537.36"
jomarlogistica.com.br:80 143.255.14.152 - - [04/Oct/2025:22:37:41 -0300] "GET /wp-content/plugins/case-theme-user/acess/js/ct-user-form.js?ver=1.0.0 HTTP/1.1" 200 2307 "https://jomarlogistica.com.br/2022/12/31/canada-paris-agreement-ratification-legal-analysis-implications/" "Mozilla/5.0 (Macintosh; Intel Mac OS X 10_15_7) AppleWebKit/537.36 (KHTML, like Gecko) Chrome/125.0.0.0 Safari/537.36"
jomarlogistica.com.br:80 143.255.14.152 - - [04/Oct/2025:22:37:41 -0300] "GET /wp-includes/js/wp-embed.min.js?ver=5.8.10 HTTP/1.1" 200 1177 "https://jomarlogistica.com.br/2022/12/31/canada-paris-agreement-ratification-legal-analysis-implications/" "Mozilla/5.0 (Macintosh; Intel Mac OS X 10_15_7) AppleWebKit/537.36 (KHTML, like Gecko) Chrome/125.0.0.0 Safari/537.36"
jomarlogistica.com.br:80 143.255.14.152 - - [04/Oct/2025:22:37:41 -0300] "GET /wp-includes/js/dist/vendor/regenerator-runtime.min.js?ver=0.13.7 HTTP/1.1" 200 2798 "https://jomarlogistica.com.br/2022/12/31/canada-paris-agreement-ratification-legal-analysis-implications/" "Mozilla/5.0 (Macintosh; Intel Mac OS X 10_15_7) AppleWebKit/537.36 (KHTML, like Gecko) Chrome/125.0.0.0 Safari/537.36"
jomarlogistica.com.br:80 143.255.14.152 - - [04/Oct/2025:22:37:41 -0300] "GET /wp-content/themes/consultio/assets/js/bootstrap.min.js?ver=4.0.0 HTTP/1.1" 200 14168 "https://jomarlogistica.com.br/2022/12/31/canada-paris-agreement-ratification-legal-analysis-implications/" "Mozilla/5.0 (Macintosh; Intel Mac OS X 10_15_7) AppleWebKit/537.36 (KHTML, like Gecko) Chrome/125.0.0.0 Safari/537.36"
jomarlogistica.com.br:80 143.255.14.152 - - [04/Oct/2025:22:37:41 -0300] "GET /wp-content/plugins/booked/includes/add-ons/frontend-agents/js/functions.js?ver=2.3.5 HTTP/1.1" 200 1592 "https://jomarlogistica.com.br/2022/12/31/canada-paris-agreement-ratification-legal-analysis-implications/" "Mozilla/5.0 (Macintosh; Intel Mac OS X 10_15_7) AppleWebKit/537.36 (KHTML, like Gecko) Chrome/125.0.0.0 Safari/537.36"
jomarlogistica.com.br:80 143.255.14.152 - - [04/Oct/2025:22:37:42 -0300] "GET /wp-content/plugins/booked/assets/js/spin.min.js?ver=2.0.1 HTTP/1.1" 200 2482 "https://jomarlogistica.com.br/2022/12/31/canada-paris-agreement-ratification-legal-analysis-implications/" "Mozilla/5.0 (Macintosh; Intel Mac OS X 10_15_7) AppleWebKit/537.36 (KHTML, like Gecko) Chrome/125.0.0.0 Safari/537.36"
jomarlogistica.com.br:80 143.255.14.152 - - [04/Oct/2025:22:37:42 -0300] "GET /wp-content/themes/consultio/assets/js/nice-select.min.js?ver=all HTTP/1.1" 200 1420 "https://jomarlogistica.com.br/2022/12/31/canada-paris-agreement-ratification-legal-analysis-implications/" "Mozilla/5.0 (Macintosh; Intel Mac OS X 10_15_7) AppleWebKit/537.36 (KHTML, like Gecko) Chrome/125.0.0.0 Safari/537.36"
jomarlogistica.com.br:80 143.255.14.152 - - [04/Oct/2025:22:37:42 -0300] "GET /wp-content/themes/consultio/assets/js/match-height-min.js?ver=1.0.0 HTTP/1.1" 200 3557 "https://jomarlogistica.com.br/2022/12/31/canada-paris-agreement-ratification-legal-analysis-implications/" "Mozilla/5.0 (Macintosh; Intel Mac OS X 10_15_7) AppleWebKit/537.36 (KHTML, like Gecko) Chrome/125.0.0.0 Safari/537.36"
jomarlogistica.com.br:80 143.255.14.152 - - [04/Oct/2025:22:37:42 -0300] "GET /wp-content/plugins/booked/assets/js/tooltipster/js/jquery.tooltipster.min.js?ver=3.3.0 HTTP/1.1" 200 5373 "https://jomarlogistica.com.br/2022/12/31/canada-paris-agreement-ratification-legal-analysis-implications/" "Mozilla/5.0 (Macintosh; Intel Mac OS X 10_15_7) AppleWebKit/537.36 (KHTML, like Gecko) Chrome/125.0.0.0 Safari/537.36"
jomarlogistica.com.br:80 143.255.14.152 - - [04/Oct/2025:22:37:42 -0300] "GET /wp-content/themes/consultio/assets/js/wow.min.js?ver=1.0.0 HTTP/1.1" 200 3260 "https://jomarlogistica.com.br/2022/12/31/canada-paris-agreement-ratification-legal-analysis-implications/" "Mozilla/5.0 (Macintosh; Intel Mac OS X 10_15_7) AppleWebKit/537.36 (KHTML, like Gecko) Chrome/125.0.0.0 Safari/537.36"
jomarlogistica.com.br:80 143.255.14.152 - - [04/Oct/2025:22:37:42 -0300] "GET /wp-content/plugins/case-theme-user/acess/js/notify.min.js?ver=1.0.0 HTTP/1.1" 200 7826 "https://jomarlogistica.com.br/2022/12/31/canada-paris-agreement-ratification-legal-analysis-implications/" "Mozilla/5.0 (Macintosh; Intel Mac OS X 10_15_7) AppleWebKit/537.36 (KHTML, like Gecko) Chrome/125.0.0.0 Safari/537.36"
jomarlogistica.com.br:80 143.255.14.152 - - [04/Oct/2025:22:37:42 -0300] "GET /wp-includes/js/jquery/ui/mouse.min.js?ver=1.12.1 HTTP/1.1" 200 1479 "https://jomarlogistica.com.br/2022/12/31/canada-paris-agreement-ratification-legal-analysis-implications/" "Mozilla/5.0 (Macintosh; Intel Mac OS X 10_15_7) AppleWebKit/537.36 (KHTML, like Gecko) Chrome/125.0.0.0 Safari/537.36"
jomarlogistica.com.br:80 143.255.14.152 - - [04/Oct/2025:22:37:42 -0300] "GET /wp-includes/js/jquery/ui/core.min.js?ver=1.12.1 HTTP/1.1" 200 7418 "https://jomarlogistica.com.br/2022/12/31/canada-paris-agreement-ratification-legal-analysis-implications/" "Mozilla/5.0 (Macintosh; Intel Mac OS X 10_15_7) AppleWebKit/537.36 (KHTML, like Gecko) Chrome/125.0.0.0 Safari/537.36"
jomarlogistica.com.br:80 143.255.14.152 - - [04/Oct/2025:22:37:42 -0300] "GET /wp-includes/js/jquery/ui/slider.min.js?ver=1.12.1 HTTP/1.1" 200 3621 "https://jomarlogistica.com.br/2022/12/31/canada-paris-agreement-ratification-legal-analysis-implications/" "Mozilla/5.0 (Macintosh; Intel Mac OS X 10_15_7) AppleWebKit/537.36 (KHTML, like Gecko) Chrome/125.0.0.0 Safari/537.36"
