jomarlogistica.com.br:80 43.166.136.153 - - [04/Oct/2025:06:19:22 -0300] "GET / HTTP/1.1" 200 23930 "http://jomarlogistica.com.br" "Mozilla/5.0 (iPhone; CPU iPhone OS 13_2_3 like Mac OS X) AppleWebKit/605.1.15 (KHTML, like Gecko) Version/13.0.3 Mobile/15E148 Safari/604.1"
jomarlogistica.com.br:80 127.0.0.1 - - [04/Oct/2025:06:19:28 -0300] "OPTIONS * HTTP/1.0" 200 110 "-" "Apache/2.4.65 (Ubuntu) (internal dummy connection)"
jomarlogistica.com.br:80 177.212.249.167 - - [04/Oct/2025:06:20:38 -0300] "POST /autodiscover/autodiscover.xml HTTP/1.1" 404 448 "-" "AppleExchangeWebServices/833 accountsd/113"
jomarlogistica.com.br:80 81.56.204.40 - - [04/Oct/2025:06:22:02 -0300] "GET /2023/03/12/everything-you-need-to-know-about-child-benefit-new-rules-legal-guide/ HTTP/1.1" 200 14145 "-" "Mozilla/5.0 (Macintosh; Intel Mac OS X 10_15_7) AppleWebKit/537.36 (KHTML, like Gecko) Chrome/125.0.0.0 Safari/537.36"
jomarlogistica.com.br:80 81.56.204.40 - - [04/Oct/2025:06:22:05 -0300] "GET /wp-content/themes/consultio/elementor/js/ct-inline-css.js?ver=2.8.0 HTTP/1.1" 200 864 "https://jomarlogistica.com.br/2023/03/12/everything-you-need-to-know-about-child-benefit-new-rules-legal-guide/" "Mozilla/5.0 (Macintosh; Intel Mac OS X 10_15_7) AppleWebKit/537.36 (KHTML, like Gecko) Chrome/125.0.0.0 Safari/537.36"
jomarlogistica.com.br:80 81.56.204.40 - - [04/Oct/2025:06:22:05 -0300] "GET /wp-content/plugins/case-theme-core/assets/js/main.js?ver=1.0.0 HTTP/1.1" 200 570 "https://jomarlogistica.com.br/2023/03/12/everything-you-need-to-know-about-child-benefit-new-rules-legal-guide/" "Mozilla/5.0 (Macintosh; Intel Mac OS X 10_15_7) AppleWebKit/537.36 (KHTML, like Gecko) Chrome/125.0.0.0 Safari/537.36"
jomarlogistica.com.br:80 81.56.204.40 - - [04/Oct/2025:06:22:05 -0300] "GET /wp-includes/js/jquery/jquery.min.js?ver=3.6.0 HTTP/1.1" 200 32444 "https://jomarlogistica.com.br/2023/03/12/everything-you-need-to-know-about-child-benefit-new-rules-legal-guide/" "Mozilla/5.0 (Macintosh; Intel Mac OS X 10_15_7) AppleWebKit/537.36 (KHTML, like Gecko) Chrome/125.0.0.0 Safari/537.36"
jomarlogistica.com.br:80 81.56.204.40 - - [04/Oct/2025:06:22:05 -0300] "GET /wp-includes/js/jquery/jquery-migrate.min.js?ver=3.3.2 HTTP/1.1" 200 4613 "https://jomarlogistica.com.br/2023/03/12/everything-you-need-to-know-about-child-benefit-new-rules-legal-guide/" "Mozilla/5.0 (Macintosh; Intel Mac OS X 10_15_7) AppleWebKit/537.36 (KHTML, like Gecko) Chrome/125.0.0.0 Safari/537.36"
jomarlogistica.com.br:80 81.56.204.40 - - [04/Oct/2025:06:22:05 -0300] "GET /wp-includes/js/jquery/ui/core.min.js?ver=1.12.1 HTTP/1.1" 200 7418 "https://jomarlogistica.com.br/2023/03/12/everything-you-need-to-know-about-child-benefit-new-rules-legal-guide/" "Mozilla/5.0 (Macintosh; Intel Mac OS X 10_15_7) AppleWebKit/537.36 (KHTML, like Gecko) Chrome/125.0.0.0 Safari/537.36"
jomarlogistica.com.br:80 81.56.204.40 - - [04/Oct/2025:06:22:07 -0300] "GET /wp-content/plugins/booked/assets/js/spin.min.js?ver=2.0.1 HTTP/1.1" 200 2463 "https://jomarlogistica.com.br/2023/03/12/everything-you-need-to-know-about-child-benefit-new-rules-legal-guide/" "Mozilla/5.0 (Macintosh; Intel Mac OS X 10_15_7) AppleWebKit/537.36 (KHTML, like Gecko) Chrome/125.0.0.0 Safari/537.36"
jomarlogistica.com.br:80 81.56.204.40 - - [04/Oct/2025:06:22:07 -0300] "GET /wp-includes/js/jquery/ui/datepicker.min.js?ver=1.12.1 HTTP/1.1" 200 11555 "https://jomarlogistica.com.br/2023/03/12/everything-you-need-to-know-about-child-benefit-new-rules-legal-guide/" "Mozilla/5.0 (Macintosh; Intel Mac OS X 10_15_7) AppleWebKit/537.36 (KHTML, like Gecko) Chrome/125.0.0.0 Safari/537.36"
jomarlogistica.com.br:80 81.56.204.40 - - [04/Oct/2025:06:22:08 -0300] "GET /wp-content/plugins/case-theme-user/acess/js/notify.min.js?ver=1.0.0 HTTP/1.1" 200 7826 "https://jomarlogistica.com.br/2023/03/12/everything-you-need-to-know-about-child-benefit-new-rules-legal-guide/" "Mozilla/5.0 (Macintosh; Intel Mac OS X 10_15_7) AppleWebKit/537.36 (KHTML, like Gecko) Chrome/125.0.0.0 Safari/537.36"
jomarlogistica.com.br:80 81.56.204.40 - - [04/Oct/2025:06:22:08 -0300] "GET /wp-content/plugins/booked/assets/js/spin.jquery.js?ver=2.0.1 HTTP/1.1" 200 1167 "https://jomarlogistica.com.br/2023/03/12/everything-you-need-to-know-about-child-benefit-new-rules-legal-guide/" "Mozilla/5.0 (Macintosh; Intel Mac OS X 10_15_7) AppleWebKit/537.36 (KHTML, like Gecko) Chrome/125.0.0.0 Safari/537.36"
jomarlogistica.com.br:80 81.56.204.40 - - [04/Oct/2025:06:22:08 -0300] "GET /wp-content/plugins/booked/assets/js/functions.js?ver=2.3.5 HTTP/1.1" 200 10029 "https://jomarlogistica.com.br/2023/03/12/everything-you-need-to-know-about-child-benefit-new-rules-legal-guide/" "Mozilla/5.0 (Macintosh; Intel Mac OS X 10_15_7) AppleWebKit/537.36 (KHTML, like Gecko) Chrome/125.0.0.0 Safari/537.36"
jomarlogistica.com.br:80 81.56.204.40 - - [04/Oct/2025:06:22:10 -0300] "GET /wp-content/plugins/booked/assets/js/tooltipster/js/jquery.tooltipster.min.js?ver=3.3.0 HTTP/1.1" 200 5373 "https://jomarlogistica.com.br/2023/03/12/everything-you-need-to-know-about-child-benefit-new-rules-legal-guide/" "Mozilla/5.0 (Macintosh; Intel Mac OS X 10_15_7) AppleWebKit/537.36 (KHTML, like Gecko) Chrome/125.0.0.0 Safari/537.36"
jomarlogistica.com.br:80 81.56.204.40 - - [04/Oct/2025:06:22:11 -0300] "GET /wp-content/plugins/case-theme-user/acess/js/remodal.min.js?ver=1.0.0 HTTP/1.1" 200 3045 "https://jomarlogistica.com.br/2023/03/12/everything-you-need-to-know-about-child-benefit-new-rules-legal-guide/" "Mozilla/5.0 (Macintosh; Intel Mac OS X 10_15_7) AppleWebKit/537.36 (KHTML, like Gecko) Chrome/125.0.0.0 Safari/537.36"
jomarlogistica.com.br:80 81.56.204.40 - - [04/Oct/2025:06:22:11 -0300] "GET /wp-content/plugins/case-theme-user/acess/js/ct-user-form.js?ver=1.0.0 HTTP/1.1" 200 2307 "https://jomarlogistica.com.br/2023/03/12/everything-you-need-to-know-about-child-benefit-new-rules-legal-guide/" "Mozilla/5.0 (Macintosh; Intel Mac OS X 10_15_7) AppleWebKit/537.36 (KHTML, like Gecko) Chrome/125.0.0.0 Safari/537.36"
jomarlogistica.com.br:80 81.56.204.40 - - [04/Oct/2025:06:22:11 -0300] "GET /wp-content/plugins/contact-form-7-multi-step/assets/frontend/js/cf7mls.js?ver=2.5.4 HTTP/1.1" 200 7286 "https://jomarlogistica.com.br/2023/03/12/everything-you-need-to-know-about-child-benefit-new-rules-legal-guide/" "Mozilla/5.0 (Macintosh; Intel Mac OS X 10_15_7) AppleWebKit/537.36 (KHTML, like Gecko) Chrome/125.0.0.0 Safari/537.36"
jomarlogistica.com.br:80 81.56.204.40 - - [04/Oct/2025:06:22:11 -0300] "GET /wp-content/plugins/contact-form-7/includes/js/index.js?ver=5.5.3 HTTP/1.1" 200 4264 "https://jomarlogistica.com.br/2023/03/12/everything-you-need-to-know-about-child-benefit-new-rules-legal-guide/" "Mozilla/5.0 (Macintosh; Intel Mac OS X 10_15_7) AppleWebKit/537.36 (KHTML, like Gecko) Chrome/125.0.0.0 Safari/537.36"
jomarlogistica.com.br:80 81.56.204.40 - - [04/Oct/2025:06:22:11 -0300] "GET /wp-includes/js/dist/vendor/regenerator-runtime.min.js?ver=0.13.7 HTTP/1.1" 200 2798 "https://jomarlogistica.com.br/2023/03/12/everything-you-need-to-know-about-child-benefit-new-rules-legal-guide/" "Mozilla/5.0 (Macintosh; Intel Mac OS X 10_15_7) AppleWebKit/537.36 (KHTML, like Gecko) Chrome/125.0.0.0 Safari/537.36"
jomarlogistica.com.br:80 81.56.204.40 - - [04/Oct/2025:06:22:11 -0300] "GET /wp-content/plugins/booked/includes/add-ons/frontend-agents/js/functions.js?ver=2.3.5 HTTP/1.1" 200 1611 "https://jomarlogistica.com.br/2023/03/12/everything-you-need-to-know-about-child-benefit-new-rules-legal-guide/" "Mozilla/5.0 (Macintosh; Intel Mac OS X 10_15_7) AppleWebKit/537.36 (KHTML, like Gecko) Chrome/125.0.0.0 Safari/537.36"
jomarlogistica.com.br:80 81.56.204.40 - - [04/Oct/2025:06:22:12 -0300] "GET /wp-content/themes/consultio/assets/js/bootstrap.min.js?ver=4.0.0 HTTP/1.1" 200 14168 "https://jomarlogistica.com.br/2023/03/12/everything-you-need-to-know-about-child-benefit-new-rules-legal-guide/" "Mozilla/5.0 (Macintosh; Intel Mac OS X 10_15_7) AppleWebKit/537.36 (KHTML, like Gecko) Chrome/125.0.0.0 Safari/537.36"
jomarlogistica.com.br:80 81.56.204.40 - - [04/Oct/2025:06:22:12 -0300] "GET /wp-includes/js/dist/vendor/wp-polyfill.min.js?ver=3.15.0 HTTP/1.1" 200 6572 "https://jomarlogistica.com.br/2023/03/12/everything-you-need-to-know-about-child-benefit-new-rules-legal-guide/" "Mozilla/5.0 (Macintosh; Intel Mac OS X 10_15_7) AppleWebKit/537.36 (KHTML, like Gecko) Chrome/125.0.0.0 Safari/537.36"
jomarlogistica.com.br:80 81.56.204.40 - - [04/Oct/2025:06:22:12 -0300] "GET /wp-content/themes/consultio/assets/js/match-height-min.js?ver=1.0.0 HTTP/1.1" 200 3557 "https://jomarlogistica.com.br/2023/03/12/everything-you-need-to-know-about-child-benefit-new-rules-legal-guide/" "Mozilla/5.0 (Macintosh; Intel Mac OS X 10_15_7) AppleWebKit/537.36 (KHTML, like Gecko) Chrome/125.0.0.0 Safari/537.36"
jomarlogistica.com.br:80 81.56.204.40 - - [04/Oct/2025:06:22:12 -0300] "GET /wp-content/themes/consultio/assets/js/wow.min.js?ver=1.0.0 HTTP/1.1" 200 3260 "https://jomarlogistica.com.br/2023/03/12/everything-you-need-to-know-about-child-benefit-new-rules-legal-guide/" "Mozilla/5.0 (Macintosh; Intel Mac OS X 10_15_7) AppleWebKit/537.36 (KHTML, like Gecko) Chrome/125.0.0.0 Safari/537.36"
jomarlogistica.com.br:80 81.56.204.40 - - [04/Oct/2025:06:22:13 -0300] "GET /wp-content/themes/consultio/assets/js/progressbar.min.js?ver=1.0.0 HTTP/1.1" 200 1327 "https://jomarlogistica.com.br/2023/03/12/everything-you-need-to-know-about-child-benefit-new-rules-legal-guide/" "Mozilla/5.0 (Macintosh; Intel Mac OS X 10_15_7) AppleWebKit/537.36 (KHTML, like Gecko) Chrome/125.0.0.0 Safari/537.36"
jomarlogistica.com.br:80 81.56.204.40 - - [04/Oct/2025:06:22:13 -0300] "GET /wp-content/themes/consultio/assets/js/nice-select.min.js?ver=all HTTP/1.1" 200 1439 "https://jomarlogistica.com.br/2023/03/12/everything-you-need-to-know-about-child-benefit-new-rules-legal-guide/" "Mozilla/5.0 (Macintosh; Intel Mac OS X 10_15_7) AppleWebKit/537.36 (KHTML, like Gecko) Chrome/125.0.0.0 Safari/537.36"
jomarlogistica.com.br:80 81.56.204.40 - - [04/Oct/2025:06:22:13 -0300] "GET /wp-content/themes/consultio/assets/js/magnific-popup.min.js?ver=1.0.0 HTTP/1.1" 200 14895 "https://jomarlogistica.com.br/2023/03/12/everything-you-need-to-know-about-child-benefit-new-rules-legal-guide/" "Mozilla/5.0 (Macintosh; Intel Mac OS X 10_15_7) AppleWebKit/537.36 (KHTML, like Gecko) Chrome/125.0.0.0 Safari/537.36"
jomarlogistica.com.br:80 81.56.204.40 - - [04/Oct/2025:06:22:13 -0300] "GET /wp-includes/js/jquery/ui/mouse.min.js?ver=1.12.1 HTTP/1.1" 200 1479 "https://jomarlogistica.com.br/2023/03/12/everything-you-need-to-know-about-child-benefit-new-rules-legal-guide/" "Mozilla/5.0 (Macintosh; Intel Mac OS X 10_15_7) AppleWebKit/537.36 (KHTML, like Gecko) Chrome/125.0.0.0 Safari/537.36"
jomarlogistica.com.br:80 81.56.204.40 - - [04/Oct/2025:06:22:14 -0300] "GET /wp-includes/js/wp-embed.min.js?ver=5.8.10 HTTP/1.1" 200 1177 "https://jomarlogistica.com.br/2023/03/12/everything-you-need-to-know-about-child-benefit-new-rules-legal-guide/" "Mozilla/5.0 (Macintosh; Intel Mac OS X 10_15_7) AppleWebKit/537.36 (KHTML, like Gecko) Chrome/125.0.0.0 Safari/537.36"
jomarlogistica.com.br:80 81.56.204.40 - - [04/Oct/2025:06:22:14 -0300] "GET /wp-content/themes/consultio/assets/js/main.js?ver=2.8.0 HTTP/1.1" 200 6455 "https://jomarlogistica.com.br/2023/03/12/everything-you-need-to-know-about-child-benefit-new-rules-legal-guide/" "Mozilla/5.0 (Macintosh; Intel Mac OS X 10_15_7) AppleWebKit/537.36 (KHTML, like Gecko) Chrome/125.0.0.0 Safari/537.36"
jomarlogistica.com.br:80 81.56.204.40 - - [04/Oct/2025:06:22:14 -0300] "GET /wp-includes/js/jquery/ui/slider.min.js?ver=1.12.1 HTTP/1.1" 200 3602 "https://jomarlogistica.com.br/2023/03/12/everything-you-need-to-know-about-child-benefit-new-rules-legal-guide/" "Mozilla/5.0 (Macintosh; Intel Mac OS X 10_15_7) AppleWebKit/537.36 (KHTML, like Gecko) Chrome/125.0.0.0 Safari/537.36"
jomarlogistica.com.br:80 81.56.204.40 - - [04/Oct/2025:06:22:15 -0300] "GET /wp-includes/js/wp-emoji-release.min.js?ver=5.8.10 HTTP/1.1" 200 5577 "https://jomarlogistica.com.br/2023/03/12/everything-you-need-to-know-about-child-benefit-new-rules-legal-guide/" "Mozilla/5.0 (Macintosh; Intel Mac OS X 10_15_7) AppleWebKit/537.36 (KHTML, like Gecko) Chrome/125.0.0.0 Safari/537.36"
jomarlogistica.com.br:80 81.56.204.40 - - [04/Oct/2025:06:22:15 -0300] "GET /wp-content/plugins/revslider/public/assets/js/rbtools.min.js?ver=6.5.11 HTTP/1.1" 200 48787 "https://jomarlogistica.com.br/2023/03/12/everything-you-need-to-know-about-child-benefit-new-rules-legal-guide/" "Mozilla/5.0 (Macintosh; Intel Mac OS X 10_15_7) AppleWebKit/537.36 (KHTML, like Gecko) Chrome/125.0.0.0 Safari/537.36"
jomarlogistica.com.br:80 81.56.204.40 - - [04/Oct/2025:06:22:15 -0300] "GET /wp-content/plugins/revslider/public/assets/js/rs6.min.js?ver=6.5.11 HTTP/1.1" 200 105012 "https://jomarlogistica.com.br/2023/03/12/everything-you-need-to-know-about-child-benefit-new-rules-legal-guide/" "Mozilla/5.0 (Macintosh; Intel Mac OS X 10_15_7) AppleWebKit/537.36 (KHTML, like Gecko) Chrome/125.0.0.0 Safari/537.36"
jomarlogistica.com.br:80 81.56.204.40 - - [04/Oct/2025:06:22:05 -0300] "GET /?a7b529c=7460812 HTTP/1.1" 200 287 "https://jomarlogistica.com.br/2023/03/12/everything-you-need-to-know-about-child-benefit-new-rules-legal-guide/" "Mozilla/5.0 (Macintosh; Intel Mac OS X 10_15_7) AppleWebKit/537.36 (KHTML, like Gecko) Chrome/125.0.0.0 Safari/537.36"
jomarlogistica.com.br:80 127.0.0.1 - - [04/Oct/2025:06:22:19 -0300] "OPTIONS * HTTP/1.0" 200 110 "-" "Apache/2.4.65 (Ubuntu) (internal dummy connection)"
jomarlogistica.com.br:80 127.0.0.1 - - [04/Oct/2025:06:22:20 -0300] "OPTIONS * HTTP/1.0" 200 110 "-" "Apache/2.4.65 (Ubuntu) (internal dummy connection)"
jomarlogistica.com.br:80 172.20.1.198 - - [04/Oct/2025:06:24:44 -0300] "POST /wp-cron.php?doing_wp_cron=1759569884.3034329414367675781250 HTTP/1.1" 200 389 "https://jomarlogistica.com.br/wp-cron.php?doing_wp_cron=1759569884.3034329414367675781250" "WordPress/5.8.10; https://jomarlogistica.com.br"
jomarlogistica.com.br:80 177.212.249.167 - - [04/Oct/2025:06:24:43 -0300] "POST /autodiscover/autodiscover.xml HTTP/1.1" 404 448 "-" "AppleExchangeWebServices/833 accountsd/113"
jomarlogistica.com.br:80 127.0.0.1 - - [04/Oct/2025:06:24:48 -0300] "OPTIONS * HTTP/1.0" 200 110 "-" "Apache/2.4.65 (Ubuntu) (internal dummy connection)"
jomarlogistica.com.br:80 177.212.249.167 - - [04/Oct/2025:06:26:23 -0300] "POST /autodiscover/autodiscover.xml HTTP/1.1" 404 448 "-" "AppleExchangeWebServices/833 accountsd/113"
jomarlogistica.com.br:80 172.20.1.198 - - [04/Oct/2025:06:36:00 -0300] "POST /wp-cron.php?doing_wp_cron=1759570560.1795320510864257812500 HTTP/1.1" 200 389 "https://jomarlogistica.com.br/wp-cron.php?doing_wp_cron=1759570560.1795320510864257812500" "WordPress/5.8.10; https://jomarlogistica.com.br"
jomarlogistica.com.br:80 216.244.66.226 - - [04/Oct/2025:06:35:59 -0300] "GET /robots.txt HTTP/1.1" 200 565 "-" "Mozilla/5.0 (compatible; DotBot/1.2; +https://opensiteexplorer.org/dotbot; help@moz.com)"
jomarlogistica.com.br:80 127.0.0.1 - - [04/Oct/2025:06:36:05 -0300] "OPTIONS * HTTP/1.0" 200 110 "-" "Apache/2.4.65 (Ubuntu) (internal dummy connection)"
jomarlogistica.com.br:80 172.20.1.198 - - [04/Oct/2025:06:41:51 -0300] "POST /wp-cron.php?doing_wp_cron=1759570911.6508269309997558593750 HTTP/1.1" 200 389 "https://jomarlogistica.com.br/wp-cron.php?doing_wp_cron=1759570911.6508269309997558593750" "WordPress/5.8.10; https://jomarlogistica.com.br"
jomarlogistica.com.br:80 177.212.249.167 - - [04/Oct/2025:06:41:51 -0300] "POST /autodiscover/autodiscover.xml HTTP/1.1" 404 448 "-" "AppleExchangeWebServices/833 accountsd/113"
jomarlogistica.com.br:80 127.0.0.1 - - [04/Oct/2025:06:41:56 -0300] "OPTIONS * HTTP/1.0" 200 110 "-" "Apache/2.4.65 (Ubuntu) (internal dummy connection)"
jomarlogistica.com.br:80 172.20.1.198 - - [04/Oct/2025:06:42:18 -0300] "POST /wp-cron.php?doing_wp_cron=1759570938.9251921176910400390625 HTTP/1.1" 200 389 "https://jomarlogistica.com.br/wp-cron.php?doing_wp_cron=1759570938.9251921176910400390625" "WordPress/5.8.10; https://jomarlogistica.com.br"
jomarlogistica.com.br:80 185.191.171.4 - - [04/Oct/2025:06:42:18 -0300] "GET /robots.txt HTTP/1.1" 200 584 "-" "Mozilla/5.0 (compatible; SemrushBot/7~bl; +http://www.semrush.com/bot.html)"
jomarlogistica.com.br:80 85.208.96.210 - - [04/Oct/2025:06:42:19 -0300] "GET /2022/10/15/how-to-find-a-katalog-frauen/ HTTP/1.1" 200 17839 "-" "Mozilla/5.0 (compatible; SemrushBot/7~bl; +http://www.semrush.com/bot.html)"
jomarlogistica.com.br:80 127.0.0.1 - - [04/Oct/2025:06:42:25 -0300] "OPTIONS * HTTP/1.0" 200 110 "-" "Apache/2.4.65 (Ubuntu) (internal dummy connection)"
jomarlogistica.com.br:80 98.80.130.239 - - [04/Oct/2025:06:45:38 -0300] "GET /2022/08/17/bargain-agreement-vertaling-services-professional-legal-translations/ HTTP/1.1" 200 14409 "-" "Mozilla/5.0 AppleWebKit/537.36 (KHTML, like Gecko; compatible; Amazonbot/0.1; +https://developer.amazon.com/support/amazonbot) Chrome/119.0.6045.214 Safari/537.36"
jomarlogistica.com.br:80 54.162.69.192 - - [04/Oct/2025:06:45:43 -0300] "GET /2023/10/02/how-virtual-data-rooms-can-facilitate-ma-transactions/ HTTP/1.1" 200 17197 "-" "Mozilla/5.0 AppleWebKit/537.36 (KHTML, like Gecko; compatible; Amazonbot/0.1; +https://developer.amazon.com/support/amazonbot) Chrome/119.0.6045.214 Safari/537.36"
jomarlogistica.com.br:80 3.223.181.32 - - [04/Oct/2025:06:45:47 -0300] "GET /2023/02/25/the-challenges-of-dating-someone-from-various-country/ HTTP/1.1" 200 18189 "-" "Mozilla/5.0 AppleWebKit/537.36 (KHTML, like Gecko; compatible; Amazonbot/0.1; +https://developer.amazon.com/support/amazonbot) Chrome/119.0.6045.214 Safari/537.36"
jomarlogistica.com.br:80 34.230.124.21 - - [04/Oct/2025:06:45:50 -0300] "GET /2024/03/09/are-50-caliber-guns-legal-in-canada-rules-and-regulations-explained/ HTTP/1.1" 200 14365 "-" "Mozilla/5.0 AppleWebKit/537.36 (KHTML, like Gecko; compatible; Amazonbot/0.1; +https://developer.amazon.com/support/amazonbot) Chrome/119.0.6045.214 Safari/537.36"
jomarlogistica.com.br:80 35.174.253.85 - - [04/Oct/2025:06:45:54 -0300] "GET /2023/10/31/ways-to-simplify-the-due-diligence-process-with-a-info-room/ HTTP/1.1" 200 17348 "-" "Mozilla/5.0 AppleWebKit/537.36 (KHTML, like Gecko; compatible; Amazonbot/0.1; +https://developer.amazon.com/support/amazonbot) Chrome/119.0.6045.214 Safari/537.36"
jomarlogistica.com.br:80 34.231.181.240 - - [04/Oct/2025:06:45:58 -0300] "GET /2022/12/20/realizing-love-how-to-manifest-love/ HTTP/1.1" 200 17502 "-" "Mozilla/5.0 AppleWebKit/537.36 (KHTML, like Gecko; compatible; Amazonbot/0.1; +https://developer.amazon.com/support/amazonbot) Chrome/119.0.6045.214 Safari/537.36"
jomarlogistica.com.br:80 52.5.242.243 - - [04/Oct/2025:06:46:03 -0300] "GET /2023/10/03/eset-security-review/ HTTP/1.1" 200 17175 "-" "Mozilla/5.0 AppleWebKit/537.36 (KHTML, like Gecko; compatible; Amazonbot/0.1; +https://developer.amazon.com/support/amazonbot) Chrome/119.0.6045.214 Safari/537.36"
jomarlogistica.com.br:80 100.28.57.133 - - [04/Oct/2025:06:46:07 -0300] "GET /2023/04/27/mail-order-bride-noun-american-british-definition-and-synonyms/ HTTP/1.1" 200 20009 "-" "Mozilla/5.0 AppleWebKit/537.36 (KHTML, like Gecko; compatible; Amazonbot/0.1; +https://developer.amazon.com/support/amazonbot) Chrome/119.0.6045.214 Safari/537.36"
jomarlogistica.com.br:80 18.210.58.238 - - [04/Oct/2025:06:46:10 -0300] "GET /2023/07/19/avast-secureline-vpn-license-primary/ HTTP/1.1" 200 17346 "-" "Mozilla/5.0 AppleWebKit/537.36 (KHTML, like Gecko; compatible; Amazonbot/0.1; +https://developer.amazon.com/support/amazonbot) Chrome/119.0.6045.214 Safari/537.36"
jomarlogistica.com.br:80 52.207.47.227 - - [04/Oct/2025:06:46:14 -0300] "GET /2023/04/12/asian-relationship-conversation-styles/ HTTP/1.1" 200 17599 "-" "Mozilla/5.0 AppleWebKit/537.36 (KHTML, like Gecko; compatible; Amazonbot/0.1; +https://developer.amazon.com/support/amazonbot) Chrome/119.0.6045.214 Safari/537.36"
jomarlogistica.com.br:80 35.174.141.243 - - [04/Oct/2025:06:46:19 -0300] "GET /2022/05/12/baguette-laws-in-france-understanding-the-regulations/ HTTP/1.1" 200 14835 "-" "Mozilla/5.0 AppleWebKit/537.36 (KHTML, like Gecko; compatible; Amazonbot/0.1; +https://developer.amazon.com/support/amazonbot) Chrome/119.0.6045.214 Safari/537.36"
jomarlogistica.com.br:80 23.20.178.124 - - [04/Oct/2025:06:46:22 -0300] "GET /2023/10/03/advantages-and-disadvantages-of-anti-spyware/ HTTP/1.1" 200 17227 "-" "Mozilla/5.0 AppleWebKit/537.36 (KHTML, like Gecko; compatible; Amazonbot/0.1; +https://developer.amazon.com/support/amazonbot) Chrome/119.0.6045.214 Safari/537.36"
jomarlogistica.com.br:80 44.223.115.10 - - [04/Oct/2025:06:46:26 -0300] "GET /2023/09/27/what-is-a-board-portal/ HTTP/1.1" 200 17235 "-" "Mozilla/5.0 AppleWebKit/537.36 (KHTML, like Gecko; compatible; Amazonbot/0.1; +https://developer.amazon.com/support/amazonbot) Chrome/119.0.6045.214 Safari/537.36"
jomarlogistica.com.br:80 184.73.47.24 - - [04/Oct/2025:06:46:30 -0300] "GET /2022/12/29/feeling-hopeless-about-love-online-practitioners-can-help/ HTTP/1.1" 200 17490 "-" "Mozilla/5.0 AppleWebKit/537.36 (KHTML, like Gecko; compatible; Amazonbot/0.1; +https://developer.amazon.com/support/amazonbot) Chrome/119.0.6045.214 Safari/537.36"
jomarlogistica.com.br:80 107.23.62.75 - - [04/Oct/2025:06:46:34 -0300] "GET /2023/06/02/just-what-mutually-helpful-relationship/ HTTP/1.1" 200 17609 "-" "Mozilla/5.0 AppleWebKit/537.36 (KHTML, like Gecko; compatible; Amazonbot/0.1; +https://developer.amazon.com/support/amazonbot) Chrome/119.0.6045.214 Safari/537.36"
jomarlogistica.com.br:80 3.211.181.86 - - [04/Oct/2025:06:46:38 -0300] "GET /2022/10/17/what-exactly-mutually-beneficial-arrangement/ HTTP/1.1" 200 18175 "-" "Mozilla/5.0 AppleWebKit/537.36 (KHTML, like Gecko; compatible; Amazonbot/0.1; +https://developer.amazon.com/support/amazonbot) Chrome/119.0.6045.214 Safari/537.36"
jomarlogistica.com.br:80 54.90.8.255 - - [04/Oct/2025:06:46:42 -0300] "GET /2023/09/16/free-vpn-reddit-how-to-find-a-good-vpn-on-reddit/ HTTP/1.1" 200 17255 "-" "Mozilla/5.0 AppleWebKit/537.36 (KHTML, like Gecko; compatible; Amazonbot/0.1; +https://developer.amazon.com/support/amazonbot) Chrome/119.0.6045.214 Safari/537.36"
jomarlogistica.com.br:80 127.0.0.1 - - [04/Oct/2025:06:46:44 -0300] "OPTIONS * HTTP/1.0" 200 110 "-" "Apache/2.4.65 (Ubuntu) (internal dummy connection)"
jomarlogistica.com.br:80 23.21.148.226 - - [04/Oct/2025:06:46:46 -0300] "GET /2022/10/08/the-qualities-of-perfect-associations/ HTTP/1.1" 200 18094 "-" "Mozilla/5.0 AppleWebKit/537.36 (KHTML, like Gecko; compatible; Amazonbot/0.1; +https://developer.amazon.com/support/amazonbot) Chrome/119.0.6045.214 Safari/537.36"
jomarlogistica.com.br:80 18.208.11.93 - - [04/Oct/2025:06:46:51 -0300] "GET /2023/05/05/that-are-some-greatest-on-line-interactive-adult-pornographic-video-games-that-can-make-you-cum/ HTTP/1.1" 200 17916 "-" "Mozilla/5.0 AppleWebKit/537.36 (KHTML, like Gecko; compatible; Amazonbot/0.1; +https://developer.amazon.com/support/amazonbot) Chrome/119.0.6045.214 Safari/537.36"
jomarlogistica.com.br:80 85.208.96.210 - - [04/Oct/2025:06:46:54 -0300] "GET /2023/11/11/what-is-the-protegent-antivirus-scam/ HTTP/1.1" 200 17260 "-" "Mozilla/5.0 (compatible; SemrushBot/7~bl; +http://www.semrush.com/bot.html)"
jomarlogistica.com.br:80 52.71.216.196 - - [04/Oct/2025:06:46:54 -0300] "GET /2023/10/02/the-best-vpn-for-android/ HTTP/1.1" 200 17187 "-" "Mozilla/5.0 AppleWebKit/537.36 (KHTML, like Gecko; compatible; Amazonbot/0.1; +https://developer.amazon.com/support/amazonbot) Chrome/119.0.6045.214 Safari/537.36"
jomarlogistica.com.br:80 127.0.0.1 - - [04/Oct/2025:06:47:00 -0300] "OPTIONS * HTTP/1.0" 200 110 "-" "Apache/2.4.65 (Ubuntu) (internal dummy connection)"
jomarlogistica.com.br:80 127.0.0.1 - - [04/Oct/2025:06:47:01 -0300] "OPTIONS * HTTP/1.0" 200 110 "-" "Apache/2.4.65 (Ubuntu) (internal dummy connection)"
jomarlogistica.com.br:80 52.204.81.148 - - [04/Oct/2025:06:47:01 -0300] "GET /2023/05/03/what-software-for-data-management-can-do-for-your-business/ HTTP/1.1" 200 17292 "-" "Mozilla/5.0 AppleWebKit/537.36 (KHTML, like Gecko; compatible; Amazonbot/0.1; +https://developer.amazon.com/support/amazonbot) Chrome/119.0.6045.214 Safari/537.36"
jomarlogistica.com.br:80 34.203.111.15 - - [04/Oct/2025:06:47:03 -0300] "GET /2023/09/02/virtual-data-rooms-why-you-need-one/ HTTP/1.1" 200 17208 "-" "Mozilla/5.0 AppleWebKit/537.36 (KHTML, like Gecko; compatible; Amazonbot/0.1; +https://developer.amazon.com/support/amazonbot) Chrome/119.0.6045.214 Safari/537.36"
jomarlogistica.com.br:80 3.232.39.98 - - [04/Oct/2025:06:47:09 -0300] "GET /2023/10/02/antivirus-protection-detects-and-deflects-cyber-threats/ HTTP/1.1" 200 17254 "-" "Mozilla/5.0 AppleWebKit/537.36 (KHTML, like Gecko; compatible; Amazonbot/0.1; +https://developer.amazon.com/support/amazonbot) Chrome/119.0.6045.214 Safari/537.36"
jomarlogistica.com.br:80 172.20.1.198 - - [04/Oct/2025:06:47:13 -0300] "POST /wp-cron.php?doing_wp_cron=1759571233.5926001071929931640625 HTTP/1.1" 200 389 "https://jomarlogistica.com.br/wp-cron.php?doing_wp_cron=1759571233.5926001071929931640625" "WordPress/5.8.10; https://jomarlogistica.com.br"
jomarlogistica.com.br:80 44.205.120.22 - - [04/Oct/2025:06:47:13 -0300] "GET /2023/02/12/where-to-get-a-bride-right-from-a-ship-order-star-of-the-wedding-catalogue/ HTTP/1.1" 200 17404 "-" "Mozilla/5.0 AppleWebKit/537.36 (KHTML, like Gecko; compatible; Amazonbot/0.1; +https://developer.amazon.com/support/amazonbot) Chrome/119.0.6045.214 Safari/537.36"
jomarlogistica.com.br:80 34.196.237.236 - - [04/Oct/2025:06:47:16 -0300] "GET /2023/09/25/how-to-choose-a-secure-data-repository/ HTTP/1.1" 200 17251 "-" "Mozilla/5.0 AppleWebKit/537.36 (KHTML, like Gecko; compatible; Amazonbot/0.1; +https://developer.amazon.com/support/amazonbot) Chrome/119.0.6045.214 Safari/537.36"
jomarlogistica.com.br:80 23.22.59.87 - - [04/Oct/2025:06:47:21 -0300] "GET /2023/09/30/bmo-medical-full-form-what-does-bmo-stand-for-in-the-legal-context/ HTTP/1.1" 200 14462 "-" "Mozilla/5.0 AppleWebKit/537.36 (KHTML, like Gecko; compatible; Amazonbot/0.1; +https://developer.amazon.com/support/amazonbot) Chrome/119.0.6045.214 Safari/537.36"
jomarlogistica.com.br:80 98.82.40.168 - - [04/Oct/2025:06:47:26 -0300] "GET /2023/04/14/greatest-free-grownup-games-online-for-2023-cellular-compatible-free-tokens/ HTTP/1.1" 200 18062 "-" "Mozilla/5.0 AppleWebKit/537.36 (KHTML, like Gecko; compatible; Amazonbot/0.1; +https://developer.amazon.com/support/amazonbot) Chrome/119.0.6045.214 Safari/537.36"
jomarlogistica.com.br:80 127.0.0.1 - - [04/Oct/2025:06:47:32 -0300] "OPTIONS * HTTP/1.0" 200 110 "-" "Apache/2.4.65 (Ubuntu) (internal dummy connection)"
jomarlogistica.com.br:80 172.20.1.198 - - [04/Oct/2025:06:54:20 -0300] "POST /wp-cron.php?doing_wp_cron=1759571660.7414259910583496093750 HTTP/1.1" 200 389 "https://jomarlogistica.com.br/wp-cron.php?doing_wp_cron=1759571660.7414259910583496093750" "WordPress/5.8.10; https://jomarlogistica.com.br"
jomarlogistica.com.br:80 47.82.11.30 - - [04/Oct/2025:06:54:20 -0300] "GET /2023/04/25/agreement-to-provide-ps-legal-requirements-and-process-explained HTTP/1.1" 301 580 "https://jomarlogistica.com.br/" "Mozilla/5.0 (Windows NT 10.0; Win64; x64) AppleWebKit/537.36 (KHTML, like Gecko) Chrome/135.0.0.0 Safari/537.36"
jomarlogistica.com.br:80 47.82.11.30 - - [04/Oct/2025:06:54:21 -0300] "GET /2023/04/25/agreement-to-provide-ps-legal-requirements-and-process-explained/ HTTP/1.1" 200 14221 "https://jomarlogistica.com.br/" "Mozilla/5.0 (Windows NT 10.0; Win64; x64) AppleWebKit/537.36 (KHTML, like Gecko) Chrome/135.0.0.0 Safari/537.36"
jomarlogistica.com.br:80 127.0.0.1 - - [04/Oct/2025:06:54:26 -0300] "OPTIONS * HTTP/1.0" 200 110 "-" "Apache/2.4.65 (Ubuntu) (internal dummy connection)"
jomarlogistica.com.br:80 172.20.1.198 - - [04/Oct/2025:07:00:13 -0300] "POST /wp-cron.php?doing_wp_cron=1759572013.6646330356597900390625 HTTP/1.1" 200 389 "https://jomarlogistica.com.br/wp-cron.php?doing_wp_cron=1759572013.6646330356597900390625" "WordPress/5.8.10; https://jomarlogistica.com.br"
jomarlogistica.com.br:80 31.145.18.102 - - [04/Oct/2025:07:00:13 -0300] "GET /2023/06/22/understanding-the-14-hour-rule-in-trucking-compliance-and-regulations/ HTTP/1.1" 200 14134 "-" "Mozilla/5.0 (Macintosh; Intel Mac OS X 10_15_7) AppleWebKit/537.36 (KHTML, like Gecko) Chrome/125.0.0.0 Safari/537.36"
jomarlogistica.com.br:80 31.145.18.102 - - [04/Oct/2025:07:00:15 -0300] "GET /wp-content/plugins/revslider/public/assets/js/rs6.min.js?ver=6.5.11 HTTP/1.1" 200 104993 "https://jomarlogistica.com.br/2023/06/22/understanding-the-14-hour-rule-in-trucking-compliance-and-regulations/" "Mozilla/5.0 (Macintosh; Intel Mac OS X 10_15_7) AppleWebKit/537.36 (KHTML, like Gecko) Chrome/125.0.0.0 Safari/537.36"
jomarlogistica.com.br:80 31.145.18.102 - - [04/Oct/2025:07:00:14 -0300] "GET /?a7b529c=7003510 HTTP/1.1" 200 287 "https://jomarlogistica.com.br/2023/06/22/understanding-the-14-hour-rule-in-trucking-compliance-and-regulations/" "Mozilla/5.0 (Macintosh; Intel Mac OS X 10_15_7) AppleWebKit/537.36 (KHTML, like Gecko) Chrome/125.0.0.0 Safari/537.36"
jomarlogistica.com.br:80 127.0.0.1 - - [04/Oct/2025:07:00:29 -0300] "OPTIONS * HTTP/1.0" 200 110 "-" "Apache/2.4.65 (Ubuntu) (internal dummy connection)"
jomarlogistica.com.br:80 172.20.1.198 - - [04/Oct/2025:07:03:38 -0300] "POST /wp-cron.php?doing_wp_cron=1759572218.2409369945526123046875 HTTP/1.1" 200 389 "https://jomarlogistica.com.br/wp-cron.php?doing_wp_cron=1759572218.2409369945526123046875" "WordPress/5.8.10; https://jomarlogistica.com.br"
jomarlogistica.com.br:80 216.244.66.226 - - [04/Oct/2025:07:03:37 -0300] "GET /2023/03/02/fun-first-particular-date-ideas-to-present-youre-imaginative-and-playful/ HTTP/1.1" 200 80044 "-" "Mozilla/5.0 (compatible; DotBot/1.2; +https://opensiteexplorer.org/dotbot; help@moz.com)"
jomarlogistica.com.br:80 127.0.0.1 - - [04/Oct/2025:07:03:44 -0300] "OPTIONS * HTTP/1.0" 200 110 "-" "Apache/2.4.65 (Ubuntu) (internal dummy connection)"
jomarlogistica.com.br:80 216.244.66.226 - - [04/Oct/2025:07:03:53 -0300] "GET /2023/12/16/air-france-covid-requirements-legal-guidelines-and-updates/ HTTP/1.1" 200 61399 "-" "Mozilla/5.0 (compatible; DotBot/1.2; +https://opensiteexplorer.org/dotbot; help@moz.com)"
jomarlogistica.com.br:80 172.20.1.198 - - [04/Oct/2025:07:06:10 -0300] "POST /wp-cron.php?doing_wp_cron=1759572370.5601389408111572265625 HTTP/1.1" 200 389 "https://jomarlogistica.com.br/wp-cron.php?doing_wp_cron=1759572370.5601389408111572265625" "WordPress/5.8.10; https://jomarlogistica.com.br"
jomarlogistica.com.br:80 114.119.138.130 - - [04/Oct/2025:07:06:10 -0300] "GET /2022/05/12/baguette-laws-in-france-understanding-the-regulations/ HTTP/1.1" 200 14835 "-" "Mozilla/5.0 (Linux; Android 7.0;) AppleWebKit/537.36 (KHTML, like Gecko) Mobile Safari/537.36 (compatible; PetalBot;+https://webmaster.petalsearch.com/site/petalbot)"
jomarlogistica.com.br:80 127.0.0.1 - - [04/Oct/2025:07:06:16 -0300] "OPTIONS * HTTP/1.0" 200 110 "-" "Apache/2.4.65 (Ubuntu) (internal dummy connection)"
jomarlogistica.com.br:80 172.20.1.198 - - [04/Oct/2025:07:08:45 -0300] "POST /wp-cron.php?doing_wp_cron=1759572525.5914158821105957031250 HTTP/1.1" 200 389 "https://jomarlogistica.com.br/wp-cron.php?doing_wp_cron=1759572525.5914158821105957031250" "WordPress/5.8.10; https://jomarlogistica.com.br"
jomarlogistica.com.br:80 216.244.66.226 - - [04/Oct/2025:07:08:45 -0300] "GET /2022/09/page/2/ HTTP/1.1" 200 91851 "-" "Mozilla/5.0 (compatible; DotBot/1.2; +https://opensiteexplorer.org/dotbot; help@moz.com)"
jomarlogistica.com.br:80 127.0.0.1 - - [04/Oct/2025:07:08:51 -0300] "OPTIONS * HTTP/1.0" 200 110 "-" "Apache/2.4.65 (Ubuntu) (internal dummy connection)"
jomarlogistica.com.br:80 177.212.249.167 - - [04/Oct/2025:07:11:21 -0300] "POST /autodiscover/autodiscover.xml HTTP/1.1" 404 448 "-" "AppleExchangeWebServices/833 accountsd/113"
jomarlogistica.com.br:80 162.120.185.204 - - [04/Oct/2025:07:14:55 -0300] "GET /2023/05/26/3-weird-laws-in-wisconsin-unusual-legal-statutes-explained/ HTTP/1.1" 200 14430 "https://www.google.com/" "Mozilla/5.0 (Linux; Android 10; K) AppleWebKit/537.36 (KHTML, like Gecko) Chrome/140.0.0.0 Mobile Safari/537.36"
jomarlogistica.com.br:80 74.125.215.97 - - [04/Oct/2025:07:14:55 -0300] "GET /.well-known/traffic-advice HTTP/1.1" 404 448 "-" "Chrome Privacy Preserving Prefetch Proxy"
jomarlogistica.com.br:80 172.20.1.198 - - [04/Oct/2025:07:14:56 -0300] "POST /wp-cron.php?doing_wp_cron=1759572895.9280951023101806640625 HTTP/1.1" 200 389 "https://jomarlogistica.com.br/wp-cron.php?doing_wp_cron=1759572895.9280951023101806640625" "WordPress/5.8.10; https://jomarlogistica.com.br"
jomarlogistica.com.br:80 127.0.0.1 - - [04/Oct/2025:07:15:01 -0300] "OPTIONS * HTTP/1.0" 200 110 "-" "Apache/2.4.65 (Ubuntu) (internal dummy connection)"
jomarlogistica.com.br:80 172.20.1.198 - - [04/Oct/2025:07:26:32 -0300] "POST /wp-cron.php?doing_wp_cron=1759573592.7683329582214355468750 HTTP/1.1" 200 389 "https://jomarlogistica.com.br/wp-cron.php?doing_wp_cron=1759573592.7683329582214355468750" "WordPress/5.8.10; https://jomarlogistica.com.br"
jomarlogistica.com.br:80 177.212.249.167 - - [04/Oct/2025:07:26:32 -0300] "POST /autodiscover/autodiscover.xml HTTP/1.1" 404 448 "-" "AppleExchangeWebServices/833 accountsd/113"
jomarlogistica.com.br:80 127.0.0.1 - - [04/Oct/2025:07:26:37 -0300] "OPTIONS * HTTP/1.0" 200 110 "-" "Apache/2.4.65 (Ubuntu) (internal dummy connection)"
jomarlogistica.com.br:80 172.20.1.198 - - [04/Oct/2025:07:27:30 -0300] "POST /wp-cron.php?doing_wp_cron=1759573650.0435249805450439453125 HTTP/1.1" 200 389 "https://jomarlogistica.com.br/wp-cron.php?doing_wp_cron=1759573650.0435249805450439453125" "WordPress/5.8.10; https://jomarlogistica.com.br"
jomarlogistica.com.br:80 223.244.35.77 - - [04/Oct/2025:07:27:29 -0300] "GET / HTTP/1.1" 200 23930 "http://jomarlogistica.com.br" "Mozilla/5.0 (iPhone; CPU iPhone OS 13_2_3 like Mac OS X) AppleWebKit/605.1.15 (KHTML, like Gecko) Version/13.0.3 Mobile/15E148 Safari/604.1"
jomarlogistica.com.br:80 127.0.0.1 - - [04/Oct/2025:07:27:35 -0300] "OPTIONS * HTTP/1.0" 200 110 "-" "Apache/2.4.65 (Ubuntu) (internal dummy connection)"
jomarlogistica.com.br:80 177.212.249.167 - - [04/Oct/2025:07:28:32 -0300] "POST /autodiscover/autodiscover.xml HTTP/1.1" 404 448 "-" "AppleExchangeWebServices/833 accountsd/113"
jomarlogistica.com.br:80 177.212.249.167 - - [04/Oct/2025:07:28:34 -0300] "POST /autodiscover/autodiscover.xml HTTP/1.1" 404 448 "-" "AppleExchangeWebServices/833 accountsd/113"
jomarlogistica.com.br:80 216.244.66.226 - - [04/Oct/2025:07:28:52 -0300] "GET /robots.txt HTTP/1.1" 200 565 "-" "Mozilla/5.0 (compatible; DotBot/1.2; +https://opensiteexplorer.org/dotbot; help@moz.com)"
jomarlogistica.com.br:80 114.119.134.192 - - [04/Oct/2025:07:30:16 -0300] "GET /category/jomar/page/23/ HTTP/1.1" 200 18913 "https://jomarlogistica.com.br/category/jomar/page/22/" "Mozilla/5.0 (Linux; Android 7.0;) AppleWebKit/537.36 (KHTML, like Gecko) Mobile Safari/537.36 (compatible; PetalBot;+https://webmaster.petalsearch.com/site/petalbot)"
jomarlogistica.com.br:80 185.191.171.7 - - [04/Oct/2025:07:31:09 -0300] "GET /2022/09/10/pretty-ways-to-ask-someone-to-become-your-girlfriend/ HTTP/1.1" 200 17976 "-" "Mozilla/5.0 (compatible; SemrushBot/7~bl; +http://www.semrush.com/bot.html)"
jomarlogistica.com.br:80 114.119.138.207 - - [04/Oct/2025:07:31:37 -0300] "GET /author/wadminw/ HTTP/1.1" 200 15959 "https://jomarlogistica.com.br/2025/07/" "Mozilla/5.0 (Linux; Android 7.0;) AppleWebKit/537.36 (KHTML, like Gecko) Mobile Safari/537.36 (compatible; PetalBot;+https://webmaster.petalsearch.com/site/petalbot)"
jomarlogistica.com.br:80 172.20.1.198 - - [04/Oct/2025:07:33:00 -0300] "POST /wp-cron.php?doing_wp_cron=1759573980.4645979404449462890625 HTTP/1.1" 200 389 "https://jomarlogistica.com.br/wp-cron.php?doing_wp_cron=1759573980.4645979404449462890625" "WordPress/5.8.10; https://jomarlogistica.com.br"
jomarlogistica.com.br:80 114.119.158.0 - - [04/Oct/2025:07:33:00 -0300] "GET /author/jomar/page/51/ HTTP/1.1" 200 18730 "https://jomarlogistica.com.br/author/jomar/page/52/" "Mozilla/5.0 (Linux; Android 7.0;) AppleWebKit/537.36 (KHTML, like Gecko) Mobile Safari/537.36 (compatible; PetalBot;+https://webmaster.petalsearch.com/site/petalbot)"
jomarlogistica.com.br:80 127.0.0.1 - - [04/Oct/2025:07:33:05 -0300] "OPTIONS * HTTP/1.0" 200 110 "-" "Apache/2.4.65 (Ubuntu) (internal dummy connection)"
jomarlogistica.com.br:80 114.119.135.84 - - [04/Oct/2025:07:34:24 -0300] "GET /author/jomar/page/17/ HTTP/1.1" 200 19070 "https://jomarlogistica.com.br/author/jomar/page/16/" "Mozilla/5.0 (Linux; Android 7.0;) AppleWebKit/537.36 (KHTML, like Gecko) Mobile Safari/537.36 (compatible; PetalBot;+https://webmaster.petalsearch.com/site/petalbot)"
jomarlogistica.com.br:80 114.119.138.207 - - [04/Oct/2025:07:35:46 -0300] "GET /author/jomar/page/12/ HTTP/1.1" 200 18680 "https://jomarlogistica.com.br/author/jomar/page/13/" "Mozilla/5.0 (Linux; Android 7.0;) AppleWebKit/537.36 (KHTML, like Gecko) Mobile Safari/537.36 (compatible; PetalBot;+https://webmaster.petalsearch.com/site/petalbot)"
jomarlogistica.com.br:80 114.119.135.84 - - [04/Oct/2025:07:37:10 -0300] "GET /2023/page/33/ HTTP/1.1" 200 18732 "https://jomarlogistica.com.br/2023/page/32/" "Mozilla/5.0 (Linux; Android 7.0;) AppleWebKit/537.36 (KHTML, like Gecko) Mobile Safari/537.36 (compatible; PetalBot;+https://webmaster.petalsearch.com/site/petalbot)"
jomarlogistica.com.br:80 172.20.1.198 - - [04/Oct/2025:07:38:32 -0300] "POST /wp-cron.php?doing_wp_cron=1759574312.8621048927307128906250 HTTP/1.1" 200 389 "https://jomarlogistica.com.br/wp-cron.php?doing_wp_cron=1759574312.8621048927307128906250" "WordPress/5.8.10; https://jomarlogistica.com.br"
jomarlogistica.com.br:80 114.119.134.192 - - [04/Oct/2025:07:38:32 -0300] "GET /2023/11/11/what-is-the-protegent-antivirus-scam/ HTTP/1.1" 200 17260 "https://jomarlogistica.com.br/2023/09/09/legal-solutions-designed-for-small-businesses/" "Mozilla/5.0 (Linux; Android 7.0;) AppleWebKit/537.36 (KHTML, like Gecko) Mobile Safari/537.36 (compatible; PetalBot;+https://webmaster.petalsearch.com/site/petalbot)"
jomarlogistica.com.br:80 127.0.0.1 - - [04/Oct/2025:07:38:38 -0300] "OPTIONS * HTTP/1.0" 200 110 "-" "Apache/2.4.65 (Ubuntu) (internal dummy connection)"
jomarlogistica.com.br:80 172.20.1.198 - - [04/Oct/2025:07:39:57 -0300] "POST /wp-cron.php?doing_wp_cron=1759574397.9545071125030517578125 HTTP/1.1" 200 389 "https://jomarlogistica.com.br/wp-cron.php?doing_wp_cron=1759574397.9545071125030517578125" "WordPress/5.8.10; https://jomarlogistica.com.br"
jomarlogistica.com.br:80 114.119.134.192 - - [04/Oct/2025:07:39:57 -0300] "GET /2023/10/11/several-types-of-business-computer-software/ HTTP/1.1" 200 17327 "https://jomarlogistica.com.br/2023/10/" "Mozilla/5.0 (Linux; Android 7.0;) AppleWebKit/537.36 (KHTML, like Gecko) Mobile Safari/537.36 (compatible; PetalBot;+https://webmaster.petalsearch.com/site/petalbot)"
jomarlogistica.com.br:80 127.0.0.1 - - [04/Oct/2025:07:40:03 -0300] "OPTIONS * HTTP/1.0" 200 110 "-" "Apache/2.4.65 (Ubuntu) (internal dummy connection)"
jomarlogistica.com.br:80 114.119.136.72 - - [04/Oct/2025:07:41:20 -0300] "GET /2023/09/27/why-do-you-need-a-data-room/ HTTP/1.1" 200 17137 "https://jomarlogistica.com.br/2023/09/page/2/" "Mozilla/5.0 (Linux; Android 7.0;) AppleWebKit/537.36 (KHTML, like Gecko) Mobile Safari/537.36 (compatible; PetalBot;+https://webmaster.petalsearch.com/site/petalbot)"
jomarlogistica.com.br:80 172.20.1.198 - - [04/Oct/2025:07:42:44 -0300] "POST /wp-cron.php?doing_wp_cron=1759574564.1827409267425537109375 HTTP/1.1" 200 389 "https://jomarlogistica.com.br/wp-cron.php?doing_wp_cron=1759574564.1827409267425537109375" "WordPress/5.8.10; https://jomarlogistica.com.br"
jomarlogistica.com.br:80 114.119.134.192 - - [04/Oct/2025:07:42:43 -0300] "GET /2023/09/27/types-of-data-security/ HTTP/1.1" 200 17158 "https://jomarlogistica.com.br/2023/10/02/how-to-enable-and-disable-avast-game-mode/" "Mozilla/5.0 (Linux; Android 7.0;) AppleWebKit/537.36 (KHTML, like Gecko) Mobile Safari/537.36 (compatible; PetalBot;+https://webmaster.petalsearch.com/site/petalbot)"
jomarlogistica.com.br:80 127.0.0.1 - - [04/Oct/2025:07:42:49 -0300] "OPTIONS * HTTP/1.0" 200 110 "-" "Apache/2.4.65 (Ubuntu) (internal dummy connection)"
jomarlogistica.com.br:80 114.119.134.192 - - [04/Oct/2025:07:44:05 -0300] "GET /2023/09/16/how-reliable-is-scanguard/ HTTP/1.1" 200 17246 "https://jomarlogistica.com.br/2023/page/10/" "Mozilla/5.0 (Linux; Android 7.0;) AppleWebKit/537.36 (KHTML, like Gecko) Mobile Safari/537.36 (compatible; PetalBot;+https://webmaster.petalsearch.com/site/petalbot)"
jomarlogistica.com.br:80 114.119.138.130 - - [04/Oct/2025:07:45:31 -0300] "GET /2023/09/04/best-free-antivirus-software/ HTTP/1.1" 200 17185 "https://jomarlogistica.com.br/2023/page/12/" "Mozilla/5.0 (Linux; Android 7.0;) AppleWebKit/537.36 (KHTML, like Gecko) Mobile Safari/537.36 (compatible; PetalBot;+https://webmaster.petalsearch.com/site/petalbot)"
jomarlogistica.com.br:80 3.220.148.166 - - [04/Oct/2025:07:45:51 -0300] "GET /2022/page/11/ HTTP/1.1" 200 18717 "-" "Mozilla/5.0 AppleWebKit/537.36 (KHTML, like Gecko; compatible; Amazonbot/0.1; +https://developer.amazon.com/support/amazonbot) Chrome/119.0.6045.214 Safari/537.36"
jomarlogistica.com.br:80 114.119.128.158 - - [04/Oct/2025:07:46:54 -0300] "GET /2023/09/ HTTP/1.1" 200 18391 "https://jomarlogistica.com.br/2023/09/09/legal-solutions-designed-for-small-businesses/" "Mozilla/5.0 (Linux; Android 7.0;) AppleWebKit/537.36 (KHTML, like Gecko) Mobile Safari/537.36 (compatible; PetalBot;+https://webmaster.petalsearch.com/site/petalbot)"
jomarlogistica.com.br:80 172.20.1.198 - - [04/Oct/2025:07:48:17 -0300] "POST /wp-cron.php?doing_wp_cron=1759574897.2957589626312255859375 HTTP/1.1" 200 389 "https://jomarlogistica.com.br/wp-cron.php?doing_wp_cron=1759574897.2957589626312255859375" "WordPress/5.8.10; https://jomarlogistica.com.br"
jomarlogistica.com.br:80 114.119.134.192 - - [04/Oct/2025:07:48:16 -0300] "GET /2023/08/29/avast-free-assessment-windows/ HTTP/1.1" 200 16924 "https://jomarlogistica.com.br/category/jomar/page/12/" "Mozilla/5.0 (Linux; Android 7.0;) AppleWebKit/537.36 (KHTML, like Gecko) Mobile Safari/537.36 (compatible; PetalBot;+https://webmaster.petalsearch.com/site/petalbot)"
jomarlogistica.com.br:80 177.212.249.167 - - [04/Oct/2025:07:48:19 -0300] "POST /autodiscover/autodiscover.xml HTTP/1.1" 404 448 "-" "AppleExchangeWebServices/833 accountsd/113"
jomarlogistica.com.br:80 127.0.0.1 - - [04/Oct/2025:07:48:23 -0300] "OPTIONS * HTTP/1.0" 200 110 "-" "Apache/2.4.65 (Ubuntu) (internal dummy connection)"
jomarlogistica.com.br:80 114.119.135.84 - - [04/Oct/2025:07:49:42 -0300] "GET /2023/08/01/precisely-what-is-an-online-data-room/ HTTP/1.1" 200 17410 "https://jomarlogistica.com.br/author/jomar/page/14/" "Mozilla/5.0 (Linux; Android 7.0;) AppleWebKit/537.36 (KHTML, like Gecko) Mobile Safari/537.36 (compatible; PetalBot;+https://webmaster.petalsearch.com/site/petalbot)"
jomarlogistica.com.br:80 114.119.158.0 - - [04/Oct/2025:07:51:05 -0300] "GET /2023/06/19/marital-relationship-certificate-requirements/ HTTP/1.1" 200 17315 "https://jomarlogistica.com.br/2023/06/20/the-main-advantages-of-board-webpages-software/" "Mozilla/5.0 (Linux; Android 7.0;) AppleWebKit/537.36 (KHTML, like Gecko) Mobile Safari/537.36 (compatible; PetalBot;+https://webmaster.petalsearch.com/site/petalbot)"
jomarlogistica.com.br:80 172.20.1.198 - - [04/Oct/2025:07:52:27 -0300] "POST /wp-cron.php?doing_wp_cron=1759575147.3155720233917236328125 HTTP/1.1" 200 389 "https://jomarlogistica.com.br/wp-cron.php?doing_wp_cron=1759575147.3155720233917236328125" "WordPress/5.8.10; https://jomarlogistica.com.br"
jomarlogistica.com.br:80 114.119.128.158 - - [04/Oct/2025:07:52:26 -0300] "GET /2023/06/05/emilydates-dating-and-chat-apps-on-google-play/ HTTP/1.1" 200 19516 "https://jomarlogistica.com.br/author/jomar/page/19/" "Mozilla/5.0 (Linux; Android 7.0;) AppleWebKit/537.36 (KHTML, like Gecko) Mobile Safari/537.36 (compatible; PetalBot;+https://webmaster.petalsearch.com/site/petalbot)"
jomarlogistica.com.br:80 127.0.0.1 - - [04/Oct/2025:07:52:33 -0300] "OPTIONS * HTTP/1.0" 200 110 "-" "Apache/2.4.65 (Ubuntu) (internal dummy connection)"
jomarlogistica.com.br:80 114.119.138.207 - - [04/Oct/2025:07:53:51 -0300] "GET /2023/06/04/info-safety-for-people-who-do-buiness/ HTTP/1.1" 200 17503 "https://jomarlogistica.com.br/2023/06/page/3/" "Mozilla/5.0 (Linux; Android 7.0;) AppleWebKit/537.36 (KHTML, like Gecko) Mobile Safari/537.36 (compatible; PetalBot;+https://webmaster.petalsearch.com/site/petalbot)"
jomarlogistica.com.br:80 114.119.136.72 - - [04/Oct/2025:07:55:15 -0300] "GET /2023/05/24/east-european-mail-order-brides-how-and-where-to-get/ HTTP/1.1" 200 19938 "https://jomarlogistica.com.br/author/jomar/page/22/" "Mozilla/5.0 (Linux; Android 7.0;) AppleWebKit/537.36 (KHTML, like Gecko) Mobile Safari/537.36 (compatible; PetalBot;+https://webmaster.petalsearch.com/site/petalbot)"
jomarlogistica.com.br:80 114.119.138.207 - - [04/Oct/2025:07:56:37 -0300] "GET /2023/05/05/intimate-things-to-do-in-suriname/ HTTP/1.1" 200 17603 "https://jomarlogistica.com.br/2023/05/page/8/" "Mozilla/5.0 (Linux; Android 7.0;) AppleWebKit/537.36 (KHTML, like Gecko) Mobile Safari/537.36 (compatible; PetalBot;+https://webmaster.petalsearch.com/site/petalbot)"
jomarlogistica.com.br:80 172.20.1.198 - - [04/Oct/2025:07:58:01 -0300] "POST /wp-cron.php?doing_wp_cron=1759575481.4076709747314453125000 HTTP/1.1" 200 389 "https://jomarlogistica.com.br/wp-cron.php?doing_wp_cron=1759575481.4076709747314453125000" "WordPress/5.8.10; https://jomarlogistica.com.br"
jomarlogistica.com.br:80 114.119.138.207 - - [04/Oct/2025:07:58:01 -0300] "GET /2023/05/ HTTP/1.1" 200 18887 "https://jomarlogistica.com.br/2023/09/09/legal-solutions-designed-for-small-businesses/" "Mozilla/5.0 (Linux; Android 7.0;) AppleWebKit/537.36 (KHTML, like Gecko) Mobile Safari/537.36 (compatible; PetalBot;+https://webmaster.petalsearch.com/site/petalbot)"
jomarlogistica.com.br:80 127.0.0.1 - - [04/Oct/2025:07:58:07 -0300] "OPTIONS * HTTP/1.0" 200 110 "-" "Apache/2.4.65 (Ubuntu) (internal dummy connection)"
jomarlogistica.com.br:80 114.119.135.84 - - [04/Oct/2025:07:59:26 -0300] "GET /2023/04/12/asian-relationship-conversation-styles/ HTTP/1.1" 200 17599 "https://jomarlogistica.com.br/2023/04/page/4/" "Mozilla/5.0 (Linux; Android 7.0;) AppleWebKit/537.36 (KHTML, like Gecko) Mobile Safari/537.36 (compatible; PetalBot;+https://webmaster.petalsearch.com/site/petalbot)"
jomarlogistica.com.br:80 216.244.66.226 - - [04/Oct/2025:07:59:38 -0300] "GET /2022/07/10/understanding-agreement-by-contract-law-key-principles-and-considerations/ HTTP/1.1" 200 63493 "-" "Mozilla/5.0 (compatible; DotBot/1.2; +https://opensiteexplorer.org/dotbot; help@moz.com)"
jomarlogistica.com.br:80 114.119.135.84 - - [04/Oct/2025:08:00:49 -0300] "GET /2023/04/06/amazing-interracial-couples/ HTTP/1.1" 200 17527 "https://jomarlogistica.com.br/2023/04/page/4/" "Mozilla/5.0 (Linux; Android 7.0;) AppleWebKit/537.36 (KHTML, like Gecko) Mobile Safari/537.36 (compatible; PetalBot;+https://webmaster.petalsearch.com/site/petalbot)"
jomarlogistica.com.br:80 177.212.249.167 - - [04/Oct/2025:08:02:00 -0300] "POST /autodiscover/autodiscover.xml HTTP/1.1" 404 448 "-" "AppleExchangeWebServices/833 accountsd/113"
jomarlogistica.com.br:80 172.20.1.198 - - [04/Oct/2025:08:02:12 -0300] "POST /wp-cron.php?doing_wp_cron=1759575732.5209600925445556640625 HTTP/1.1" 200 389 "https://jomarlogistica.com.br/wp-cron.php?doing_wp_cron=1759575732.5209600925445556640625" "WordPress/5.8.10; https://jomarlogistica.com.br"
jomarlogistica.com.br:80 114.119.138.207 - - [04/Oct/2025:08:02:12 -0300] "GET /2023/03/13/cbe-law-group-long-beach-experienced-legal-services-in-california/ HTTP/1.1" 200 14227 "https://jomarlogistica.com.br/2023/03/18/are-maintenance-agreements-taxable-legal-taxation-guide/" "Mozilla/5.0 (Linux; Android 7.0;) AppleWebKit/537.36 (KHTML, like Gecko) Mobile Safari/537.36 (compatible; PetalBot;+https://webmaster.petalsearch.com/site/petalbot)"
jomarlogistica.com.br:80 127.0.0.1 - - [04/Oct/2025:08:02:17 -0300] "OPTIONS * HTTP/1.0" 200 110 "-" "Apache/2.4.65 (Ubuntu) (internal dummy connection)"
jomarlogistica.com.br:80 182.69.179.127 - - [04/Oct/2025:08:03:13 -0300] "GET /2023/09/30/bmo-medical-full-form-what-does-bmo-stand-for-in-the-legal-context/ HTTP/1.1" 200 14462 "-" "Mozilla/5.0 (Macintosh; Intel Mac OS X 10_15_7) AppleWebKit/537.36 (KHTML, like Gecko) Chrome/125.0.0.0 Safari/537.36"
jomarlogistica.com.br:80 182.69.179.127 - - [04/Oct/2025:08:03:15 -0300] "GET /wp-content/plugins/case-theme-core/assets/js/main.js?ver=1.0.0 HTTP/1.1" 200 570 "https://jomarlogistica.com.br/2023/09/30/bmo-medical-full-form-what-does-bmo-stand-for-in-the-legal-context/" "Mozilla/5.0 (Macintosh; Intel Mac OS X 10_15_7) AppleWebKit/537.36 (KHTML, like Gecko) Chrome/125.0.0.0 Safari/537.36"
jomarlogistica.com.br:80 182.69.179.127 - - [04/Oct/2025:08:03:15 -0300] "GET /wp-includes/js/jquery/jquery-migrate.min.js?ver=3.3.2 HTTP/1.1" 200 4613 "https://jomarlogistica.com.br/2023/09/30/bmo-medical-full-form-what-does-bmo-stand-for-in-the-legal-context/" "Mozilla/5.0 (Macintosh; Intel Mac OS X 10_15_7) AppleWebKit/537.36 (KHTML, like Gecko) Chrome/125.0.0.0 Safari/537.36"
jomarlogistica.com.br:80 182.69.179.127 - - [04/Oct/2025:08:03:16 -0300] "GET /wp-content/themes/consultio/elementor/js/ct-inline-css.js?ver=2.8.0 HTTP/1.1" 200 864 "https://jomarlogistica.com.br/2023/09/30/bmo-medical-full-form-what-does-bmo-stand-for-in-the-legal-context/" "Mozilla/5.0 (Macintosh; Intel Mac OS X 10_15_7) AppleWebKit/537.36 (KHTML, like Gecko) Chrome/125.0.0.0 Safari/537.36"
