jomarlogistica.com.br:80 187.44.129.62 - - [04/Oct/2025:16:01:56 -0300] "GET /wp-content/plugins/booked/assets/js/tooltipster/js/jquery.tooltipster.min.js?ver=3.3.0 HTTP/1.1" 200 5392 "https://jomarlogistica.com.br/2022/12/15/internet-dating-first-time-frame-statistics/" "Mozilla/5.0 (Macintosh; Intel Mac OS X 10_15_7) AppleWebKit/537.36 (KHTML, like Gecko) Chrome/125.0.0.0 Safari/537.36"
jomarlogistica.com.br:80 187.44.129.62 - - [04/Oct/2025:16:01:56 -0300] "GET /wp-content/plugins/booked/assets/js/spin.min.js?ver=2.0.1 HTTP/1.1" 200 2463 "https://jomarlogistica.com.br/2022/12/15/internet-dating-first-time-frame-statistics/" "Mozilla/5.0 (Macintosh; Intel Mac OS X 10_15_7) AppleWebKit/537.36 (KHTML, like Gecko) Chrome/125.0.0.0 Safari/537.36"
jomarlogistica.com.br:80 187.44.129.62 - - [04/Oct/2025:16:01:56 -0300] "GET /wp-content/plugins/booked/assets/js/functions.js?ver=2.3.5 HTTP/1.1" 200 10029 "https://jomarlogistica.com.br/2022/12/15/internet-dating-first-time-frame-statistics/" "Mozilla/5.0 (Macintosh; Intel Mac OS X 10_15_7) AppleWebKit/537.36 (KHTML, like Gecko) Chrome/125.0.0.0 Safari/537.36"
jomarlogistica.com.br:80 187.44.129.62 - - [04/Oct/2025:16:01:56 -0300] "GET /wp-content/plugins/case-theme-user/acess/js/notify.min.js?ver=1.0.0 HTTP/1.1" 200 7826 "https://jomarlogistica.com.br/2022/12/15/internet-dating-first-time-frame-statistics/" "Mozilla/5.0 (Macintosh; Intel Mac OS X 10_15_7) AppleWebKit/537.36 (KHTML, like Gecko) Chrome/125.0.0.0 Safari/537.36"
jomarlogistica.com.br:80 187.44.129.62 - - [04/Oct/2025:16:01:56 -0300] "GET /wp-content/plugins/case-theme-user/acess/js/remodal.min.js?ver=1.0.0 HTTP/1.1" 200 3045 "https://jomarlogistica.com.br/2022/12/15/internet-dating-first-time-frame-statistics/" "Mozilla/5.0 (Macintosh; Intel Mac OS X 10_15_7) AppleWebKit/537.36 (KHTML, like Gecko) Chrome/125.0.0.0 Safari/537.36"
jomarlogistica.com.br:80 127.0.0.1 - - [04/Oct/2025:16:02:01 -0300] "OPTIONS * HTTP/1.0" 200 110 "-" "Apache/2.4.65 (Ubuntu) (internal dummy connection)"
jomarlogistica.com.br:80 172.20.1.198 - - [04/Oct/2025:16:02:16 -0300] "POST /wp-cron.php?doing_wp_cron=1759604536.2061529159545898437500 HTTP/1.1" 200 389 "https://jomarlogistica.com.br/wp-cron.php?doing_wp_cron=1759604536.2061529159545898437500" "WordPress/5.8.10; https://jomarlogistica.com.br"
jomarlogistica.com.br:80 17.241.75.128 - - [04/Oct/2025:16:02:15 -0300] "GET /robots.txt HTTP/1.1" 200 584 "-" "Mozilla/5.0 (Macintosh; Intel Mac OS X 10_15_7) AppleWebKit/605.1.15 (KHTML, like Gecko) Version/17.4 Safari/605.1.15 (Applebot/0.1; +http://www.apple.com/go/applebot)"
jomarlogistica.com.br:80 17.241.75.128 - - [04/Oct/2025:16:02:16 -0300] "GET /2022/10/17/what-exactly-mutually-beneficial-arrangement/ HTTP/1.1" 200 18176 "-" "Mozilla/5.0 (Macintosh; Intel Mac OS X 10_15_7) AppleWebKit/605.1.15 (KHTML, like Gecko) Version/17.4 Safari/605.1.15 (Applebot/0.1; +http://www.apple.com/go/applebot)"
jomarlogistica.com.br:80 127.0.0.1 - - [04/Oct/2025:16:02:22 -0300] "OPTIONS * HTTP/1.0" 200 110 "-" "Apache/2.4.65 (Ubuntu) (internal dummy connection)"
jomarlogistica.com.br:80 172.20.1.198 - - [04/Oct/2025:16:05:36 -0300] "POST /wp-cron.php?doing_wp_cron=1759604736.2797720432281494140625 HTTP/1.1" 200 389 "https://jomarlogistica.com.br/wp-cron.php?doing_wp_cron=1759604736.2797720432281494140625" "WordPress/5.8.10; https://jomarlogistica.com.br"
jomarlogistica.com.br:80 57.141.6.45 - - [04/Oct/2025:16:05:35 -0300] "GET /2023/05/05/amazing-latina-gals/ HTTP/1.1" 200 81095 "-" "meta-externalagent/1.1 (+https://developers.facebook.com/docs/sharing/webmasters/crawler)"
jomarlogistica.com.br:80 127.0.0.1 - - [04/Oct/2025:16:05:41 -0300] "OPTIONS * HTTP/1.0" 200 110 "-" "Apache/2.4.65 (Ubuntu) (internal dummy connection)"
jomarlogistica.com.br:80 172.20.1.198 - - [04/Oct/2025:16:17:28 -0300] "POST /wp-cron.php?doing_wp_cron=1759605448.9526579380035400390625 HTTP/1.1" 200 389 "https://jomarlogistica.com.br/wp-cron.php?doing_wp_cron=1759605448.9526579380035400390625" "WordPress/5.8.10; https://jomarlogistica.com.br"
jomarlogistica.com.br:80 57.141.6.48 - - [04/Oct/2025:16:17:28 -0300] "GET /2024/03/09/boat-joint-ownership-agreement-contract-legal-guidelines-templates/ HTTP/1.1" 200 64141 "-" "meta-externalagent/1.1 (+https://developers.facebook.com/docs/sharing/webmasters/crawler)"
jomarlogistica.com.br:80 127.0.0.1 - - [04/Oct/2025:16:17:34 -0300] "OPTIONS * HTTP/1.0" 200 110 "-" "Apache/2.4.65 (Ubuntu) (internal dummy connection)"
jomarlogistica.com.br:80 68.221.75.22 - - [04/Oct/2025:16:20:30 -0300] "GET /2024/03/09/are-50-caliber-guns-legal-in-canada-rules-and-regulations-explained/ HTTP/1.1" 200 14364 "-" "Mozilla/5.0 AppleWebKit/537.36 (KHTML, like Gecko); compatible; ChatGPT-User/1.0; +https://openai.com/bot"
jomarlogistica.com.br:80 216.244.66.226 - - [04/Oct/2025:16:21:37 -0300] "GET /robots.txt HTTP/1.1" 200 565 "-" "Mozilla/5.0 (compatible; DotBot/1.2; +https://opensiteexplorer.org/dotbot; help@moz.com)"
jomarlogistica.com.br:80 172.20.1.198 - - [04/Oct/2025:16:25:58 -0300] "POST /wp-cron.php?doing_wp_cron=1759605958.5007929801940917968750 HTTP/1.1" 200 389 "https://jomarlogistica.com.br/wp-cron.php?doing_wp_cron=1759605958.5007929801940917968750" "WordPress/5.8.10; https://jomarlogistica.com.br"
jomarlogistica.com.br:80 114.119.158.0 - - [04/Oct/2025:16:25:58 -0300] "GET /2023/05/01/latina-women-latin-dating-latin-singles-latina-personals-match-latin-women-for-like/ HTTP/1.1" 200 59330 "https://jomarlogistica.com.br/author/jomar/page/29/" "Mozilla/5.0 (Linux; Android 7.0;) AppleWebKit/537.36 (KHTML, like Gecko) Mobile Safari/537.36 (compatible; PetalBot;+https://webmaster.petalsearch.com/site/petalbot)"
jomarlogistica.com.br:80 127.0.0.1 - - [04/Oct/2025:16:26:04 -0300] "OPTIONS * HTTP/1.0" 200 110 "-" "Apache/2.4.65 (Ubuntu) (internal dummy connection)"
jomarlogistica.com.br:80 172.20.1.198 - - [04/Oct/2025:16:27:20 -0300] "POST /wp-cron.php?doing_wp_cron=1759606040.4675180912017822265625 HTTP/1.1" 200 389 "https://jomarlogistica.com.br/wp-cron.php?doing_wp_cron=1759606040.4675180912017822265625" "WordPress/5.8.10; https://jomarlogistica.com.br"
jomarlogistica.com.br:80 114.119.159.76 - - [04/Oct/2025:16:27:20 -0300] "GET /2022/11/02/free-of-charge-dating-and-chatting-sites-for-available-singles/ HTTP/1.1" 200 17448 "https://jomarlogistica.com.br/category/jomar/page/52/" "Mozilla/5.0 (Linux; Android 7.0;) AppleWebKit/537.36 (KHTML, like Gecko) Mobile Safari/537.36 (compatible; PetalBot;+https://webmaster.petalsearch.com/site/petalbot)"
jomarlogistica.com.br:80 127.0.0.1 - - [04/Oct/2025:16:27:26 -0300] "OPTIONS * HTTP/1.0" 200 110 "-" "Apache/2.4.65 (Ubuntu) (internal dummy connection)"
jomarlogistica.com.br:80 177.212.244.15 - - [04/Oct/2025:16:28:06 -0300] "POST /autodiscover/autodiscover.xml HTTP/1.1" 404 448 "-" "AppleExchangeWebServices/833 accountsd/113"
jomarlogistica.com.br:80 57.141.6.14 - - [04/Oct/2025:16:30:54 -0300] "GET /2023/03/05/antecedent-meaning-law-understanding-legal-precedents/ HTTP/1.1" 200 62041 "-" "meta-externalagent/1.1 (+https://developers.facebook.com/docs/sharing/webmasters/crawler)"
jomarlogistica.com.br:80 172.20.1.198 - - [04/Oct/2025:16:34:46 -0300] "POST /wp-cron.php?doing_wp_cron=1759606486.8091468811035156250000 HTTP/1.1" 200 389 "https://jomarlogistica.com.br/wp-cron.php?doing_wp_cron=1759606486.8091468811035156250000" "WordPress/5.8.10; https://jomarlogistica.com.br"
jomarlogistica.com.br:80 57.141.6.55 - - [04/Oct/2025:16:34:46 -0300] "GET /2022/04/30/a-cooperative-a-popular-form-of-business-ownership/ HTTP/1.1" 200 61855 "-" "meta-externalagent/1.1 (+https://developers.facebook.com/docs/sharing/webmasters/crawler)"
jomarlogistica.com.br:80 127.0.0.1 - - [04/Oct/2025:16:34:51 -0300] "OPTIONS * HTTP/1.0" 200 110 "-" "Apache/2.4.65 (Ubuntu) (internal dummy connection)"
jomarlogistica.com.br:80 172.20.1.198 - - [04/Oct/2025:16:41:57 -0300] "POST /wp-cron.php?doing_wp_cron=1759606917.3852310180664062500000 HTTP/1.1" 200 389 "https://jomarlogistica.com.br/wp-cron.php?doing_wp_cron=1759606917.3852310180664062500000" "WordPress/5.8.10; https://jomarlogistica.com.br"
jomarlogistica.com.br:80 185.191.171.10 - - [04/Oct/2025:16:41:56 -0300] "GET /robots.txt HTTP/1.1" 200 584 "-" "Mozilla/5.0 (compatible; SemrushBot/7~bl; +http://www.semrush.com/bot.html)"
jomarlogistica.com.br:80 85.208.96.196 - - [04/Oct/2025:16:41:58 -0300] "GET /2023/page/37/ HTTP/1.1" 200 18636 "-" "Mozilla/5.0 (compatible; SemrushBot/7~bl; +http://www.semrush.com/bot.html)"
jomarlogistica.com.br:80 57.141.6.16 - - [04/Oct/2025:16:42:00 -0300] "GET /2023/07/28/choosing-love-after-divorce-at-40/ HTTP/1.1" 200 82374 "-" "meta-externalagent/1.1 (+https://developers.facebook.com/docs/sharing/webmasters/crawler)"
jomarlogistica.com.br:80 127.0.0.1 - - [04/Oct/2025:16:42:05 -0300] "OPTIONS * HTTP/1.0" 200 110 "-" "Apache/2.4.65 (Ubuntu) (internal dummy connection)"
jomarlogistica.com.br:80 172.20.1.198 - - [04/Oct/2025:16:43:19 -0300] "POST /wp-cron.php?doing_wp_cron=1759606999.3277130126953125000000 HTTP/1.1" 200 389 "https://jomarlogistica.com.br/wp-cron.php?doing_wp_cron=1759606999.3277130126953125000000" "WordPress/5.8.10; https://jomarlogistica.com.br"
jomarlogistica.com.br:80 57.141.6.23 - - [04/Oct/2025:16:43:18 -0300] "GET /category/jomar/page/7/ HTTP/1.1" 200 94618 "-" "meta-externalagent/1.1 (+https://developers.facebook.com/docs/sharing/webmasters/crawler)"
jomarlogistica.com.br:80 127.0.0.1 - - [04/Oct/2025:16:43:25 -0300] "OPTIONS * HTTP/1.0" 200 110 "-" "Apache/2.4.65 (Ubuntu) (internal dummy connection)"
jomarlogistica.com.br:80 85.208.96.193 - - [04/Oct/2025:16:44:36 -0300] "GET /2022/11/25/exactly-what-is-a-soulmate-2/ HTTP/1.1" 200 18081 "-" "Mozilla/5.0 (compatible; SemrushBot/7~bl; +http://www.semrush.com/bot.html)"
jomarlogistica.com.br:80 57.141.6.37 - - [04/Oct/2025:16:46:17 -0300] "GET /2023/04/04/are-suzuki-carry-street-legal-in-texas-legal-guide/ HTTP/1.1" 200 60153 "-" "meta-externalagent/1.1 (+https://developers.facebook.com/docs/sharing/webmasters/crawler)"
jomarlogistica.com.br:80 114.119.158.0 - - [04/Oct/2025:16:46:48 -0300] "GET /2022/09/27/signs-or-symptoms-you-happen-to-be-in-take-pleasure-in-solo-ladies-site/ HTTP/1.1" 200 17555 "https://jomarlogistica.com.br/2022/09/28/how-to-choose15463-up-ladies-online/" "Mozilla/5.0 (Linux; Android 7.0;) AppleWebKit/537.36 (KHTML, like Gecko) Mobile Safari/537.36 (compatible; PetalBot;+https://webmaster.petalsearch.com/site/petalbot)"
jomarlogistica.com.br:80 172.20.1.198 - - [04/Oct/2025:16:48:19 -0300] "POST /wp-cron.php?doing_wp_cron=1759607299.4627220630645751953125 HTTP/1.1" 200 389 "https://jomarlogistica.com.br/wp-cron.php?doing_wp_cron=1759607299.4627220630645751953125" "WordPress/5.8.10; https://jomarlogistica.com.br"
jomarlogistica.com.br:80 216.244.66.226 - - [04/Oct/2025:16:48:19 -0300] "GET /2023/05/page/9/ HTTP/1.1" 200 94182 "-" "Mozilla/5.0 (compatible; DotBot/1.2; +https://opensiteexplorer.org/dotbot; help@moz.com)"
jomarlogistica.com.br:80 127.0.0.1 - - [04/Oct/2025:16:48:25 -0300] "OPTIONS * HTTP/1.0" 200 110 "-" "Apache/2.4.65 (Ubuntu) (internal dummy connection)"
jomarlogistica.com.br:80 216.244.66.226 - - [04/Oct/2025:16:48:48 -0300] "GET /2023/09/25/benefits-and-disadvantages-of-a-cloud-based-storage-system/ HTTP/1.1" 200 79721 "-" "Mozilla/5.0 (compatible; DotBot/1.2; +https://opensiteexplorer.org/dotbot; help@moz.com)"
jomarlogistica.com.br:80 185.191.171.8 - - [04/Oct/2025:16:49:07 -0300] "GET /2022/10/13/mutually-beneficial-romantic-relationship-sugar-daddy/ HTTP/1.1" 200 17502 "-" "Mozilla/5.0 (compatible; SemrushBot/7~bl; +http://www.semrush.com/bot.html)"
jomarlogistica.com.br:80 172.20.1.198 - - [04/Oct/2025:16:53:34 -0300] "POST /wp-cron.php?doing_wp_cron=1759607614.5741291046142578125000 HTTP/1.1" 200 389 "https://jomarlogistica.com.br/wp-cron.php?doing_wp_cron=1759607614.5741291046142578125000" "WordPress/5.8.10; https://jomarlogistica.com.br"
jomarlogistica.com.br:80 216.244.66.226 - - [04/Oct/2025:16:53:34 -0300] "GET /2022/05/08/california-school-start-time-law-impact-on-education/ HTTP/1.1" 200 60047 "-" "Mozilla/5.0 (compatible; DotBot/1.2; +https://opensiteexplorer.org/dotbot; help@moz.com)"
jomarlogistica.com.br:80 127.0.0.1 - - [04/Oct/2025:16:53:39 -0300] "OPTIONS * HTTP/1.0" 200 110 "-" "Apache/2.4.65 (Ubuntu) (internal dummy connection)"
jomarlogistica.com.br:80 172.20.1.198 - - [04/Oct/2025:16:59:32 -0300] "POST /wp-cron.php?doing_wp_cron=1759607972.4145109653472900390625 HTTP/1.1" 200 389 "https://jomarlogistica.com.br/wp-cron.php?doing_wp_cron=1759607972.4145109653472900390625" "WordPress/5.8.10; https://jomarlogistica.com.br"
jomarlogistica.com.br:80 177.212.244.15 - - [04/Oct/2025:16:59:32 -0300] "POST /autodiscover/autodiscover.xml HTTP/1.1" 404 448 "-" "AppleExchangeWebServices/833 accountsd/113"
jomarlogistica.com.br:80 127.0.0.1 - - [04/Oct/2025:16:59:37 -0300] "OPTIONS * HTTP/1.0" 200 110 "-" "Apache/2.4.65 (Ubuntu) (internal dummy connection)"
jomarlogistica.com.br:80 172.20.1.198 - - [04/Oct/2025:17:02:38 -0300] "POST /wp-cron.php?doing_wp_cron=1759608158.4991419315338134765625 HTTP/1.1" 200 389 "https://jomarlogistica.com.br/wp-cron.php?doing_wp_cron=1759608158.4991419315338134765625" "WordPress/5.8.10; https://jomarlogistica.com.br"
jomarlogistica.com.br:80 169.224.65.241 - - [04/Oct/2025:17:02:38 -0300] "GET /2023/02/26/man-dating-suggestions-how-to-impress-your-date-and-get-her-asking-for-another-date/ HTTP/1.1" 200 17425 "-" "Mozilla/5.0 (Macintosh; Intel Mac OS X 10_15_7) AppleWebKit/537.36 (KHTML, like Gecko) Chrome/125.0.0.0 Safari/537.36"
jomarlogistica.com.br:80 169.224.65.241 - - [04/Oct/2025:17:02:40 -0300] "GET /wp-includes/js/jquery/jquery-migrate.min.js?ver=3.3.2 HTTP/1.1" 200 4613 "https://jomarlogistica.com.br/2023/02/26/man-dating-suggestions-how-to-impress-your-date-and-get-her-asking-for-another-date/" "Mozilla/5.0 (Macintosh; Intel Mac OS X 10_15_7) AppleWebKit/537.36 (KHTML, like Gecko) Chrome/125.0.0.0 Safari/537.36"
jomarlogistica.com.br:80 169.224.65.241 - - [04/Oct/2025:17:02:40 -0300] "GET /wp-includes/js/jquery/jquery.min.js?ver=3.6.0 HTTP/1.1" 200 32444 "https://jomarlogistica.com.br/2023/02/26/man-dating-suggestions-how-to-impress-your-date-and-get-her-asking-for-another-date/" "Mozilla/5.0 (Macintosh; Intel Mac OS X 10_15_7) AppleWebKit/537.36 (KHTML, like Gecko) Chrome/125.0.0.0 Safari/537.36"
jomarlogistica.com.br:80 169.224.65.241 - - [04/Oct/2025:17:02:41 -0300] "GET /wp-content/themes/consultio/elementor/js/ct-inline-css.js?ver=2.8.0 HTTP/1.1" 200 864 "https://jomarlogistica.com.br/2023/02/26/man-dating-suggestions-how-to-impress-your-date-and-get-her-asking-for-another-date/" "Mozilla/5.0 (Macintosh; Intel Mac OS X 10_15_7) AppleWebKit/537.36 (KHTML, like Gecko) Chrome/125.0.0.0 Safari/537.36"
jomarlogistica.com.br:80 169.224.65.241 - - [04/Oct/2025:17:02:41 -0300] "GET /wp-content/plugins/case-theme-core/assets/js/main.js?ver=1.0.0 HTTP/1.1" 200 570 "https://jomarlogistica.com.br/2023/02/26/man-dating-suggestions-how-to-impress-your-date-and-get-her-asking-for-another-date/" "Mozilla/5.0 (Macintosh; Intel Mac OS X 10_15_7) AppleWebKit/537.36 (KHTML, like Gecko) Chrome/125.0.0.0 Safari/537.36"
jomarlogistica.com.br:80 169.224.65.241 - - [04/Oct/2025:17:02:42 -0300] "GET /wp-includes/js/jquery/ui/core.min.js?ver=1.12.1 HTTP/1.1" 200 7418 "https://jomarlogistica.com.br/2023/02/26/man-dating-suggestions-how-to-impress-your-date-and-get-her-asking-for-another-date/" "Mozilla/5.0 (Macintosh; Intel Mac OS X 10_15_7) AppleWebKit/537.36 (KHTML, like Gecko) Chrome/125.0.0.0 Safari/537.36"
jomarlogistica.com.br:80 169.224.65.241 - - [04/Oct/2025:17:02:42 -0300] "GET /wp-includes/js/jquery/ui/datepicker.min.js?ver=1.12.1 HTTP/1.1" 200 11555 "https://jomarlogistica.com.br/2023/02/26/man-dating-suggestions-how-to-impress-your-date-and-get-her-asking-for-another-date/" "Mozilla/5.0 (Macintosh; Intel Mac OS X 10_15_7) AppleWebKit/537.36 (KHTML, like Gecko) Chrome/125.0.0.0 Safari/537.36"
jomarlogistica.com.br:80 169.224.65.241 - - [04/Oct/2025:17:02:42 -0300] "GET /wp-content/plugins/booked/assets/js/spin.jquery.js?ver=2.0.1 HTTP/1.1" 200 1167 "https://jomarlogistica.com.br/2023/02/26/man-dating-suggestions-how-to-impress-your-date-and-get-her-asking-for-another-date/" "Mozilla/5.0 (Macintosh; Intel Mac OS X 10_15_7) AppleWebKit/537.36 (KHTML, like Gecko) Chrome/125.0.0.0 Safari/537.36"
jomarlogistica.com.br:80 169.224.65.241 - - [04/Oct/2025:17:02:42 -0300] "GET /wp-content/plugins/booked/assets/js/spin.min.js?ver=2.0.1 HTTP/1.1" 200 2463 "https://jomarlogistica.com.br/2023/02/26/man-dating-suggestions-how-to-impress-your-date-and-get-her-asking-for-another-date/" "Mozilla/5.0 (Macintosh; Intel Mac OS X 10_15_7) AppleWebKit/537.36 (KHTML, like Gecko) Chrome/125.0.0.0 Safari/537.36"
jomarlogistica.com.br:80 169.224.65.241 - - [04/Oct/2025:17:02:42 -0300] "GET /wp-content/plugins/booked/assets/js/tooltipster/js/jquery.tooltipster.min.js?ver=3.3.0 HTTP/1.1" 200 5373 "https://jomarlogistica.com.br/2023/02/26/man-dating-suggestions-how-to-impress-your-date-and-get-her-asking-for-another-date/" "Mozilla/5.0 (Macintosh; Intel Mac OS X 10_15_7) AppleWebKit/537.36 (KHTML, like Gecko) Chrome/125.0.0.0 Safari/537.36"
jomarlogistica.com.br:80 169.224.65.241 - - [04/Oct/2025:17:02:42 -0300] "GET /wp-content/plugins/case-theme-user/acess/js/notify.min.js?ver=1.0.0 HTTP/1.1" 200 7826 "https://jomarlogistica.com.br/2023/02/26/man-dating-suggestions-how-to-impress-your-date-and-get-her-asking-for-another-date/" "Mozilla/5.0 (Macintosh; Intel Mac OS X 10_15_7) AppleWebKit/537.36 (KHTML, like Gecko) Chrome/125.0.0.0 Safari/537.36"
jomarlogistica.com.br:80 169.224.65.241 - - [04/Oct/2025:17:02:42 -0300] "GET /wp-content/plugins/booked/assets/js/functions.js?ver=2.3.5 HTTP/1.1" 200 10029 "https://jomarlogistica.com.br/2023/02/26/man-dating-suggestions-how-to-impress-your-date-and-get-her-asking-for-another-date/" "Mozilla/5.0 (Macintosh; Intel Mac OS X 10_15_7) AppleWebKit/537.36 (KHTML, like Gecko) Chrome/125.0.0.0 Safari/537.36"
jomarlogistica.com.br:80 169.224.65.241 - - [04/Oct/2025:17:02:42 -0300] "GET /wp-content/plugins/contact-form-7-multi-step/assets/frontend/js/cf7mls.js?ver=2.5.4 HTTP/1.1" 200 7286 "https://jomarlogistica.com.br/2023/02/26/man-dating-suggestions-how-to-impress-your-date-and-get-her-asking-for-another-date/" "Mozilla/5.0 (Macintosh; Intel Mac OS X 10_15_7) AppleWebKit/537.36 (KHTML, like Gecko) Chrome/125.0.0.0 Safari/537.36"
jomarlogistica.com.br:80 169.224.65.241 - - [04/Oct/2025:17:02:42 -0300] "GET /wp-content/plugins/case-theme-user/acess/js/remodal.min.js?ver=1.0.0 HTTP/1.1" 200 3045 "https://jomarlogistica.com.br/2023/02/26/man-dating-suggestions-how-to-impress-your-date-and-get-her-asking-for-another-date/" "Mozilla/5.0 (Macintosh; Intel Mac OS X 10_15_7) AppleWebKit/537.36 (KHTML, like Gecko) Chrome/125.0.0.0 Safari/537.36"
jomarlogistica.com.br:80 169.224.65.241 - - [04/Oct/2025:17:02:42 -0300] "GET /wp-content/plugins/case-theme-user/acess/js/ct-user-form.js?ver=1.0.0 HTTP/1.1" 200 2307 "https://jomarlogistica.com.br/2023/02/26/man-dating-suggestions-how-to-impress-your-date-and-get-her-asking-for-another-date/" "Mozilla/5.0 (Macintosh; Intel Mac OS X 10_15_7) AppleWebKit/537.36 (KHTML, like Gecko) Chrome/125.0.0.0 Safari/537.36"
jomarlogistica.com.br:80 169.224.65.241 - - [04/Oct/2025:17:02:43 -0300] "GET /wp-includes/js/dist/vendor/regenerator-runtime.min.js?ver=0.13.7 HTTP/1.1" 200 2798 "https://jomarlogistica.com.br/2023/02/26/man-dating-suggestions-how-to-impress-your-date-and-get-her-asking-for-another-date/" "Mozilla/5.0 (Macintosh; Intel Mac OS X 10_15_7) AppleWebKit/537.36 (KHTML, like Gecko) Chrome/125.0.0.0 Safari/537.36"
jomarlogistica.com.br:80 169.224.65.241 - - [04/Oct/2025:17:02:43 -0300] "GET /wp-includes/js/dist/vendor/wp-polyfill.min.js?ver=3.15.0 HTTP/1.1" 200 6572 "https://jomarlogistica.com.br/2023/02/26/man-dating-suggestions-how-to-impress-your-date-and-get-her-asking-for-another-date/" "Mozilla/5.0 (Macintosh; Intel Mac OS X 10_15_7) AppleWebKit/537.36 (KHTML, like Gecko) Chrome/125.0.0.0 Safari/537.36"
jomarlogistica.com.br:80 169.224.65.241 - - [04/Oct/2025:17:02:43 -0300] "GET /wp-content/themes/consultio/assets/js/bootstrap.min.js?ver=4.0.0 HTTP/1.1" 200 14168 "https://jomarlogistica.com.br/2023/02/26/man-dating-suggestions-how-to-impress-your-date-and-get-her-asking-for-another-date/" "Mozilla/5.0 (Macintosh; Intel Mac OS X 10_15_7) AppleWebKit/537.36 (KHTML, like Gecko) Chrome/125.0.0.0 Safari/537.36"
jomarlogistica.com.br:80 169.224.65.241 - - [04/Oct/2025:17:02:43 -0300] "GET /wp-content/themes/consultio/assets/js/nice-select.min.js?ver=all HTTP/1.1" 200 1420 "https://jomarlogistica.com.br/2023/02/26/man-dating-suggestions-how-to-impress-your-date-and-get-her-asking-for-another-date/" "Mozilla/5.0 (Macintosh; Intel Mac OS X 10_15_7) AppleWebKit/537.36 (KHTML, like Gecko) Chrome/125.0.0.0 Safari/537.36"
jomarlogistica.com.br:80 169.224.65.241 - - [04/Oct/2025:17:02:43 -0300] "GET /wp-content/plugins/contact-form-7/includes/js/index.js?ver=5.5.3 HTTP/1.1" 200 4264 "https://jomarlogistica.com.br/2023/02/26/man-dating-suggestions-how-to-impress-your-date-and-get-her-asking-for-another-date/" "Mozilla/5.0 (Macintosh; Intel Mac OS X 10_15_7) AppleWebKit/537.36 (KHTML, like Gecko) Chrome/125.0.0.0 Safari/537.36"
jomarlogistica.com.br:80 127.0.0.1 - - [04/Oct/2025:17:02:44 -0300] "OPTIONS * HTTP/1.0" 200 110 "-" "Apache/2.4.65 (Ubuntu) (internal dummy connection)"
jomarlogistica.com.br:80 169.224.65.241 - - [04/Oct/2025:17:02:44 -0300] "GET /wp-content/plugins/booked/includes/add-ons/frontend-agents/js/functions.js?ver=2.3.5 HTTP/1.1" 200 1592 "https://jomarlogistica.com.br/2023/02/26/man-dating-suggestions-how-to-impress-your-date-and-get-her-asking-for-another-date/" "Mozilla/5.0 (Macintosh; Intel Mac OS X 10_15_7) AppleWebKit/537.36 (KHTML, like Gecko) Chrome/125.0.0.0 Safari/537.36"
jomarlogistica.com.br:80 169.224.65.241 - - [04/Oct/2025:17:02:44 -0300] "GET /wp-content/themes/consultio/assets/js/match-height-min.js?ver=1.0.0 HTTP/1.1" 200 3557 "https://jomarlogistica.com.br/2023/02/26/man-dating-suggestions-how-to-impress-your-date-and-get-her-asking-for-another-date/" "Mozilla/5.0 (Macintosh; Intel Mac OS X 10_15_7) AppleWebKit/537.36 (KHTML, like Gecko) Chrome/125.0.0.0 Safari/537.36"
jomarlogistica.com.br:80 169.224.65.241 - - [04/Oct/2025:17:02:45 -0300] "GET /wp-includes/js/jquery/ui/mouse.min.js?ver=1.12.1 HTTP/1.1" 200 1479 "https://jomarlogistica.com.br/2023/02/26/man-dating-suggestions-how-to-impress-your-date-and-get-her-asking-for-another-date/" "Mozilla/5.0 (Macintosh; Intel Mac OS X 10_15_7) AppleWebKit/537.36 (KHTML, like Gecko) Chrome/125.0.0.0 Safari/537.36"
jomarlogistica.com.br:80 169.224.65.241 - - [04/Oct/2025:17:02:45 -0300] "GET /wp-content/themes/consultio/assets/js/magnific-popup.min.js?ver=1.0.0 HTTP/1.1" 200 14895 "https://jomarlogistica.com.br/2023/02/26/man-dating-suggestions-how-to-impress-your-date-and-get-her-asking-for-another-date/" "Mozilla/5.0 (Macintosh; Intel Mac OS X 10_15_7) AppleWebKit/537.36 (KHTML, like Gecko) Chrome/125.0.0.0 Safari/537.36"
jomarlogistica.com.br:80 169.224.65.241 - - [04/Oct/2025:17:02:45 -0300] "GET /wp-content/themes/consultio/assets/js/wow.min.js?ver=1.0.0 HTTP/1.1" 200 3260 "https://jomarlogistica.com.br/2023/02/26/man-dating-suggestions-how-to-impress-your-date-and-get-her-asking-for-another-date/" "Mozilla/5.0 (Macintosh; Intel Mac OS X 10_15_7) AppleWebKit/537.36 (KHTML, like Gecko) Chrome/125.0.0.0 Safari/537.36"
jomarlogistica.com.br:80 169.224.65.241 - - [04/Oct/2025:17:02:46 -0300] "GET /wp-includes/js/wp-embed.min.js?ver=5.8.10 HTTP/1.1" 200 1177 "https://jomarlogistica.com.br/2023/02/26/man-dating-suggestions-how-to-impress-your-date-and-get-her-asking-for-another-date/" "Mozilla/5.0 (Macintosh; Intel Mac OS X 10_15_7) AppleWebKit/537.36 (KHTML, like Gecko) Chrome/125.0.0.0 Safari/537.36"
jomarlogistica.com.br:80 169.224.65.241 - - [04/Oct/2025:17:02:46 -0300] "GET /wp-content/plugins/elementor/assets/js/frontend-modules.min.js?ver=3.4.8 HTTP/1.1" 200 5035 "https://jomarlogistica.com.br/2023/02/26/man-dating-suggestions-how-to-impress-your-date-and-get-her-asking-for-another-date/" "Mozilla/5.0 (Macintosh; Intel Mac OS X 10_15_7) AppleWebKit/537.36 (KHTML, like Gecko) Chrome/125.0.0.0 Safari/537.36"
jomarlogistica.com.br:80 169.224.65.241 - - [04/Oct/2025:17:02:46 -0300] "GET /wp-content/plugins/elementor/assets/js/preloaded-modules.min.js?ver=3.4.8 HTTP/1.1" 200 9744 "https://jomarlogistica.com.br/2023/02/26/man-dating-suggestions-how-to-impress-your-date-and-get-her-asking-for-another-date/" "Mozilla/5.0 (Macintosh; Intel Mac OS X 10_15_7) AppleWebKit/537.36 (KHTML, like Gecko) Chrome/125.0.0.0 Safari/537.36"
jomarlogistica.com.br:80 169.224.65.241 - - [04/Oct/2025:17:02:46 -0300] "GET /wp-content/plugins/elementor/assets/js/webpack.runtime.min.js?ver=3.4.8 HTTP/1.1" 200 2544 "https://jomarlogistica.com.br/2023/02/26/man-dating-suggestions-how-to-impress-your-date-and-get-her-asking-for-another-date/" "Mozilla/5.0 (Macintosh; Intel Mac OS X 10_15_7) AppleWebKit/537.36 (KHTML, like Gecko) Chrome/125.0.0.0 Safari/537.36"
jomarlogistica.com.br:80 169.224.65.241 - - [04/Oct/2025:17:02:46 -0300] "GET /wp-content/plugins/elementor/assets/lib/swiper/swiper.min.js?ver=5.3.6 HTTP/1.1" 200 37913 "https://jomarlogistica.com.br/2023/02/26/man-dating-suggestions-how-to-impress-your-date-and-get-her-asking-for-another-date/" "Mozilla/5.0 (Macintosh; Intel Mac OS X 10_15_7) AppleWebKit/537.36 (KHTML, like Gecko) Chrome/125.0.0.0 Safari/537.36"
jomarlogistica.com.br:80 169.224.65.241 - - [04/Oct/2025:17:02:47 -0300] "GET /wp-content/plugins/elementor/assets/lib/share-link/share-link.min.js?ver=3.4.8 HTTP/1.1" 200 1484 "https://jomarlogistica.com.br/2023/02/26/man-dating-suggestions-how-to-impress-your-date-and-get-her-asking-for-another-date/" "Mozilla/5.0 (Macintosh; Intel Mac OS X 10_15_7) AppleWebKit/537.36 (KHTML, like Gecko) Chrome/125.0.0.0 Safari/537.36"
jomarlogistica.com.br:80 169.224.65.241 - - [04/Oct/2025:17:02:47 -0300] "GET /wp-content/themes/consultio/assets/js/main.js?ver=2.8.0 HTTP/1.1" 200 6474 "https://jomarlogistica.com.br/2023/02/26/man-dating-suggestions-how-to-impress-your-date-and-get-her-asking-for-another-date/" "Mozilla/5.0 (Macintosh; Intel Mac OS X 10_15_7) AppleWebKit/537.36 (KHTML, like Gecko) Chrome/125.0.0.0 Safari/537.36"
jomarlogistica.com.br:80 169.224.65.241 - - [04/Oct/2025:17:02:47 -0300] "GET /wp-content/themes/consultio/assets/js/progressbar.min.js?ver=1.0.0 HTTP/1.1" 200 1327 "https://jomarlogistica.com.br/2023/02/26/man-dating-suggestions-how-to-impress-your-date-and-get-her-asking-for-another-date/" "Mozilla/5.0 (Macintosh; Intel Mac OS X 10_15_7) AppleWebKit/537.36 (KHTML, like Gecko) Chrome/125.0.0.0 Safari/537.36"
jomarlogistica.com.br:80 169.224.65.241 - - [04/Oct/2025:17:02:48 -0300] "GET /wp-content/plugins/elementor/assets/lib/waypoints/waypoints.min.js?ver=4.0.2 HTTP/1.1" 200 3483 "https://jomarlogistica.com.br/2023/02/26/man-dating-suggestions-how-to-impress-your-date-and-get-her-asking-for-another-date/" "Mozilla/5.0 (Macintosh; Intel Mac OS X 10_15_7) AppleWebKit/537.36 (KHTML, like Gecko) Chrome/125.0.0.0 Safari/537.36"
jomarlogistica.com.br:80 169.224.65.241 - - [04/Oct/2025:17:02:48 -0300] "GET /wp-includes/js/jquery/ui/slider.min.js?ver=1.12.1 HTTP/1.1" 200 3602 "https://jomarlogistica.com.br/2023/02/26/man-dating-suggestions-how-to-impress-your-date-and-get-her-asking-for-another-date/" "Mozilla/5.0 (Macintosh; Intel Mac OS X 10_15_7) AppleWebKit/537.36 (KHTML, like Gecko) Chrome/125.0.0.0 Safari/537.36"
jomarlogistica.com.br:80 169.224.65.241 - - [04/Oct/2025:17:02:51 -0300] "GET /wp-content/plugins/elementor/assets/js/frontend.min.js?ver=3.4.8 HTTP/1.1" 200 11432 "https://jomarlogistica.com.br/2023/02/26/man-dating-suggestions-how-to-impress-your-date-and-get-her-asking-for-another-date/" "Mozilla/5.0 (Macintosh; Intel Mac OS X 10_15_7) AppleWebKit/537.36 (KHTML, like Gecko) Chrome/125.0.0.0 Safari/537.36"
jomarlogistica.com.br:80 169.224.65.241 - - [04/Oct/2025:17:02:51 -0300] "GET /wp-content/plugins/elementor/assets/lib/dialog/dialog.min.js?ver=4.8.1 HTTP/1.1" 200 3967 "https://jomarlogistica.com.br/2023/02/26/man-dating-suggestions-how-to-impress-your-date-and-get-her-asking-for-another-date/" "Mozilla/5.0 (Macintosh; Intel Mac OS X 10_15_7) AppleWebKit/537.36 (KHTML, like Gecko) Chrome/125.0.0.0 Safari/537.36"
jomarlogistica.com.br:80 169.224.65.241 - - [04/Oct/2025:17:02:51 -0300] "GET /wp-includes/js/wp-emoji-release.min.js?ver=5.8.10 HTTP/1.1" 200 5577 "https://jomarlogistica.com.br/2023/02/26/man-dating-suggestions-how-to-impress-your-date-and-get-her-asking-for-another-date/" "Mozilla/5.0 (Macintosh; Intel Mac OS X 10_15_7) AppleWebKit/537.36 (KHTML, like Gecko) Chrome/125.0.0.0 Safari/537.36"
jomarlogistica.com.br:80 169.224.65.241 - - [04/Oct/2025:17:02:51 -0300] "GET /wp-content/plugins/revslider/public/assets/js/rbtools.min.js?ver=6.5.11 HTTP/1.1" 200 48787 "https://jomarlogistica.com.br/2023/02/26/man-dating-suggestions-how-to-impress-your-date-and-get-her-asking-for-another-date/" "Mozilla/5.0 (Macintosh; Intel Mac OS X 10_15_7) AppleWebKit/537.36 (KHTML, like Gecko) Chrome/125.0.0.0 Safari/537.36"
jomarlogistica.com.br:80 169.224.65.241 - - [04/Oct/2025:17:02:51 -0300] "GET /wp-content/plugins/revslider/public/assets/js/rs6.min.js?ver=6.5.11 HTTP/1.1" 200 104993 "https://jomarlogistica.com.br/2023/02/26/man-dating-suggestions-how-to-impress-your-date-and-get-her-asking-for-another-date/" "Mozilla/5.0 (Macintosh; Intel Mac OS X 10_15_7) AppleWebKit/537.36 (KHTML, like Gecko) Chrome/125.0.0.0 Safari/537.36"
jomarlogistica.com.br:80 127.0.0.1 - - [04/Oct/2025:17:02:56 -0300] "OPTIONS * HTTP/1.0" 200 110 "-" "Apache/2.4.65 (Ubuntu) (internal dummy connection)"
jomarlogistica.com.br:80 114.119.135.84 - - [04/Oct/2025:17:03:21 -0300] "GET /wp-sitemap-posts-post-1.xml HTTP/1.1" 200 12552 "-" "Mozilla/5.0 (Linux; Android 7.0;) AppleWebKit/537.36 (KHTML, like Gecko) Mobile Safari/537.36 (compatible; PetalBot;+https://webmaster.petalsearch.com/site/petalbot)"
jomarlogistica.com.br:80 114.119.135.84 - - [04/Oct/2025:17:04:44 -0300] "GET /2023/08/page/2/ HTTP/1.1" 200 18608 "https://jomarlogistica.com.br/2023/08/page/3/" "Mozilla/5.0 (Linux; Android 7.0;) AppleWebKit/537.36 (KHTML, like Gecko) Mobile Safari/537.36 (compatible; PetalBot;+https://webmaster.petalsearch.com/site/petalbot)"
jomarlogistica.com.br:80 172.20.1.198 - - [04/Oct/2025:17:06:10 -0300] "POST /wp-cron.php?doing_wp_cron=1759608369.9994010925292968750000 HTTP/1.1" 200 389 "https://jomarlogistica.com.br/wp-cron.php?doing_wp_cron=1759608369.9994010925292968750000" "WordPress/5.8.10; https://jomarlogistica.com.br"
jomarlogistica.com.br:80 57.141.6.9 - - [04/Oct/2025:17:06:09 -0300] "GET /2022/11/21/romantic-relationship-advice-from-experts/ HTTP/1.1" 200 82381 "-" "meta-externalagent/1.1 (+https://developers.facebook.com/docs/sharing/webmasters/crawler)"
jomarlogistica.com.br:80 127.0.0.1 - - [04/Oct/2025:17:06:15 -0300] "OPTIONS * HTTP/1.0" 200 110 "-" "Apache/2.4.65 (Ubuntu) (internal dummy connection)"
jomarlogistica.com.br:80 172.20.1.198 - - [04/Oct/2025:17:10:59 -0300] "POST /wp-cron.php?doing_wp_cron=1759608659.1736450195312500000000 HTTP/1.1" 200 389 "https://jomarlogistica.com.br/wp-cron.php?doing_wp_cron=1759608659.1736450195312500000000" "WordPress/5.8.10; https://jomarlogistica.com.br"
jomarlogistica.com.br:80 57.141.6.31 - - [04/Oct/2025:17:10:58 -0300] "GET /2023/04/28/base-legal-de-omaped-todo-lo-que-necesitas-saber/ HTTP/1.1" 200 61712 "-" "meta-externalagent/1.1 (+https://developers.facebook.com/docs/sharing/webmasters/crawler)"
jomarlogistica.com.br:80 127.0.0.1 - - [04/Oct/2025:17:11:04 -0300] "OPTIONS * HTTP/1.0" 200 110 "-" "Apache/2.4.65 (Ubuntu) (internal dummy connection)"
jomarlogistica.com.br:80 177.212.244.15 - - [04/Oct/2025:17:11:05 -0300] "POST /autodiscover/autodiscover.xml HTTP/1.1" 404 448 "-" "AppleExchangeWebServices/833 accountsd/113"
jomarlogistica.com.br:80 172.20.1.198 - - [04/Oct/2025:17:13:56 -0300] "POST /wp-cron.php?doing_wp_cron=1759608836.6023209095001220703125 HTTP/1.1" 200 389 "https://jomarlogistica.com.br/wp-cron.php?doing_wp_cron=1759608836.6023209095001220703125" "WordPress/5.8.10; https://jomarlogistica.com.br"
jomarlogistica.com.br:80 188.130.219.115 - - [04/Oct/2025:17:13:56 -0300] "GET /2022/10/12/realizing-love-signs-that-youll-be-in-love/ HTTP/1.1" 200 18192 "https://jomarlogistica.com.br/" "Mozilla/5.0 (Windows NT 10.0) AppleWebKit/537.36 (KHTML, like Gecko) Chrome/114.0.0.0 Safari/537.36"
jomarlogistica.com.br:80 127.0.0.1 - - [04/Oct/2025:17:14:01 -0300] "OPTIONS * HTTP/1.0" 200 110 "-" "Apache/2.4.65 (Ubuntu) (internal dummy connection)"
jomarlogistica.com.br:80 188.130.219.115 - - [04/Oct/2025:17:14:02 -0300] "GET /wp-admin/admin-ajax.php HTTP/1.1" 400 361 "https://jomarlogistica.com.br/2022/10/12/realizing-love-signs-that-youll-be-in-love/" "Mozilla/5.0 (Windows NT 6.3; Win64; x64) AppleWebKit/537.36 (KHTML, like Gecko) Chrome/103.0.0.0 Safari/537.36"
jomarlogistica.com.br:80 188.130.219.115 - - [04/Oct/2025:17:14:04 -0300] "GET /wp-admin/admin-ajax.php?action=register HTTP/1.1" 400 473 "https://jomarlogistica.com.br/wp-admin/admin-ajax.php" "Mozilla/5.0 (Windows NT 6.3; Win64; x64) AppleWebKit/537.36 (KHTML, like Gecko) Chrome/103.0.0.0 Safari/537.36"
jomarlogistica.com.br:80 216.244.66.226 - - [04/Oct/2025:17:15:09 -0300] "GET /robots.txt HTTP/1.1" 200 565 "-" "Mozilla/5.0 (compatible; DotBot/1.2; +https://opensiteexplorer.org/dotbot; help@moz.com)"
jomarlogistica.com.br:80 185.220.101.170 - - [04/Oct/2025:17:15:26 -0300] "POST /xmlrpc.php HTTP/1.1" 403 2493 "-" "Mozilla/5.0 (Windows NT 10.0; Win64; x64; rv:124.0) Gecko/20100101 Firefox/124.0"
jomarlogistica.com.br:80 185.220.101.170 - - [04/Oct/2025:17:15:26 -0300] "POST /xmlrpc.php HTTP/1.1" 403 2493 "-" "Mozilla/5.0 (Windows NT 10.0; Win64; x64; rv:124.0) Gecko/20100101 Firefox/124.0"
jomarlogistica.com.br:80 57.141.6.48 - - [04/Oct/2025:17:15:42 -0300] "GET /2023/11/22/burrows-finn-and-todd-law-of-contract-in-new-zealand/ HTTP/1.1" 200 60843 "-" "meta-externalagent/1.1 (+https://developers.facebook.com/docs/sharing/webmasters/crawler)"
jomarlogistica.com.br:80 172.20.1.198 - - [04/Oct/2025:17:19:32 -0300] "POST /wp-cron.php?doing_wp_cron=1759609172.9340300559997558593750 HTTP/1.1" 200 389 "https://jomarlogistica.com.br/wp-cron.php?doing_wp_cron=1759609172.9340300559997558593750" "WordPress/5.8.10; https://jomarlogistica.com.br"
jomarlogistica.com.br:80 57.141.6.72 - - [04/Oct/2025:17:19:32 -0300] "GET /2023/03/02/the-hazards-of-the-sugardaddy-lifestyle/ HTTP/1.1" 200 81193 "-" "meta-externalagent/1.1 (+https://developers.facebook.com/docs/sharing/webmasters/crawler)"
jomarlogistica.com.br:80 127.0.0.1 - - [04/Oct/2025:17:19:38 -0300] "OPTIONS * HTTP/1.0" 200 110 "-" "Apache/2.4.65 (Ubuntu) (internal dummy connection)"
jomarlogistica.com.br:80 57.141.6.19 - - [04/Oct/2025:17:21:55 -0300] "GET /2023/12/13/are-otf-knives-legal-in-the-uk-uk-knife-laws-explained/ HTTP/1.1" 200 60696 "-" "meta-externalagent/1.1 (+https://developers.facebook.com/docs/sharing/webmasters/crawler)"
jomarlogistica.com.br:80 172.20.1.198 - - [04/Oct/2025:17:23:57 -0300] "POST /wp-cron.php?doing_wp_cron=1759609437.4409930706024169921875 HTTP/1.1" 200 389 "https://jomarlogistica.com.br/wp-cron.php?doing_wp_cron=1759609437.4409930706024169921875" "WordPress/5.8.10; https://jomarlogistica.com.br"
jomarlogistica.com.br:80 57.141.6.15 - - [04/Oct/2025:17:23:57 -0300] "GET /category/jomar/page/5/ HTTP/1.1" 200 94417 "-" "meta-externalagent/1.1 (+https://developers.facebook.com/docs/sharing/webmasters/crawler)"
jomarlogistica.com.br:80 127.0.0.1 - - [04/Oct/2025:17:24:02 -0300] "OPTIONS * HTTP/1.0" 200 110 "-" "Apache/2.4.65 (Ubuntu) (internal dummy connection)"
jomarlogistica.com.br:80 172.20.1.198 - - [04/Oct/2025:17:28:57 -0300] "POST /wp-cron.php?doing_wp_cron=1759609737.5383920669555664062500 HTTP/1.1" 200 389 "https://jomarlogistica.com.br/wp-cron.php?doing_wp_cron=1759609737.5383920669555664062500" "WordPress/5.8.10; https://jomarlogistica.com.br"
jomarlogistica.com.br:80 66.249.66.38 - - [04/Oct/2025:17:28:57 -0300] "GET /robots.txt HTTP/1.1" 200 584 "-" "Mozilla/5.0 (compatible; Googlebot/2.1; +http://www.google.com/bot.html)"
jomarlogistica.com.br:80 66.249.66.38 - - [04/Oct/2025:17:28:58 -0300] "GET /2023/11/06/are-tinted-plate-covers-legal-in-ohio-ohio-license-plate-laws/ HTTP/1.1" 200 14014 "-" "Mozilla/5.0 (Linux; Android 6.0.1; Nexus 5X Build/MMB29P) AppleWebKit/537.36 (KHTML, like Gecko) Chrome/140.0.7339.207 Mobile Safari/537.36 (compatible; GoogleOther)"
jomarlogistica.com.br:80 66.249.66.39 - - [04/Oct/2025:17:29:01 -0300] "GET /?a7b529c=7204788 HTTP/1.1" 200 287 "https://jomarlogistica.com.br/2023/11/06/are-tinted-plate-covers-legal-in-ohio-ohio-license-plate-laws/" "Mozilla/5.0 (Linux; Android 6.0.1; Nexus 5X Build/MMB29P) AppleWebKit/537.36 (KHTML, like Gecko) Chrome/139.0.7258.127 Mobile Safari/537.36 (compatible; Googlebot/2.1; +http://www.google.com/bot.html)"
jomarlogistica.com.br:80 57.141.6.24 - - [04/Oct/2025:17:29:15 -0300] "GET /2023/06/19/car-agreement-of-sale-word-legal-templates-and-forms/ HTTP/1.1" 200 63669 "-" "meta-externalagent/1.1 (+https://developers.facebook.com/docs/sharing/webmasters/crawler)"
jomarlogistica.com.br:80 127.0.0.1 - - [04/Oct/2025:17:29:20 -0300] "OPTIONS * HTTP/1.0" 200 110 "-" "Apache/2.4.65 (Ubuntu) (internal dummy connection)"
jomarlogistica.com.br:80 177.212.244.15 - - [04/Oct/2025:17:29:37 -0300] "POST /autodiscover/autodiscover.xml HTTP/1.1" 404 448 "-" "AppleExchangeWebServices/833 accountsd/113"
jomarlogistica.com.br:80 54.91.122.193 - - [04/Oct/2025:17:29:38 -0300] "GET /2022/12/05/mixte-relationships-stars/ HTTP/1.1" 200 17419 "-" "Mozilla/5.0 AppleWebKit/537.36 (KHTML, like Gecko; compatible; Amazonbot/0.1; +https://developer.amazon.com/support/amazonbot) Chrome/119.0.6045.214 Safari/537.36"
jomarlogistica.com.br:80 172.20.1.198 - - [04/Oct/2025:17:33:36 -0300] "POST /wp-cron.php?doing_wp_cron=1759610016.2836940288543701171875 HTTP/1.1" 200 389 "https://jomarlogistica.com.br/wp-cron.php?doing_wp_cron=1759610016.2836940288543701171875" "WordPress/5.8.10; https://jomarlogistica.com.br"
jomarlogistica.com.br:80 114.119.128.158 - - [04/Oct/2025:17:33:35 -0300] "GET /2023/12/page/2/ HTTP/1.1" 200 12034 "https://jomarlogistica.com.br/2023/12/" "Mozilla/5.0 (Linux; Android 7.0;) AppleWebKit/537.36 (KHTML, like Gecko) Mobile Safari/537.36 (compatible; PetalBot;+https://webmaster.petalsearch.com/site/petalbot)"
jomarlogistica.com.br:80 127.0.0.1 - - [04/Oct/2025:17:33:41 -0300] "OPTIONS * HTTP/1.0" 200 110 "-" "Apache/2.4.65 (Ubuntu) (internal dummy connection)"
jomarlogistica.com.br:80 135.237.131.220 - - [04/Oct/2025:17:36:45 -0300] "GET /2022/06/23/are-cherry-bomb-mufflers-legal-legal-information-and-regulations/ HTTP/1.1" 200 14188 "-" "Mozilla/5.0 AppleWebKit/537.36 (KHTML, like Gecko); compatible; ChatGPT-User/1.0; +https://openai.com/bot"
jomarlogistica.com.br:80 172.20.1.198 - - [04/Oct/2025:17:37:43 -0300] "POST /wp-cron.php?doing_wp_cron=1759610263.6415638923645019531250 HTTP/1.1" 200 389 "https://jomarlogistica.com.br/wp-cron.php?doing_wp_cron=1759610263.6415638923645019531250" "WordPress/5.8.10; https://jomarlogistica.com.br"
jomarlogistica.com.br:80 216.244.66.226 - - [04/Oct/2025:17:37:43 -0300] "GET /2023/01/page/2/ HTTP/1.1" 200 93760 "-" "Mozilla/5.0 (compatible; DotBot/1.2; +https://opensiteexplorer.org/dotbot; help@moz.com)"
jomarlogistica.com.br:80 127.0.0.1 - - [04/Oct/2025:17:37:49 -0300] "OPTIONS * HTTP/1.0" 200 110 "-" "Apache/2.4.65 (Ubuntu) (internal dummy connection)"
jomarlogistica.com.br:80 216.244.66.226 - - [04/Oct/2025:17:38:23 -0300] "GET /2023/04/page/2/ HTTP/1.1" 200 97883 "-" "Mozilla/5.0 (compatible; DotBot/1.2; +https://opensiteexplorer.org/dotbot; help@moz.com)"
jomarlogistica.com.br:80 85.208.96.204 - - [04/Oct/2025:17:39:17 -0300] "GET /2023/04/19/passionate-ideas-for-her/ HTTP/1.1" 200 19083 "-" "Mozilla/5.0 (compatible; SemrushBot/7~bl; +http://www.semrush.com/bot.html)"
jomarlogistica.com.br:80 57.141.6.32 - - [04/Oct/2025:17:41:02 -0300] "GET /2024/02/05/anti-terrorism-laws-in-america-understanding-the-legal-framework/ HTTP/1.1" 200 63552 "-" "meta-externalagent/1.1 (+https://developers.facebook.com/docs/sharing/webmasters/crawler)"
jomarlogistica.com.br:80 172.20.1.198 - - [04/Oct/2025:17:46:38 -0300] "POST /wp-cron.php?doing_wp_cron=1759610797.9892299175262451171875 HTTP/1.1" 200 389 "https://jomarlogistica.com.br/wp-cron.php?doing_wp_cron=1759610797.9892299175262451171875" "WordPress/5.8.10; https://jomarlogistica.com.br"
jomarlogistica.com.br:80 177.212.244.15 - - [04/Oct/2025:17:46:37 -0300] "POST /autodiscover/autodiscover.xml HTTP/1.1" 404 448 "-" "AppleExchangeWebServices/833 accountsd/113"
jomarlogistica.com.br:80 127.0.0.1 - - [04/Oct/2025:17:46:42 -0300] "OPTIONS * HTTP/1.0" 200 110 "-" "Apache/2.4.65 (Ubuntu) (internal dummy connection)"
jomarlogistica.com.br:80 185.191.171.12 - - [04/Oct/2025:17:46:57 -0300] "GET /robots.txt HTTP/1.1" 200 584 "-" "Mozilla/5.0 (compatible; SemrushBot/7~bl; +http://www.semrush.com/bot.html)"
jomarlogistica.com.br:80 85.208.96.195 - - [04/Oct/2025:17:46:58 -0300] "GET /2023/03/ HTTP/1.1" 200 18559 "-" "Mozilla/5.0 (compatible; SemrushBot/7~bl; +http://www.semrush.com/bot.html)"
jomarlogistica.com.br:80 172.20.1.198 - - [04/Oct/2025:17:52:03 -0300] "POST /wp-cron.php?doing_wp_cron=1759611123.1566131114959716796875 HTTP/1.1" 200 389 "https://jomarlogistica.com.br/wp-cron.php?doing_wp_cron=1759611123.1566131114959716796875" "WordPress/5.8.10; https://jomarlogistica.com.br"
jomarlogistica.com.br:80 177.212.244.15 - - [04/Oct/2025:17:52:02 -0300] "POST /autodiscover/autodiscover.xml HTTP/1.1" 404 448 "-" "AppleExchangeWebServices/833 accountsd/113"
jomarlogistica.com.br:80 127.0.0.1 - - [04/Oct/2025:17:52:08 -0300] "OPTIONS * HTTP/1.0" 200 110 "-" "Apache/2.4.65 (Ubuntu) (internal dummy connection)"
jomarlogistica.com.br:80 172.20.1.198 - - [04/Oct/2025:17:54:19 -0300] "POST /wp-cron.php?doing_wp_cron=1759611258.9765260219573974609375 HTTP/1.1" 200 389 "https://jomarlogistica.com.br/wp-cron.php?doing_wp_cron=1759611258.9765260219573974609375" "WordPress/5.8.10; https://jomarlogistica.com.br"
jomarlogistica.com.br:80 17.241.75.200 - - [04/Oct/2025:17:54:18 -0300] "GET /2023/08/08/item-business-calculating/ HTTP/1.1" 200 17340 "-" "Mozilla/5.0 (Macintosh; Intel Mac OS X 10_15_7) AppleWebKit/605.1.15 (KHTML, like Gecko) Version/17.4 Safari/605.1.15 (Applebot/0.1; +http://www.apple.com/go/applebot)"
jomarlogistica.com.br:80 127.0.0.1 - - [04/Oct/2025:17:54:24 -0300] "OPTIONS * HTTP/1.0" 200 110 "-" "Apache/2.4.65 (Ubuntu) (internal dummy connection)"
jomarlogistica.com.br:80 172.20.1.198 - - [04/Oct/2025:18:00:17 -0300] "POST /wp-cron.php?doing_wp_cron=1759611617.2715339660644531250000 HTTP/1.1" 200 389 "https://jomarlogistica.com.br/wp-cron.php?doing_wp_cron=1759611617.2715339660644531250000" "WordPress/5.8.10; https://jomarlogistica.com.br"
jomarlogistica.com.br:80 114.119.134.192 - - [04/Oct/2025:18:00:16 -0300] "GET /wp-sitemap-users-1.xml HTTP/1.1" 200 602 "-" "Mozilla/5.0 (Linux; Android 7.0;) AppleWebKit/537.36 (KHTML, like Gecko) Mobile Safari/537.36 (compatible; PetalBot;+https://webmaster.petalsearch.com/site/petalbot)"
jomarlogistica.com.br:80 127.0.0.1 - - [04/Oct/2025:18:00:21 -0300] "OPTIONS * HTTP/1.0" 200 110 "-" "Apache/2.4.65 (Ubuntu) (internal dummy connection)"
jomarlogistica.com.br:80 17.22.237.45 - - [04/Oct/2025:18:01:15 -0300] "GET /wp-includes/js/wp-emoji-release.min.js?ver=5.8.10 HTTP/1.1" 200 5577 "https://jomarlogistica.com.br/2023/08/08/item-business-calculating/" "Mozilla/5.0 (Macintosh; Intel Mac OS X 10_15_7) AppleWebKit/605.1.15 (KHTML, like Gecko) Version/17.4 Safari/605.1.15 (Applebot/0.1; +http://www.apple.com/go/applebot)"
jomarlogistica.com.br:80 17.22.245.138 - - [04/Oct/2025:18:01:16 -0300] "GET /wp-content/plugins/redux-framework/redux-core/extendify-sdk/public/build/extendify-utilities.css?ver=13.4 HTTP/1.1" 200 6477 "https://jomarlogistica.com.br/2023/08/08/item-business-calculating/" "Mozilla/5.0 (Macintosh; Intel Mac OS X 10_15_7) AppleWebKit/605.1.15 (KHTML, like Gecko) Version/17.4 Safari/605.1.15 (Applebot/0.1; +http://www.apple.com/go/applebot)"
jomarlogistica.com.br:80 17.22.245.38 - - [04/Oct/2025:18:01:16 -0300] "GET /wp-content/plugins/booked/assets/js/tooltipster/css/tooltipster.css?ver=3.3.0 HTTP/1.1" 200 2174 "https://jomarlogistica.com.br/2023/08/08/item-business-calculating/" "Mozilla/5.0 (Macintosh; Intel Mac OS X 10_15_7) AppleWebKit/605.1.15 (KHTML, like Gecko) Version/17.4 Safari/605.1.15 (Applebot/0.1; +http://www.apple.com/go/applebot)"
jomarlogistica.com.br:80 17.22.245.6 - - [04/Oct/2025:18:01:17 -0300] "GET /wp-includes/css/dist/block-library/style.min.css?ver=5.8.10 HTTP/1.1" 200 12027 "https://jomarlogistica.com.br/2023/08/08/item-business-calculating/" "Mozilla/5.0 (Macintosh; Intel Mac OS X 10_15_7) AppleWebKit/605.1.15 (KHTML, like Gecko) Version/17.4 Safari/605.1.15 (Applebot/0.1; +http://www.apple.com/go/applebot)"
jomarlogistica.com.br:80 17.22.245.192 - - [04/Oct/2025:18:01:17 -0300] "GET /wp-content/plugins/instagram-feed/css/sbi-styles.min.css?ver=2.9.7 HTTP/1.1" 200 3355 "https://jomarlogistica.com.br/2023/08/08/item-business-calculating/" "Mozilla/5.0 (Macintosh; Intel Mac OS X 10_15_7) AppleWebKit/605.1.15 (KHTML, like Gecko) Version/17.4 Safari/605.1.15 (Applebot/0.1; +http://www.apple.com/go/applebot)"
jomarlogistica.com.br:80 17.22.237.133 - - [04/Oct/2025:18:01:18 -0300] "GET /wp-content/plugins/booked/assets/css/icons.css?ver=2.3.5 HTTP/1.1" 200 7004 "https://jomarlogistica.com.br/2023/08/08/item-business-calculating/" "Mozilla/5.0 (Macintosh; Intel Mac OS X 10_15_7) AppleWebKit/605.1.15 (KHTML, like Gecko) Version/17.4 Safari/605.1.15 (Applebot/0.1; +http://www.apple.com/go/applebot)"
jomarlogistica.com.br:80 17.22.237.45 - - [04/Oct/2025:18:01:18 -0300] "GET /wp-content/plugins/booked/assets/js/tooltipster/css/themes/tooltipster-light.css?ver=3.3.0 HTTP/1.1" 200 596 "https://jomarlogistica.com.br/2023/08/08/item-business-calculating/" "Mozilla/5.0 (Macintosh; Intel Mac OS X 10_15_7) AppleWebKit/605.1.15 (KHTML, like Gecko) Version/17.4 Safari/605.1.15 (Applebot/0.1; +http://www.apple.com/go/applebot)"
jomarlogistica.com.br:80 17.22.237.193 - - [04/Oct/2025:18:01:19 -0300] "GET /wp-content/plugins/booked/assets/css/animations.css?ver=2.3.5 HTTP/1.1" 200 905 "https://jomarlogistica.com.br/2023/08/08/item-business-calculating/" "Mozilla/5.0 (Macintosh; Intel Mac OS X 10_15_7) AppleWebKit/605.1.15 (KHTML, like Gecko) Version/17.4 Safari/605.1.15 (Applebot/0.1; +http://www.apple.com/go/applebot)"
jomarlogistica.com.br:80 17.22.253.143 - - [04/Oct/2025:18:01:19 -0300] "GET /wp-content/plugins/booked/dist/booked.css?ver=2.3.5 HTTP/1.1" 200 9827 "https://jomarlogistica.com.br/2023/08/08/item-business-calculating/" "Mozilla/5.0 (Macintosh; Intel Mac OS X 10_15_7) AppleWebKit/605.1.15 (KHTML, like Gecko) Version/17.4 Safari/605.1.15 (Applebot/0.1; +http://www.apple.com/go/applebot)"
jomarlogistica.com.br:80 17.22.253.41 - - [04/Oct/2025:18:01:20 -0300] "GET /wp-content/plugins/case-theme-core/assets/css/main.css?ver=1.0.0 HTTP/1.1" 200 563 "https://jomarlogistica.com.br/2023/08/08/item-business-calculating/" "Mozilla/5.0 (Macintosh; Intel Mac OS X 10_15_7) AppleWebKit/605.1.15 (KHTML, like Gecko) Version/17.4 Safari/605.1.15 (Applebot/0.1; +http://www.apple.com/go/applebot)"
jomarlogistica.com.br:80 17.22.253.210 - - [04/Oct/2025:18:01:20 -0300] "GET /wp-content/plugins/case-theme-core/assets/css/lib/progressbar.min.css?ver=0.7.1 HTTP/1.1" 200 1103 "https://jomarlogistica.com.br/2023/08/08/item-business-calculating/" "Mozilla/5.0 (Macintosh; Intel Mac OS X 10_15_7) AppleWebKit/605.1.15 (KHTML, like Gecko) Version/17.4 Safari/605.1.15 (Applebot/0.1; +http://www.apple.com/go/applebot)"
jomarlogistica.com.br:80 17.22.245.192 - - [04/Oct/2025:18:01:20 -0300] "GET /wp-content/plugins/case-theme-core/assets/css/lib/owl.carousel.min.css?ver=2.2.1 HTTP/1.1" 200 1298 "https://jomarlogistica.com.br/2023/08/08/item-business-calculating/" "Mozilla/5.0 (Macintosh; Intel Mac OS X 10_15_7) AppleWebKit/605.1.15 (KHTML, like Gecko) Version/17.4 Safari/605.1.15 (Applebot/0.1; +http://www.apple.com/go/applebot)"
jomarlogistica.com.br:80 17.22.245.249 - - [04/Oct/2025:18:01:21 -0300] "GET /wp-content/plugins/case-theme-core/assets/plugin/font-awesome/css/font-awesome.min.css?ver=4.7.0 HTTP/1.1" 200 7624 "https://jomarlogistica.com.br/2023/08/08/item-business-calculating/" "Mozilla/5.0 (Macintosh; Intel Mac OS X 10_15_7) AppleWebKit/605.1.15 (KHTML, like Gecko) Version/17.4 Safari/605.1.15 (Applebot/0.1; +http://www.apple.com/go/applebot)"
jomarlogistica.com.br:80 17.22.237.74 - - [04/Oct/2025:18:01:22 -0300] "GET /wp-content/plugins/case-theme-user/acess/css/remodal.css?ver=5.8.10 HTTP/1.1" 200 1050 "https://jomarlogistica.com.br/2023/08/08/item-business-calculating/" "Mozilla/5.0 (Macintosh; Intel Mac OS X 10_15_7) AppleWebKit/605.1.15 (KHTML, like Gecko) Version/17.4 Safari/605.1.15 (Applebot/0.1; +http://www.apple.com/go/applebot)"
jomarlogistica.com.br:80 17.22.253.41 - - [04/Oct/2025:18:01:22 -0300] "GET /wp-content/plugins/contact-form-7-multi-step/assets/frontend/css/cf7mls.css?ver=2.5.4 HTTP/1.1" 200 2184 "https://jomarlogistica.com.br/2023/08/08/item-business-calculating/" "Mozilla/5.0 (Macintosh; Intel Mac OS X 10_15_7) AppleWebKit/605.1.15 (KHTML, like Gecko) Version/17.4 Safari/605.1.15 (Applebot/0.1; +http://www.apple.com/go/applebot)"
