jomarlogistica.com.br:80 143.255.14.152 - - [04/Oct/2025:22:37:43 -0300] "GET /wp-content/plugins/booked/assets/js/spin.jquery.js?ver=2.0.1 HTTP/1.1" 200 1167 "https://jomarlogistica.com.br/2022/12/31/canada-paris-agreement-ratification-legal-analysis-implications/" "Mozilla/5.0 (Macintosh; Intel Mac OS X 10_15_7) AppleWebKit/537.36 (KHTML, like Gecko) Chrome/125.0.0.0 Safari/537.36"
jomarlogistica.com.br:80 143.255.14.152 - - [04/Oct/2025:22:37:43 -0300] "GET /wp-content/plugins/booked/assets/js/functions.js?ver=2.3.5 HTTP/1.1" 200 10029 "https://jomarlogistica.com.br/2022/12/31/canada-paris-agreement-ratification-legal-analysis-implications/" "Mozilla/5.0 (Macintosh; Intel Mac OS X 10_15_7) AppleWebKit/537.36 (KHTML, like Gecko) Chrome/125.0.0.0 Safari/537.36"
jomarlogistica.com.br:80 143.255.14.152 - - [04/Oct/2025:22:37:43 -0300] "GET /wp-content/plugins/case-theme-user/acess/js/remodal.min.js?ver=1.0.0 HTTP/1.1" 200 3045 "https://jomarlogistica.com.br/2022/12/31/canada-paris-agreement-ratification-legal-analysis-implications/" "Mozilla/5.0 (Macintosh; Intel Mac OS X 10_15_7) AppleWebKit/537.36 (KHTML, like Gecko) Chrome/125.0.0.0 Safari/537.36"
jomarlogistica.com.br:80 143.255.14.152 - - [04/Oct/2025:22:37:43 -0300] "GET /wp-content/plugins/contact-form-7-multi-step/assets/frontend/js/cf7mls.js?ver=2.5.4 HTTP/1.1" 200 7286 "https://jomarlogistica.com.br/2022/12/31/canada-paris-agreement-ratification-legal-analysis-implications/" "Mozilla/5.0 (Macintosh; Intel Mac OS X 10_15_7) AppleWebKit/537.36 (KHTML, like Gecko) Chrome/125.0.0.0 Safari/537.36"
jomarlogistica.com.br:80 143.255.14.152 - - [04/Oct/2025:22:37:43 -0300] "GET /wp-content/themes/consultio/assets/js/progressbar.min.js?ver=1.0.0 HTTP/1.1" 200 1327 "https://jomarlogistica.com.br/2022/12/31/canada-paris-agreement-ratification-legal-analysis-implications/" "Mozilla/5.0 (Macintosh; Intel Mac OS X 10_15_7) AppleWebKit/537.36 (KHTML, like Gecko) Chrome/125.0.0.0 Safari/537.36"
jomarlogistica.com.br:80 143.255.14.152 - - [04/Oct/2025:22:37:43 -0300] "GET /wp-includes/js/dist/vendor/wp-polyfill.min.js?ver=3.15.0 HTTP/1.1" 200 6572 "https://jomarlogistica.com.br/2022/12/31/canada-paris-agreement-ratification-legal-analysis-implications/" "Mozilla/5.0 (Macintosh; Intel Mac OS X 10_15_7) AppleWebKit/537.36 (KHTML, like Gecko) Chrome/125.0.0.0 Safari/537.36"
jomarlogistica.com.br:80 143.255.14.152 - - [04/Oct/2025:22:37:44 -0300] "GET /wp-content/themes/consultio/assets/js/main.js?ver=2.8.0 HTTP/1.1" 200 6474 "https://jomarlogistica.com.br/2022/12/31/canada-paris-agreement-ratification-legal-analysis-implications/" "Mozilla/5.0 (Macintosh; Intel Mac OS X 10_15_7) AppleWebKit/537.36 (KHTML, like Gecko) Chrome/125.0.0.0 Safari/537.36"
jomarlogistica.com.br:80 143.255.14.152 - - [04/Oct/2025:22:37:44 -0300] "GET /wp-includes/js/jquery/ui/datepicker.min.js?ver=1.12.1 HTTP/1.1" 200 11574 "https://jomarlogistica.com.br/2022/12/31/canada-paris-agreement-ratification-legal-analysis-implications/" "Mozilla/5.0 (Macintosh; Intel Mac OS X 10_15_7) AppleWebKit/537.36 (KHTML, like Gecko) Chrome/125.0.0.0 Safari/537.36"
jomarlogistica.com.br:80 143.255.14.152 - - [04/Oct/2025:22:37:44 -0300] "GET /wp-content/themes/consultio/assets/js/magnific-popup.min.js?ver=1.0.0 HTTP/1.1" 200 14895 "https://jomarlogistica.com.br/2022/12/31/canada-paris-agreement-ratification-legal-analysis-implications/" "Mozilla/5.0 (Macintosh; Intel Mac OS X 10_15_7) AppleWebKit/537.36 (KHTML, like Gecko) Chrome/125.0.0.0 Safari/537.36"
jomarlogistica.com.br:80 143.255.14.152 - - [04/Oct/2025:22:37:44 -0300] "GET /wp-content/plugins/contact-form-7/includes/js/index.js?ver=5.5.3 HTTP/1.1" 200 4245 "https://jomarlogistica.com.br/2022/12/31/canada-paris-agreement-ratification-legal-analysis-implications/" "Mozilla/5.0 (Macintosh; Intel Mac OS X 10_15_7) AppleWebKit/537.36 (KHTML, like Gecko) Chrome/125.0.0.0 Safari/537.36"
jomarlogistica.com.br:80 127.0.0.1 - - [04/Oct/2025:22:37:44 -0300] "OPTIONS * HTTP/1.0" 200 110 "-" "Apache/2.4.65 (Ubuntu) (internal dummy connection)"
jomarlogistica.com.br:80 143.255.14.152 - - [04/Oct/2025:22:37:44 -0300] "GET /wp-content/plugins/revslider/public/assets/js/rs6.min.js?ver=6.5.11 HTTP/1.1" 200 104993 "https://jomarlogistica.com.br/2022/12/31/canada-paris-agreement-ratification-legal-analysis-implications/" "Mozilla/5.0 (Macintosh; Intel Mac OS X 10_15_7) AppleWebKit/537.36 (KHTML, like Gecko) Chrome/125.0.0.0 Safari/537.36"
jomarlogistica.com.br:80 143.255.14.152 - - [04/Oct/2025:22:37:44 -0300] "GET /wp-includes/js/wp-emoji-release.min.js?ver=5.8.10 HTTP/1.1" 200 5577 "https://jomarlogistica.com.br/2022/12/31/canada-paris-agreement-ratification-legal-analysis-implications/" "Mozilla/5.0 (Macintosh; Intel Mac OS X 10_15_7) AppleWebKit/537.36 (KHTML, like Gecko) Chrome/125.0.0.0 Safari/537.36"
jomarlogistica.com.br:80 143.255.14.152 - - [04/Oct/2025:22:37:45 -0300] "GET /wp-content/plugins/revslider/public/assets/js/rbtools.min.js?ver=6.5.11 HTTP/1.1" 200 48806 "https://jomarlogistica.com.br/2022/12/31/canada-paris-agreement-ratification-legal-analysis-implications/" "Mozilla/5.0 (Macintosh; Intel Mac OS X 10_15_7) AppleWebKit/537.36 (KHTML, like Gecko) Chrome/125.0.0.0 Safari/537.36"
jomarlogistica.com.br:80 127.0.0.1 - - [04/Oct/2025:22:37:45 -0300] "OPTIONS * HTTP/1.0" 200 110 "-" "Apache/2.4.65 (Ubuntu) (internal dummy connection)"
jomarlogistica.com.br:80 143.255.14.152 - - [04/Oct/2025:22:37:40 -0300] "GET /?a7b529c=7413959 HTTP/1.1" 200 287 "https://jomarlogistica.com.br/2022/12/31/canada-paris-agreement-ratification-legal-analysis-implications/" "Mozilla/5.0 (Macintosh; Intel Mac OS X 10_15_7) AppleWebKit/537.36 (KHTML, like Gecko) Chrome/125.0.0.0 Safari/537.36"
jomarlogistica.com.br:80 127.0.0.1 - - [04/Oct/2025:22:37:54 -0300] "OPTIONS * HTTP/1.0" 200 110 "-" "Apache/2.4.65 (Ubuntu) (internal dummy connection)"
jomarlogistica.com.br:80 172.20.1.198 - - [04/Oct/2025:22:46:27 -0300] "POST /wp-cron.php?doing_wp_cron=1759628787.3448390960693359375000 HTTP/1.1" 200 389 "https://jomarlogistica.com.br/wp-cron.php?doing_wp_cron=1759628787.3448390960693359375000" "WordPress/5.8.10; https://jomarlogistica.com.br"
jomarlogistica.com.br:80 40.84.221.238 - - [04/Oct/2025:22:46:26 -0300] "GET /2022/06/23/are-cherry-bomb-mufflers-legal-legal-information-and-regulations/ HTTP/1.1" 200 14188 "-" "Mozilla/5.0 AppleWebKit/537.36 (KHTML, like Gecko); compatible; ChatGPT-User/1.0; +https://openai.com/bot"
jomarlogistica.com.br:80 127.0.0.1 - - [04/Oct/2025:22:46:32 -0300] "OPTIONS * HTTP/1.0" 200 110 "-" "Apache/2.4.65 (Ubuntu) (internal dummy connection)"
jomarlogistica.com.br:80 52.208.151.205 - - [04/Oct/2025:22:46:50 -0300] "GET / HTTP/1.1" 200 23930 "-" "Mozilla/5.0 (Linux; Android 13; Pixel 7) AppleWebKit/537.36 (KHTML, like Gecko) Chrome/119.0.0.0 Mobile Safari/537.36"
jomarlogistica.com.br:80 172.20.1.198 - - [04/Oct/2025:22:48:58 -0300] "POST /wp-cron.php?doing_wp_cron=1759628938.1666700839996337890625 HTTP/1.1" 200 389 "https://jomarlogistica.com.br/wp-cron.php?doing_wp_cron=1759628938.1666700839996337890625" "WordPress/5.8.10; https://jomarlogistica.com.br"
jomarlogistica.com.br:80 114.119.128.158 - - [04/Oct/2025:22:48:57 -0300] "GET /2023/05/30/st-matthews-healthiness-center/ HTTP/1.1" 200 17338 "https://jomarlogistica.com.br/2023/05/" "Mozilla/5.0 (Linux; Android 7.0;) AppleWebKit/537.36 (KHTML, like Gecko) Mobile Safari/537.36 (compatible; PetalBot;+https://webmaster.petalsearch.com/site/petalbot)"
jomarlogistica.com.br:80 127.0.0.1 - - [04/Oct/2025:22:49:04 -0300] "OPTIONS * HTTP/1.0" 200 110 "-" "Apache/2.4.65 (Ubuntu) (internal dummy connection)"
jomarlogistica.com.br:80 114.119.138.207 - - [04/Oct/2025:22:50:21 -0300] "GET /2023/02/22/seeing-someone-right-from-a-different-region/ HTTP/1.1" 200 18073 "https://jomarlogistica.com.br/author/jomar/page/37/" "Mozilla/5.0 (Linux; Android 7.0;) AppleWebKit/537.36 (KHTML, like Gecko) Mobile Safari/537.36 (compatible; PetalBot;+https://webmaster.petalsearch.com/site/petalbot)"
jomarlogistica.com.br:80 57.141.6.38 - - [04/Oct/2025:22:50:47 -0300] "GET /category/jomar/page/54/ HTTP/1.1" 200 94626 "-" "meta-externalagent/1.1 (+https://developers.facebook.com/docs/sharing/webmasters/crawler)"
jomarlogistica.com.br:80 114.119.128.158 - - [04/Oct/2025:22:51:48 -0300] "GET /2022/11/15/finding-a-wife-online/ HTTP/1.1" 200 18108 "https://jomarlogistica.com.br/2022/11/14/manifesting-love-signs-you-are-in-love-2/" "Mozilla/5.0 (Linux; Android 7.0;) AppleWebKit/537.36 (KHTML, like Gecko) Mobile Safari/537.36 (compatible; PetalBot;+https://webmaster.petalsearch.com/site/petalbot)"
jomarlogistica.com.br:80 113.15.121.39 - - [04/Oct/2025:22:54:59 -0300] "POST /wp-comments-post.php HTTP/1.1" 403 2493 "-" "Mozilla/5.0 (Windows NT 10.0; Win64; x64) AppleWebKit/537.36 (KHTML, like Gecko) Chrome/108.0.0.0 Safari/537.36 Edg/108.0.1462.46"
jomarlogistica.com.br:80 172.20.1.198 - - [04/Oct/2025:23:04:25 -0300] "POST /wp-cron.php?doing_wp_cron=1759629865.0038149356842041015625 HTTP/1.1" 200 389 "https://jomarlogistica.com.br/wp-cron.php?doing_wp_cron=1759629865.0038149356842041015625" "WordPress/5.8.10; https://jomarlogistica.com.br"
jomarlogistica.com.br:80 177.212.244.15 - - [04/Oct/2025:23:04:24 -0300] "POST /autodiscover/autodiscover.xml HTTP/1.1" 404 448 "-" "AppleExchangeWebServices/833 accountsd/113"
jomarlogistica.com.br:80 127.0.0.1 - - [04/Oct/2025:23:04:30 -0300] "OPTIONS * HTTP/1.0" 200 110 "-" "Apache/2.4.65 (Ubuntu) (internal dummy connection)"
jomarlogistica.com.br:80 172.20.1.198 - - [04/Oct/2025:23:05:50 -0300] "POST /wp-cron.php?doing_wp_cron=1759629950.6570100784301757812500 HTTP/1.1" 200 389 "https://jomarlogistica.com.br/wp-cron.php?doing_wp_cron=1759629950.6570100784301757812500" "WordPress/5.8.10; https://jomarlogistica.com.br"
jomarlogistica.com.br:80 114.119.134.192 - - [04/Oct/2025:23:05:50 -0300] "GET /2023/05/10/advertising-data-what-you-need-as-well-as-how-to-get-it/ HTTP/1.1" 200 17348 "https://jomarlogistica.com.br/2023/05/page/7/" "Mozilla/5.0 (Linux; Android 7.0;) AppleWebKit/537.36 (KHTML, like Gecko) Mobile Safari/537.36 (compatible; PetalBot;+https://webmaster.petalsearch.com/site/petalbot)"
jomarlogistica.com.br:80 127.0.0.1 - - [04/Oct/2025:23:05:56 -0300] "OPTIONS * HTTP/1.0" 200 110 "-" "Apache/2.4.65 (Ubuntu) (internal dummy connection)"
jomarlogistica.com.br:80 57.141.6.65 - - [04/Oct/2025:23:06:35 -0300] "GET /2023/04/20/navigating-cultural-differences-in-asian-associations/ HTTP/1.1" 200 79980 "-" "meta-externalagent/1.1 (+https://developers.facebook.com/docs/sharing/webmasters/crawler)"
jomarlogistica.com.br:80 172.20.1.198 - - [04/Oct/2025:23:08:21 -0300] "POST /wp-cron.php?doing_wp_cron=1759630101.8996119499206542968750 HTTP/1.1" 200 389 "https://jomarlogistica.com.br/wp-cron.php?doing_wp_cron=1759630101.8996119499206542968750" "WordPress/5.8.10; https://jomarlogistica.com.br"
jomarlogistica.com.br:80 101.42.117.179 - - [04/Oct/2025:23:08:21 -0300] "GET / HTTP/1.1" 200 23930 "http://jomarlogistica.com.br" "Mozilla/5.0 (iPhone; CPU iPhone OS 13_2_3 like Mac OS X) AppleWebKit/605.1.15 (KHTML, like Gecko) Version/13.0.3 Mobile/15E148 Safari/604.1"
jomarlogistica.com.br:80 127.0.0.1 - - [04/Oct/2025:23:08:27 -0300] "OPTIONS * HTTP/1.0" 200 110 "-" "Apache/2.4.65 (Ubuntu) (internal dummy connection)"
jomarlogistica.com.br:80 57.141.6.8 - - [04/Oct/2025:23:08:57 -0300] "GET /2023/12/08/application-for-non-renewal-of-contract-legal-guide/ HTTP/1.1" 200 61254 "-" "meta-externalagent/1.1 (+https://developers.facebook.com/docs/sharing/webmasters/crawler)"
jomarlogistica.com.br:80 216.244.66.226 - - [04/Oct/2025:23:10:01 -0300] "GET /robots.txt HTTP/1.1" 200 565 "-" "Mozilla/5.0 (compatible; DotBot/1.2; +https://opensiteexplorer.org/dotbot; help@moz.com)"
jomarlogistica.com.br:80 172.20.1.198 - - [04/Oct/2025:23:14:12 -0300] "POST /wp-cron.php?doing_wp_cron=1759630452.0661239624023437500000 HTTP/1.1" 200 389 "https://jomarlogistica.com.br/wp-cron.php?doing_wp_cron=1759630452.0661239624023437500000" "WordPress/5.8.10; https://jomarlogistica.com.br"
jomarlogistica.com.br:80 57.141.6.48 - - [04/Oct/2025:23:14:11 -0300] "GET /2023/10/04/pia-private-internet-access-vs-avast-secureline-vpn/ HTTP/1.1" 200 79381 "-" "meta-externalagent/1.1 (+https://developers.facebook.com/docs/sharing/webmasters/crawler)"
jomarlogistica.com.br:80 127.0.0.1 - - [04/Oct/2025:23:14:17 -0300] "OPTIONS * HTTP/1.0" 200 110 "-" "Apache/2.4.65 (Ubuntu) (internal dummy connection)"
jomarlogistica.com.br:80 57.141.6.59 - - [04/Oct/2025:23:16:50 -0300] "GET /2023/04/16/i-got-divorced-after-40-heres-how-i-found-love-again/ HTTP/1.1" 200 83765 "-" "meta-externalagent/1.1 (+https://developers.facebook.com/docs/sharing/webmasters/crawler)"
jomarlogistica.com.br:80 177.212.244.15 - - [04/Oct/2025:23:17:06 -0300] "POST /autodiscover/autodiscover.xml HTTP/1.1" 404 448 "-" "AppleExchangeWebServices/833 accountsd/113"
jomarlogistica.com.br:80 177.212.244.15 - - [04/Oct/2025:23:17:06 -0300] "POST /autodiscover/autodiscover.xml HTTP/1.1" 404 448 "-" "AppleExchangeWebServices/833 accountsd/113"
jomarlogistica.com.br:80 172.20.1.198 - - [04/Oct/2025:23:22:46 -0300] "POST /wp-cron.php?doing_wp_cron=1759630966.3513200283050537109375 HTTP/1.1" 200 389 "https://jomarlogistica.com.br/wp-cron.php?doing_wp_cron=1759630966.3513200283050537109375" "WordPress/5.8.10; https://jomarlogistica.com.br"
jomarlogistica.com.br:80 57.141.6.43 - - [04/Oct/2025:23:22:45 -0300] "GET /2023/09/30/bmo-medical-full-form-what-does-bmo-stand-for-in-the-legal-context/ HTTP/1.1" 200 61794 "-" "meta-externalagent/1.1 (+https://developers.facebook.com/docs/sharing/webmasters/crawler)"
jomarlogistica.com.br:80 127.0.0.1 - - [04/Oct/2025:23:22:51 -0300] "OPTIONS * HTTP/1.0" 200 110 "-" "Apache/2.4.65 (Ubuntu) (internal dummy connection)"
jomarlogistica.com.br:80 57.141.6.29 - - [04/Oct/2025:23:24:25 -0300] "GET /2022/09/21/various-kinds-of-romantic-relationship/ HTTP/1.1" 200 82688 "-" "meta-externalagent/1.1 (+https://developers.facebook.com/docs/sharing/webmasters/crawler)"
jomarlogistica.com.br:80 31.220.76.35 - - [04/Oct/2025:23:25:57 -0300] "GET /robots.txt HTTP/1.1" 200 565 "-" "Mozilla/5.0 (compatible; MJ12bot/v1.4.8; http://mj12bot.com/)"
jomarlogistica.com.br:80 31.220.76.35 - - [04/Oct/2025:23:26:00 -0300] "GET /2023/04/25/the-puma-corporation-%E8%A8%BB%E5%86%8A-ditt-%E5%9F%9F%E5%90%8D%EF%BC%8Ctwitter-%E8%B3%AC%E8%99%9F%E6%9B%B4%E5%90%8D%E7%82%BA-puma-eth/ HTTP/1.1" 200 19286 "-" "Mozilla/5.0 (compatible; MJ12bot/v1.4.8; http://mj12bot.com/)"
jomarlogistica.com.br:80 172.20.1.198 - - [04/Oct/2025:23:30:11 -0300] "POST /wp-cron.php?doing_wp_cron=1759631411.6629669666290283203125 HTTP/1.1" 200 389 "https://jomarlogistica.com.br/wp-cron.php?doing_wp_cron=1759631411.6629669666290283203125" "WordPress/5.8.10; https://jomarlogistica.com.br"
jomarlogistica.com.br:80 57.141.6.2 - - [04/Oct/2025:23:30:11 -0300] "GET /2022/12/08/dating-a-japanese-people-woman-cultural-dissimilarities-and-racial-stereotypes/ HTTP/1.1" 200 80588 "-" "meta-externalagent/1.1 (+https://developers.facebook.com/docs/sharing/webmasters/crawler)"
jomarlogistica.com.br:80 127.0.0.1 - - [04/Oct/2025:23:30:17 -0300] "OPTIONS * HTTP/1.0" 200 110 "-" "Apache/2.4.65 (Ubuntu) (internal dummy connection)"
jomarlogistica.com.br:80 172.20.1.198 - - [04/Oct/2025:23:32:36 -0300] "POST /wp-cron.php?doing_wp_cron=1759631556.7532730102539062500000 HTTP/1.1" 200 389 "https://jomarlogistica.com.br/wp-cron.php?doing_wp_cron=1759631556.7532730102539062500000" "WordPress/5.8.10; https://jomarlogistica.com.br"
jomarlogistica.com.br:80 177.212.244.15 - - [04/Oct/2025:23:32:36 -0300] "POST /autodiscover/autodiscover.xml HTTP/1.1" 404 448 "-" "AppleExchangeWebServices/833 accountsd/113"
jomarlogistica.com.br:80 127.0.0.1 - - [04/Oct/2025:23:32:41 -0300] "OPTIONS * HTTP/1.0" 200 110 "-" "Apache/2.4.65 (Ubuntu) (internal dummy connection)"
jomarlogistica.com.br:80 57.141.6.24 - - [04/Oct/2025:23:33:03 -0300] "GET /2023/05/28/talkiv-review-pricing-features-interface-june-2023/ HTTP/1.1" 200 82533 "-" "meta-externalagent/1.1 (+https://developers.facebook.com/docs/sharing/webmasters/crawler)"
jomarlogistica.com.br:80 172.20.1.198 - - [04/Oct/2025:23:38:19 -0300] "POST /wp-cron.php?doing_wp_cron=1759631899.6403899192810058593750 HTTP/1.1" 200 389 "https://jomarlogistica.com.br/wp-cron.php?doing_wp_cron=1759631899.6403899192810058593750" "WordPress/5.8.10; https://jomarlogistica.com.br"
jomarlogistica.com.br:80 114.119.158.0 - - [04/Oct/2025:23:38:19 -0300] "GET /2023/page/13/ HTTP/1.1" 200 18573 "https://jomarlogistica.com.br/2023/page/14/" "Mozilla/5.0 (Linux; Android 7.0;) AppleWebKit/537.36 (KHTML, like Gecko) Mobile Safari/537.36 (compatible; PetalBot;+https://webmaster.petalsearch.com/site/petalbot)"
jomarlogistica.com.br:80 127.0.0.1 - - [04/Oct/2025:23:38:25 -0300] "OPTIONS * HTTP/1.0" 200 110 "-" "Apache/2.4.65 (Ubuntu) (internal dummy connection)"
jomarlogistica.com.br:80 57.141.6.36 - - [04/Oct/2025:23:38:48 -0300] "GET /2023/01/16/sugar-daddy-personality/ HTTP/1.1" 200 80961 "-" "meta-externalagent/1.1 (+https://developers.facebook.com/docs/sharing/webmasters/crawler)"
jomarlogistica.com.br:80 66.249.66.37 - - [04/Oct/2025:23:39:43 -0300] "GET /robots.txt HTTP/1.1" 200 584 "-" "Mozilla/5.0 (compatible; Googlebot/2.1; +http://www.google.com/bot.html)"
jomarlogistica.com.br:80 114.119.138.130 - - [04/Oct/2025:23:39:42 -0300] "GET /2023/10/02/best-ma-due-diligence-software/ HTTP/1.1" 200 17239 "https://jomarlogistica.com.br/category/jomar/page/5/" "Mozilla/5.0 (Linux; Android 7.0;) AppleWebKit/537.36 (KHTML, like Gecko) Mobile Safari/537.36 (compatible; PetalBot;+https://webmaster.petalsearch.com/site/petalbot)"
jomarlogistica.com.br:80 66.249.66.38 - - [04/Oct/2025:23:39:44 -0300] "GET /2023/10/20/10-hour-rule-trucking-compliance-and-regulations-explained/ HTTP/1.1" 200 14373 "-" "Mozilla/5.0 (Linux; Android 6.0.1; Nexus 5X Build/MMB29P) AppleWebKit/537.36 (KHTML, like Gecko) Chrome/140.0.7339.207 Mobile Safari/537.36 (compatible; GoogleOther)"
jomarlogistica.com.br:80 66.249.66.38 - - [04/Oct/2025:23:39:47 -0300] "GET /?a7b529c=7001047 HTTP/1.1" 200 287 "https://jomarlogistica.com.br/2023/10/20/10-hour-rule-trucking-compliance-and-regulations-explained/" "Mozilla/5.0 (Linux; Android 6.0.1; Nexus 5X Build/MMB29P) AppleWebKit/537.36 (KHTML, like Gecko) Chrome/139.0.7258.127 Mobile Safari/537.36 (compatible; Googlebot/2.1; +http://www.google.com/bot.html)"
jomarlogistica.com.br:80 127.0.0.1 - - [04/Oct/2025:23:40:02 -0300] "OPTIONS * HTTP/1.0" 200 110 "-" "Apache/2.4.65 (Ubuntu) (internal dummy connection)"
jomarlogistica.com.br:80 114.119.128.158 - - [04/Oct/2025:23:41:07 -0300] "GET /2023/09/27/how-to-use-data-room-software-for-a-merger-plan/ HTTP/1.1" 200 17324 "https://jomarlogistica.com.br/2023/09/page/2/" "Mozilla/5.0 (Linux; Android 7.0;) AppleWebKit/537.36 (KHTML, like Gecko) Mobile Safari/537.36 (compatible; PetalBot;+https://webmaster.petalsearch.com/site/petalbot)"
jomarlogistica.com.br:80 216.244.66.226 - - [04/Oct/2025:23:41:13 -0300] "GET /2023/07/01/become-a-member-of-elsa-qmul-the-worlds-largest-college-student-association-with-regards-to-european-laws-students/ HTTP/1.1" 200 80555 "-" "Mozilla/5.0 (compatible; DotBot/1.2; +https://opensiteexplorer.org/dotbot; help@moz.com)"
jomarlogistica.com.br:80 172.20.1.198 - - [04/Oct/2025:23:42:28 -0300] "POST /wp-cron.php?doing_wp_cron=1759632148.6723110675811767578125 HTTP/1.1" 200 389 "https://jomarlogistica.com.br/wp-cron.php?doing_wp_cron=1759632148.6723110675811767578125" "WordPress/5.8.10; https://jomarlogistica.com.br"
jomarlogistica.com.br:80 57.141.6.18 - - [04/Oct/2025:23:42:28 -0300] "GET /2022/11/02/the-very-best-countries-to-find-beautiful-girls/ HTTP/1.1" 200 81496 "-" "meta-externalagent/1.1 (+https://developers.facebook.com/docs/sharing/webmasters/crawler)"
jomarlogistica.com.br:80 127.0.0.1 - - [04/Oct/2025:23:42:34 -0300] "OPTIONS * HTTP/1.0" 200 110 "-" "Apache/2.4.65 (Ubuntu) (internal dummy connection)"
jomarlogistica.com.br:80 185.191.171.10 - - [04/Oct/2025:23:43:11 -0300] "GET /robots.txt HTTP/1.1" 200 584 "-" "Mozilla/5.0 (compatible; SemrushBot/7~bl; +http://www.semrush.com/bot.html)"
jomarlogistica.com.br:80 85.208.96.204 - - [04/Oct/2025:23:43:13 -0300] "GET /2022/11/19/tricks-for-dating-in-another-country/ HTTP/1.1" 200 18135 "-" "Mozilla/5.0 (compatible; SemrushBot/7~bl; +http://www.semrush.com/bot.html)"
jomarlogistica.com.br:80 172.20.1.198 - - [04/Oct/2025:23:48:15 -0300] "POST /wp-cron.php?doing_wp_cron=1759632495.0657019615173339843750 HTTP/1.1" 200 389 "https://jomarlogistica.com.br/wp-cron.php?doing_wp_cron=1759632495.0657019615173339843750" "WordPress/5.8.10; https://jomarlogistica.com.br"
jomarlogistica.com.br:80 177.212.244.15 - - [04/Oct/2025:23:48:14 -0300] "POST /autodiscover/autodiscover.xml HTTP/1.1" 404 448 "-" "AppleExchangeWebServices/833 accountsd/113"
jomarlogistica.com.br:80 127.0.0.1 - - [04/Oct/2025:23:48:19 -0300] "OPTIONS * HTTP/1.0" 200 110 "-" "Apache/2.4.65 (Ubuntu) (internal dummy connection)"
jomarlogistica.com.br:80 114.119.128.158 - - [04/Oct/2025:23:48:46 -0300] "GET /category/jomar/page/46/ HTTP/1.1" 200 18656 "https://jomarlogistica.com.br/category/jomar/page/45/" "Mozilla/5.0 (Linux; Android 7.0;) AppleWebKit/537.36 (KHTML, like Gecko) Mobile Safari/537.36 (compatible; PetalBot;+https://webmaster.petalsearch.com/site/petalbot)"
jomarlogistica.com.br:80 57.141.6.44 - - [04/Oct/2025:23:48:48 -0300] "GET /2023/10/20/10-hour-rule-trucking-compliance-and-regulations-explained/ HTTP/1.1" 200 61501 "-" "meta-externalagent/1.1 (+https://developers.facebook.com/docs/sharing/webmasters/crawler)"
jomarlogistica.com.br:80 57.141.6.7 - - [04/Oct/2025:23:49:44 -0300] "GET /2023/09/22/attachment-definition-in-legal-terms-understanding-legal-attachment/ HTTP/1.1" 200 63180 "-" "meta-externalagent/1.1 (+https://developers.facebook.com/docs/sharing/webmasters/crawler)"
jomarlogistica.com.br:80 57.141.6.72 - - [04/Oct/2025:23:52:07 -0300] "GET /2023/12/15/are-fire-pits-legal-in-florida-regulations-laws-explained/ HTTP/1.1" 200 60540 "-" "meta-externalagent/1.1 (+https://developers.facebook.com/docs/sharing/webmasters/crawler)"
jomarlogistica.com.br:80 172.20.1.198 - - [04/Oct/2025:23:53:53 -0300] "POST /wp-cron.php?doing_wp_cron=1759632833.0831890106201171875000 HTTP/1.1" 200 389 "https://jomarlogistica.com.br/wp-cron.php?doing_wp_cron=1759632833.0831890106201171875000" "WordPress/5.8.10; https://jomarlogistica.com.br"
jomarlogistica.com.br:80 20.97.189.108 - - [04/Oct/2025:23:53:52 -0300] "GET /2022/06/23/are-cherry-bomb-mufflers-legal-legal-information-and-regulations/ HTTP/1.1" 200 14188 "-" "Mozilla/5.0 AppleWebKit/537.36 (KHTML, like Gecko); compatible; ChatGPT-User/1.0; +https://openai.com/bot"
jomarlogistica.com.br:80 127.0.0.1 - - [04/Oct/2025:23:53:58 -0300] "OPTIONS * HTTP/1.0" 200 110 "-" "Apache/2.4.65 (Ubuntu) (internal dummy connection)"
jomarlogistica.com.br:80 20.97.189.111 - - [04/Oct/2025:23:54:44 -0300] "GET / HTTP/1.1" 200 23930 "-" "Mozilla/5.0 AppleWebKit/537.36 (KHTML, like Gecko); compatible; ChatGPT-User/1.0; +https://openai.com/bot"
jomarlogistica.com.br:80 114.119.138.130 - - [04/Oct/2025:23:56:10 -0300] "GET /2023/10/03/the-best-document-management-software/ HTTP/1.1" 200 17256 "https://jomarlogistica.com.br/2023/10/03/the-best-document-management-software/" "Mozilla/5.0 (Linux; Android 7.0;) AppleWebKit/537.36 (KHTML, like Gecko) Mobile Safari/537.36 (compatible; PetalBot;+https://webmaster.petalsearch.com/site/petalbot)"
jomarlogistica.com.br:80 172.20.1.198 - - [04/Oct/2025:23:57:33 -0300] "POST /wp-cron.php?doing_wp_cron=1759633053.2225210666656494140625 HTTP/1.1" 200 389 "https://jomarlogistica.com.br/wp-cron.php?doing_wp_cron=1759633053.2225210666656494140625" "WordPress/5.8.10; https://jomarlogistica.com.br"
jomarlogistica.com.br:80 114.119.138.207 - - [04/Oct/2025:23:57:32 -0300] "GET /author/jomar/page/15/ HTTP/1.1" 200 18816 "https://jomarlogistica.com.br/author/jomar/page/15/" "Mozilla/5.0 (Linux; Android 7.0;) AppleWebKit/537.36 (KHTML, like Gecko) Mobile Safari/537.36 (compatible; PetalBot;+https://webmaster.petalsearch.com/site/petalbot)"
jomarlogistica.com.br:80 127.0.0.1 - - [04/Oct/2025:23:57:38 -0300] "OPTIONS * HTTP/1.0" 200 110 "-" "Apache/2.4.65 (Ubuntu) (internal dummy connection)"
jomarlogistica.com.br:80 114.119.158.0 - - [04/Oct/2025:23:58:56 -0300] "GET /2022/05/06/buying-property-contractor-essential-tips-for-legal-real-estate-transactions/ HTTP/1.1" 200 14495 "https://jomarlogistica.com.br/2022/05/08/california-school-start-time-law-impact-on-education/" "Mozilla/5.0 (Linux; Android 7.0;) AppleWebKit/537.36 (KHTML, like Gecko) Mobile Safari/537.36 (compatible; PetalBot;+https://webmaster.petalsearch.com/site/petalbot)"
jomarlogistica.com.br:80 172.20.1.198 - - [05/Oct/2025:00:03:33 -0300] "POST /wp-cron.php?doing_wp_cron=1759633413.2820889949798583984375 HTTP/1.1" 200 389 "https://jomarlogistica.com.br/wp-cron.php?doing_wp_cron=1759633413.2820889949798583984375" "WordPress/5.8.10; https://jomarlogistica.com.br"
jomarlogistica.com.br:80 177.212.244.15 - - [05/Oct/2025:00:03:32 -0300] "POST /autodiscover/autodiscover.xml HTTP/1.1" 404 448 "-" "AppleExchangeWebServices/833 accountsd/113"
jomarlogistica.com.br:80 127.0.0.1 - - [05/Oct/2025:00:03:37 -0300] "OPTIONS * HTTP/1.0" 200 110 "-" "Apache/2.4.65 (Ubuntu) (internal dummy connection)"
jomarlogistica.com.br:80 172.20.1.198 - - [05/Oct/2025:00:06:22 -0300] "POST /wp-cron.php?doing_wp_cron=1759633582.8897109031677246093750 HTTP/1.1" 200 389 "https://jomarlogistica.com.br/wp-cron.php?doing_wp_cron=1759633582.8897109031677246093750" "WordPress/5.8.10; https://jomarlogistica.com.br"
jomarlogistica.com.br:80 177.212.244.15 - - [05/Oct/2025:00:06:22 -0300] "POST /autodiscover/autodiscover.xml HTTP/1.1" 404 448 "-" "AppleExchangeWebServices/833 accountsd/113"
jomarlogistica.com.br:80 127.0.0.1 - - [05/Oct/2025:00:06:27 -0300] "OPTIONS * HTTP/1.0" 200 110 "-" "Apache/2.4.65 (Ubuntu) (internal dummy connection)"
jomarlogistica.com.br:80 172.20.1.198 - - [05/Oct/2025:00:09:57 -0300] "POST /wp-cron.php?doing_wp_cron=1759633797.1494050025939941406250 HTTP/1.1" 200 389 "https://jomarlogistica.com.br/wp-cron.php?doing_wp_cron=1759633797.1494050025939941406250" "WordPress/5.8.10; https://jomarlogistica.com.br"
jomarlogistica.com.br:80 177.212.244.15 - - [05/Oct/2025:00:09:56 -0300] "POST /autodiscover/autodiscover.xml HTTP/1.1" 404 448 "-" "AppleExchangeWebServices/833 accountsd/113"
jomarlogistica.com.br:80 127.0.0.1 - - [05/Oct/2025:00:10:02 -0300] "OPTIONS * HTTP/1.0" 200 110 "-" "Apache/2.4.65 (Ubuntu) (internal dummy connection)"
jomarlogistica.com.br:80 172.20.1.198 - - [05/Oct/2025:00:13:03 -0300] "POST /wp-cron.php?doing_wp_cron=1759633983.7750709056854248046875 HTTP/1.1" 200 389 "https://jomarlogistica.com.br/wp-cron.php?doing_wp_cron=1759633983.7750709056854248046875" "WordPress/5.8.10; https://jomarlogistica.com.br"
jomarlogistica.com.br:80 57.141.6.26 - - [05/Oct/2025:00:13:03 -0300] "GET /2023/01/02/interracial-relationships-superstars/ HTTP/1.1" 200 79941 "-" "meta-externalagent/1.1 (+https://developers.facebook.com/docs/sharing/webmasters/crawler)"
jomarlogistica.com.br:80 187.95.172.172 - - [05/Oct/2025:00:13:06 -0300] "GET /2023/04/25/case-by-agreement-divorce-understanding-the-process-requirements/ HTTP/1.1" 200 14492 "-" "Mozilla/5.0 (Macintosh; Intel Mac OS X 10_15_7) AppleWebKit/537.36 (KHTML, like Gecko) Chrome/125.0.0.0 Safari/537.36"
jomarlogistica.com.br:80 127.0.0.1 - - [05/Oct/2025:00:13:12 -0300] "OPTIONS * HTTP/1.0" 200 110 "-" "Apache/2.4.65 (Ubuntu) (internal dummy connection)"
jomarlogistica.com.br:80 187.57.140.100 - - [05/Oct/2025:00:13:17 -0300] "GET /wp-content/themes/consultio/elementor/js/ct-inline-css.js?ver=2.8.0 HTTP/1.1" 200 864 "https://jomarlogistica.com.br/2023/04/25/case-by-agreement-divorce-understanding-the-process-requirements/" "Mozilla/5.0 (Macintosh; Intel Mac OS X 10_15_7) AppleWebKit/537.36 (KHTML, like Gecko) Chrome/125.0.0.0 Safari/537.36"
jomarlogistica.com.br:80 187.57.140.100 - - [05/Oct/2025:00:13:17 -0300] "GET /wp-includes/js/jquery/jquery-migrate.min.js?ver=3.3.2 HTTP/1.1" 200 4613 "https://jomarlogistica.com.br/2023/04/25/case-by-agreement-divorce-understanding-the-process-requirements/" "Mozilla/5.0 (Macintosh; Intel Mac OS X 10_15_7) AppleWebKit/537.36 (KHTML, like Gecko) Chrome/125.0.0.0 Safari/537.36"
jomarlogistica.com.br:80 187.57.140.100 - - [05/Oct/2025:00:13:17 -0300] "GET /wp-content/plugins/case-theme-core/assets/js/main.js?ver=1.0.0 HTTP/1.1" 200 570 "https://jomarlogistica.com.br/2023/04/25/case-by-agreement-divorce-understanding-the-process-requirements/" "Mozilla/5.0 (Macintosh; Intel Mac OS X 10_15_7) AppleWebKit/537.36 (KHTML, like Gecko) Chrome/125.0.0.0 Safari/537.36"
jomarlogistica.com.br:80 187.57.140.100 - - [05/Oct/2025:00:13:17 -0300] "GET /wp-includes/js/jquery/jquery.min.js?ver=3.6.0 HTTP/1.1" 200 32444 "https://jomarlogistica.com.br/2023/04/25/case-by-agreement-divorce-understanding-the-process-requirements/" "Mozilla/5.0 (Macintosh; Intel Mac OS X 10_15_7) AppleWebKit/537.36 (KHTML, like Gecko) Chrome/125.0.0.0 Safari/537.36"
jomarlogistica.com.br:80 187.57.140.100 - - [05/Oct/2025:00:13:19 -0300] "GET /wp-content/plugins/booked/assets/js/spin.jquery.js?ver=2.0.1 HTTP/1.1" 200 1167 "https://jomarlogistica.com.br/2023/04/25/case-by-agreement-divorce-understanding-the-process-requirements/" "Mozilla/5.0 (Macintosh; Intel Mac OS X 10_15_7) AppleWebKit/537.36 (KHTML, like Gecko) Chrome/125.0.0.0 Safari/537.36"
jomarlogistica.com.br:80 187.57.140.100 - - [05/Oct/2025:00:13:19 -0300] "GET /wp-includes/js/jquery/ui/datepicker.min.js?ver=1.12.1 HTTP/1.1" 200 11555 "https://jomarlogistica.com.br/2023/04/25/case-by-agreement-divorce-understanding-the-process-requirements/" "Mozilla/5.0 (Macintosh; Intel Mac OS X 10_15_7) AppleWebKit/537.36 (KHTML, like Gecko) Chrome/125.0.0.0 Safari/537.36"
jomarlogistica.com.br:80 187.57.140.100 - - [05/Oct/2025:00:13:19 -0300] "GET /wp-content/plugins/booked/assets/js/spin.min.js?ver=2.0.1 HTTP/1.1" 200 2463 "https://jomarlogistica.com.br/2023/04/25/case-by-agreement-divorce-understanding-the-process-requirements/" "Mozilla/5.0 (Macintosh; Intel Mac OS X 10_15_7) AppleWebKit/537.36 (KHTML, like Gecko) Chrome/125.0.0.0 Safari/537.36"
jomarlogistica.com.br:80 187.57.140.100 - - [05/Oct/2025:00:13:19 -0300] "GET /wp-includes/js/jquery/ui/core.min.js?ver=1.12.1 HTTP/1.1" 200 7418 "https://jomarlogistica.com.br/2023/04/25/case-by-agreement-divorce-understanding-the-process-requirements/" "Mozilla/5.0 (Macintosh; Intel Mac OS X 10_15_7) AppleWebKit/537.36 (KHTML, like Gecko) Chrome/125.0.0.0 Safari/537.36"
jomarlogistica.com.br:80 187.57.140.100 - - [05/Oct/2025:00:13:20 -0300] "GET /wp-content/plugins/booked/assets/js/tooltipster/js/jquery.tooltipster.min.js?ver=3.3.0 HTTP/1.1" 200 5373 "https://jomarlogistica.com.br/2023/04/25/case-by-agreement-divorce-understanding-the-process-requirements/" "Mozilla/5.0 (Macintosh; Intel Mac OS X 10_15_7) AppleWebKit/537.36 (KHTML, like Gecko) Chrome/125.0.0.0 Safari/537.36"
jomarlogistica.com.br:80 187.57.140.100 - - [05/Oct/2025:00:13:20 -0300] "GET /wp-content/plugins/case-theme-user/acess/js/remodal.min.js?ver=1.0.0 HTTP/1.1" 200 3045 "https://jomarlogistica.com.br/2023/04/25/case-by-agreement-divorce-understanding-the-process-requirements/" "Mozilla/5.0 (Macintosh; Intel Mac OS X 10_15_7) AppleWebKit/537.36 (KHTML, like Gecko) Chrome/125.0.0.0 Safari/537.36"
jomarlogistica.com.br:80 187.57.140.100 - - [05/Oct/2025:00:13:20 -0300] "GET /wp-content/plugins/booked/assets/js/functions.js?ver=2.3.5 HTTP/1.1" 200 10029 "https://jomarlogistica.com.br/2023/04/25/case-by-agreement-divorce-understanding-the-process-requirements/" "Mozilla/5.0 (Macintosh; Intel Mac OS X 10_15_7) AppleWebKit/537.36 (KHTML, like Gecko) Chrome/125.0.0.0 Safari/537.36"
jomarlogistica.com.br:80 187.57.140.100 - - [05/Oct/2025:00:13:21 -0300] "GET /wp-content/plugins/case-theme-user/acess/js/notify.min.js?ver=1.0.0 HTTP/1.1" 200 7826 "https://jomarlogistica.com.br/2023/04/25/case-by-agreement-divorce-understanding-the-process-requirements/" "Mozilla/5.0 (Macintosh; Intel Mac OS X 10_15_7) AppleWebKit/537.36 (KHTML, like Gecko) Chrome/125.0.0.0 Safari/537.36"
jomarlogistica.com.br:80 187.57.140.100 - - [05/Oct/2025:00:13:21 -0300] "GET /wp-content/plugins/case-theme-user/acess/js/ct-user-form.js?ver=1.0.0 HTTP/1.1" 200 2326 "https://jomarlogistica.com.br/2023/04/25/case-by-agreement-divorce-understanding-the-process-requirements/" "Mozilla/5.0 (Macintosh; Intel Mac OS X 10_15_7) AppleWebKit/537.36 (KHTML, like Gecko) Chrome/125.0.0.0 Safari/537.36"
jomarlogistica.com.br:80 187.57.140.100 - - [05/Oct/2025:00:13:22 -0300] "GET /wp-includes/js/dist/vendor/regenerator-runtime.min.js?ver=0.13.7 HTTP/1.1" 200 2798 "https://jomarlogistica.com.br/2023/04/25/case-by-agreement-divorce-understanding-the-process-requirements/" "Mozilla/5.0 (Macintosh; Intel Mac OS X 10_15_7) AppleWebKit/537.36 (KHTML, like Gecko) Chrome/125.0.0.0 Safari/537.36"
jomarlogistica.com.br:80 187.57.140.100 - - [05/Oct/2025:00:13:22 -0300] "GET /wp-content/plugins/contact-form-7-multi-step/assets/frontend/js/cf7mls.js?ver=2.5.4 HTTP/1.1" 200 7305 "https://jomarlogistica.com.br/2023/04/25/case-by-agreement-divorce-understanding-the-process-requirements/" "Mozilla/5.0 (Macintosh; Intel Mac OS X 10_15_7) AppleWebKit/537.36 (KHTML, like Gecko) Chrome/125.0.0.0 Safari/537.36"
jomarlogistica.com.br:80 127.0.0.1 - - [05/Oct/2025:00:13:22 -0300] "OPTIONS * HTTP/1.0" 200 110 "-" "Apache/2.4.65 (Ubuntu) (internal dummy connection)"
jomarlogistica.com.br:80 187.57.140.100 - - [05/Oct/2025:00:13:22 -0300] "GET /wp-content/plugins/booked/includes/add-ons/frontend-agents/js/functions.js?ver=2.3.5 HTTP/1.1" 200 1592 "https://jomarlogistica.com.br/2023/04/25/case-by-agreement-divorce-understanding-the-process-requirements/" "Mozilla/5.0 (Macintosh; Intel Mac OS X 10_15_7) AppleWebKit/537.36 (KHTML, like Gecko) Chrome/125.0.0.0 Safari/537.36"
jomarlogistica.com.br:80 187.57.140.100 - - [05/Oct/2025:00:13:22 -0300] "GET /wp-includes/js/wp-embed.min.js?ver=5.8.10 HTTP/1.1" 200 1177 "https://jomarlogistica.com.br/2023/04/25/case-by-agreement-divorce-understanding-the-process-requirements/" "Mozilla/5.0 (Macintosh; Intel Mac OS X 10_15_7) AppleWebKit/537.36 (KHTML, like Gecko) Chrome/125.0.0.0 Safari/537.36"
jomarlogistica.com.br:80 187.57.140.100 - - [05/Oct/2025:00:13:22 -0300] "GET /wp-content/themes/consultio/assets/js/nice-select.min.js?ver=all HTTP/1.1" 200 1420 "https://jomarlogistica.com.br/2023/04/25/case-by-agreement-divorce-understanding-the-process-requirements/" "Mozilla/5.0 (Macintosh; Intel Mac OS X 10_15_7) AppleWebKit/537.36 (KHTML, like Gecko) Chrome/125.0.0.0 Safari/537.36"
jomarlogistica.com.br:80 187.57.140.100 - - [05/Oct/2025:00:13:22 -0300] "GET /wp-content/plugins/contact-form-7/includes/js/index.js?ver=5.5.3 HTTP/1.1" 200 4245 "https://jomarlogistica.com.br/2023/04/25/case-by-agreement-divorce-understanding-the-process-requirements/" "Mozilla/5.0 (Macintosh; Intel Mac OS X 10_15_7) AppleWebKit/537.36 (KHTML, like Gecko) Chrome/125.0.0.0 Safari/537.36"
jomarlogistica.com.br:80 187.57.140.100 - - [05/Oct/2025:00:13:23 -0300] "GET /wp-content/themes/consultio/assets/js/progressbar.min.js?ver=1.0.0 HTTP/1.1" 200 1346 "https://jomarlogistica.com.br/2023/04/25/case-by-agreement-divorce-understanding-the-process-requirements/" "Mozilla/5.0 (Macintosh; Intel Mac OS X 10_15_7) AppleWebKit/537.36 (KHTML, like Gecko) Chrome/125.0.0.0 Safari/537.36"
jomarlogistica.com.br:80 187.57.140.100 - - [05/Oct/2025:00:13:23 -0300] "GET /wp-includes/js/dist/vendor/wp-polyfill.min.js?ver=3.15.0 HTTP/1.1" 200 6572 "https://jomarlogistica.com.br/2023/04/25/case-by-agreement-divorce-understanding-the-process-requirements/" "Mozilla/5.0 (Macintosh; Intel Mac OS X 10_15_7) AppleWebKit/537.36 (KHTML, like Gecko) Chrome/125.0.0.0 Safari/537.36"
jomarlogistica.com.br:80 187.57.140.100 - - [05/Oct/2025:00:13:23 -0300] "GET /wp-includes/js/jquery/ui/mouse.min.js?ver=1.12.1 HTTP/1.1" 200 1479 "https://jomarlogistica.com.br/2023/04/25/case-by-agreement-divorce-understanding-the-process-requirements/" "Mozilla/5.0 (Macintosh; Intel Mac OS X 10_15_7) AppleWebKit/537.36 (KHTML, like Gecko) Chrome/125.0.0.0 Safari/537.36"
jomarlogistica.com.br:80 187.57.140.100 - - [05/Oct/2025:00:13:23 -0300] "GET /wp-content/themes/consultio/assets/js/bootstrap.min.js?ver=4.0.0 HTTP/1.1" 200 14168 "https://jomarlogistica.com.br/2023/04/25/case-by-agreement-divorce-understanding-the-process-requirements/" "Mozilla/5.0 (Macintosh; Intel Mac OS X 10_15_7) AppleWebKit/537.36 (KHTML, like Gecko) Chrome/125.0.0.0 Safari/537.36"
jomarlogistica.com.br:80 187.57.140.100 - - [05/Oct/2025:00:13:23 -0300] "GET /wp-content/themes/consultio/assets/js/match-height-min.js?ver=1.0.0 HTTP/1.1" 200 3576 "https://jomarlogistica.com.br/2023/04/25/case-by-agreement-divorce-understanding-the-process-requirements/" "Mozilla/5.0 (Macintosh; Intel Mac OS X 10_15_7) AppleWebKit/537.36 (KHTML, like Gecko) Chrome/125.0.0.0 Safari/537.36"
jomarlogistica.com.br:80 187.57.140.100 - - [05/Oct/2025:00:13:23 -0300] "GET /wp-content/themes/consultio/assets/js/wow.min.js?ver=1.0.0 HTTP/1.1" 200 3260 "https://jomarlogistica.com.br/2023/04/25/case-by-agreement-divorce-understanding-the-process-requirements/" "Mozilla/5.0 (Macintosh; Intel Mac OS X 10_15_7) AppleWebKit/537.36 (KHTML, like Gecko) Chrome/125.0.0.0 Safari/537.36"
jomarlogistica.com.br:80 187.57.140.100 - - [05/Oct/2025:00:13:23 -0300] "GET /wp-content/themes/consultio/assets/js/magnific-popup.min.js?ver=1.0.0 HTTP/1.1" 200 14895 "https://jomarlogistica.com.br/2023/04/25/case-by-agreement-divorce-understanding-the-process-requirements/" "Mozilla/5.0 (Macintosh; Intel Mac OS X 10_15_7) AppleWebKit/537.36 (KHTML, like Gecko) Chrome/125.0.0.0 Safari/537.36"
jomarlogistica.com.br:80 187.57.140.100 - - [05/Oct/2025:00:13:23 -0300] "GET /wp-includes/js/jquery/ui/slider.min.js?ver=1.12.1 HTTP/1.1" 200 3602 "https://jomarlogistica.com.br/2023/04/25/case-by-agreement-divorce-understanding-the-process-requirements/" "Mozilla/5.0 (Macintosh; Intel Mac OS X 10_15_7) AppleWebKit/537.36 (KHTML, like Gecko) Chrome/125.0.0.0 Safari/537.36"
jomarlogistica.com.br:80 187.57.140.100 - - [05/Oct/2025:00:13:24 -0300] "GET /wp-content/themes/consultio/assets/js/main.js?ver=2.8.0 HTTP/1.1" 200 6455 "https://jomarlogistica.com.br/2023/04/25/case-by-agreement-divorce-understanding-the-process-requirements/" "Mozilla/5.0 (Macintosh; Intel Mac OS X 10_15_7) AppleWebKit/537.36 (KHTML, like Gecko) Chrome/125.0.0.0 Safari/537.36"
jomarlogistica.com.br:80 187.57.140.100 - - [05/Oct/2025:00:13:24 -0300] "GET /wp-includes/js/wp-emoji-release.min.js?ver=5.8.10 HTTP/1.1" 200 5596 "https://jomarlogistica.com.br/2023/04/25/case-by-agreement-divorce-understanding-the-process-requirements/" "Mozilla/5.0 (Macintosh; Intel Mac OS X 10_15_7) AppleWebKit/537.36 (KHTML, like Gecko) Chrome/125.0.0.0 Safari/537.36"
jomarlogistica.com.br:80 187.57.140.100 - - [05/Oct/2025:00:13:24 -0300] "GET /wp-content/plugins/revslider/public/assets/js/rs6.min.js?ver=6.5.11 HTTP/1.1" 200 104993 "https://jomarlogistica.com.br/2023/04/25/case-by-agreement-divorce-understanding-the-process-requirements/" "Mozilla/5.0 (Macintosh; Intel Mac OS X 10_15_7) AppleWebKit/537.36 (KHTML, like Gecko) Chrome/125.0.0.0 Safari/537.36"
jomarlogistica.com.br:80 187.57.140.100 - - [05/Oct/2025:00:13:25 -0300] "GET /wp-content/plugins/revslider/public/assets/js/rbtools.min.js?ver=6.5.11 HTTP/1.1" 200 48787 "https://jomarlogistica.com.br/2023/04/25/case-by-agreement-divorce-understanding-the-process-requirements/" "Mozilla/5.0 (Macintosh; Intel Mac OS X 10_15_7) AppleWebKit/537.36 (KHTML, like Gecko) Chrome/125.0.0.0 Safari/537.36"
jomarlogistica.com.br:80 187.57.140.100 - - [05/Oct/2025:00:13:18 -0300] "GET /?a7b529c=7429548 HTTP/1.1" 200 287 "https://jomarlogistica.com.br/2023/04/25/case-by-agreement-divorce-understanding-the-process-requirements/" "Mozilla/5.0 (Macintosh; Intel Mac OS X 10_15_7) AppleWebKit/537.36 (KHTML, like Gecko) Chrome/125.0.0.0 Safari/537.36"
jomarlogistica.com.br:80 127.0.0.1 - - [05/Oct/2025:00:13:30 -0300] "OPTIONS * HTTP/1.0" 200 110 "-" "Apache/2.4.65 (Ubuntu) (internal dummy connection)"
jomarlogistica.com.br:80 127.0.0.1 - - [05/Oct/2025:00:13:33 -0300] "OPTIONS * HTTP/1.0" 200 110 "-" "Apache/2.4.65 (Ubuntu) (internal dummy connection)"
jomarlogistica.com.br:80 57.141.6.69 - - [05/Oct/2025:00:13:46 -0300] "GET /2023/06/18/relationship-site-to-fulfill-singles-discover-actual-love/ HTTP/1.1" 200 79729 "-" "meta-externalagent/1.1 (+https://developers.facebook.com/docs/sharing/webmasters/crawler)"
jomarlogistica.com.br:80 57.141.6.15 - - [05/Oct/2025:00:14:15 -0300] "GET /2023/03/30/the-right-way-to-talk-to-quite-girls/ HTTP/1.1" 200 80732 "-" "meta-externalagent/1.1 (+https://developers.facebook.com/docs/sharing/webmasters/crawler)"
jomarlogistica.com.br:80 177.212.244.15 - - [05/Oct/2025:00:14:21 -0300] "POST /autodiscover/autodiscover.xml HTTP/1.1" 404 448 "-" "AppleExchangeWebServices/833 accountsd/113"
jomarlogistica.com.br:80 114.119.135.84 - - [05/Oct/2025:00:15:19 -0300] "GET /2023/10/page/2/ HTTP/1.1" 200 18711 "https://jomarlogistica.com.br/2023/10/" "Mozilla/5.0 (Linux; Android 7.0;) AppleWebKit/537.36 (KHTML, like Gecko) Mobile Safari/537.36 (compatible; PetalBot;+https://webmaster.petalsearch.com/site/petalbot)"
jomarlogistica.com.br:80 114.119.136.72 - - [05/Oct/2025:00:16:41 -0300] "GET /2023/05/30/impair-services-the-advantages-of-virtualization/ HTTP/1.1" 200 17384 "https://jomarlogistica.com.br/2023/05/" "Mozilla/5.0 (Linux; Android 7.0;) AppleWebKit/537.36 (KHTML, like Gecko) Mobile Safari/537.36 (compatible; PetalBot;+https://webmaster.petalsearch.com/site/petalbot)"
jomarlogistica.com.br:80 172.20.1.198 - - [05/Oct/2025:00:17:34 -0300] "POST /wp-cron.php?doing_wp_cron=1759634254.9183030128479003906250 HTTP/1.1" 200 389 "https://jomarlogistica.com.br/wp-cron.php?doing_wp_cron=1759634254.9183030128479003906250" "WordPress/5.8.10; https://jomarlogistica.com.br"
jomarlogistica.com.br:80 57.141.6.24 - - [05/Oct/2025:00:17:34 -0300] "GET /2023/05/26/3-weird-laws-in-wisconsin-unusual-legal-statutes-explained/ HTTP/1.1" 200 61115 "-" "meta-externalagent/1.1 (+https://developers.facebook.com/docs/sharing/webmasters/crawler)"
jomarlogistica.com.br:80 127.0.0.1 - - [05/Oct/2025:00:17:39 -0300] "OPTIONS * HTTP/1.0" 200 110 "-" "Apache/2.4.65 (Ubuntu) (internal dummy connection)"
jomarlogistica.com.br:80 57.141.6.62 - - [05/Oct/2025:00:18:02 -0300] "GET /2023/02/02/arya-samaj-rules-in-english-comprehensive-guide-and-explanation/ HTTP/1.1" 200 60741 "-" "meta-externalagent/1.1 (+https://developers.facebook.com/docs/sharing/webmasters/crawler)"
jomarlogistica.com.br:80 177.212.244.15 - - [05/Oct/2025:00:18:06 -0300] "POST /autodiscover/autodiscover.xml HTTP/1.1" 404 448 "-" "AppleExchangeWebServices/833 accountsd/113"
jomarlogistica.com.br:80 114.119.138.207 - - [05/Oct/2025:00:18:06 -0300] "GET /2023/05/13/indications-of-a-healthy-relationship/ HTTP/1.1" 200 17364 "https://jomarlogistica.com.br/2023/05/14/euro-brides-pertaining-to-marriage/" "Mozilla/5.0 (Linux; Android 7.0;) AppleWebKit/537.36 (KHTML, like Gecko) Mobile Safari/537.36 (compatible; PetalBot;+https://webmaster.petalsearch.com/site/petalbot)"
jomarlogistica.com.br:80 127.0.0.1 - - [05/Oct/2025:00:18:12 -0300] "OPTIONS * HTTP/1.0" 200 110 "-" "Apache/2.4.65 (Ubuntu) (internal dummy connection)"
jomarlogistica.com.br:80 114.119.134.192 - - [05/Oct/2025:00:19:29 -0300] "GET /2023/08/13/ideal-free-vpn-for-mac/ HTTP/1.1" 200 17317 "https://jomarlogistica.com.br/2023/08/26/how-to-choose-the-best-data-room-software/" "Mozilla/5.0 (Linux; Android 7.0;) AppleWebKit/537.36 (KHTML, like Gecko) Mobile Safari/537.36 (compatible; PetalBot;+https://webmaster.petalsearch.com/site/petalbot)"