jomarlogistica.com.br:80 172.20.1.198 - - [04/Oct/2025:03:09:46 -0300] "POST /wp-cron.php?doing_wp_cron=1759558186.7010719776153564453125 HTTP/1.1" 200 389 "https://jomarlogistica.com.br/wp-cron.php?doing_wp_cron=1759558186.7010719776153564453125" "WordPress/5.8.10; https://jomarlogistica.com.br"
jomarlogistica.com.br:80 114.119.134.192 - - [04/Oct/2025:03:09:46 -0300] "GET /category/jomar/page/45/ HTTP/1.1" 200 18670 "https://jomarlogistica.com.br/category/jomar/page/45/" "Mozilla/5.0 (Linux; Android 7.0;) AppleWebKit/537.36 (KHTML, like Gecko) Mobile Safari/537.36 (compatible; PetalBot;+https://webmaster.petalsearch.com/site/petalbot)"
jomarlogistica.com.br:80 127.0.0.1 - - [04/Oct/2025:03:09:52 -0300] "OPTIONS * HTTP/1.0" 200 110 "-" "Apache/2.4.65 (Ubuntu) (internal dummy connection)"
jomarlogistica.com.br:80 114.119.135.84 - - [04/Oct/2025:03:11:07 -0300] "GET /2023/01/25/how-to-locate-russian-women-of-all-ages-dating-in-foreign-countries/ HTTP/1.1" 200 18217 "https://jomarlogistica.com.br/author/jomar/page/40/" "Mozilla/5.0 (Linux; Android 7.0;) AppleWebKit/537.36 (KHTML, like Gecko) Mobile Safari/537.36 (compatible; PetalBot;+https://webmaster.petalsearch.com/site/petalbot)"
jomarlogistica.com.br:80 20.235.75.208 - - [04/Oct/2025:03:12:03 -0300] "GET /2023/06/23/backdated-agreement-singapore-legal-implications-process/ HTTP/1.1" 200 14914 "-" "Mozilla/5.0 AppleWebKit/537.36 (KHTML, like Gecko); compatible; ChatGPT-User/1.0; +https://openai.com/bot"
jomarlogistica.com.br:80 172.20.1.198 - - [04/Oct/2025:03:12:29 -0300] "POST /wp-cron.php?doing_wp_cron=1759558349.6598489284515380859375 HTTP/1.1" 200 389 "https://jomarlogistica.com.br/wp-cron.php?doing_wp_cron=1759558349.6598489284515380859375" "WordPress/5.8.10; https://jomarlogistica.com.br"
jomarlogistica.com.br:80 20.97.189.99 - - [04/Oct/2025:03:12:29 -0300] "GET /2024/03/09/are-50-caliber-guns-legal-in-canada-rules-and-regulations-explained/ HTTP/1.1" 200 14365 "-" "Mozilla/5.0 AppleWebKit/537.36 (KHTML, like Gecko); compatible; ChatGPT-User/1.0; +https://openai.com/bot"
jomarlogistica.com.br:80 127.0.0.1 - - [04/Oct/2025:03:12:34 -0300] "OPTIONS * HTTP/1.0" 200 110 "-" "Apache/2.4.65 (Ubuntu) (internal dummy connection)"
jomarlogistica.com.br:80 114.119.128.158 - - [04/Oct/2025:03:12:35 -0300] "GET /2022/12/page/4/ HTTP/1.1" 200 18496 "https://jomarlogistica.com.br/2022/12/page/3/" "Mozilla/5.0 (Linux; Android 7.0;) AppleWebKit/537.36 (KHTML, like Gecko) Mobile Safari/537.36 (compatible; PetalBot;+https://webmaster.petalsearch.com/site/petalbot)"
jomarlogistica.com.br:80 114.119.136.72 - - [04/Oct/2025:03:13:53 -0300] "GET /2023/05/10/advertising-data-what-you-need-as-well-as-how-to-get-it/ HTTP/1.1" 200 17348 "https://jomarlogistica.com.br/2023/page/26/" "Mozilla/5.0 (Linux; Android 7.0;) AppleWebKit/537.36 (KHTML, like Gecko) Mobile Safari/537.36 (compatible; PetalBot;+https://webmaster.petalsearch.com/site/petalbot)"
jomarlogistica.com.br:80 3.232.102.111 - - [04/Oct/2025:03:14:42 -0300] "GET /2022/09/29/advanced-legal-studies-institute-expert-legal-training-education/ HTTP/1.1" 200 14270 "-" "Mozilla/5.0 AppleWebKit/537.36 (KHTML, like Gecko; compatible; Amazonbot/0.1; +https://developer.amazon.com/support/amazonbot) Chrome/119.0.6045.214 Safari/537.36"
jomarlogistica.com.br:80 172.20.1.198 - - [04/Oct/2025:03:23:45 -0300] "POST /wp-cron.php?doing_wp_cron=1759559025.2816660404205322265625 HTTP/1.1" 200 389 "https://jomarlogistica.com.br/wp-cron.php?doing_wp_cron=1759559025.2816660404205322265625" "WordPress/5.8.10; https://jomarlogistica.com.br"
jomarlogistica.com.br:80 52.167.144.67 - - [04/Oct/2025:03:23:44 -0300] "GET /robots.txt HTTP/1.1" 200 584 "-" "Mozilla/5.0 AppleWebKit/537.36 (KHTML, like Gecko; compatible; bingbot/2.0; +http://www.bing.com/bingbot.htm) Chrome/116.0.1938.76 Safari/537.36"
jomarlogistica.com.br:80 127.0.0.1 - - [04/Oct/2025:03:23:49 -0300] "OPTIONS * HTTP/1.0" 200 110 "-" "Apache/2.4.65 (Ubuntu) (internal dummy connection)"
jomarlogistica.com.br:80 52.167.144.210 - - [04/Oct/2025:03:23:53 -0300] "GET /2023/10/10/how-to-pick-the-best-internet-data-area/ HTTP/1.1" 200 17311 "-" "Mozilla/5.0 AppleWebKit/537.36 (KHTML, like Gecko; compatible; bingbot/2.0; +http://www.bing.com/bingbot.htm) Chrome/116.0.1938.76 Safari/537.36"
jomarlogistica.com.br:80 172.20.1.198 - - [04/Oct/2025:03:27:23 -0300] "POST /wp-cron.php?doing_wp_cron=1759559243.0618720054626464843750 HTTP/1.1" 200 389 "https://jomarlogistica.com.br/wp-cron.php?doing_wp_cron=1759559243.0618720054626464843750" "WordPress/5.8.10; https://jomarlogistica.com.br"
jomarlogistica.com.br:80 114.119.135.84 - - [04/Oct/2025:03:27:19 -0300] "GET /2022/10/23/ukrainian-women-internet-dating/ HTTP/1.1" 200 17913 "https://jomarlogistica.com.br/2022/page/12/" "Mozilla/5.0 (Linux; Android 7.0;) AppleWebKit/537.36 (KHTML, like Gecko) Mobile Safari/537.36 (compatible; PetalBot;+https://webmaster.petalsearch.com/site/petalbot)"
jomarlogistica.com.br:80 127.0.0.1 - - [04/Oct/2025:03:27:28 -0300] "OPTIONS * HTTP/1.0" 200 110 "-" "Apache/2.4.65 (Ubuntu) (internal dummy connection)"
jomarlogistica.com.br:80 114.119.136.72 - - [04/Oct/2025:03:28:43 -0300] "GET /2022/07/24/bc-tenancy-agreement-move-out-time-important-guidelines-and-requirements/ HTTP/1.1" 200 13954 "https://jomarlogistica.com.br/2022/07/" "Mozilla/5.0 (Linux; Android 7.0;) AppleWebKit/537.36 (KHTML, like Gecko) Mobile Safari/537.36 (compatible; PetalBot;+https://webmaster.petalsearch.com/site/petalbot)"
jomarlogistica.com.br:80 132.232.144.200 - - [04/Oct/2025:03:31:49 -0300] "GET / HTTP/1.1" 301 449 "http://www.jomarlogistica.com.br" "Mozilla/5.0 (iPhone; CPU iPhone OS 13_2_3 like Mac OS X) AppleWebKit/605.1.15 (KHTML, like Gecko) Version/13.0.3 Mobile/15E148 Safari/604.1"
jomarlogistica.com.br:80 132.232.144.200 - - [04/Oct/2025:03:31:51 -0300] "GET / HTTP/1.1" 200 23930 "https://www.jomarlogistica.com.br/" "Mozilla/5.0 (iPhone; CPU iPhone OS 13_2_3 like Mac OS X) AppleWebKit/605.1.15 (KHTML, like Gecko) Version/13.0.3 Mobile/15E148 Safari/604.1"
jomarlogistica.com.br:80 127.0.0.1 - - [04/Oct/2025:03:31:57 -0300] "OPTIONS * HTTP/1.0" 200 110 "-" "Apache/2.4.65 (Ubuntu) (internal dummy connection)"
jomarlogistica.com.br:80 172.20.1.198 - - [04/Oct/2025:03:33:16 -0300] "POST /wp-cron.php?doing_wp_cron=1759559596.5629179477691650390625 HTTP/1.1" 200 389 "https://jomarlogistica.com.br/wp-cron.php?doing_wp_cron=1759559596.5629179477691650390625" "WordPress/5.8.10; https://jomarlogistica.com.br"
jomarlogistica.com.br:80 20.171.207.59 - - [04/Oct/2025:03:33:16 -0300] "GET /wp-sitemap.xml HTTP/1.1" 200 643 "-" "Mozilla/5.0 AppleWebKit/537.36 (KHTML, like Gecko; compatible; GPTBot/1.2; +https://openai.com/gptbot)"
jomarlogistica.com.br:80 127.0.0.1 - - [04/Oct/2025:03:33:21 -0300] "OPTIONS * HTTP/1.0" 200 110 "-" "Apache/2.4.65 (Ubuntu) (internal dummy connection)"
jomarlogistica.com.br:80 172.20.1.198 - - [04/Oct/2025:03:40:12 -0300] "POST /wp-cron.php?doing_wp_cron=1759560012.7401540279388427734375 HTTP/1.1" 200 389 "https://jomarlogistica.com.br/wp-cron.php?doing_wp_cron=1759560012.7401540279388427734375" "WordPress/5.8.10; https://jomarlogistica.com.br"
jomarlogistica.com.br:80 177.212.249.167 - - [04/Oct/2025:03:40:12 -0300] "POST /autodiscover/autodiscover.xml HTTP/1.1" 404 448 "-" "AppleExchangeWebServices/833 accountsd/113"
jomarlogistica.com.br:80 127.0.0.1 - - [04/Oct/2025:03:40:17 -0300] "OPTIONS * HTTP/1.0" 200 110 "-" "Apache/2.4.65 (Ubuntu) (internal dummy connection)"
jomarlogistica.com.br:80 172.20.1.198 - - [04/Oct/2025:03:50:17 -0300] "POST /wp-cron.php?doing_wp_cron=1759560617.1951119899749755859375 HTTP/1.1" 200 389 "https://jomarlogistica.com.br/wp-cron.php?doing_wp_cron=1759560617.1951119899749755859375" "WordPress/5.8.10; https://jomarlogistica.com.br"
jomarlogistica.com.br:80 18.97.9.102 - - [04/Oct/2025:03:50:16 -0300] "GET /robots.txt HTTP/1.1" 200 565 "-" "Mozilla/5.0 AppleWebKit/537.36 (KHTML, like Gecko; compatible; PerplexityBot/1.0; +https://perplexity.ai/perplexitybot)"
jomarlogistica.com.br:80 18.97.9.97 - - [04/Oct/2025:03:50:18 -0300] "GET /2024/01/23/checkpoint-firewall-rules-export-best-practices-and-guidelines/ HTTP/1.1" 200 14455 "-" "Mozilla/5.0 AppleWebKit/537.36 (KHTML, like Gecko; compatible; PerplexityBot/1.0; +https://perplexity.ai/perplexitybot)"
jomarlogistica.com.br:80 127.0.0.1 - - [04/Oct/2025:03:50:23 -0300] "OPTIONS * HTTP/1.0" 200 110 "-" "Apache/2.4.65 (Ubuntu) (internal dummy connection)"
jomarlogistica.com.br:80 107.20.236.150 - - [04/Oct/2025:03:50:31 -0300] "GET /robots.txt HTTP/1.1" 200 584 "-" "Mozilla/5.0 AppleWebKit/537.36 (KHTML, like Gecko; compatible; PerplexityBot/1.0; +https://perplexity.ai/perplexitybot)"
jomarlogistica.com.br:80 172.20.1.198 - - [04/Oct/2025:03:55:55 -0300] "POST /wp-cron.php?doing_wp_cron=1759560955.3880798816680908203125 HTTP/1.1" 200 389 "https://jomarlogistica.com.br/wp-cron.php?doing_wp_cron=1759560955.3880798816680908203125" "WordPress/5.8.10; https://jomarlogistica.com.br"
jomarlogistica.com.br:80 177.212.249.167 - - [04/Oct/2025:03:55:54 -0300] "POST /autodiscover/autodiscover.xml HTTP/1.1" 404 448 "-" "AppleExchangeWebServices/833 accountsd/113"
jomarlogistica.com.br:80 127.0.0.1 - - [04/Oct/2025:03:56:00 -0300] "OPTIONS * HTTP/1.0" 200 110 "-" "Apache/2.4.65 (Ubuntu) (internal dummy connection)"
jomarlogistica.com.br:80 135.237.131.221 - - [04/Oct/2025:03:57:02 -0300] "GET /2024/01/16/is-owning-pet-squirrels-legal-in-florida-laws-regulations/ HTTP/1.1" 200 13815 "-" "Mozilla/5.0 AppleWebKit/537.36 (KHTML, like Gecko); compatible; ChatGPT-User/1.0; +https://openai.com/bot"
jomarlogistica.com.br:80 172.20.1.198 - - [04/Oct/2025:03:58:06 -0300] "POST /wp-cron.php?doing_wp_cron=1759561086.1419320106506347656250 HTTP/1.1" 200 389 "https://jomarlogistica.com.br/wp-cron.php?doing_wp_cron=1759561086.1419320106506347656250" "WordPress/5.8.10; https://jomarlogistica.com.br"
jomarlogistica.com.br:80 114.119.159.76 - - [04/Oct/2025:03:58:05 -0300] "GET /2023/page/10/ HTTP/1.1" 200 18529 "https://jomarlogistica.com.br/2023/page/10/" "Mozilla/5.0 (Linux; Android 7.0;) AppleWebKit/537.36 (KHTML, like Gecko) Mobile Safari/537.36 (compatible; PetalBot;+https://webmaster.petalsearch.com/site/petalbot)"
jomarlogistica.com.br:80 127.0.0.1 - - [04/Oct/2025:03:58:11 -0300] "OPTIONS * HTTP/1.0" 200 110 "-" "Apache/2.4.65 (Ubuntu) (internal dummy connection)"
jomarlogistica.com.br:80 114.119.158.0 - - [04/Oct/2025:03:59:29 -0300] "GET /2023/05/01/latina-women-latin-dating-latin-singles-latina-personals-match-latin-women-for-like/ HTTP/1.1" 200 59331 "https://jomarlogistica.com.br/author/jomar/page/29/" "Mozilla/5.0 (Linux; Android 7.0;) AppleWebKit/537.36 (KHTML, like Gecko) Mobile Safari/537.36 (compatible; PetalBot;+https://webmaster.petalsearch.com/site/petalbot)"
jomarlogistica.com.br:80 114.119.159.76 - - [04/Oct/2025:04:00:54 -0300] "GET /2022/10/01/why-you-should-avoid-overseas-dating-sites/ HTTP/1.1" 200 19013 "https://jomarlogistica.com.br/2022/09/30/points-to-text-after-a-first-time-frame/" "Mozilla/5.0 (Linux; Android 7.0;) AppleWebKit/537.36 (KHTML, like Gecko) Mobile Safari/537.36 (compatible; PetalBot;+https://webmaster.petalsearch.com/site/petalbot)"
jomarlogistica.com.br:80 172.20.1.198 - - [04/Oct/2025:04:12:29 -0300] "POST /wp-cron.php?doing_wp_cron=1759561949.3838870525360107421875 HTTP/1.1" 200 389 "https://jomarlogistica.com.br/wp-cron.php?doing_wp_cron=1759561949.3838870525360107421875" "WordPress/5.8.10; https://jomarlogistica.com.br"
jomarlogistica.com.br:80 177.212.249.167 - - [04/Oct/2025:04:12:28 -0300] "POST /autodiscover/autodiscover.xml HTTP/1.1" 404 448 "-" "AppleExchangeWebServices/833 accountsd/113"
jomarlogistica.com.br:80 127.0.0.1 - - [04/Oct/2025:04:12:34 -0300] "OPTIONS * HTTP/1.0" 200 110 "-" "Apache/2.4.65 (Ubuntu) (internal dummy connection)"
jomarlogistica.com.br:80 66.249.66.169 - - [04/Oct/2025:04:15:33 -0300] "GET /robots.txt HTTP/1.1" 200 584 "-" "Mozilla/5.0 (compatible; Googlebot/2.1; +http://www.google.com/bot.html)"
jomarlogistica.com.br:80 66.249.66.39 - - [04/Oct/2025:04:15:33 -0300] "GET /2023/11/23/advocates-account-rules-1988-sarawak-guidelines-for-legal-professionals/ HTTP/1.1" 200 13957 "-" "Mozilla/5.0 (Linux; Android 6.0.1; Nexus 5X Build/MMB29P) AppleWebKit/537.36 (KHTML, like Gecko) Chrome/140.0.7339.207 Mobile Safari/537.36 (compatible; GoogleOther)"
jomarlogistica.com.br:80 66.249.66.68 - - [04/Oct/2025:04:15:37 -0300] "GET /?a7b529c=7060122 HTTP/1.1" 200 287 "https://jomarlogistica.com.br/2023/11/23/advocates-account-rules-1988-sarawak-guidelines-for-legal-professionals/" "Mozilla/5.0 (Linux; Android 6.0.1; Nexus 5X Build/MMB29P) AppleWebKit/537.36 (KHTML, like Gecko) Chrome/139.0.7258.127 Mobile Safari/537.36 (compatible; Googlebot/2.1; +http://www.google.com/bot.html)"
jomarlogistica.com.br:80 172.20.1.198 - - [04/Oct/2025:04:26:48 -0300] "POST /wp-cron.php?doing_wp_cron=1759562808.0695168972015380859375 HTTP/1.1" 200 389 "https://jomarlogistica.com.br/wp-cron.php?doing_wp_cron=1759562808.0695168972015380859375" "WordPress/5.8.10; https://jomarlogistica.com.br"
jomarlogistica.com.br:80 209.141.32.143 - - [04/Oct/2025:04:26:47 -0300] "GET /wp-content/plugins/nextend-social-login-pro/readme.txt HTTP/1.1" 404 448 "-" "Mozilla/5.0 (Windows NT 10.0; Win64; x64) AppleWebKit/537.36 (KHTML, like Gecko) Chrome/120.1.2.3 Safari/537.36 Edg/121.0.623.86"
jomarlogistica.com.br:80 127.0.0.1 - - [04/Oct/2025:04:26:52 -0300] "OPTIONS * HTTP/1.0" 200 110 "-" "Apache/2.4.65 (Ubuntu) (internal dummy connection)"
jomarlogistica.com.br:80 172.20.1.198 - - [04/Oct/2025:04:28:03 -0300] "POST /wp-cron.php?doing_wp_cron=1759562883.7197940349578857421875 HTTP/1.1" 200 389 "https://jomarlogistica.com.br/wp-cron.php?doing_wp_cron=1759562883.7197940349578857421875" "WordPress/5.8.10; https://jomarlogistica.com.br"
jomarlogistica.com.br:80 177.212.249.167 - - [04/Oct/2025:04:28:03 -0300] "POST /autodiscover/autodiscover.xml HTTP/1.1" 404 448 "-" "AppleExchangeWebServices/833 accountsd/113"
jomarlogistica.com.br:80 127.0.0.1 - - [04/Oct/2025:04:28:08 -0300] "OPTIONS * HTTP/1.0" 200 110 "-" "Apache/2.4.65 (Ubuntu) (internal dummy connection)"
jomarlogistica.com.br:80 114.119.136.72 - - [04/Oct/2025:04:29:35 -0300] "GET /2023/09/09/how-to-pick-the-best-anti-virus-software/ HTTP/1.1" 200 17358 "https://jomarlogistica.com.br/2023/page/10/" "Mozilla/5.0 (Linux; Android 7.0;) AppleWebKit/537.36 (KHTML, like Gecko) Mobile Safari/537.36 (compatible; PetalBot;+https://webmaster.petalsearch.com/site/petalbot)"
jomarlogistica.com.br:80 114.119.128.158 - - [04/Oct/2025:04:30:59 -0300] "GET /2022/12/03/best-countries-for-dating/ HTTP/1.1" 200 18029 "https://jomarlogistica.com.br/2022/page/6/" "Mozilla/5.0 (Linux; Android 7.0;) AppleWebKit/537.36 (KHTML, like Gecko) Mobile Safari/537.36 (compatible; PetalBot;+https://webmaster.petalsearch.com/site/petalbot)"
jomarlogistica.com.br:80 172.20.1.198 - - [04/Oct/2025:04:32:21 -0300] "POST /wp-cron.php?doing_wp_cron=1759563141.9742329120635986328125 HTTP/1.1" 200 389 "https://jomarlogistica.com.br/wp-cron.php?doing_wp_cron=1759563141.9742329120635986328125" "WordPress/5.8.10; https://jomarlogistica.com.br"
jomarlogistica.com.br:80 114.119.159.76 - - [04/Oct/2025:04:32:21 -0300] "GET /2022/11/17/are-you-able-to-get-married-prolonged-distance/ HTTP/1.1" 200 18006 "https://jomarlogistica.com.br/2022/page/8/" "Mozilla/5.0 (Linux; Android 7.0;) AppleWebKit/537.36 (KHTML, like Gecko) Mobile Safari/537.36 (compatible; PetalBot;+https://webmaster.petalsearch.com/site/petalbot)"
jomarlogistica.com.br:80 127.0.0.1 - - [04/Oct/2025:04:32:27 -0300] "OPTIONS * HTTP/1.0" 200 110 "-" "Apache/2.4.65 (Ubuntu) (internal dummy connection)"
jomarlogistica.com.br:80 114.119.158.0 - - [04/Oct/2025:04:33:46 -0300] "GET / HTTP/1.1" 200 23930 "https://jomarlogistica.com.br/2023/09/09/legal-solutions-designed-for-small-businesses/" "Mozilla/5.0 (Linux; Android 7.0;) AppleWebKit/537.36 (KHTML, like Gecko) Mobile Safari/537.36 (compatible; PetalBot;+https://webmaster.petalsearch.com/site/petalbot)"
jomarlogistica.com.br:80 172.20.1.198 - - [04/Oct/2025:04:40:35 -0300] "POST /wp-cron.php?doing_wp_cron=1759563634.9897439479827880859375 HTTP/1.1" 200 389 "https://jomarlogistica.com.br/wp-cron.php?doing_wp_cron=1759563634.9897439479827880859375" "WordPress/5.8.10; https://jomarlogistica.com.br"
jomarlogistica.com.br:80 66.249.66.7 - - [04/Oct/2025:04:40:34 -0300] "GET /2023/11/22/burrows-finn-and-todd-law-of-contract-in-new-zealand/ HTTP/1.1" 200 13850 "-" "Mozilla/5.0 (Linux; Android 6.0.1; Nexus 5X Build/MMB29P) AppleWebKit/537.36 (KHTML, like Gecko) Chrome/140.0.7339.207 Mobile Safari/537.36 (compatible; GoogleOther)"
jomarlogistica.com.br:80 66.249.66.163 - - [04/Oct/2025:04:40:38 -0300] "GET /?a7b529c=7341671 HTTP/1.1" 200 287 "https://jomarlogistica.com.br/2023/11/22/burrows-finn-and-todd-law-of-contract-in-new-zealand/" "Mozilla/5.0 (Linux; Android 6.0.1; Nexus 5X Build/MMB29P) AppleWebKit/537.36 (KHTML, like Gecko) Chrome/139.0.7258.127 Mobile Safari/537.36 (compatible; Googlebot/2.1; +http://www.google.com/bot.html)"
jomarlogistica.com.br:80 127.0.0.1 - - [04/Oct/2025:04:40:52 -0300] "OPTIONS * HTTP/1.0" 200 110 "-" "Apache/2.4.65 (Ubuntu) (internal dummy connection)"
jomarlogistica.com.br:80 172.20.1.198 - - [04/Oct/2025:04:43:21 -0300] "POST /wp-cron.php?doing_wp_cron=1759563801.5073590278625488281250 HTTP/1.1" 200 389 "https://jomarlogistica.com.br/wp-cron.php?doing_wp_cron=1759563801.5073590278625488281250" "WordPress/5.8.10; https://jomarlogistica.com.br"
jomarlogistica.com.br:80 217.182.194.26 - - [04/Oct/2025:04:43:21 -0300] "GET /robots.txt HTTP/1.1" 200 565 "-" "Mozilla/5.0 (compatible; MJ12bot/v1.4.8; http://mj12bot.com/)"
jomarlogistica.com.br:80 217.182.194.26 - - [04/Oct/2025:04:43:23 -0300] "GET /2023/05/21/slavic-brides-%EF%B8%8F-guide-to-carry-out-slavic-females-for-marriage/ HTTP/1.1" 200 19789 "-" "Mozilla/5.0 (compatible; MJ12bot/v1.4.8; http://mj12bot.com/)"
jomarlogistica.com.br:80 127.0.0.1 - - [04/Oct/2025:04:43:29 -0300] "OPTIONS * HTTP/1.0" 200 110 "-" "Apache/2.4.65 (Ubuntu) (internal dummy connection)"
jomarlogistica.com.br:80 114.119.134.192 - - [04/Oct/2025:04:46:16 -0300] "GET /author/jomar/page/23/ HTTP/1.1" 200 18919 "https://jomarlogistica.com.br/author/jomar/page/24/" "Mozilla/5.0 (Linux; Android 7.0;) AppleWebKit/537.36 (KHTML, like Gecko) Mobile Safari/537.36 (compatible; PetalBot;+https://webmaster.petalsearch.com/site/petalbot)"
jomarlogistica.com.br:80 172.20.1.198 - - [04/Oct/2025:04:47:50 -0300] "POST /wp-cron.php?doing_wp_cron=1759564070.5494320392608642578125 HTTP/1.1" 200 389 "https://jomarlogistica.com.br/wp-cron.php?doing_wp_cron=1759564070.5494320392608642578125" "WordPress/5.8.10; https://jomarlogistica.com.br"
jomarlogistica.com.br:80 114.119.135.84 - - [04/Oct/2025:04:47:50 -0300] "GET /2024/01/17/new-number-agreement-in-france-summer-legal-requirements/ HTTP/1.1" 200 14370 "https://jomarlogistica.com.br/2023/09/09/legal-solutions-designed-for-small-businesses/" "Mozilla/5.0 (Linux; Android 7.0;) AppleWebKit/537.36 (KHTML, like Gecko) Mobile Safari/537.36 (compatible; PetalBot;+https://webmaster.petalsearch.com/site/petalbot)"
jomarlogistica.com.br:80 127.0.0.1 - - [04/Oct/2025:04:47:55 -0300] "OPTIONS * HTTP/1.0" 200 110 "-" "Apache/2.4.65 (Ubuntu) (internal dummy connection)"
jomarlogistica.com.br:80 114.119.134.192 - - [04/Oct/2025:04:49:04 -0300] "GET /2023/10/10/authorised-guarantee-agreement-lease-assignment-legal-guidance/ HTTP/1.1" 200 14650 "https://jomarlogistica.com.br/2023/10/03/cds-full-form-age-limit-eligibility-criteria-for-cds-exam/" "Mozilla/5.0 (Linux; Android 7.0;) AppleWebKit/537.36 (KHTML, like Gecko) Mobile Safari/537.36 (compatible; PetalBot;+https://webmaster.petalsearch.com/site/petalbot)"
jomarlogistica.com.br:80 216.244.66.226 - - [04/Oct/2025:04:49:27 -0300] "GET /robots.txt HTTP/1.1" 200 565 "-" "Mozilla/5.0 (compatible; DotBot/1.2; +https://opensiteexplorer.org/dotbot; help@moz.com)"
jomarlogistica.com.br:80 114.119.138.130 - - [04/Oct/2025:04:50:26 -0300] "GET /2023/08/01/precisely-what-is-an-online-data-room/ HTTP/1.1" 200 17410 "https://jomarlogistica.com.br/author/jomar/page/14/" "Mozilla/5.0 (Linux; Android 7.0;) AppleWebKit/537.36 (KHTML, like Gecko) Mobile Safari/537.36 (compatible; PetalBot;+https://webmaster.petalsearch.com/site/petalbot)"
jomarlogistica.com.br:80 44.210.213.220 - - [04/Oct/2025:04:50:34 -0300] "GET /2022/06/02/understanding-independent-contractor-case-laws-what-you-need-to-know/ HTTP/1.1" 200 14886 "-" "Mozilla/5.0 AppleWebKit/537.36 (KHTML, like Gecko; compatible; Amazonbot/0.1; +https://developer.amazon.com/support/amazonbot) Chrome/119.0.6045.214 Safari/537.36"
jomarlogistica.com.br:80 114.119.134.192 - - [04/Oct/2025:04:51:56 -0300] "GET /2023/02/13/internet-dating-in-other-countries/ HTTP/1.1" 200 18128 "https://jomarlogistica.com.br/2023/page/38/" "Mozilla/5.0 (Linux; Android 7.0;) AppleWebKit/537.36 (KHTML, like Gecko) Mobile Safari/537.36 (compatible; PetalBot;+https://webmaster.petalsearch.com/site/petalbot)"
jomarlogistica.com.br:80 172.20.1.198 - - [04/Oct/2025:05:02:02 -0300] "POST /wp-cron.php?doing_wp_cron=1759564922.1332280635833740234375 HTTP/1.1" 200 389 "https://jomarlogistica.com.br/wp-cron.php?doing_wp_cron=1759564922.1332280635833740234375" "WordPress/5.8.10; https://jomarlogistica.com.br"
jomarlogistica.com.br:80 114.119.128.158 - - [04/Oct/2025:05:02:01 -0300] "GET /author/jomar/page/42/ HTTP/1.1" 200 18946 "https://jomarlogistica.com.br/author/jomar/page/43/" "Mozilla/5.0 (Linux; Android 7.0;) AppleWebKit/537.36 (KHTML, like Gecko) Mobile Safari/537.36 (compatible; PetalBot;+https://webmaster.petalsearch.com/site/petalbot)"
jomarlogistica.com.br:80 127.0.0.1 - - [04/Oct/2025:05:02:07 -0300] "OPTIONS * HTTP/1.0" 200 110 "-" "Apache/2.4.65 (Ubuntu) (internal dummy connection)"
jomarlogistica.com.br:80 172.20.1.198 - - [04/Oct/2025:05:06:31 -0300] "POST /wp-cron.php?doing_wp_cron=1759565191.6916520595550537109375 HTTP/1.1" 200 389 "https://jomarlogistica.com.br/wp-cron.php?doing_wp_cron=1759565191.6916520595550537109375" "WordPress/5.8.10; https://jomarlogistica.com.br"
jomarlogistica.com.br:80 114.119.159.76 - - [04/Oct/2025:05:06:31 -0300] "GET /wp-sitemap.xml HTTP/1.1" 200 643 "-" "Mozilla/5.0 (Linux; Android 7.0;) AppleWebKit/537.36 (KHTML, like Gecko) Mobile Safari/537.36 (compatible; PetalBot;+https://webmaster.petalsearch.com/site/petalbot)"
jomarlogistica.com.br:80 127.0.0.1 - - [04/Oct/2025:05:06:36 -0300] "OPTIONS * HTTP/1.0" 200 110 "-" "Apache/2.4.65 (Ubuntu) (internal dummy connection)"
jomarlogistica.com.br:80 172.20.1.198 - - [04/Oct/2025:05:08:12 -0300] "POST /wp-cron.php?doing_wp_cron=1759565292.6526770591735839843750 HTTP/1.1" 200 389 "https://jomarlogistica.com.br/wp-cron.php?doing_wp_cron=1759565292.6526770591735839843750" "WordPress/5.8.10; https://jomarlogistica.com.br"
jomarlogistica.com.br:80 34.233.219.155 - - [04/Oct/2025:05:08:12 -0300] "GET /2023/page/34/ HTTP/1.1" 200 18681 "-" "Mozilla/5.0 AppleWebKit/537.36 (KHTML, like Gecko; compatible; Amazonbot/0.1; +https://developer.amazon.com/support/amazonbot) Chrome/119.0.6045.214 Safari/537.36"
jomarlogistica.com.br:80 127.0.0.1 - - [04/Oct/2025:05:08:18 -0300] "OPTIONS * HTTP/1.0" 200 110 "-" "Apache/2.4.65 (Ubuntu) (internal dummy connection)"
jomarlogistica.com.br:80 172.20.1.198 - - [04/Oct/2025:05:12:14 -0300] "POST /wp-cron.php?doing_wp_cron=1759565534.1725850105285644531250 HTTP/1.1" 200 389 "https://jomarlogistica.com.br/wp-cron.php?doing_wp_cron=1759565534.1725850105285644531250" "WordPress/5.8.10; https://jomarlogistica.com.br"
jomarlogistica.com.br:80 216.244.66.226 - - [04/Oct/2025:05:12:13 -0300] "GET /2022/10/page/3/ HTTP/1.1" 200 91963 "-" "Mozilla/5.0 (compatible; DotBot/1.2; +https://opensiteexplorer.org/dotbot; help@moz.com)"
jomarlogistica.com.br:80 127.0.0.1 - - [04/Oct/2025:05:12:19 -0300] "OPTIONS * HTTP/1.0" 200 110 "-" "Apache/2.4.65 (Ubuntu) (internal dummy connection)"
jomarlogistica.com.br:80 172.20.1.198 - - [04/Oct/2025:05:15:00 -0300] "POST /wp-cron.php?doing_wp_cron=1759565700.2212541103363037109375 HTTP/1.1" 200 389 "https://jomarlogistica.com.br/wp-cron.php?doing_wp_cron=1759565700.2212541103363037109375" "WordPress/5.8.10; https://jomarlogistica.com.br"
jomarlogistica.com.br:80 177.212.249.167 - - [04/Oct/2025:05:14:59 -0300] "POST /autodiscover/autodiscover.xml HTTP/1.1" 404 448 "-" "AppleExchangeWebServices/833 accountsd/113"
jomarlogistica.com.br:80 127.0.0.1 - - [04/Oct/2025:05:15:05 -0300] "OPTIONS * HTTP/1.0" 200 110 "-" "Apache/2.4.65 (Ubuntu) (internal dummy connection)"
jomarlogistica.com.br:80 216.244.66.226 - - [04/Oct/2025:05:15:18 -0300] "GET /2023/03/03/hsbc-market-data-display-services-agreement-legal-guidelines/ HTTP/1.1" 200 62930 "-" "Mozilla/5.0 (compatible; DotBot/1.2; +https://opensiteexplorer.org/dotbot; help@moz.com)"
jomarlogistica.com.br:80 216.244.66.226 - - [04/Oct/2025:05:15:33 -0300] "GET /2023/09/page/6/ HTTP/1.1" 200 94088 "-" "Mozilla/5.0 (compatible; DotBot/1.2; +https://opensiteexplorer.org/dotbot; help@moz.com)"
jomarlogistica.com.br:80 177.212.249.167 - - [04/Oct/2025:05:16:42 -0300] "POST /autodiscover/autodiscover.xml HTTP/1.1" 404 448 "-" "AppleExchangeWebServices/833 accountsd/113"
jomarlogistica.com.br:80 172.20.1.198 - - [04/Oct/2025:05:20:31 -0300] "POST /wp-cron.php?doing_wp_cron=1759566031.4493649005889892578125 HTTP/1.1" 200 389 "https://jomarlogistica.com.br/wp-cron.php?doing_wp_cron=1759566031.4493649005889892578125" "WordPress/5.8.10; https://jomarlogistica.com.br"
jomarlogistica.com.br:80 85.208.96.202 - - [04/Oct/2025:05:20:31 -0300] "GET /robots.txt HTTP/1.1" 200 584 "-" "Mozilla/5.0 (compatible; SemrushBot/7~bl; +http://www.semrush.com/bot.html)"
jomarlogistica.com.br:80 185.191.171.8 - - [04/Oct/2025:05:20:32 -0300] "GET /2022/12/31/why-men-ought-to-marry-cookware-women/ HTTP/1.1" 200 18051 "-" "Mozilla/5.0 (compatible; SemrushBot/7~bl; +http://www.semrush.com/bot.html)"
jomarlogistica.com.br:80 127.0.0.1 - - [04/Oct/2025:05:20:37 -0300] "OPTIONS * HTTP/1.0" 200 110 "-" "Apache/2.4.65 (Ubuntu) (internal dummy connection)"
jomarlogistica.com.br:80 172.20.1.198 - - [04/Oct/2025:05:29:17 -0300] "POST /wp-cron.php?doing_wp_cron=1759566557.2669119834899902343750 HTTP/1.1" 200 389 "https://jomarlogistica.com.br/wp-cron.php?doing_wp_cron=1759566557.2669119834899902343750" "WordPress/5.8.10; https://jomarlogistica.com.br"
jomarlogistica.com.br:80 185.191.171.13 - - [04/Oct/2025:05:29:16 -0300] "GET /2023/04/09/eleven-finest-hookup-sites-in-2023-top-web-sites-for-hook-ups/ HTTP/1.1" 200 17511 "-" "Mozilla/5.0 (compatible; SemrushBot/7~bl; +http://www.semrush.com/bot.html)"
jomarlogistica.com.br:80 127.0.0.1 - - [04/Oct/2025:05:29:23 -0300] "OPTIONS * HTTP/1.0" 200 110 "-" "Apache/2.4.65 (Ubuntu) (internal dummy connection)"
jomarlogistica.com.br:80 172.20.1.198 - - [04/Oct/2025:05:33:00 -0300] "POST /wp-cron.php?doing_wp_cron=1759566780.3770160675048828125000 HTTP/1.1" 200 389 "https://jomarlogistica.com.br/wp-cron.php?doing_wp_cron=1759566780.3770160675048828125000" "WordPress/5.8.10; https://jomarlogistica.com.br"
jomarlogistica.com.br:80 185.191.171.19 - - [04/Oct/2025:05:33:00 -0300] "GET /2023/11/04/is-certainly-kaspersky-better-than-avast/ HTTP/1.1" 200 17480 "-" "Mozilla/5.0 (compatible; SemrushBot/7~bl; +http://www.semrush.com/bot.html)"
jomarlogistica.com.br:80 127.0.0.1 - - [04/Oct/2025:05:33:05 -0300] "OPTIONS * HTTP/1.0" 200 110 "-" "Apache/2.4.65 (Ubuntu) (internal dummy connection)"
jomarlogistica.com.br:80 172.20.1.198 - - [04/Oct/2025:05:37:49 -0300] "POST /wp-cron.php?doing_wp_cron=1759567069.1227641105651855468750 HTTP/1.1" 200 389 "https://jomarlogistica.com.br/wp-cron.php?doing_wp_cron=1759567069.1227641105651855468750" "WordPress/5.8.10; https://jomarlogistica.com.br"
jomarlogistica.com.br:80 185.191.171.15 - - [04/Oct/2025:05:37:48 -0300] "GET /2022/09/24/interracial-couples-star/ HTTP/1.1" 200 17628 "-" "Mozilla/5.0 (compatible; SemrushBot/7~bl; +http://www.semrush.com/bot.html)"
jomarlogistica.com.br:80 127.0.0.1 - - [04/Oct/2025:05:37:54 -0300] "OPTIONS * HTTP/1.0" 200 110 "-" "Apache/2.4.65 (Ubuntu) (internal dummy connection)"
jomarlogistica.com.br:80 196.251.69.46 - - [04/Oct/2025:05:39:04 -0300] "GET /wp-login.php HTTP/1.1" 200 2993 "https://wordpress.org/" "Mozilla/5.0 (Windows NT 11.0; Win64; x64; rv:118.0) Gecko/20100101 Firefox/118.0"
jomarlogistica.com.br:80 196.251.69.46 - - [04/Oct/2025:05:39:05 -0300] "GET /?author=1 HTTP/1.1" 301 404 "https://www.bing.com/" "Mozilla/5.0 (X11; Linux x86_64) AppleWebKit/537.36 (KHTML, like Gecko) Chrome/121.0.0.0 Safari/537.36"
jomarlogistica.com.br:80 196.251.69.46 - - [04/Oct/2025:05:39:05 -0300] "GET /author/jomar/ HTTP/1.1" 200 17124 "https://www.bing.com/" "Mozilla/5.0 (X11; Linux x86_64) AppleWebKit/537.36 (KHTML, like Gecko) Chrome/121.0.0.0 Safari/537.36"
jomarlogistica.com.br:80 196.251.69.46 - - [04/Oct/2025:05:39:07 -0300] "GET /?author=2 HTTP/1.1" 301 406 "-" "Mozilla/5.0 (Macintosh; Intel Mac OS X 10_15_7) AppleWebKit/537.36 (KHTML, like Gecko) Chrome/118.0.0.0 Safari/537.36"
jomarlogistica.com.br:80 196.251.69.46 - - [04/Oct/2025:05:39:07 -0300] "GET /author/wadminw/ HTTP/1.1" 200 14409 "-" "Mozilla/5.0 (Macintosh; Intel Mac OS X 10_15_7) AppleWebKit/537.36 (KHTML, like Gecko) Chrome/118.0.0.0 Safari/537.36"
jomarlogistica.com.br:80 196.251.69.46 - - [04/Oct/2025:05:39:09 -0300] "GET /?author=3 HTTP/1.1" 404 390 "https://www.google.com/" "Mozilla/5.0 (Windows NT 10.0; Win64; x64; rv:119.0) Gecko/20100101 Firefox/119.0"
jomarlogistica.com.br:80 196.251.69.46 - - [04/Oct/2025:05:39:10 -0300] "GET /?author=4 HTTP/1.1" 404 390 "https://wordpress.org/" "Mozilla/5.0 (Macintosh; Intel Mac OS X 13_6_1) AppleWebKit/605.1.15 (KHTML, like Gecko) Version/17.0 Safari/605.1.15"
jomarlogistica.com.br:80 196.251.69.46 - - [04/Oct/2025:05:39:10 -0300] "GET /?author=5 HTTP/1.1" 404 390 "-" "Mozilla/5.0 (Windows NT 11.0; Win64; x64; rv:121.0) Gecko/20100101 Firefox/121.0"
jomarlogistica.com.br:80 196.251.69.46 - - [04/Oct/2025:05:39:11 -0300] "GET /?author=6 HTTP/1.1" 404 390 "https://wordpress.org/" "Mozilla/5.0 (Macintosh; Intel Mac OS X 10_15_7) AppleWebKit/605.1.15 (KHTML, like Gecko) Version/17.2 Safari/605.1.15"
jomarlogistica.com.br:80 196.251.69.46 - - [04/Oct/2025:05:39:12 -0300] "GET /?author=7 HTTP/1.1" 404 409 "-" "Mozilla/5.0 (Macintosh; Intel Mac OS X 10_15_7) AppleWebKit/537.36 (KHTML, like Gecko) Chrome/119.0.0.0 Safari/537.36"
jomarlogistica.com.br:80 196.251.69.46 - - [04/Oct/2025:05:39:13 -0300] "GET /?author=8 HTTP/1.1" 404 390 "https://www.google.com/" "Mozilla/5.0 (X11; Linux x86_64) AppleWebKit/537.36 (KHTML, like Gecko) Chrome/120.0.0.0 Safari/537.36"
jomarlogistica.com.br:80 196.251.69.46 - - [04/Oct/2025:05:39:14 -0300] "GET /?author=9 HTTP/1.1" 404 390 "-" "Mozilla/5.0 (Macintosh; Intel Mac OS X 10_15_7; rv:121.0) Gecko/20100101 Firefox/121.0"
jomarlogistica.com.br:80 196.251.69.46 - - [04/Oct/2025:05:39:15 -0300] "GET /wp-json/wp/v2/users HTTP/1.1" 200 1037 "https://duckduckgo.com/" "Mozilla/5.0 (Macintosh; Intel Mac OS X 10_15_7; rv:121.0) Gecko/20100101 Firefox/121.0"
jomarlogistica.com.br:80 196.251.69.46 - - [04/Oct/2025:05:39:16 -0300] "GET / HTTP/1.1" 200 22354 "https://www.facebook.com/" "Mozilla/5.0 (X11; Linux x86_64) AppleWebKit/537.36 (KHTML, like Gecko) Chrome/121.0.0.0 Safari/537.36"
jomarlogistica.com.br:80 196.251.69.46 - - [04/Oct/2025:05:39:20 -0300] "POST /wp-login.php HTTP/1.1" 200 3113 "https://jomarlogistica.com.br/wp-login.php" "Mozilla/5.0 (Macintosh; Intel Mac OS X 13_6_1) AppleWebKit/537.36 (KHTML, like Gecko) Chrome/121.0.0.0 Safari/537.36"
jomarlogistica.com.br:80 196.251.69.46 - - [04/Oct/2025:05:39:21 -0300] "GET /wp-admin/index.php HTTP/1.1" 302 472 "https://jomarlogistica.com.br/wp-login.php" "Mozilla/5.0 (Windows NT 11.0; Win64; x64; rv:120.0) Gecko/20100101 Firefox/120.0"
jomarlogistica.com.br:80 196.251.69.46 - - [04/Oct/2025:05:39:23 -0300] "GET /wp-login.php?redirect_to=https%3A%2F%2Fjomarlogistica.com.br%2Fwp-admin%2Findex.php&reauth=1 HTTP/1.1" 200 4999 "https://jomarlogistica.com.br/wp-login.php" "Mozilla/5.0 (Windows NT 11.0; Win64; x64; rv:120.0) Gecko/20100101 Firefox/120.0"
jomarlogistica.com.br:80 196.251.69.46 - - [04/Oct/2025:05:39:24 -0300] "POST /wp-login.php HTTP/1.1" 200 3092 "https://jomarlogistica.com.br/wp-login.php" "Mozilla/5.0 (Macintosh; Intel Mac OS X 10_15_7) AppleWebKit/605.1.15 (KHTML, like Gecko) Version/16.6 Safari/605.1.15"
jomarlogistica.com.br:80 196.251.69.46 - - [04/Oct/2025:05:39:25 -0300] "GET /wp-admin/index.php HTTP/1.1" 302 472 "https://jomarlogistica.com.br/wp-login.php" "Mozilla/5.0 (Macintosh; Intel Mac OS X 10_15_7; rv:121.0) Gecko/20100101 Firefox/121.0"
jomarlogistica.com.br:80 196.251.69.46 - - [04/Oct/2025:05:39:25 -0300] "GET /wp-login.php?redirect_to=https%3A%2F%2Fjomarlogistica.com.br%2Fwp-admin%2Findex.php&reauth=1 HTTP/1.1" 200 5018 "https://jomarlogistica.com.br/wp-login.php" "Mozilla/5.0 (Macintosh; Intel Mac OS X 10_15_7; rv:121.0) Gecko/20100101 Firefox/121.0"
jomarlogistica.com.br:80 196.251.69.46 - - [04/Oct/2025:05:39:26 -0300] "POST /wp-login.php HTTP/1.1" 200 3092 "https://jomarlogistica.com.br/wp-login.php" "Mozilla/5.0 (Windows NT 10.0; Win64; x64; rv:120.0) Gecko/20100101 Firefox/120.0"
jomarlogistica.com.br:80 196.251.69.46 - - [04/Oct/2025:05:39:26 -0300] "GET /wp-admin/index.php HTTP/1.1" 302 472 "https://jomarlogistica.com.br/wp-login.php" "Mozilla/5.0 (Macintosh; Intel Mac OS X 13_6_1; rv:120.0) Gecko/20100101 Firefox/120.0"
jomarlogistica.com.br:80 196.251.69.46 - - [04/Oct/2025:05:39:27 -0300] "GET /wp-login.php?redirect_to=https%3A%2F%2Fjomarlogistica.com.br%2Fwp-admin%2Findex.php&reauth=1 HTTP/1.1" 200 4999 "https://jomarlogistica.com.br/wp-login.php" "Mozilla/5.0 (Macintosh; Intel Mac OS X 13_6_1; rv:120.0) Gecko/20100101 Firefox/120.0"
jomarlogistica.com.br:80 196.251.69.46 - - [04/Oct/2025:05:39:28 -0300] "POST /wp-login.php HTTP/1.1" 200 3093 "https://jomarlogistica.com.br/wp-login.php" "Mozilla/5.0 (Macintosh; Intel Mac OS X 10_15_7) AppleWebKit/605.1.15 (KHTML, like Gecko) Version/17.1 Safari/605.1.15"
jomarlogistica.com.br:80 196.251.69.46 - - [04/Oct/2025:05:39:28 -0300] "GET /wp-admin/index.php HTTP/1.1" 302 491 "https://jomarlogistica.com.br/wp-login.php" "Mozilla/5.0 (Windows NT 10.0; Win64; x64; rv:118.0) Gecko/20100101 Firefox/118.0"
jomarlogistica.com.br:80 196.251.69.46 - - [04/Oct/2025:05:39:30 -0300] "GET /wp-login.php?redirect_to=https%3A%2F%2Fjomarlogistica.com.br%2Fwp-admin%2Findex.php&reauth=1 HTTP/1.1" 200 4999 "https://jomarlogistica.com.br/wp-login.php" "Mozilla/5.0 (Windows NT 10.0; Win64; x64; rv:118.0) Gecko/20100101 Firefox/118.0"
jomarlogistica.com.br:80 196.251.69.46 - - [04/Oct/2025:05:39:31 -0300] "POST /wp-login.php HTTP/1.1" 302 1287 "https://jomarlogistica.com.br/wp-login.php" "Mozilla/5.0 (Windows NT 11.0; Win64; x64; rv:119.0) Gecko/20100101 Firefox/119.0"
jomarlogistica.com.br:80 196.251.69.46 - - [04/Oct/2025:05:39:32 -0300] "GET /wp-admin/index.php HTTP/1.1" 200 52129 "https://jomarlogistica.com.br/wp-login.php" "Mozilla/5.0 (Macintosh; Intel Mac OS X 10_15_7) AppleWebKit/537.36 (KHTML, like Gecko) Chrome/118.0.0.0 Safari/537.36"
jomarlogistica.com.br:80 196.251.69.46 - - [04/Oct/2025:05:39:36 -0300] "GET /wp-admin/profile.php HTTP/1.1" 200 29865 "https://jomarlogistica.com.br/wp-login.php" "Mozilla/5.0 (Macintosh; Intel Mac OS X 10_15_7) AppleWebKit/537.36 (KHTML, like Gecko) Chrome/118.0.0.0 Safari/537.36"
jomarlogistica.com.br:80 196.251.69.46 - - [04/Oct/2025:05:39:39 -0300] "GET /wp-admin/plugin-install.php?tab=upload HTTP/1.1" 200 27286 "www.google.com" "Mozilla/5.0 (Windows NT 10.0; Win64; x64) AppleWebKit/537.36 (KHTML, like Gecko) Chrome/91.0.4472.124 Safari/537.36"
jomarlogistica.com.br:80 177.212.249.167 - - [04/Oct/2025:05:39:43 -0300] "POST /autodiscover/autodiscover.xml HTTP/1.1" 404 448 "-" "AppleExchangeWebServices/833 accountsd/113"
jomarlogistica.com.br:80 177.212.249.167 - - [04/Oct/2025:05:39:44 -0300] "POST /autodiscover/autodiscover.xml HTTP/1.1" 404 448 "-" "AppleExchangeWebServices/833 accountsd/113"
jomarlogistica.com.br:80 196.251.69.46 - - [04/Oct/2025:05:39:42 -0300] "POST /wp-admin/update.php?action=upload-plugin HTTP/1.1" 200 23645 "www.google.com" "Mozilla/5.0 (Windows NT 10.0; Win64; x64) AppleWebKit/537.36 (KHTML, like Gecko) Chrome/91.0.4472.124 Safari/537.36"
jomarlogistica.com.br:80 196.251.69.46 - - [04/Oct/2025:05:39:46 -0300] "GET /wp-content/plugins/ugxpguu/index.php HTTP/1.1" 301 477 "www.google.com" "Mozilla/5.0 (Windows NT 10.0; Win64; x64) AppleWebKit/537.36 (KHTML, like Gecko) Chrome/91.0.4472.124 Safari/537.36"
jomarlogistica.com.br:80 196.251.69.46 - - [04/Oct/2025:05:39:47 -0300] "GET /wp-content/plugins/ugxpguu/ HTTP/1.1" 404 390 "www.google.com" "Mozilla/5.0 (Windows NT 10.0; Win64; x64) AppleWebKit/537.36 (KHTML, like Gecko) Chrome/91.0.4472.124 Safari/537.36"
jomarlogistica.com.br:80 127.0.0.1 - - [04/Oct/2025:05:39:47 -0300] "OPTIONS * HTTP/1.0" 200 110 "-" "Apache/2.4.65 (Ubuntu) (internal dummy connection)"
jomarlogistica.com.br:80 127.0.0.1 - - [04/Oct/2025:05:39:48 -0300] "OPTIONS * HTTP/1.0" 200 110 "-" "Apache/2.4.65 (Ubuntu) (internal dummy connection)"
jomarlogistica.com.br:80 196.251.69.46 - - [04/Oct/2025:05:39:48 -0300] "GET /wp-admin/plugin-install.php?s=File+Manager&tab=search&type=term HTTP/1.1" 200 37475 "www.google.com" "Mozilla/5.0 (Windows NT 10.0; Win64; x64) AppleWebKit/537.36 (KHTML, like Gecko) Chrome/91.0.4472.124 Safari/537.36"
jomarlogistica.com.br:80 196.251.69.46 - - [04/Oct/2025:05:39:51 -0300] "GET /wp-admin/theme-install.php?tab=upload HTTP/1.1" 200 30547 "www.google.com" "Mozilla/5.0 (Windows NT 10.0; Win64; x64) AppleWebKit/537.36 (KHTML, like Gecko) Chrome/91.0.4472.124 Safari/537.36"
jomarlogistica.com.br:80 127.0.0.1 - - [04/Oct/2025:05:39:51 -0300] "OPTIONS * HTTP/1.0" 200 110 "-" "Apache/2.4.65 (Ubuntu) (internal dummy connection)"
jomarlogistica.com.br:80 196.251.69.46 - - [04/Oct/2025:05:39:53 -0300] "POST /wp-admin/update.php?action=upload-theme HTTP/1.1" 200 23633 "www.google.com" "Mozilla/5.0 (Windows NT 10.0; Win64; x64) AppleWebKit/537.36 (KHTML, like Gecko) Chrome/91.0.4472.124 Safari/537.36"
jomarlogistica.com.br:80 196.251.69.46 - - [04/Oct/2025:05:39:55 -0300] "GET /wp-content/themes/fiupmac/about.php HTTP/1.1" 404 448 "www.google.com" "Mozilla/5.0 (Windows NT 10.0; Win64; x64) AppleWebKit/537.36 (KHTML, like Gecko) Chrome/91.0.4472.124 Safari/537.36"
jomarlogistica.com.br:80 196.251.69.46 - - [04/Oct/2025:05:39:56 -0300] "GET /wp-admin/theme-editor.php?file=404.php HTTP/1.1" 200 40969 "www.google.com" "Mozilla/5.0 (Windows NT 10.0; Win64; x64) AppleWebKit/537.36 (KHTML, like Gecko) Chrome/91.0.4472.124 Safari/537.36"
jomarlogistica.com.br:80 172.20.1.198 - - [04/Oct/2025:05:42:41 -0300] "POST /wp-cron.php?doing_wp_cron=1759567361.3537530899047851562500 HTTP/1.1" 200 389 "https://jomarlogistica.com.br/wp-cron.php?doing_wp_cron=1759567361.3537530899047851562500" "WordPress/5.8.10; https://jomarlogistica.com.br"
jomarlogistica.com.br:80 216.244.66.226 - - [04/Oct/2025:05:42:41 -0300] "GET /robots.txt HTTP/1.1" 200 565 "-" "Mozilla/5.0 (compatible; DotBot/1.2; +https://opensiteexplorer.org/dotbot; help@moz.com)"
jomarlogistica.com.br:80 127.0.0.1 - - [04/Oct/2025:05:42:46 -0300] "OPTIONS * HTTP/1.0" 200 110 "-" "Apache/2.4.65 (Ubuntu) (internal dummy connection)"
jomarlogistica.com.br:80 114.119.135.84 - - [04/Oct/2025:05:42:52 -0300] "GET /2023/04/04/are-suzuki-carry-street-legal-in-texas-legal-guide/ HTTP/1.1" 200 13633 "https://jomarlogistica.com.br/2023/04/03/brazil-investment-agreements-legal-guidance-expert-advice/" "Mozilla/5.0 (Linux; Android 7.0;) AppleWebKit/537.36 (KHTML, like Gecko) Mobile Safari/537.36 (compatible; PetalBot;+https://webmaster.petalsearch.com/site/petalbot)"
jomarlogistica.com.br:80 177.212.249.167 - - [04/Oct/2025:05:45:51 -0300] "POST /autodiscover/autodiscover.xml HTTP/1.1" 404 448 "-" "AppleExchangeWebServices/833 accountsd/113"
jomarlogistica.com.br:80 172.20.1.198 - - [04/Oct/2025:05:48:51 -0300] "POST /wp-cron.php?doing_wp_cron=1759567731.4332640171051025390625 HTTP/1.1" 200 389 "https://jomarlogistica.com.br/wp-cron.php?doing_wp_cron=1759567731.4332640171051025390625" "WordPress/5.8.10; https://jomarlogistica.com.br"
jomarlogistica.com.br:80 52.0.218.219 - - [04/Oct/2025:05:48:51 -0300] "GET /2022/11/14/understanding-camper-van-rules-in-the-netherlands-what-you-need-to-know/ HTTP/1.1" 200 14453 "-" "Mozilla/5.0 AppleWebKit/537.36 (KHTML, like Gecko; compatible; Amazonbot/0.1; +https://developer.amazon.com/support/amazonbot) Chrome/119.0.6045.214 Safari/537.36"
jomarlogistica.com.br:80 127.0.0.1 - - [04/Oct/2025:05:48:56 -0300] "OPTIONS * HTTP/1.0" 200 110 "-" "Apache/2.4.65 (Ubuntu) (internal dummy connection)"
jomarlogistica.com.br:80 177.212.249.167 - - [04/Oct/2025:05:50:41 -0300] "POST /autodiscover/autodiscover.xml HTTP/1.1" 404 448 "-" "AppleExchangeWebServices/833 accountsd/113"
jomarlogistica.com.br:80 177.212.249.167 - - [04/Oct/2025:05:52:01 -0300] "POST /autodiscover/autodiscover.xml HTTP/1.1" 404 448 "-" "AppleExchangeWebServices/833 accountsd/113"
jomarlogistica.com.br:80 172.20.1.198 - - [04/Oct/2025:05:59:34 -0300] "POST /wp-cron.php?doing_wp_cron=1759568374.0645918846130371093750 HTTP/1.1" 200 389 "https://jomarlogistica.com.br/wp-cron.php?doing_wp_cron=1759568374.0645918846130371093750" "WordPress/5.8.10; https://jomarlogistica.com.br"
jomarlogistica.com.br:80 114.119.135.84 - - [04/Oct/2025:05:59:33 -0300] "GET /author/jomar/page/15/ HTTP/1.1" 200 18817 "https://jomarlogistica.com.br/author/jomar/page/14/" "Mozilla/5.0 (Linux; Android 7.0;) AppleWebKit/537.36 (KHTML, like Gecko) Mobile Safari/537.36 (compatible; PetalBot;+https://webmaster.petalsearch.com/site/petalbot)"
jomarlogistica.com.br:80 127.0.0.1 - - [04/Oct/2025:05:59:40 -0300] "OPTIONS * HTTP/1.0" 200 110 "-" "Apache/2.4.65 (Ubuntu) (internal dummy connection)"
jomarlogistica.com.br:80 114.119.138.207 - - [04/Oct/2025:06:00:55 -0300] "GET /2023/11/12/asda-new-employee-contract-understanding-the-legal-terms/ HTTP/1.1" 200 14227 "https://jomarlogistica.com.br/2023/11/06/are-tinted-plate-covers-legal-in-ohio-ohio-license-plate-laws/" "Mozilla/5.0 (Linux; Android 7.0;) AppleWebKit/537.36 (KHTML, like Gecko) Mobile Safari/537.36 (compatible; PetalBot;+https://webmaster.petalsearch.com/site/petalbot)"
jomarlogistica.com.br:80 177.212.249.167 - - [04/Oct/2025:06:01:00 -0300] "POST /autodiscover/autodiscover.xml HTTP/1.1" 404 448 "-" "AppleExchangeWebServices/833 accountsd/113"
jomarlogistica.com.br:80 172.20.1.198 - - [04/Oct/2025:06:02:19 -0300] "POST /wp-cron.php?doing_wp_cron=1759568539.6265990734100341796875 HTTP/1.1" 200 389 "https://jomarlogistica.com.br/wp-cron.php?doing_wp_cron=1759568539.6265990734100341796875" "WordPress/5.8.10; https://jomarlogistica.com.br"
jomarlogistica.com.br:80 114.119.135.84 - - [04/Oct/2025:06:02:19 -0300] "GET /2023/02/12/the-best-mail-buy-brides-websites/ HTTP/1.1" 200 17356 "https://jomarlogistica.com.br/2023/page/38/" "Mozilla/5.0 (Linux; Android 7.0;) AppleWebKit/537.36 (KHTML, like Gecko) Mobile Safari/537.36 (compatible; PetalBot;+https://webmaster.petalsearch.com/site/petalbot)"
jomarlogistica.com.br:80 127.0.0.1 - - [04/Oct/2025:06:02:25 -0300] "OPTIONS * HTTP/1.0" 200 110 "-" "Apache/2.4.65 (Ubuntu) (internal dummy connection)"
jomarlogistica.com.br:80 177.212.249.167 - - [04/Oct/2025:06:03:43 -0300] "POST /autodiscover/autodiscover.xml HTTP/1.1" 404 448 "-" "AppleExchangeWebServices/833 accountsd/113"
jomarlogistica.com.br:80 172.20.1.198 - - [04/Oct/2025:06:06:54 -0300] "POST /wp-cron.php?doing_wp_cron=1759568814.7999339103698730468750 HTTP/1.1" 200 389 "https://jomarlogistica.com.br/wp-cron.php?doing_wp_cron=1759568814.7999339103698730468750" "WordPress/5.8.10; https://jomarlogistica.com.br"
jomarlogistica.com.br:80 216.244.66.226 - - [04/Oct/2025:06:06:54 -0300] "GET /2023/05/28/talkiv-review-pricing-features-interface-june-2023/ HTTP/1.1" 200 82533 "-" "Mozilla/5.0 (compatible; DotBot/1.2; +https://opensiteexplorer.org/dotbot; help@moz.com)"
jomarlogistica.com.br:80 127.0.0.1 - - [04/Oct/2025:06:07:00 -0300] "OPTIONS * HTTP/1.0" 200 110 "-" "Apache/2.4.65 (Ubuntu) (internal dummy connection)"
jomarlogistica.com.br:80 172.20.1.198 - - [04/Oct/2025:06:10:24 -0300] "POST /wp-cron.php?doing_wp_cron=1759569024.1753599643707275390625 HTTP/1.1" 200 389 "https://jomarlogistica.com.br/wp-cron.php?doing_wp_cron=1759569024.1753599643707275390625" "WordPress/5.8.10; https://jomarlogistica.com.br"
jomarlogistica.com.br:80 216.244.66.226 - - [04/Oct/2025:06:10:23 -0300] "GET /2022/04/19/understanding-the-key-elements-of-an-agreement-legal-contract-basics/ HTTP/1.1" 200 63730 "-" "Mozilla/5.0 (compatible; DotBot/1.2; +https://opensiteexplorer.org/dotbot; help@moz.com)"
jomarlogistica.com.br:80 127.0.0.1 - - [04/Oct/2025:06:10:28 -0300] "OPTIONS * HTTP/1.0" 200 110 "-" "Apache/2.4.65 (Ubuntu) (internal dummy connection)"
jomarlogistica.com.br:80 216.244.66.226 - - [04/Oct/2025:06:10:47 -0300] "GET /2022/05/24/conditional-job-offer-can-i-withdraw-legal-advice/ HTTP/1.1" 200 62472 "-" "Mozilla/5.0 (compatible; DotBot/1.2; +https://opensiteexplorer.org/dotbot; help@moz.com)"
jomarlogistica.com.br:80 107.189.6.63 - - [04/Oct/2025:06:12:03 -0300] "GET /wp-content/plugins/wp-job-portal/readme.txt HTTP/1.1" 404 448 "-" "Mozilla/5.0 (Windows NT 10.0; Win64; x64) AppleWebKit/537.36 (KHTML, like Gecko) Chrome/120.1.2.3 Safari/537.36 Edg/121.0.623.86"
jomarlogistica.com.br:80 172.20.1.198 - - [04/Oct/2025:06:16:36 -0300] "POST /wp-cron.php?doing_wp_cron=1759569396.0892341136932373046875 HTTP/1.1" 200 389 "https://jomarlogistica.com.br/wp-cron.php?doing_wp_cron=1759569396.0892341136932373046875" "WordPress/5.8.10; https://jomarlogistica.com.br"
jomarlogistica.com.br:80 23.137.105.158 - - [04/Oct/2025:06:16:35 -0300] "POST /wp-login.php HTTP/1.1" 302 1345 "https://jomarlogistica.com.br/wp-admin/" "Mozilla/5.0 (Windows NT 10.0; Win64; x64) AppleWebKit/537.36 (KHTML, like Gecko) Chrome/90.0.4430.85 Safari/537.36"
jomarlogistica.com.br:80 23.137.105.158 - - [04/Oct/2025:06:16:36 -0300] "GET /wp-login.php?redirect_to=https%3A%2F%2Fjomarlogistica.com.br%2Fwp-admin%2F&action=confirm_admin_email&wp_lang=pt_BR HTTP/1.1" 200 1813 "https://jomarlogistica.com.br/wp-admin/" "Mozilla/5.0 (Windows NT 10.0; Win64; x64) AppleWebKit/537.36 (KHTML, like Gecko) Chrome/90.0.4430.85 Safari/537.36"
jomarlogistica.com.br:80 23.137.105.158 - - [04/Oct/2025:06:16:37 -0300] "GET /wp-admin/ HTTP/1.1" 200 52144 "www.google.com" "Mozilla/5.0 (Windows NT 10.0; Win64; x64) AppleWebKit/537.36 (KHTML, like Gecko) Chrome/90.0.4430.85 Safari/537.36"
jomarlogistica.com.br:80 23.137.105.158 - - [04/Oct/2025:06:16:39 -0300] "GET /wp-admin/plugin-install.php?tab=upload HTTP/1.1" 200 27270 "www.google.com" "Mozilla/5.0 (Windows NT 10.0; Win64; x64) AppleWebKit/537.36 (KHTML, like Gecko) Chrome/90.0.4430.85 Safari/537.36"
jomarlogistica.com.br:80 23.137.105.158 - - [04/Oct/2025:06:16:40 -0300] "POST /wp-admin/update.php?action=upload-plugin HTTP/1.1" 200 23661 "www.google.com" "Mozilla/5.0 (Windows NT 10.0; Win64; x64) AppleWebKit/537.36 (KHTML, like Gecko) Chrome/90.0.4430.85 Safari/537.36"
jomarlogistica.com.br:80 127.0.0.1 - - [04/Oct/2025:06:16:42 -0300] "OPTIONS * HTTP/1.0" 200 110 "-" "Apache/2.4.65 (Ubuntu) (internal dummy connection)"
jomarlogistica.com.br:80 23.137.105.158 - - [04/Oct/2025:06:16:42 -0300] "GET /wp-content/plugins/zngabzc/index.php HTTP/1.1" 301 477 "www.google.com" "Mozilla/5.0 (Windows NT 10.0; Win64; x64) AppleWebKit/537.36 (KHTML, like Gecko) Chrome/90.0.4430.85 Safari/537.36"
jomarlogistica.com.br:80 23.137.105.158 - - [04/Oct/2025:06:16:43 -0300] "GET /wp-content/plugins/zngabzc/ HTTP/1.1" 404 390 "www.google.com" "Mozilla/5.0 (Windows NT 10.0; Win64; x64) AppleWebKit/537.36 (KHTML, like Gecko) Chrome/90.0.4430.85 Safari/537.36"
jomarlogistica.com.br:80 23.137.105.158 - - [04/Oct/2025:06:16:43 -0300] "GET /wp-admin/plugin-install.php?s=File+Manager&tab=search&type=term HTTP/1.1" 200 37489 "www.google.com" "Mozilla/5.0 (Windows NT 10.0; Win64; x64) AppleWebKit/537.36 (KHTML, like Gecko) Chrome/90.0.4430.85 Safari/537.36"
jomarlogistica.com.br:80 23.137.105.158 - - [04/Oct/2025:06:16:45 -0300] "GET /wp-admin/update.php?action=install-plugin&plugin=wp-file-manager&_wpnonce=1a3f00d796 HTTP/1.1" 200 23695 "www.google.com" "Mozilla/5.0 (Windows NT 10.0; Win64; x64) AppleWebKit/537.36 (KHTML, like Gecko) Chrome/90.0.4430.85 Safari/537.36"
jomarlogistica.com.br:80 23.137.105.158 - - [04/Oct/2025:06:16:47 -0300] "GET /wp-admin/theme-install.php?tab=upload HTTP/1.1" 200 30541 "www.google.com" "Mozilla/5.0 (Windows NT 10.0; Win64; x64) AppleWebKit/537.36 (KHTML, like Gecko) Chrome/90.0.4430.85 Safari/537.36"
jomarlogistica.com.br:80 23.137.105.158 - - [04/Oct/2025:06:16:49 -0300] "POST /wp-admin/update.php?action=upload-theme HTTP/1.1" 200 23630 "www.google.com" "Mozilla/5.0 (Windows NT 10.0; Win64; x64) AppleWebKit/537.36 (KHTML, like Gecko) Chrome/90.0.4430.85 Safari/537.36"
jomarlogistica.com.br:80 23.137.105.158 - - [04/Oct/2025:06:16:50 -0300] "GET /wp-content/themes/qwzhyni/about.php HTTP/1.1" 404 448 "www.google.com" "Mozilla/5.0 (Windows NT 10.0; Win64; x64) AppleWebKit/537.36 (KHTML, like Gecko) Chrome/90.0.4430.85 Safari/537.36"
jomarlogistica.com.br:80 172.20.1.198 - - [04/Oct/2025:06:19:22 -0300] "POST /wp-cron.php?doing_wp_cron=1759569562.8916220664978027343750 HTTP/1.1" 200 389 "https://jomarlogistica.com.br/wp-cron.php?doing_wp_cron=1759569562.8916220664978027343750" "WordPress/5.8.10; https://jomarlogistica.com.br"
