jomarlogistica.com.br:80 182.69.179.127 - - [04/Oct/2025:08:03:16 -0300] "GET /wp-includes/js/jquery/jquery.min.js?ver=3.6.0 HTTP/1.1" 200 32444 "https://jomarlogistica.com.br/2023/09/30/bmo-medical-full-form-what-does-bmo-stand-for-in-the-legal-context/" "Mozilla/5.0 (Macintosh; Intel Mac OS X 10_15_7) AppleWebKit/537.36 (KHTML, like Gecko) Chrome/125.0.0.0 Safari/537.36"
jomarlogistica.com.br:80 182.69.179.127 - - [04/Oct/2025:08:03:17 -0300] "GET /wp-includes/js/jquery/ui/core.min.js?ver=1.12.1 HTTP/1.1" 200 7418 "https://jomarlogistica.com.br/2023/09/30/bmo-medical-full-form-what-does-bmo-stand-for-in-the-legal-context/" "Mozilla/5.0 (Macintosh; Intel Mac OS X 10_15_7) AppleWebKit/537.36 (KHTML, like Gecko) Chrome/125.0.0.0 Safari/537.36"
jomarlogistica.com.br:80 182.69.179.127 - - [04/Oct/2025:08:03:20 -0300] "GET /wp-content/plugins/booked/assets/js/spin.jquery.js?ver=2.0.1 HTTP/1.1" 200 1167 "https://jomarlogistica.com.br/2023/09/30/bmo-medical-full-form-what-does-bmo-stand-for-in-the-legal-context/" "Mozilla/5.0 (Macintosh; Intel Mac OS X 10_15_7) AppleWebKit/537.36 (KHTML, like Gecko) Chrome/125.0.0.0 Safari/537.36"
jomarlogistica.com.br:80 182.69.179.127 - - [04/Oct/2025:08:03:20 -0300] "GET /wp-content/plugins/booked/assets/js/spin.min.js?ver=2.0.1 HTTP/1.1" 200 2463 "https://jomarlogistica.com.br/2023/09/30/bmo-medical-full-form-what-does-bmo-stand-for-in-the-legal-context/" "Mozilla/5.0 (Macintosh; Intel Mac OS X 10_15_7) AppleWebKit/537.36 (KHTML, like Gecko) Chrome/125.0.0.0 Safari/537.36"
jomarlogistica.com.br:80 182.69.179.127 - - [04/Oct/2025:08:03:20 -0300] "GET /wp-includes/js/jquery/ui/datepicker.min.js?ver=1.12.1 HTTP/1.1" 200 11555 "https://jomarlogistica.com.br/2023/09/30/bmo-medical-full-form-what-does-bmo-stand-for-in-the-legal-context/" "Mozilla/5.0 (Macintosh; Intel Mac OS X 10_15_7) AppleWebKit/537.36 (KHTML, like Gecko) Chrome/125.0.0.0 Safari/537.36"
jomarlogistica.com.br:80 182.69.179.127 - - [04/Oct/2025:08:03:20 -0300] "GET /wp-content/plugins/booked/assets/js/functions.js?ver=2.3.5 HTTP/1.1" 200 10029 "https://jomarlogistica.com.br/2023/09/30/bmo-medical-full-form-what-does-bmo-stand-for-in-the-legal-context/" "Mozilla/5.0 (Macintosh; Intel Mac OS X 10_15_7) AppleWebKit/537.36 (KHTML, like Gecko) Chrome/125.0.0.0 Safari/537.36"
jomarlogistica.com.br:80 182.69.179.127 - - [04/Oct/2025:08:03:20 -0300] "GET /wp-content/plugins/case-theme-user/acess/js/ct-user-form.js?ver=1.0.0 HTTP/1.1" 200 2307 "https://jomarlogistica.com.br/2023/09/30/bmo-medical-full-form-what-does-bmo-stand-for-in-the-legal-context/" "Mozilla/5.0 (Macintosh; Intel Mac OS X 10_15_7) AppleWebKit/537.36 (KHTML, like Gecko) Chrome/125.0.0.0 Safari/537.36"
jomarlogistica.com.br:80 182.69.179.127 - - [04/Oct/2025:08:03:20 -0300] "GET /wp-content/plugins/case-theme-user/acess/js/remodal.min.js?ver=1.0.0 HTTP/1.1" 200 3045 "https://jomarlogistica.com.br/2023/09/30/bmo-medical-full-form-what-does-bmo-stand-for-in-the-legal-context/" "Mozilla/5.0 (Macintosh; Intel Mac OS X 10_15_7) AppleWebKit/537.36 (KHTML, like Gecko) Chrome/125.0.0.0 Safari/537.36"
jomarlogistica.com.br:80 182.69.179.127 - - [04/Oct/2025:08:03:21 -0300] "GET /wp-content/plugins/case-theme-user/acess/js/notify.min.js?ver=1.0.0 HTTP/1.1" 200 7826 "https://jomarlogistica.com.br/2023/09/30/bmo-medical-full-form-what-does-bmo-stand-for-in-the-legal-context/" "Mozilla/5.0 (Macintosh; Intel Mac OS X 10_15_7) AppleWebKit/537.36 (KHTML, like Gecko) Chrome/125.0.0.0 Safari/537.36"
jomarlogistica.com.br:80 182.69.179.127 - - [04/Oct/2025:08:03:22 -0300] "GET /wp-content/plugins/contact-form-7-multi-step/assets/frontend/js/cf7mls.js?ver=2.5.4 HTTP/1.1" 200 7305 "https://jomarlogistica.com.br/2023/09/30/bmo-medical-full-form-what-does-bmo-stand-for-in-the-legal-context/" "Mozilla/5.0 (Macintosh; Intel Mac OS X 10_15_7) AppleWebKit/537.36 (KHTML, like Gecko) Chrome/125.0.0.0 Safari/537.36"
jomarlogistica.com.br:80 182.69.179.127 - - [04/Oct/2025:08:03:22 -0300] "GET /wp-includes/js/dist/vendor/regenerator-runtime.min.js?ver=0.13.7 HTTP/1.1" 200 2798 "https://jomarlogistica.com.br/2023/09/30/bmo-medical-full-form-what-does-bmo-stand-for-in-the-legal-context/" "Mozilla/5.0 (Macintosh; Intel Mac OS X 10_15_7) AppleWebKit/537.36 (KHTML, like Gecko) Chrome/125.0.0.0 Safari/537.36"
jomarlogistica.com.br:80 182.69.179.127 - - [04/Oct/2025:08:03:23 -0300] "GET /wp-content/themes/consultio/assets/js/nice-select.min.js?ver=all HTTP/1.1" 200 1420 "https://jomarlogistica.com.br/2023/09/30/bmo-medical-full-form-what-does-bmo-stand-for-in-the-legal-context/" "Mozilla/5.0 (Macintosh; Intel Mac OS X 10_15_7) AppleWebKit/537.36 (KHTML, like Gecko) Chrome/125.0.0.0 Safari/537.36"
jomarlogistica.com.br:80 182.69.179.127 - - [04/Oct/2025:08:03:23 -0300] "GET /wp-content/themes/consultio/assets/js/bootstrap.min.js?ver=4.0.0 HTTP/1.1" 200 14168 "https://jomarlogistica.com.br/2023/09/30/bmo-medical-full-form-what-does-bmo-stand-for-in-the-legal-context/" "Mozilla/5.0 (Macintosh; Intel Mac OS X 10_15_7) AppleWebKit/537.36 (KHTML, like Gecko) Chrome/125.0.0.0 Safari/537.36"
jomarlogistica.com.br:80 182.69.179.127 - - [04/Oct/2025:08:03:23 -0300] "GET /wp-includes/js/wp-embed.min.js?ver=5.8.10 HTTP/1.1" 200 1196 "https://jomarlogistica.com.br/2023/09/30/bmo-medical-full-form-what-does-bmo-stand-for-in-the-legal-context/" "Mozilla/5.0 (Macintosh; Intel Mac OS X 10_15_7) AppleWebKit/537.36 (KHTML, like Gecko) Chrome/125.0.0.0 Safari/537.36"
jomarlogistica.com.br:80 182.69.179.127 - - [04/Oct/2025:08:03:24 -0300] "GET /wp-includes/js/jquery/ui/mouse.min.js?ver=1.12.1 HTTP/1.1" 200 1479 "https://jomarlogistica.com.br/2023/09/30/bmo-medical-full-form-what-does-bmo-stand-for-in-the-legal-context/" "Mozilla/5.0 (Macintosh; Intel Mac OS X 10_15_7) AppleWebKit/537.36 (KHTML, like Gecko) Chrome/125.0.0.0 Safari/537.36"
jomarlogistica.com.br:80 182.69.179.127 - - [04/Oct/2025:08:03:24 -0300] "GET /wp-content/plugins/booked/includes/add-ons/frontend-agents/js/functions.js?ver=2.3.5 HTTP/1.1" 200 1592 "https://jomarlogistica.com.br/2023/09/30/bmo-medical-full-form-what-does-bmo-stand-for-in-the-legal-context/" "Mozilla/5.0 (Macintosh; Intel Mac OS X 10_15_7) AppleWebKit/537.36 (KHTML, like Gecko) Chrome/125.0.0.0 Safari/537.36"
jomarlogistica.com.br:80 182.69.179.127 - - [04/Oct/2025:08:03:24 -0300] "GET /wp-content/themes/consultio/assets/js/match-height-min.js?ver=1.0.0 HTTP/1.1" 200 3557 "https://jomarlogistica.com.br/2023/09/30/bmo-medical-full-form-what-does-bmo-stand-for-in-the-legal-context/" "Mozilla/5.0 (Macintosh; Intel Mac OS X 10_15_7) AppleWebKit/537.36 (KHTML, like Gecko) Chrome/125.0.0.0 Safari/537.36"
jomarlogistica.com.br:80 182.69.179.127 - - [04/Oct/2025:08:03:25 -0300] "GET /wp-content/themes/consultio/assets/js/wow.min.js?ver=1.0.0 HTTP/1.1" 200 3260 "https://jomarlogistica.com.br/2023/09/30/bmo-medical-full-form-what-does-bmo-stand-for-in-the-legal-context/" "Mozilla/5.0 (Macintosh; Intel Mac OS X 10_15_7) AppleWebKit/537.36 (KHTML, like Gecko) Chrome/125.0.0.0 Safari/537.36"
jomarlogistica.com.br:80 182.69.179.127 - - [04/Oct/2025:08:03:25 -0300] "GET /wp-content/plugins/contact-form-7/includes/js/index.js?ver=5.5.3 HTTP/1.1" 200 4245 "https://jomarlogistica.com.br/2023/09/30/bmo-medical-full-form-what-does-bmo-stand-for-in-the-legal-context/" "Mozilla/5.0 (Macintosh; Intel Mac OS X 10_15_7) AppleWebKit/537.36 (KHTML, like Gecko) Chrome/125.0.0.0 Safari/537.36"
jomarlogistica.com.br:80 182.69.179.127 - - [04/Oct/2025:08:03:26 -0300] "GET /wp-content/themes/consultio/assets/js/progressbar.min.js?ver=1.0.0 HTTP/1.1" 200 1327 "https://jomarlogistica.com.br/2023/09/30/bmo-medical-full-form-what-does-bmo-stand-for-in-the-legal-context/" "Mozilla/5.0 (Macintosh; Intel Mac OS X 10_15_7) AppleWebKit/537.36 (KHTML, like Gecko) Chrome/125.0.0.0 Safari/537.36"
jomarlogistica.com.br:80 182.69.179.127 - - [04/Oct/2025:08:03:26 -0300] "GET /wp-includes/js/jquery/ui/slider.min.js?ver=1.12.1 HTTP/1.1" 200 3602 "https://jomarlogistica.com.br/2023/09/30/bmo-medical-full-form-what-does-bmo-stand-for-in-the-legal-context/" "Mozilla/5.0 (Macintosh; Intel Mac OS X 10_15_7) AppleWebKit/537.36 (KHTML, like Gecko) Chrome/125.0.0.0 Safari/537.36"
jomarlogistica.com.br:80 182.69.179.127 - - [04/Oct/2025:08:03:26 -0300] "GET /wp-includes/js/dist/vendor/wp-polyfill.min.js?ver=3.15.0 HTTP/1.1" 200 6591 "https://jomarlogistica.com.br/2023/09/30/bmo-medical-full-form-what-does-bmo-stand-for-in-the-legal-context/" "Mozilla/5.0 (Macintosh; Intel Mac OS X 10_15_7) AppleWebKit/537.36 (KHTML, like Gecko) Chrome/125.0.0.0 Safari/537.36"
jomarlogistica.com.br:80 182.69.179.127 - - [04/Oct/2025:08:03:26 -0300] "GET /wp-content/plugins/booked/assets/js/tooltipster/js/jquery.tooltipster.min.js?ver=3.3.0 HTTP/1.1" 200 5373 "https://jomarlogistica.com.br/2023/09/30/bmo-medical-full-form-what-does-bmo-stand-for-in-the-legal-context/" "Mozilla/5.0 (Macintosh; Intel Mac OS X 10_15_7) AppleWebKit/537.36 (KHTML, like Gecko) Chrome/125.0.0.0 Safari/537.36"
jomarlogistica.com.br:80 182.69.179.127 - - [04/Oct/2025:08:03:17 -0300] "GET /?a7b529c=7310278 HTTP/1.1" 200 287 "https://jomarlogistica.com.br/2023/09/30/bmo-medical-full-form-what-does-bmo-stand-for-in-the-legal-context/" "Mozilla/5.0 (Macintosh; Intel Mac OS X 10_15_7) AppleWebKit/537.36 (KHTML, like Gecko) Chrome/125.0.0.0 Safari/537.36"
jomarlogistica.com.br:80 182.69.179.127 - - [04/Oct/2025:08:03:27 -0300] "GET /wp-content/themes/consultio/assets/js/main.js?ver=2.8.0 HTTP/1.1" 200 6455 "https://jomarlogistica.com.br/2023/09/30/bmo-medical-full-form-what-does-bmo-stand-for-in-the-legal-context/" "Mozilla/5.0 (Macintosh; Intel Mac OS X 10_15_7) AppleWebKit/537.36 (KHTML, like Gecko) Chrome/125.0.0.0 Safari/537.36"
jomarlogistica.com.br:80 182.69.179.127 - - [04/Oct/2025:08:03:27 -0300] "GET /wp-content/themes/consultio/assets/js/magnific-popup.min.js?ver=1.0.0 HTTP/1.1" 200 14914 "https://jomarlogistica.com.br/2023/09/30/bmo-medical-full-form-what-does-bmo-stand-for-in-the-legal-context/" "Mozilla/5.0 (Macintosh; Intel Mac OS X 10_15_7) AppleWebKit/537.36 (KHTML, like Gecko) Chrome/125.0.0.0 Safari/537.36"
jomarlogistica.com.br:80 182.69.179.127 - - [04/Oct/2025:08:03:27 -0300] "GET /wp-content/plugins/revslider/public/assets/js/rbtools.min.js?ver=6.5.11 HTTP/1.1" 200 48787 "https://jomarlogistica.com.br/2023/09/30/bmo-medical-full-form-what-does-bmo-stand-for-in-the-legal-context/" "Mozilla/5.0 (Macintosh; Intel Mac OS X 10_15_7) AppleWebKit/537.36 (KHTML, like Gecko) Chrome/125.0.0.0 Safari/537.36"
jomarlogistica.com.br:80 127.0.0.1 - - [04/Oct/2025:08:03:27 -0300] "OPTIONS * HTTP/1.0" 200 110 "-" "Apache/2.4.65 (Ubuntu) (internal dummy connection)"
jomarlogistica.com.br:80 182.69.179.127 - - [04/Oct/2025:08:03:27 -0300] "GET /wp-includes/js/wp-emoji-release.min.js?ver=5.8.10 HTTP/1.1" 200 5596 "https://jomarlogistica.com.br/2023/09/30/bmo-medical-full-form-what-does-bmo-stand-for-in-the-legal-context/" "Mozilla/5.0 (Macintosh; Intel Mac OS X 10_15_7) AppleWebKit/537.36 (KHTML, like Gecko) Chrome/125.0.0.0 Safari/537.36"
jomarlogistica.com.br:80 182.69.179.127 - - [04/Oct/2025:08:03:28 -0300] "GET /wp-content/plugins/revslider/public/assets/js/rs6.min.js?ver=6.5.11 HTTP/1.1" 200 104993 "https://jomarlogistica.com.br/2023/09/30/bmo-medical-full-form-what-does-bmo-stand-for-in-the-legal-context/" "Mozilla/5.0 (Macintosh; Intel Mac OS X 10_15_7) AppleWebKit/537.36 (KHTML, like Gecko) Chrome/125.0.0.0 Safari/537.36"
jomarlogistica.com.br:80 127.0.0.1 - - [04/Oct/2025:08:03:32 -0300] "OPTIONS * HTTP/1.0" 200 110 "-" "Apache/2.4.65 (Ubuntu) (internal dummy connection)"
jomarlogistica.com.br:80 114.119.138.207 - - [04/Oct/2025:08:03:38 -0300] "GET /2023/01/08/how-to-find-single-women/ HTTP/1.1" 200 18550 "https://jomarlogistica.com.br/author/jomar/page/41/" "Mozilla/5.0 (Linux; Android 7.0;) AppleWebKit/537.36 (KHTML, like Gecko) Mobile Safari/537.36 (compatible; PetalBot;+https://webmaster.petalsearch.com/site/petalbot)"
jomarlogistica.com.br:80 114.119.134.192 - - [04/Oct/2025:08:04:59 -0300] "GET /2023/01/02/aia-construction-contract-forms-understanding-and-utilizing-legal-contracts/ HTTP/1.1" 200 14649 "https://jomarlogistica.com.br/2023/01/09/best-evidence-rule-understanding-digital-evidence/" "Mozilla/5.0 (Linux; Android 7.0;) AppleWebKit/537.36 (KHTML, like Gecko) Mobile Safari/537.36 (compatible; PetalBot;+https://webmaster.petalsearch.com/site/petalbot)"
jomarlogistica.com.br:80 177.212.249.167 - - [04/Oct/2025:08:05:12 -0300] "POST /autodiscover/autodiscover.xml HTTP/1.1" 404 448 "-" "AppleExchangeWebServices/833 accountsd/113"
jomarlogistica.com.br:80 172.20.1.198 - - [04/Oct/2025:08:06:24 -0300] "POST /wp-cron.php?doing_wp_cron=1759575984.3733890056610107421875 HTTP/1.1" 200 389 "https://jomarlogistica.com.br/wp-cron.php?doing_wp_cron=1759575984.3733890056610107421875" "WordPress/5.8.10; https://jomarlogistica.com.br"
jomarlogistica.com.br:80 114.119.159.76 - - [04/Oct/2025:08:06:23 -0300] "GET /2023/ HTTP/1.1" 200 18535 "https://jomarlogistica.com.br/2023/09/page/2/" "Mozilla/5.0 (Linux; Android 7.0;) AppleWebKit/537.36 (KHTML, like Gecko) Mobile Safari/537.36 (compatible; PetalBot;+https://webmaster.petalsearch.com/site/petalbot)"
jomarlogistica.com.br:80 127.0.0.1 - - [04/Oct/2025:08:06:29 -0300] "OPTIONS * HTTP/1.0" 200 110 "-" "Apache/2.4.65 (Ubuntu) (internal dummy connection)"
jomarlogistica.com.br:80 170.245.39.136 - - [04/Oct/2025:08:07:09 -0300] "GET /2023/02/14/can-an-independent-contractor-open-a-roth-ira-legal-guide/ HTTP/1.1" 200 14076 "-" "Mozilla/5.0 (Macintosh; Intel Mac OS X 10_15_7) AppleWebKit/537.36 (KHTML, like Gecko) Chrome/125.0.0.0 Safari/537.36"
jomarlogistica.com.br:80 170.245.39.136 - - [04/Oct/2025:08:07:11 -0300] "GET /?a7b529c=7381523 HTTP/1.1" 200 287 "https://jomarlogistica.com.br/2023/02/14/can-an-independent-contractor-open-a-roth-ira-legal-guide/" "Mozilla/5.0 (Macintosh; Intel Mac OS X 10_15_7) AppleWebKit/537.36 (KHTML, like Gecko) Chrome/125.0.0.0 Safari/537.36"
jomarlogistica.com.br:80 172.20.1.198 - - [04/Oct/2025:08:07:47 -0300] "POST /wp-cron.php?doing_wp_cron=1759576067.3852200508117675781250 HTTP/1.1" 200 389 "https://jomarlogistica.com.br/wp-cron.php?doing_wp_cron=1759576067.3852200508117675781250" "WordPress/5.8.10; https://jomarlogistica.com.br"
jomarlogistica.com.br:80 114.119.134.192 - - [04/Oct/2025:08:07:47 -0300] "GET /2022/12/31/finding-love-on-a-free-intercontinental-dating-site/ HTTP/1.1" 200 18096 "https://jomarlogistica.com.br/2022/" "Mozilla/5.0 (Linux; Android 7.0;) AppleWebKit/537.36 (KHTML, like Gecko) Mobile Safari/537.36 (compatible; PetalBot;+https://webmaster.petalsearch.com/site/petalbot)"
jomarlogistica.com.br:80 127.0.0.1 - - [04/Oct/2025:08:07:52 -0300] "OPTIONS * HTTP/1.0" 200 110 "-" "Apache/2.4.65 (Ubuntu) (internal dummy connection)"
jomarlogistica.com.br:80 114.119.128.158 - - [04/Oct/2025:08:09:10 -0300] "GET /2022/12/08/dating-a-japanese-people-woman-cultural-dissimilarities-and-racial-stereotypes/ HTTP/1.1" 200 17619 "https://jomarlogistica.com.br/author/jomar/page/46/" "Mozilla/5.0 (Linux; Android 7.0;) AppleWebKit/537.36 (KHTML, like Gecko) Mobile Safari/537.36 (compatible; PetalBot;+https://webmaster.petalsearch.com/site/petalbot)"
jomarlogistica.com.br:80 177.212.249.167 - - [04/Oct/2025:08:09:52 -0300] "POST /autodiscover/autodiscover.xml HTTP/1.1" 404 448 "-" "AppleExchangeWebServices/833 accountsd/113"
jomarlogistica.com.br:80 114.119.138.130 - - [04/Oct/2025:08:10:33 -0300] "GET /2022/09/24/interracial-couples-star/ HTTP/1.1" 200 17628 "https://jomarlogistica.com.br/2022/09/" "Mozilla/5.0 (Linux; Android 7.0;) AppleWebKit/537.36 (KHTML, like Gecko) Mobile Safari/537.36 (compatible; PetalBot;+https://webmaster.petalsearch.com/site/petalbot)"
jomarlogistica.com.br:80 114.119.138.207 - - [04/Oct/2025:08:11:57 -0300] "GET /2022/07/10/bar-council-find-a-law-firm-near-you/ HTTP/1.1" 200 14445 "https://jomarlogistica.com.br/2022/07/10/bar-council-find-a-law-firm-near-you/" "Mozilla/5.0 (Linux; Android 7.0;) AppleWebKit/537.36 (KHTML, like Gecko) Mobile Safari/537.36 (compatible; PetalBot;+https://webmaster.petalsearch.com/site/petalbot)"
jomarlogistica.com.br:80 172.20.1.198 - - [04/Oct/2025:08:18:12 -0300] "POST /wp-cron.php?doing_wp_cron=1759576692.3668940067291259765625 HTTP/1.1" 200 389 "https://jomarlogistica.com.br/wp-cron.php?doing_wp_cron=1759576692.3668940067291259765625" "WordPress/5.8.10; https://jomarlogistica.com.br"
jomarlogistica.com.br:80 177.212.249.167 - - [04/Oct/2025:08:18:11 -0300] "POST /autodiscover/autodiscover.xml HTTP/1.1" 404 448 "-" "AppleExchangeWebServices/833 accountsd/113"
jomarlogistica.com.br:80 127.0.0.1 - - [04/Oct/2025:08:18:17 -0300] "OPTIONS * HTTP/1.0" 200 110 "-" "Apache/2.4.65 (Ubuntu) (internal dummy connection)"
jomarlogistica.com.br:80 177.212.249.167 - - [04/Oct/2025:08:20:01 -0300] "POST /autodiscover/autodiscover.xml HTTP/1.1" 404 448 "-" "AppleExchangeWebServices/833 accountsd/113"
jomarlogistica.com.br:80 216.244.66.226 - - [04/Oct/2025:08:21:57 -0300] "GET /robots.txt HTTP/1.1" 200 565 "-" "Mozilla/5.0 (compatible; DotBot/1.2; +https://opensiteexplorer.org/dotbot; help@moz.com)"
jomarlogistica.com.br:80 172.20.1.198 - - [04/Oct/2025:08:25:27 -0300] "POST /wp-cron.php?doing_wp_cron=1759577127.0787730216979980468750 HTTP/1.1" 200 389 "https://jomarlogistica.com.br/wp-cron.php?doing_wp_cron=1759577127.0787730216979980468750" "WordPress/5.8.10; https://jomarlogistica.com.br"
jomarlogistica.com.br:80 95.91.104.195 - - [04/Oct/2025:08:25:26 -0300] "GET /robots.txt HTTP/1.1" 200 565 "-" "Mozilla/5.0 (compatible; MJ12bot/v1.4.8; http://mj12bot.com/)"
jomarlogistica.com.br:80 95.91.104.195 - - [04/Oct/2025:08:25:29 -0300] "GET /2023/04/25/the-puma-corporation-%E8%A8%BB%E5%86%8A-ditt-%E5%9F%9F%E5%90%8D%EF%BC%8Ctwitter-%E8%B3%AC%E8%99%9F%E6%9B%B4%E5%90%8D%E7%82%BA-puma-eth/ HTTP/1.1" 200 18349 "-" "Mozilla/5.0 (compatible; MJ12bot/v1.4.8; http://mj12bot.com/)"
jomarlogistica.com.br:80 127.0.0.1 - - [04/Oct/2025:08:25:35 -0300] "OPTIONS * HTTP/1.0" 200 110 "-" "Apache/2.4.65 (Ubuntu) (internal dummy connection)"
jomarlogistica.com.br:80 172.20.1.198 - - [04/Oct/2025:08:28:38 -0300] "POST /wp-cron.php?doing_wp_cron=1759577318.7506930828094482421875 HTTP/1.1" 200 389 "https://jomarlogistica.com.br/wp-cron.php?doing_wp_cron=1759577318.7506930828094482421875" "WordPress/5.8.10; https://jomarlogistica.com.br"
jomarlogistica.com.br:80 170.83.213.170 - - [04/Oct/2025:08:28:38 -0300] "GET /2022/08/01/are-court-dates-being-delayed-understanding-the-impact-on-legal-proceedings/ HTTP/1.1" 200 14553 "-" "Mozilla/5.0 (Macintosh; Intel Mac OS X 10_15_7) AppleWebKit/537.36 (KHTML, like Gecko) Chrome/125.0.0.0 Safari/537.36"
jomarlogistica.com.br:80 170.83.213.170 - - [04/Oct/2025:08:28:40 -0300] "GET /?a7b529c=7170661 HTTP/1.1" 200 287 "https://jomarlogistica.com.br/2022/08/01/are-court-dates-being-delayed-understanding-the-impact-on-legal-proceedings/" "Mozilla/5.0 (Macintosh; Intel Mac OS X 10_15_7) AppleWebKit/537.36 (KHTML, like Gecko) Chrome/125.0.0.0 Safari/537.36"
jomarlogistica.com.br:80 127.0.0.1 - - [04/Oct/2025:08:28:55 -0300] "OPTIONS * HTTP/1.0" 200 110 "-" "Apache/2.4.65 (Ubuntu) (internal dummy connection)"
jomarlogistica.com.br:80 172.20.1.198 - - [04/Oct/2025:08:36:04 -0300] "POST /wp-cron.php?doing_wp_cron=1759577764.2353510856628417968750 HTTP/1.1" 200 389 "https://jomarlogistica.com.br/wp-cron.php?doing_wp_cron=1759577764.2353510856628417968750" "WordPress/5.8.10; https://jomarlogistica.com.br"
jomarlogistica.com.br:80 177.212.249.167 - - [04/Oct/2025:08:36:03 -0300] "POST /autodiscover/autodiscover.xml HTTP/1.1" 404 448 "-" "AppleExchangeWebServices/833 accountsd/113"
jomarlogistica.com.br:80 127.0.0.1 - - [04/Oct/2025:08:36:08 -0300] "OPTIONS * HTTP/1.0" 200 110 "-" "Apache/2.4.65 (Ubuntu) (internal dummy connection)"
jomarlogistica.com.br:80 172.20.1.198 - - [04/Oct/2025:08:41:58 -0300] "POST /wp-cron.php?doing_wp_cron=1759578118.7466549873352050781250 HTTP/1.1" 200 389 "https://jomarlogistica.com.br/wp-cron.php?doing_wp_cron=1759578118.7466549873352050781250" "WordPress/5.8.10; https://jomarlogistica.com.br"
jomarlogistica.com.br:80 54.210.152.179 - - [04/Oct/2025:08:41:58 -0300] "GET /2023/05/02/dating-chat-for-those-looking-for-hooking-up-or-settling-down/ HTTP/1.1" 200 17653 "-" "Mozilla/5.0 AppleWebKit/537.36 (KHTML, like Gecko; compatible; Amazonbot/0.1; +https://developer.amazon.com/support/amazonbot) Chrome/119.0.6045.214 Safari/537.36"
jomarlogistica.com.br:80 127.0.0.1 - - [04/Oct/2025:08:42:04 -0300] "OPTIONS * HTTP/1.0" 200 110 "-" "Apache/2.4.65 (Ubuntu) (internal dummy connection)"
jomarlogistica.com.br:80 172.20.1.198 - - [04/Oct/2025:08:44:02 -0300] "POST /wp-cron.php?doing_wp_cron=1759578241.9910869598388671875000 HTTP/1.1" 200 389 "https://jomarlogistica.com.br/wp-cron.php?doing_wp_cron=1759578241.9910869598388671875000" "WordPress/5.8.10; https://jomarlogistica.com.br"
jomarlogistica.com.br:80 216.244.66.226 - - [04/Oct/2025:08:44:01 -0300] "GET /2023/09/27/how-to-create-an-investor-data-room/ HTTP/1.1" 200 79303 "-" "Mozilla/5.0 (compatible; DotBot/1.2; +https://opensiteexplorer.org/dotbot; help@moz.com)"
jomarlogistica.com.br:80 127.0.0.1 - - [04/Oct/2025:08:44:07 -0300] "OPTIONS * HTTP/1.0" 200 110 "-" "Apache/2.4.65 (Ubuntu) (internal dummy connection)"
jomarlogistica.com.br:80 66.249.66.37 - - [04/Oct/2025:08:45:33 -0300] "GET /robots.txt HTTP/1.1" 200 584 "-" "Mozilla/5.0 (compatible; Googlebot/2.1; +http://www.google.com/bot.html)"
jomarlogistica.com.br:80 66.249.66.38 - - [04/Oct/2025:08:45:33 -0300] "GET /2023/11/16/awaiting-your-agreement-legal-tips-for-negotiating-contracts/ HTTP/1.1" 200 14452 "-" "Mozilla/5.0 (Linux; Android 6.0.1; Nexus 5X Build/MMB29P) AppleWebKit/537.36 (KHTML, like Gecko) Chrome/140.0.7339.207 Mobile Safari/537.36 (compatible; GoogleOther)"
jomarlogistica.com.br:80 66.249.66.38 - - [04/Oct/2025:08:45:37 -0300] "GET /?a7b529c=7245817 HTTP/1.1" 200 287 "https://jomarlogistica.com.br/2023/11/16/awaiting-your-agreement-legal-tips-for-negotiating-contracts/" "Mozilla/5.0 (Linux; Android 6.0.1; Nexus 5X Build/MMB29P) AppleWebKit/537.36 (KHTML, like Gecko) Chrome/139.0.7258.127 Mobile Safari/537.36 (compatible; Googlebot/2.1; +http://www.google.com/bot.html)"
jomarlogistica.com.br:80 216.244.66.226 - - [04/Oct/2025:08:46:07 -0300] "GET /2022/11/page/4/ HTTP/1.1" 200 94553 "-" "Mozilla/5.0 (compatible; DotBot/1.2; +https://opensiteexplorer.org/dotbot; help@moz.com)"
jomarlogistica.com.br:80 216.244.66.226 - - [04/Oct/2025:08:46:22 -0300] "GET /2023/09/27/deal-management-software-how-it-can-accelerate-your-private-equity-deals/ HTTP/1.1" 200 79609 "-" "Mozilla/5.0 (compatible; DotBot/1.2; +https://opensiteexplorer.org/dotbot; help@moz.com)"
jomarlogistica.com.br:80 172.20.1.198 - - [04/Oct/2025:08:57:55 -0300] "POST /wp-cron.php?doing_wp_cron=1759579074.9636499881744384765625 HTTP/1.1" 200 389 "https://jomarlogistica.com.br/wp-cron.php?doing_wp_cron=1759579074.9636499881744384765625" "WordPress/5.8.10; https://jomarlogistica.com.br"
jomarlogistica.com.br:80 177.212.249.167 - - [04/Oct/2025:08:57:54 -0300] "POST /autodiscover/autodiscover.xml HTTP/1.1" 404 448 "-" "AppleExchangeWebServices/833 accountsd/113"
jomarlogistica.com.br:80 177.212.249.167 - - [04/Oct/2025:08:57:55 -0300] "POST /autodiscover/autodiscover.xml HTTP/1.1" 404 448 "-" "AppleExchangeWebServices/833 accountsd/113"
jomarlogistica.com.br:80 127.0.0.1 - - [04/Oct/2025:08:58:01 -0300] "OPTIONS * HTTP/1.0" 200 110 "-" "Apache/2.4.65 (Ubuntu) (internal dummy connection)"
jomarlogistica.com.br:80 172.20.1.198 - - [04/Oct/2025:09:10:38 -0300] "POST /wp-cron.php?doing_wp_cron=1759579838.2351698875427246093750 HTTP/1.1" 200 389 "https://jomarlogistica.com.br/wp-cron.php?doing_wp_cron=1759579838.2351698875427246093750" "WordPress/5.8.10; https://jomarlogistica.com.br"
jomarlogistica.com.br:80 66.249.66.37 - - [04/Oct/2025:09:10:37 -0300] "GET /2023/11/15/legazpis-legal-agreement-for-cebuanos-key-details-and-benefits/ HTTP/1.1" 200 14652 "-" "Mozilla/5.0 (Linux; Android 6.0.1; Nexus 5X Build/MMB29P) AppleWebKit/537.36 (KHTML, like Gecko) Chrome/140.0.7339.207 Mobile Safari/537.36 (compatible; GoogleOther)"
jomarlogistica.com.br:80 127.0.0.1 - - [04/Oct/2025:09:10:43 -0300] "OPTIONS * HTTP/1.0" 200 110 "-" "Apache/2.4.65 (Ubuntu) (internal dummy connection)"
jomarlogistica.com.br:80 66.249.66.37 - - [04/Oct/2025:09:10:44 -0300] "GET /?a7b529c=7093204 HTTP/1.1" 200 287 "https://jomarlogistica.com.br/2023/11/15/legazpis-legal-agreement-for-cebuanos-key-details-and-benefits/" "Mozilla/5.0 (Linux; Android 6.0.1; Nexus 5X Build/MMB29P) AppleWebKit/537.36 (KHTML, like Gecko) Chrome/139.0.7258.127 Mobile Safari/537.36 (compatible; Googlebot/2.1; +http://www.google.com/bot.html)"
jomarlogistica.com.br:80 172.20.1.198 - - [04/Oct/2025:09:13:14 -0300] "POST /wp-cron.php?doing_wp_cron=1759579994.4479279518127441406250 HTTP/1.1" 200 389 "https://jomarlogistica.com.br/wp-cron.php?doing_wp_cron=1759579994.4479279518127441406250" "WordPress/5.8.10; https://jomarlogistica.com.br"
jomarlogistica.com.br:80 201.27.152.219 - - [04/Oct/2025:09:13:14 -0300] "GET /2022/11/21/blaby-council-tax-contact-number-get-in-touch-today/ HTTP/1.1" 200 14818 "-" "Mozilla/5.0 (Macintosh; Intel Mac OS X 10_15_7) AppleWebKit/537.36 (KHTML, like Gecko) Chrome/125.0.0.0 Safari/537.36"
jomarlogistica.com.br:80 201.27.152.219 - - [04/Oct/2025:09:13:19 -0300] "GET /wp-content/plugins/case-theme-core/assets/js/main.js?ver=1.0.0 HTTP/1.1" 200 570 "https://jomarlogistica.com.br/2022/11/21/blaby-council-tax-contact-number-get-in-touch-today/" "Mozilla/5.0 (Macintosh; Intel Mac OS X 10_15_7) AppleWebKit/537.36 (KHTML, like Gecko) Chrome/125.0.0.0 Safari/537.36"
jomarlogistica.com.br:80 201.27.152.219 - - [04/Oct/2025:09:13:19 -0300] "GET /wp-includes/js/jquery/jquery-migrate.min.js?ver=3.3.2 HTTP/1.1" 200 4613 "https://jomarlogistica.com.br/2022/11/21/blaby-council-tax-contact-number-get-in-touch-today/" "Mozilla/5.0 (Macintosh; Intel Mac OS X 10_15_7) AppleWebKit/537.36 (KHTML, like Gecko) Chrome/125.0.0.0 Safari/537.36"
jomarlogistica.com.br:80 201.27.152.219 - - [04/Oct/2025:09:13:19 -0300] "GET /wp-includes/js/jquery/jquery.min.js?ver=3.6.0 HTTP/1.1" 200 32444 "https://jomarlogistica.com.br/2022/11/21/blaby-council-tax-contact-number-get-in-touch-today/" "Mozilla/5.0 (Macintosh; Intel Mac OS X 10_15_7) AppleWebKit/537.36 (KHTML, like Gecko) Chrome/125.0.0.0 Safari/537.36"
jomarlogistica.com.br:80 201.27.152.219 - - [04/Oct/2025:09:13:19 -0300] "GET /wp-content/themes/consultio/elementor/js/ct-inline-css.js?ver=2.8.0 HTTP/1.1" 200 864 "https://jomarlogistica.com.br/2022/11/21/blaby-council-tax-contact-number-get-in-touch-today/" "Mozilla/5.0 (Macintosh; Intel Mac OS X 10_15_7) AppleWebKit/537.36 (KHTML, like Gecko) Chrome/125.0.0.0 Safari/537.36"
jomarlogistica.com.br:80 201.27.152.219 - - [04/Oct/2025:09:13:21 -0300] "GET /wp-includes/js/jquery/ui/core.min.js?ver=1.12.1 HTTP/1.1" 200 7418 "https://jomarlogistica.com.br/2022/11/21/blaby-council-tax-contact-number-get-in-touch-today/" "Mozilla/5.0 (Macintosh; Intel Mac OS X 10_15_7) AppleWebKit/537.36 (KHTML, like Gecko) Chrome/125.0.0.0 Safari/537.36"
jomarlogistica.com.br:80 201.27.152.219 - - [04/Oct/2025:09:13:26 -0300] "GET /wp-content/plugins/booked/assets/js/spin.jquery.js?ver=2.0.1 HTTP/1.1" 200 1167 "https://jomarlogistica.com.br/2022/11/21/blaby-council-tax-contact-number-get-in-touch-today/" "Mozilla/5.0 (Macintosh; Intel Mac OS X 10_15_7) AppleWebKit/537.36 (KHTML, like Gecko) Chrome/125.0.0.0 Safari/537.36"
jomarlogistica.com.br:80 201.27.152.219 - - [04/Oct/2025:09:13:26 -0300] "GET /wp-content/plugins/booked/assets/js/spin.min.js?ver=2.0.1 HTTP/1.1" 200 2463 "https://jomarlogistica.com.br/2022/11/21/blaby-council-tax-contact-number-get-in-touch-today/" "Mozilla/5.0 (Macintosh; Intel Mac OS X 10_15_7) AppleWebKit/537.36 (KHTML, like Gecko) Chrome/125.0.0.0 Safari/537.36"
jomarlogistica.com.br:80 201.27.152.219 - - [04/Oct/2025:09:13:26 -0300] "GET /wp-includes/js/jquery/ui/datepicker.min.js?ver=1.12.1 HTTP/1.1" 200 11555 "https://jomarlogistica.com.br/2022/11/21/blaby-council-tax-contact-number-get-in-touch-today/" "Mozilla/5.0 (Macintosh; Intel Mac OS X 10_15_7) AppleWebKit/537.36 (KHTML, like Gecko) Chrome/125.0.0.0 Safari/537.36"
jomarlogistica.com.br:80 201.27.152.219 - - [04/Oct/2025:09:13:26 -0300] "GET /wp-content/plugins/booked/assets/js/tooltipster/js/jquery.tooltipster.min.js?ver=3.3.0 HTTP/1.1" 200 5373 "https://jomarlogistica.com.br/2022/11/21/blaby-council-tax-contact-number-get-in-touch-today/" "Mozilla/5.0 (Macintosh; Intel Mac OS X 10_15_7) AppleWebKit/537.36 (KHTML, like Gecko) Chrome/125.0.0.0 Safari/537.36"
jomarlogistica.com.br:80 201.27.152.219 - - [04/Oct/2025:09:13:27 -0300] "GET /wp-content/plugins/contact-form-7-multi-step/assets/frontend/js/cf7mls.js?ver=2.5.4 HTTP/1.1" 200 7286 "https://jomarlogistica.com.br/2022/11/21/blaby-council-tax-contact-number-get-in-touch-today/" "Mozilla/5.0 (Macintosh; Intel Mac OS X 10_15_7) AppleWebKit/537.36 (KHTML, like Gecko) Chrome/125.0.0.0 Safari/537.36"
jomarlogistica.com.br:80 201.27.152.219 - - [04/Oct/2025:09:13:27 -0300] "GET /wp-content/plugins/case-theme-user/acess/js/remodal.min.js?ver=1.0.0 HTTP/1.1" 200 3045 "https://jomarlogistica.com.br/2022/11/21/blaby-council-tax-contact-number-get-in-touch-today/" "Mozilla/5.0 (Macintosh; Intel Mac OS X 10_15_7) AppleWebKit/537.36 (KHTML, like Gecko) Chrome/125.0.0.0 Safari/537.36"
jomarlogistica.com.br:80 201.27.152.219 - - [04/Oct/2025:09:13:27 -0300] "GET /wp-content/plugins/case-theme-user/acess/js/ct-user-form.js?ver=1.0.0 HTTP/1.1" 200 2307 "https://jomarlogistica.com.br/2022/11/21/blaby-council-tax-contact-number-get-in-touch-today/" "Mozilla/5.0 (Macintosh; Intel Mac OS X 10_15_7) AppleWebKit/537.36 (KHTML, like Gecko) Chrome/125.0.0.0 Safari/537.36"
jomarlogistica.com.br:80 201.27.152.219 - - [04/Oct/2025:09:13:28 -0300] "GET /wp-content/plugins/case-theme-user/acess/js/notify.min.js?ver=1.0.0 HTTP/1.1" 200 7845 "https://jomarlogistica.com.br/2022/11/21/blaby-council-tax-contact-number-get-in-touch-today/" "Mozilla/5.0 (Macintosh; Intel Mac OS X 10_15_7) AppleWebKit/537.36 (KHTML, like Gecko) Chrome/125.0.0.0 Safari/537.36"
jomarlogistica.com.br:80 201.27.152.219 - - [04/Oct/2025:09:13:28 -0300] "GET /wp-content/plugins/booked/assets/js/functions.js?ver=2.3.5 HTTP/1.1" 200 10029 "https://jomarlogistica.com.br/2022/11/21/blaby-council-tax-contact-number-get-in-touch-today/" "Mozilla/5.0 (Macintosh; Intel Mac OS X 10_15_7) AppleWebKit/537.36 (KHTML, like Gecko) Chrome/125.0.0.0 Safari/537.36"
jomarlogistica.com.br:80 201.27.152.219 - - [04/Oct/2025:09:13:29 -0300] "GET /wp-includes/js/dist/vendor/regenerator-runtime.min.js?ver=0.13.7 HTTP/1.1" 200 2798 "https://jomarlogistica.com.br/2022/11/21/blaby-council-tax-contact-number-get-in-touch-today/" "Mozilla/5.0 (Macintosh; Intel Mac OS X 10_15_7) AppleWebKit/537.36 (KHTML, like Gecko) Chrome/125.0.0.0 Safari/537.36"
jomarlogistica.com.br:80 201.27.152.219 - - [04/Oct/2025:09:13:29 -0300] "GET /wp-content/plugins/booked/includes/add-ons/frontend-agents/js/functions.js?ver=2.3.5 HTTP/1.1" 200 1592 "https://jomarlogistica.com.br/2022/11/21/blaby-council-tax-contact-number-get-in-touch-today/" "Mozilla/5.0 (Macintosh; Intel Mac OS X 10_15_7) AppleWebKit/537.36 (KHTML, like Gecko) Chrome/125.0.0.0 Safari/537.36"
jomarlogistica.com.br:80 201.27.152.219 - - [04/Oct/2025:09:13:29 -0300] "GET /wp-content/themes/consultio/assets/js/nice-select.min.js?ver=all HTTP/1.1" 200 1420 "https://jomarlogistica.com.br/2022/11/21/blaby-council-tax-contact-number-get-in-touch-today/" "Mozilla/5.0 (Macintosh; Intel Mac OS X 10_15_7) AppleWebKit/537.36 (KHTML, like Gecko) Chrome/125.0.0.0 Safari/537.36"
jomarlogistica.com.br:80 201.27.152.219 - - [04/Oct/2025:09:13:31 -0300] "GET /wp-includes/js/dist/vendor/wp-polyfill.min.js?ver=3.15.0 HTTP/1.1" 200 6572 "https://jomarlogistica.com.br/2022/11/21/blaby-council-tax-contact-number-get-in-touch-today/" "Mozilla/5.0 (Macintosh; Intel Mac OS X 10_15_7) AppleWebKit/537.36 (KHTML, like Gecko) Chrome/125.0.0.0 Safari/537.36"
jomarlogistica.com.br:80 201.27.152.219 - - [04/Oct/2025:09:13:21 -0300] "GET /?a7b529c=7302638 HTTP/1.1" 200 287 "https://jomarlogistica.com.br/2022/11/21/blaby-council-tax-contact-number-get-in-touch-today/" "Mozilla/5.0 (Macintosh; Intel Mac OS X 10_15_7) AppleWebKit/537.36 (KHTML, like Gecko) Chrome/125.0.0.0 Safari/537.36"
jomarlogistica.com.br:80 201.27.152.219 - - [04/Oct/2025:09:13:32 -0300] "GET /wp-content/themes/consultio/assets/js/match-height-min.js?ver=1.0.0 HTTP/1.1" 200 3557 "https://jomarlogistica.com.br/2022/11/21/blaby-council-tax-contact-number-get-in-touch-today/" "Mozilla/5.0 (Macintosh; Intel Mac OS X 10_15_7) AppleWebKit/537.36 (KHTML, like Gecko) Chrome/125.0.0.0 Safari/537.36"
jomarlogistica.com.br:80 201.27.152.219 - - [04/Oct/2025:09:13:32 -0300] "GET /wp-content/plugins/contact-form-7/includes/js/index.js?ver=5.5.3 HTTP/1.1" 200 4245 "https://jomarlogistica.com.br/2022/11/21/blaby-council-tax-contact-number-get-in-touch-today/" "Mozilla/5.0 (Macintosh; Intel Mac OS X 10_15_7) AppleWebKit/537.36 (KHTML, like Gecko) Chrome/125.0.0.0 Safari/537.36"
jomarlogistica.com.br:80 201.27.152.219 - - [04/Oct/2025:09:13:32 -0300] "GET /wp-includes/js/jquery/ui/mouse.min.js?ver=1.12.1 HTTP/1.1" 200 1479 "https://jomarlogistica.com.br/2022/11/21/blaby-council-tax-contact-number-get-in-touch-today/" "Mozilla/5.0 (Macintosh; Intel Mac OS X 10_15_7) AppleWebKit/537.36 (KHTML, like Gecko) Chrome/125.0.0.0 Safari/537.36"
jomarlogistica.com.br:80 201.27.152.219 - - [04/Oct/2025:09:13:32 -0300] "GET /wp-content/themes/consultio/assets/js/main.js?ver=2.8.0 HTTP/1.1" 200 6455 "https://jomarlogistica.com.br/2022/11/21/blaby-council-tax-contact-number-get-in-touch-today/" "Mozilla/5.0 (Macintosh; Intel Mac OS X 10_15_7) AppleWebKit/537.36 (KHTML, like Gecko) Chrome/125.0.0.0 Safari/537.36"
jomarlogistica.com.br:80 201.27.152.219 - - [04/Oct/2025:09:13:32 -0300] "GET /wp-includes/js/wp-embed.min.js?ver=5.8.10 HTTP/1.1" 200 1177 "https://jomarlogistica.com.br/2022/11/21/blaby-council-tax-contact-number-get-in-touch-today/" "Mozilla/5.0 (Macintosh; Intel Mac OS X 10_15_7) AppleWebKit/537.36 (KHTML, like Gecko) Chrome/125.0.0.0 Safari/537.36"
jomarlogistica.com.br:80 201.27.152.219 - - [04/Oct/2025:09:13:32 -0300] "GET /wp-content/themes/consultio/assets/js/progressbar.min.js?ver=1.0.0 HTTP/1.1" 200 1327 "https://jomarlogistica.com.br/2022/11/21/blaby-council-tax-contact-number-get-in-touch-today/" "Mozilla/5.0 (Macintosh; Intel Mac OS X 10_15_7) AppleWebKit/537.36 (KHTML, like Gecko) Chrome/125.0.0.0 Safari/537.36"
jomarlogistica.com.br:80 201.27.152.219 - - [04/Oct/2025:09:13:32 -0300] "GET /wp-includes/js/jquery/ui/slider.min.js?ver=1.12.1 HTTP/1.1" 200 3602 "https://jomarlogistica.com.br/2022/11/21/blaby-council-tax-contact-number-get-in-touch-today/" "Mozilla/5.0 (Macintosh; Intel Mac OS X 10_15_7) AppleWebKit/537.36 (KHTML, like Gecko) Chrome/125.0.0.0 Safari/537.36"
jomarlogistica.com.br:80 201.27.152.219 - - [04/Oct/2025:09:13:32 -0300] "GET /wp-content/themes/consultio/assets/js/bootstrap.min.js?ver=4.0.0 HTTP/1.1" 200 14168 "https://jomarlogistica.com.br/2022/11/21/blaby-council-tax-contact-number-get-in-touch-today/" "Mozilla/5.0 (Macintosh; Intel Mac OS X 10_15_7) AppleWebKit/537.36 (KHTML, like Gecko) Chrome/125.0.0.0 Safari/537.36"
jomarlogistica.com.br:80 201.27.152.219 - - [04/Oct/2025:09:13:33 -0300] "GET /wp-content/themes/consultio/assets/js/wow.min.js?ver=1.0.0 HTTP/1.1" 200 3260 "https://jomarlogistica.com.br/2022/11/21/blaby-council-tax-contact-number-get-in-touch-today/" "Mozilla/5.0 (Macintosh; Intel Mac OS X 10_15_7) AppleWebKit/537.36 (KHTML, like Gecko) Chrome/125.0.0.0 Safari/537.36"
jomarlogistica.com.br:80 201.27.152.219 - - [04/Oct/2025:09:13:33 -0300] "GET /wp-content/themes/consultio/assets/js/magnific-popup.min.js?ver=1.0.0 HTTP/1.1" 200 14895 "https://jomarlogistica.com.br/2022/11/21/blaby-council-tax-contact-number-get-in-touch-today/" "Mozilla/5.0 (Macintosh; Intel Mac OS X 10_15_7) AppleWebKit/537.36 (KHTML, like Gecko) Chrome/125.0.0.0 Safari/537.36"
jomarlogistica.com.br:80 201.27.152.219 - - [04/Oct/2025:09:13:34 -0300] "GET /wp-includes/js/wp-emoji-release.min.js?ver=5.8.10 HTTP/1.1" 200 5577 "https://jomarlogistica.com.br/2022/11/21/blaby-council-tax-contact-number-get-in-touch-today/" "Mozilla/5.0 (Macintosh; Intel Mac OS X 10_15_7) AppleWebKit/537.36 (KHTML, like Gecko) Chrome/125.0.0.0 Safari/537.36"
jomarlogistica.com.br:80 201.27.152.219 - - [04/Oct/2025:09:13:34 -0300] "GET /wp-content/plugins/revslider/public/assets/js/rbtools.min.js?ver=6.5.11 HTTP/1.1" 200 48787 "https://jomarlogistica.com.br/2022/11/21/blaby-council-tax-contact-number-get-in-touch-today/" "Mozilla/5.0 (Macintosh; Intel Mac OS X 10_15_7) AppleWebKit/537.36 (KHTML, like Gecko) Chrome/125.0.0.0 Safari/537.36"
jomarlogistica.com.br:80 201.27.152.219 - - [04/Oct/2025:09:13:34 -0300] "GET /wp-content/plugins/revslider/public/assets/js/rs6.min.js?ver=6.5.11 HTTP/1.1" 200 104993 "https://jomarlogistica.com.br/2022/11/21/blaby-council-tax-contact-number-get-in-touch-today/" "Mozilla/5.0 (Macintosh; Intel Mac OS X 10_15_7) AppleWebKit/537.36 (KHTML, like Gecko) Chrome/125.0.0.0 Safari/537.36"
jomarlogistica.com.br:80 127.0.0.1 - - [04/Oct/2025:09:13:38 -0300] "OPTIONS * HTTP/1.0" 200 110 "-" "Apache/2.4.65 (Ubuntu) (internal dummy connection)"
jomarlogistica.com.br:80 127.0.0.1 - - [04/Oct/2025:09:13:39 -0300] "OPTIONS * HTTP/1.0" 200 110 "-" "Apache/2.4.65 (Ubuntu) (internal dummy connection)"
jomarlogistica.com.br:80 216.244.66.226 - - [04/Oct/2025:09:14:46 -0300] "GET /robots.txt HTTP/1.1" 200 565 "-" "Mozilla/5.0 (compatible; DotBot/1.2; +https://opensiteexplorer.org/dotbot; help@moz.com)"
jomarlogistica.com.br:80 52.71.46.142 - - [04/Oct/2025:09:14:56 -0300] "GET /blog-standard-left-sidebar/page/18/ HTTP/1.1" 200 19426 "-" "Mozilla/5.0 AppleWebKit/537.36 (KHTML, like Gecko; compatible; Amazonbot/0.1; +https://developer.amazon.com/support/amazonbot) Chrome/119.0.6045.214 Safari/537.36"
jomarlogistica.com.br:80 172.20.1.198 - - [04/Oct/2025:09:19:02 -0300] "POST /wp-cron.php?doing_wp_cron=1759580342.7579910755157470703125 HTTP/1.1" 200 389 "https://jomarlogistica.com.br/wp-cron.php?doing_wp_cron=1759580342.7579910755157470703125" "WordPress/5.8.10; https://jomarlogistica.com.br"
jomarlogistica.com.br:80 177.212.249.167 - - [04/Oct/2025:09:19:02 -0300] "POST /autodiscover/autodiscover.xml HTTP/1.1" 404 448 "-" "AppleExchangeWebServices/833 accountsd/113"
jomarlogistica.com.br:80 127.0.0.1 - - [04/Oct/2025:09:19:07 -0300] "OPTIONS * HTTP/1.0" 200 110 "-" "Apache/2.4.65 (Ubuntu) (internal dummy connection)"
jomarlogistica.com.br:80 172.20.1.198 - - [04/Oct/2025:09:23:22 -0300] "POST /wp-cron.php?doing_wp_cron=1759580602.2871060371398925781250 HTTP/1.1" 200 389 "https://jomarlogistica.com.br/wp-cron.php?doing_wp_cron=1759580602.2871060371398925781250" "WordPress/5.8.10; https://jomarlogistica.com.br"
jomarlogistica.com.br:80 186.195.235.50 - - [04/Oct/2025:09:23:21 -0300] "GET /2022/05/08/california-school-start-time-law-impact-on-education/ HTTP/1.1" 200 13651 "-" "Mozilla/5.0 (Macintosh; Intel Mac OS X 10_15_7) AppleWebKit/537.36 (KHTML, like Gecko) Chrome/125.0.0.0 Safari/537.36"
jomarlogistica.com.br:80 186.195.235.50 - - [04/Oct/2025:09:23:23 -0300] "GET /?a7b529c=7369118 HTTP/1.1" 200 287 "https://jomarlogistica.com.br/2022/05/08/california-school-start-time-law-impact-on-education/" "Mozilla/5.0 (Macintosh; Intel Mac OS X 10_15_7) AppleWebKit/537.36 (KHTML, like Gecko) Chrome/125.0.0.0 Safari/537.36"
jomarlogistica.com.br:80 127.0.0.1 - - [04/Oct/2025:09:23:38 -0300] "OPTIONS * HTTP/1.0" 200 110 "-" "Apache/2.4.65 (Ubuntu) (internal dummy connection)"
jomarlogistica.com.br:80 172.20.1.198 - - [04/Oct/2025:09:28:36 -0300] "POST /wp-cron.php?doing_wp_cron=1759580916.5341410636901855468750 HTTP/1.1" 200 389 "https://jomarlogistica.com.br/wp-cron.php?doing_wp_cron=1759580916.5341410636901855468750" "WordPress/5.8.10; https://jomarlogistica.com.br"
jomarlogistica.com.br:80 185.61.216.40 - - [04/Oct/2025:09:28:36 -0300] "GET / HTTP/1.1" 200 23931 "-" "Mozilla/5.0 (Windows NT 6.1; WOW64) AppleWebKit/537.36 (KHTML, like Gecko) Chrome/78.0.2572.107 Safari/537.36"
jomarlogistica.com.br:80 185.61.216.40 - - [04/Oct/2025:09:28:38 -0300] "POST /wp-login.php HTTP/1.1" 403 2493 "-" "Mozilla/5.0 (Windows NT 6.1; WOW64) AppleWebKit/537.36 (KHTML, like Gecko) Chrome/78.0.2572.107 Safari/537.36"
jomarlogistica.com.br:80 185.61.216.40 - - [04/Oct/2025:09:28:39 -0300] "POST /xmlrpc.php HTTP/1.1" 403 2493 "-" "Mozilla/5.0 (Windows NT 6.1; WOW64) AppleWebKit/537.36 (KHTML, like Gecko) Chrome/78.0.2572.107 Safari/537.36"
jomarlogistica.com.br:80 185.102.112.183 - - [04/Oct/2025:09:28:40 -0300] "GET / HTTP/1.1" 200 23931 "-" "Mozilla/5.0 (Windows NT 6.1; WOW64) AppleWebKit/537.36 (KHTML, like Gecko) Chrome/73.0.2537.81 Safari/537.36"
jomarlogistica.com.br:80 185.102.112.183 - - [04/Oct/2025:09:28:41 -0300] "GET / HTTP/1.1" 200 23892 "-" "Mozilla/5.0 (Windows NT 6.1; WOW64) AppleWebKit/537.36 (KHTML, like Gecko) Chrome/73.0.2537.81 Safari/537.36"
jomarlogistica.com.br:80 185.102.112.183 - - [04/Oct/2025:09:28:43 -0300] "GET /wp-login.php HTTP/1.1" 200 2936 "-" "Mozilla/5.0 (Windows NT 6.1; WOW64) AppleWebKit/537.36 (KHTML, like Gecko) Chrome/73.0.2537.81 Safari/537.36"
jomarlogistica.com.br:80 185.102.112.183 - - [04/Oct/2025:09:28:44 -0300] "POST /wp-login.php HTTP/1.1" 403 2493 "-" "Mozilla/5.0 (Windows NT 6.1; WOW64) AppleWebKit/537.36 (KHTML, like Gecko) Chrome/73.0.2537.81 Safari/537.36"
jomarlogistica.com.br:80 127.0.0.1 - - [04/Oct/2025:09:28:48 -0300] "OPTIONS * HTTP/1.0" 200 110 "-" "Apache/2.4.65 (Ubuntu) (internal dummy connection)"
jomarlogistica.com.br:80 172.20.1.198 - - [04/Oct/2025:09:35:00 -0300] "POST /wp-cron.php?doing_wp_cron=1759581300.2310240268707275390625 HTTP/1.1" 200 389 "https://jomarlogistica.com.br/wp-cron.php?doing_wp_cron=1759581300.2310240268707275390625" "WordPress/5.8.10; https://jomarlogistica.com.br"
jomarlogistica.com.br:80 177.212.249.167 - - [04/Oct/2025:09:34:59 -0300] "POST /autodiscover/autodiscover.xml HTTP/1.1" 404 448 "-" "AppleExchangeWebServices/833 accountsd/113"
jomarlogistica.com.br:80 177.212.249.167 - - [04/Oct/2025:09:35:00 -0300] "POST /autodiscover/autodiscover.xml HTTP/1.1" 404 448 "-" "AppleExchangeWebServices/833 accountsd/113"
jomarlogistica.com.br:80 127.0.0.1 - - [04/Oct/2025:09:35:05 -0300] "OPTIONS * HTTP/1.0" 200 110 "-" "Apache/2.4.65 (Ubuntu) (internal dummy connection)"
jomarlogistica.com.br:80 172.20.1.198 - - [04/Oct/2025:09:41:03 -0300] "POST /wp-cron.php?doing_wp_cron=1759581663.8206000328063964843750 HTTP/1.1" 200 389 "https://jomarlogistica.com.br/wp-cron.php?doing_wp_cron=1759581663.8206000328063964843750" "WordPress/5.8.10; https://jomarlogistica.com.br"
jomarlogistica.com.br:80 34.234.206.30 - - [04/Oct/2025:09:41:03 -0300] "GET /2023/08/28/choosing-the-right-board-management-tool/ HTTP/1.1" 200 17217 "-" "Mozilla/5.0 AppleWebKit/537.36 (KHTML, like Gecko; compatible; Amazonbot/0.1; +https://developer.amazon.com/support/amazonbot) Chrome/119.0.6045.214 Safari/537.36"
jomarlogistica.com.br:80 44.223.232.55 - - [04/Oct/2025:09:41:06 -0300] "GET /2023/03/03/b-razil-marriage-customs/ HTTP/1.1" 200 17387 "-" "Mozilla/5.0 AppleWebKit/537.36 (KHTML, like Gecko; compatible; Amazonbot/0.1; +https://developer.amazon.com/support/amazonbot) Chrome/119.0.6045.214 Safari/537.36"
jomarlogistica.com.br:80 216.244.66.226 - - [04/Oct/2025:09:41:08 -0300] "GET /2023/04/14/uk-wedding-traditions/ HTTP/1.1" 200 80554 "-" "Mozilla/5.0 (compatible; DotBot/1.2; +https://opensiteexplorer.org/dotbot; help@moz.com)"
jomarlogistica.com.br:80 34.225.243.131 - - [04/Oct/2025:09:41:11 -0300] "GET /2023/09/16/best-vpn-for-phone-and-computer/ HTTP/1.1" 200 17243 "-" "Mozilla/5.0 AppleWebKit/537.36 (KHTML, like Gecko; compatible; Amazonbot/0.1; +https://developer.amazon.com/support/amazonbot) Chrome/119.0.6045.214 Safari/537.36"
jomarlogistica.com.br:80 3.230.224.6 - - [04/Oct/2025:09:41:15 -0300] "GET /2023/11/13/arazy-legal-advisory-services-expert-legal-advice-representation/ HTTP/1.1" 200 16229 "-" "Mozilla/5.0 AppleWebKit/537.36 (KHTML, like Gecko; compatible; Amazonbot/0.1; +https://developer.amazon.com/support/amazonbot) Chrome/119.0.6045.214 Safari/537.36"
jomarlogistica.com.br:80 127.0.0.1 - - [04/Oct/2025:09:41:16 -0300] "OPTIONS * HTTP/1.0" 200 110 "-" "Apache/2.4.65 (Ubuntu) (internal dummy connection)"
jomarlogistica.com.br:80 3.93.253.174 - - [04/Oct/2025:09:41:19 -0300] "GET /2023/10/17/submit-uif-forms-online-application-process-and-requirements/ HTTP/1.1" 200 14477 "-" "Mozilla/5.0 AppleWebKit/537.36 (KHTML, like Gecko; compatible; Amazonbot/0.1; +https://developer.amazon.com/support/amazonbot) Chrome/119.0.6045.214 Safari/537.36"
jomarlogistica.com.br:80 34.206.193.60 - - [04/Oct/2025:09:41:22 -0300] "GET /2023/08/29/very-best-data-rooms-review/ HTTP/1.1" 200 17351 "-" "Mozilla/5.0 AppleWebKit/537.36 (KHTML, like Gecko; compatible; Amazonbot/0.1; +https://developer.amazon.com/support/amazonbot) Chrome/119.0.6045.214 Safari/537.36"
jomarlogistica.com.br:80 18.215.49.176 - - [04/Oct/2025:09:41:26 -0300] "GET /2023/04/19/top-22-hottest-online-grownup-video-games-of-2021/ HTTP/1.1" 200 17442 "-" "Mozilla/5.0 AppleWebKit/537.36 (KHTML, like Gecko; compatible; Amazonbot/0.1; +https://developer.amazon.com/support/amazonbot) Chrome/119.0.6045.214 Safari/537.36"
jomarlogistica.com.br:80 44.205.74.196 - - [04/Oct/2025:09:41:30 -0300] "GET /2022/09/02/can-a-minor-sue-their-parent-legal-rights-explained/ HTTP/1.1" 200 14034 "-" "Mozilla/5.0 AppleWebKit/537.36 (KHTML, like Gecko; compatible; Amazonbot/0.1; +https://developer.amazon.com/support/amazonbot) Chrome/119.0.6045.214 Safari/537.36"
jomarlogistica.com.br:80 52.5.232.250 - - [04/Oct/2025:09:41:35 -0300] "GET /2023/09/27/types-of-data-security/ HTTP/1.1" 200 17157 "-" "Mozilla/5.0 AppleWebKit/537.36 (KHTML, like Gecko; compatible; Amazonbot/0.1; +https://developer.amazon.com/support/amazonbot) Chrome/119.0.6045.214 Safari/537.36"
jomarlogistica.com.br:80 3.215.59.93 - - [04/Oct/2025:09:41:38 -0300] "GET /2023/09/27/the-board-meeting-schedule/ HTTP/1.1" 200 17153 "-" "Mozilla/5.0 AppleWebKit/537.36 (KHTML, like Gecko; compatible; Amazonbot/0.1; +https://developer.amazon.com/support/amazonbot) Chrome/119.0.6045.214 Safari/537.36"
jomarlogistica.com.br:80 23.22.105.143 - - [04/Oct/2025:09:41:42 -0300] "GET /2022/12/02/realizing-love-signs-you-are-in-love-4/ HTTP/1.1" 200 17507 "-" "Mozilla/5.0 AppleWebKit/537.36 (KHTML, like Gecko; compatible; Amazonbot/0.1; +https://developer.amazon.com/support/amazonbot) Chrome/119.0.6045.214 Safari/537.36"
jomarlogistica.com.br:80 35.169.119.108 - - [04/Oct/2025:09:41:47 -0300] "GET /2022/10/26/understanding-mutually-useful-sugar-interactions/ HTTP/1.1" 200 17393 "-" "Mozilla/5.0 AppleWebKit/537.36 (KHTML, like Gecko; compatible; Amazonbot/0.1; +https://developer.amazon.com/support/amazonbot) Chrome/119.0.6045.214 Safari/537.36"
jomarlogistica.com.br:80 18.208.11.93 - - [04/Oct/2025:09:41:50 -0300] "GET /2022/09/14/manifesting-love-signs-you-will-be-in-take-pleasure-in/ HTTP/1.1" 200 18199 "-" "Mozilla/5.0 AppleWebKit/537.36 (KHTML, like Gecko; compatible; Amazonbot/0.1; +https://developer.amazon.com/support/amazonbot) Chrome/119.0.6045.214 Safari/537.36"
jomarlogistica.com.br:80 52.45.77.169 - - [04/Oct/2025:09:41:54 -0300] "GET /2022/09/27/ayers-law-office-expert-legal-representation-and-counsel/ HTTP/1.1" 200 14075 "-" "Mozilla/5.0 AppleWebKit/537.36 (KHTML, like Gecko; compatible; Amazonbot/0.1; +https://developer.amazon.com/support/amazonbot) Chrome/119.0.6045.214 Safari/537.36"
jomarlogistica.com.br:80 35.172.125.172 - - [04/Oct/2025:09:41:58 -0300] "GET /2023/09/27/5-specialized-virtual-data-room-vdr-use-cases-for-mission-critical-processes/ HTTP/1.1" 200 17428 "-" "Mozilla/5.0 AppleWebKit/537.36 (KHTML, like Gecko; compatible; Amazonbot/0.1; +https://developer.amazon.com/support/amazonbot) Chrome/119.0.6045.214 Safari/537.36"
jomarlogistica.com.br:80 54.83.23.103 - - [04/Oct/2025:09:42:03 -0300] "GET /2023/08/01/basic-antivirus-software-for-pc/ HTTP/1.1" 200 17315 "-" "Mozilla/5.0 AppleWebKit/537.36 (KHTML, like Gecko; compatible; Amazonbot/0.1; +https://developer.amazon.com/support/amazonbot) Chrome/119.0.6045.214 Safari/537.36"
jomarlogistica.com.br:80 18.233.24.238 - - [04/Oct/2025:09:42:07 -0300] "GET /2023/04/20/free-courting-hookups-made-easy/ HTTP/1.1" 200 17528 "-" "Mozilla/5.0 AppleWebKit/537.36 (KHTML, like Gecko; compatible; Amazonbot/0.1; +https://developer.amazon.com/support/amazonbot) Chrome/119.0.6045.214 Safari/537.36"
jomarlogistica.com.br:80 184.73.47.24 - - [04/Oct/2025:09:42:10 -0300] "GET /2022/07/24/bet-tzedek-tax-clinic-free-legal-assistance-for-tax-issues/ HTTP/1.1" 200 13622 "-" "Mozilla/5.0 AppleWebKit/537.36 (KHTML, like Gecko; compatible; Amazonbot/0.1; +https://developer.amazon.com/support/amazonbot) Chrome/119.0.6045.214 Safari/537.36"
jomarlogistica.com.br:80 127.0.0.1 - - [04/Oct/2025:09:42:15 -0300] "OPTIONS * HTTP/1.0" 200 110 "-" "Apache/2.4.65 (Ubuntu) (internal dummy connection)"
jomarlogistica.com.br:80 172.20.1.198 - - [04/Oct/2025:10:00:21 -0300] "POST /wp-cron.php?doing_wp_cron=1759582821.5456840991973876953125 HTTP/1.1" 200 389 "https://jomarlogistica.com.br/wp-cron.php?doing_wp_cron=1759582821.5456840991973876953125" "WordPress/5.8.10; https://jomarlogistica.com.br"
jomarlogistica.com.br:80 35.178.160.53 - - [04/Oct/2025:10:00:21 -0300] "POST /wp-admin/admin-ajax.php HTTP/1.1" 400 531 "-" "Mozilla/5.0 (iPhone; CPU iPhone OS 18_3_2 like Mac OS X) AppleWebKit/605.1.15 (KHTML, like Gecko) Version/18.3.1 Mobile/15E148 Safari/604.1"
