jomarlogistica.com.br:80 127.0.0.1 - - [04/Oct/2025:02:07:45 -0300] "OPTIONS * HTTP/1.0" 200 110 "-" "Apache/2.4.65 (Ubuntu) (internal dummy connection)"
jomarlogistica.com.br:80 172.20.1.198 - - [04/Oct/2025:02:13:56 -0300] "POST /wp-cron.php?doing_wp_cron=1759554836.5534100532531738281250 HTTP/1.1" 200 389 "https://jomarlogistica.com.br/wp-cron.php?doing_wp_cron=1759554836.5534100532531738281250" "WordPress/5.8.10; https://jomarlogistica.com.br"
jomarlogistica.com.br:80 54.225.181.161 - - [04/Oct/2025:02:13:56 -0300] "GET /author/jomar/page/20/ HTTP/1.1" 200 19276 "-" "Mozilla/5.0 AppleWebKit/537.36 (KHTML, like Gecko; compatible; Amazonbot/0.1; +https://developer.amazon.com/support/amazonbot) Chrome/119.0.6045.214 Safari/537.36"
jomarlogistica.com.br:80 127.0.0.1 - - [04/Oct/2025:02:14:02 -0300] "OPTIONS * HTTP/1.0" 200 110 "-" "Apache/2.4.65 (Ubuntu) (internal dummy connection)"
jomarlogistica.com.br:80 135.181.79.90 - - [04/Oct/2025:02:14:18 -0300] "GET /2023/05/02/test-title/ HTTP/1.1" 200 77241 "https://jomarlogistica.com.br/2023/05/02/test-title/" "Mozilla/5.0 (Windows NT 10.0; Win64; x64) AppleWebKit/537.36 (KHTML, like Gecko) Chrome/131.0.0.0 Safari/537.36"
jomarlogistica.com.br:80 135.181.79.90 - - [04/Oct/2025:02:14:20 -0300] "GET /2023/11/15/how-to-organise-the-board-records-with-boardpro/ HTTP/1.1" 200 79592 "https://jomarlogistica.com.br/2023/11/15/how-to-organise-the-board-records-with-boardpro/" "Mozilla/5.0 (Windows NT 10.0; Win64; x64) AppleWebKit/537.36 (KHTML, like Gecko) Chrome/131.0.0.0 Safari/537.36"
jomarlogistica.com.br:80 135.181.79.90 - - [04/Oct/2025:02:14:22 -0300] "GET /contato/ HTTP/1.1" 200 79977 "https://jomarlogistica.com.br/contato/" "Mozilla/5.0 (Windows NT 10.0; Win64; x64) AppleWebKit/537.36 (KHTML, like Gecko) Chrome/131.0.0.0 Safari/537.36"
jomarlogistica.com.br:80 192.159.99.83 - - [04/Oct/2025:02:14:32 -0300] "GET /style.php HTTP/1.1" 404 448 "http://jomarlogistica.com.br/style.php" "Go-http-client/2.0"
jomarlogistica.com.br:80 192.159.99.83 - - [04/Oct/2025:02:14:33 -0300] "GET /wp-content/style.php HTTP/1.1" 404 448 "http://jomarlogistica.com.br/wp-content/style.php" "Go-http-client/2.0"
jomarlogistica.com.br:80 135.181.79.90 - - [04/Oct/2025:02:14:24 -0300] "POST /wp-json/contact-form-7/v1/contact-forms/5005/feedback HTTP/1.1" 200 865 "https://jomarlogistica.com.br/contato/" "Mozilla/5.0 (Windows NT 10.0; Win64; x64) AppleWebKit/537.36 (KHTML, like Gecko) Chrome/131.0.0.0 Safari/537.36"
jomarlogistica.com.br:80 192.159.99.83 - - [04/Oct/2025:02:14:34 -0300] "GET /wp-content/themes/style.php HTTP/1.1" 404 448 "http://jomarlogistica.com.br/wp-content/themes/style.php" "Go-http-client/2.0"
jomarlogistica.com.br:80 192.159.99.83 - - [04/Oct/2025:02:14:36 -0300] "GET /wp-admin/style.php HTTP/1.1" 404 448 "http://jomarlogistica.com.br/wp-admin/style.php" "Go-http-client/2.0"
jomarlogistica.com.br:80 192.159.99.83 - - [04/Oct/2025:02:14:37 -0300] "GET /wp-includes/style.php HTTP/1.1" 404 467 "http://jomarlogistica.com.br/wp-includes/style.php" "Go-http-client/2.0"
jomarlogistica.com.br:80 192.159.99.83 - - [04/Oct/2025:02:14:38 -0300] "GET /chosen.php?p= HTTP/1.1" 301 460 "http://jomarlogistica.com.br/chosen.php?p=" "Go-http-client/2.0"
jomarlogistica.com.br:80 192.159.99.83 - - [04/Oct/2025:02:14:38 -0300] "GET /chosen.php HTTP/1.1" 404 467 "https://jomarlogistica.com.br/chosen.php?p=" "Go-http-client/2.0"
jomarlogistica.com.br:80 114.119.136.72 - - [04/Oct/2025:02:14:38 -0300] "GET /2023/09/27/virtual-data-room-usa/ HTTP/1.1" 200 17327 "https://jomarlogistica.com.br/2023/09/27/virtual-data-room-usa/" "Mozilla/5.0 (Linux; Android 7.0;) AppleWebKit/537.36 (KHTML, like Gecko) Mobile Safari/537.36 (compatible; PetalBot;+https://webmaster.petalsearch.com/site/petalbot)"
jomarlogistica.com.br:80 192.159.99.83 - - [04/Oct/2025:02:14:40 -0300] "GET /file.php HTTP/1.1" 404 448 "http://jomarlogistica.com.br/file.php" "Go-http-client/2.0"
jomarlogistica.com.br:80 192.159.99.83 - - [04/Oct/2025:02:14:41 -0300] "GET /flower.php HTTP/1.1" 404 448 "http://jomarlogistica.com.br/flower.php" "Go-http-client/2.0"
jomarlogistica.com.br:80 192.159.99.83 - - [04/Oct/2025:02:14:42 -0300] "GET /gifclass.php HTTP/1.1" 404 448 "http://jomarlogistica.com.br/gifclass.php#888xyz999" "Go-http-client/2.0"
jomarlogistica.com.br:80 192.159.99.83 - - [04/Oct/2025:02:14:43 -0300] "GET /bless.php HTTP/1.1" 404 467 "http://jomarlogistica.com.br/bless.php#888xyz999" "Go-http-client/2.0"
jomarlogistica.com.br:80 127.0.0.1 - - [04/Oct/2025:02:14:44 -0300] "OPTIONS * HTTP/1.0" 200 110 "-" "Apache/2.4.65 (Ubuntu) (internal dummy connection)"
jomarlogistica.com.br:80 192.159.99.83 - - [04/Oct/2025:02:14:44 -0300] "GET /class-t.api.php HTTP/1.1" 404 448 "http://jomarlogistica.com.br/class-t.api.php#888xyz999" "Go-http-client/2.0"
jomarlogistica.com.br:80 192.159.99.83 - - [04/Oct/2025:02:14:45 -0300] "GET /blurbs.php HTTP/1.1" 404 448 "http://jomarlogistica.com.br/blurbs.php#888xyz999" "Go-http-client/2.0"
jomarlogistica.com.br:80 192.159.99.83 - - [04/Oct/2025:02:14:47 -0300] "GET /akcc.php HTTP/1.1" 404 448 "http://jomarlogistica.com.br/akcc.php" "Go-http-client/2.0"
jomarlogistica.com.br:80 192.159.99.83 - - [04/Oct/2025:02:14:48 -0300] "GET /abcd.php HTTP/1.1" 404 448 "http://jomarlogistica.com.br/abcd.php" "Go-http-client/2.0"
jomarlogistica.com.br:80 114.119.134.192 - - [04/Oct/2025:02:16:02 -0300] "GET /2023/05/25/mail-order-brides-a-form-of-human-trafficking-anti-trafficking-international/ HTTP/1.1" 200 19914 "https://jomarlogistica.com.br/2023/05/26/best-porn-games-hentai-video-games-xxx-grownup-sex-games/" "Mozilla/5.0 (Linux; Android 7.0;) AppleWebKit/537.36 (KHTML, like Gecko) Mobile Safari/537.36 (compatible; PetalBot;+https://webmaster.petalsearch.com/site/petalbot)"
jomarlogistica.com.br:80 172.20.1.198 - - [04/Oct/2025:02:17:26 -0300] "POST /wp-cron.php?doing_wp_cron=1759555046.3537509441375732421875 HTTP/1.1" 200 389 "https://jomarlogistica.com.br/wp-cron.php?doing_wp_cron=1759555046.3537509441375732421875" "WordPress/5.8.10; https://jomarlogistica.com.br"
jomarlogistica.com.br:80 114.119.134.192 - - [04/Oct/2025:02:17:25 -0300] "GET /2023/02/28/the-challenges-of-dating-someone-from-an-alternate-country/ HTTP/1.1" 200 18247 "https://jomarlogistica.com.br/2023/03/01/gorgeous-interracial-lovers/" "Mozilla/5.0 (Linux; Android 7.0;) AppleWebKit/537.36 (KHTML, like Gecko) Mobile Safari/537.36 (compatible; PetalBot;+https://webmaster.petalsearch.com/site/petalbot)"
jomarlogistica.com.br:80 127.0.0.1 - - [04/Oct/2025:02:17:32 -0300] "OPTIONS * HTTP/1.0" 200 110 "-" "Apache/2.4.65 (Ubuntu) (internal dummy connection)"
jomarlogistica.com.br:80 114.119.138.207 - - [04/Oct/2025:02:18:49 -0300] "GET /2022/11/15/realizing-love-how-to-express-love/ HTTP/1.1" 200 17495 "https://jomarlogistica.com.br/2022/11/15/realizing-love-how-to-express-love/" "Mozilla/5.0 (Linux; Android 7.0;) AppleWebKit/537.36 (KHTML, like Gecko) Mobile Safari/537.36 (compatible; PetalBot;+https://webmaster.petalsearch.com/site/petalbot)"
jomarlogistica.com.br:80 114.119.135.84 - - [04/Oct/2025:02:20:13 -0300] "GET /2023/04/ HTTP/1.1" 200 18811 "https://jomarlogistica.com.br/2023/09/09/legal-solutions-designed-for-small-businesses/" "Mozilla/5.0 (Linux; Android 7.0;) AppleWebKit/537.36 (KHTML, like Gecko) Mobile Safari/537.36 (compatible; PetalBot;+https://webmaster.petalsearch.com/site/petalbot)"
jomarlogistica.com.br:80 20.171.207.59 - - [04/Oct/2025:02:20:16 -0300] "GET /wp-sitemap.xml HTTP/1.1" 200 643 "-" "Mozilla/5.0 AppleWebKit/537.36 (KHTML, like Gecko; compatible; GPTBot/1.2; +https://openai.com/gptbot)"
jomarlogistica.com.br:80 114.119.128.158 - - [04/Oct/2025:02:21:35 -0300] "GET /2023/02/ HTTP/1.1" 200 18614 "https://jomarlogistica.com.br/2023/09/09/legal-solutions-designed-for-small-businesses/" "Mozilla/5.0 (Linux; Android 7.0;) AppleWebKit/537.36 (KHTML, like Gecko) Mobile Safari/537.36 (compatible; PetalBot;+https://webmaster.petalsearch.com/site/petalbot)"
jomarlogistica.com.br:80 177.212.249.167 - - [04/Oct/2025:02:22:07 -0300] "POST /autodiscover/autodiscover.xml HTTP/1.1" 404 448 "-" "AppleExchangeWebServices/833 accountsd/113"
jomarlogistica.com.br:80 172.20.1.198 - - [04/Oct/2025:02:23:00 -0300] "POST /wp-cron.php?doing_wp_cron=1759555380.4971818923950195312500 HTTP/1.1" 200 389 "https://jomarlogistica.com.br/wp-cron.php?doing_wp_cron=1759555380.4971818923950195312500" "WordPress/5.8.10; https://jomarlogistica.com.br"
jomarlogistica.com.br:80 114.119.138.130 - - [04/Oct/2025:02:23:00 -0300] "GET /2022/09/10/pretty-ways-to-ask-someone-to-become-your-girlfriend/ HTTP/1.1" 200 17976 "https://jomarlogistica.com.br/author/jomar/page/56/" "Mozilla/5.0 (Linux; Android 7.0;) AppleWebKit/537.36 (KHTML, like Gecko) Mobile Safari/537.36 (compatible; PetalBot;+https://webmaster.petalsearch.com/site/petalbot)"
jomarlogistica.com.br:80 127.0.0.1 - - [04/Oct/2025:02:23:05 -0300] "OPTIONS * HTTP/1.0" 200 110 "-" "Apache/2.4.65 (Ubuntu) (internal dummy connection)"
jomarlogistica.com.br:80 114.119.158.0 - - [04/Oct/2025:02:24:23 -0300] "GET /2023/10/03/the-best-document-management-software/ HTTP/1.1" 200 17257 "https://jomarlogistica.com.br/author/jomar/page/4/" "Mozilla/5.0 (Linux; Android 7.0;) AppleWebKit/537.36 (KHTML, like Gecko) Mobile Safari/537.36 (compatible; PetalBot;+https://webmaster.petalsearch.com/site/petalbot)"
jomarlogistica.com.br:80 20.171.207.59 - - [04/Oct/2025:02:26:55 -0300] "GET /wp-sitemap.xml HTTP/1.1" 200 643 "-" "Mozilla/5.0 AppleWebKit/537.36 (KHTML, like Gecko; compatible; GPTBot/1.2; +https://openai.com/gptbot)"
jomarlogistica.com.br:80 216.244.66.226 - - [04/Oct/2025:02:27:07 -0300] "GET /robots.txt HTTP/1.1" 200 565 "-" "Mozilla/5.0 (compatible; DotBot/1.2; +https://opensiteexplorer.org/dotbot; help@moz.com)"
jomarlogistica.com.br:80 171.104.129.77 - - [04/Oct/2025:02:31:57 -0300] "POST /wp-comments-post.php HTTP/1.1" 403 2493 "-" "Mozilla/5.0 (Windows NT 10.0; Win64; x64) AppleWebKit/537.36 (KHTML, like Gecko) Chrome/108.0.0.0 Safari/537.36 Edg/108.0.1462.46"
jomarlogistica.com.br:80 172.20.1.198 - - [04/Oct/2025:02:34:04 -0300] "POST /wp-cron.php?doing_wp_cron=1759556044.1330900192260742187500 HTTP/1.1" 200 389 "https://jomarlogistica.com.br/wp-cron.php?doing_wp_cron=1759556044.1330900192260742187500" "WordPress/5.8.10; https://jomarlogistica.com.br"
jomarlogistica.com.br:80 114.119.135.84 - - [04/Oct/2025:02:34:03 -0300] "GET /2022/09/10/taking-care-of-expectations-in-relationships/ HTTP/1.1" 200 18045 "https://jomarlogistica.com.br/author/jomar/page/56/" "Mozilla/5.0 (Linux; Android 7.0;) AppleWebKit/537.36 (KHTML, like Gecko) Mobile Safari/537.36 (compatible; PetalBot;+https://webmaster.petalsearch.com/site/petalbot)"
jomarlogistica.com.br:80 127.0.0.1 - - [04/Oct/2025:02:34:09 -0300] "OPTIONS * HTTP/1.0" 200 110 "-" "Apache/2.4.65 (Ubuntu) (internal dummy connection)"
jomarlogistica.com.br:80 172.20.1.198 - - [04/Oct/2025:02:49:43 -0300] "POST /wp-cron.php?doing_wp_cron=1759556983.3461620807647705078125 HTTP/1.1" 200 389 "https://jomarlogistica.com.br/wp-cron.php?doing_wp_cron=1759556983.3461620807647705078125" "WordPress/5.8.10; https://jomarlogistica.com.br"
jomarlogistica.com.br:80 177.212.249.167 - - [04/Oct/2025:02:49:42 -0300] "POST /autodiscover/autodiscover.xml HTTP/1.1" 404 448 "-" "AppleExchangeWebServices/833 accountsd/113"
jomarlogistica.com.br:80 127.0.0.1 - - [04/Oct/2025:02:49:48 -0300] "OPTIONS * HTTP/1.0" 200 110 "-" "Apache/2.4.65 (Ubuntu) (internal dummy connection)"
jomarlogistica.com.br:80 185.231.33.38 - - [04/Oct/2025:02:51:10 -0300] "GET / HTTP/1.1" 200 134115 "jomarlogistica.com.br" "Mozilla/5.0 (Linux; Android 6.0; S30) AppleWebKit/537.36 (KHTML, like Gecko) Chrome/81.0.4044.138 Mobile Safari/537.36"
jomarlogistica.com.br:80 38.135.25.143 - - [04/Oct/2025:02:51:49 -0300] "GET / HTTP/1.1" 200 134115 "https://jomarlogistica.com.br" "Mozilla/5.0 (Linux; Android 6.0; S30) AppleWebKit/537.36 (KHTML, like Gecko) Chrome/81.0.4044.138 Mobile Safari/537.36"
jomarlogistica.com.br:80 38.135.25.143 - - [04/Oct/2025:02:51:52 -0300] "GET /2024/01/16/is-owning-pet-squirrels-legal-in-florida-laws-regulations HTTP/1.1" 301 573 "https://jomarlogistica.com.br/2024/01/16/is-owning-pet-squirrels-legal-in-florida-laws-regulations" "Mozilla/5.0 (Linux; Android 6.0; S30) AppleWebKit/537.36 (KHTML, like Gecko) Chrome/81.0.4044.138 Mobile Safari/537.36"
jomarlogistica.com.br:80 38.135.25.143 - - [04/Oct/2025:02:51:53 -0300] "GET /2024/01/16/is-owning-pet-squirrels-legal-in-florida-laws-regulations/ HTTP/1.1" 200 60327 "https://jomarlogistica.com.br/2024/01/16/is-owning-pet-squirrels-legal-in-florida-laws-regulations" "Mozilla/5.0 (Linux; Android 6.0; S30) AppleWebKit/537.36 (KHTML, like Gecko) Chrome/81.0.4044.138 Mobile Safari/537.36"
jomarlogistica.com.br:80 45.84.107.198 - - [04/Oct/2025:02:51:56 -0300] "GET /2024/01/17/new-number-agreement-in-france-summer-legal-requirements HTTP/1.1" 301 572 "https://jomarlogistica.com.br/2024/01/17/new-number-agreement-in-france-summer-legal-requirements" "Mozilla/5.0 (Linux; Android 6.0; S30) AppleWebKit/537.36 (KHTML, like Gecko) Chrome/81.0.4044.138 Mobile Safari/537.36"
jomarlogistica.com.br:80 45.84.107.198 - - [04/Oct/2025:02:51:57 -0300] "GET /2024/01/17/new-number-agreement-in-france-summer-legal-requirements/ HTTP/1.1" 200 62126 "https://jomarlogistica.com.br/2024/01/17/new-number-agreement-in-france-summer-legal-requirements" "Mozilla/5.0 (Linux; Android 6.0; S30) AppleWebKit/537.36 (KHTML, like Gecko) Chrome/81.0.4044.138 Mobile Safari/537.36"
jomarlogistica.com.br:80 45.84.107.198 - - [04/Oct/2025:02:52:00 -0300] "GET /2024/01/23/a-lease-agreement-sets-the-terms-of-a-rental-contract HTTP/1.1" 301 569 "https://jomarlogistica.com.br/2024/01/23/a-lease-agreement-sets-the-terms-of-a-rental-contract" "Mozilla/5.0 (Linux; Android 6.0; S30) AppleWebKit/537.36 (KHTML, like Gecko) Chrome/81.0.4044.138 Mobile Safari/537.36"
jomarlogistica.com.br:80 45.84.107.198 - - [04/Oct/2025:02:52:01 -0300] "GET /2024/01/23/a-lease-agreement-sets-the-terms-of-a-rental-contract/ HTTP/1.1" 200 60560 "https://jomarlogistica.com.br/2024/01/23/a-lease-agreement-sets-the-terms-of-a-rental-contract" "Mozilla/5.0 (Linux; Android 6.0; S30) AppleWebKit/537.36 (KHTML, like Gecko) Chrome/81.0.4044.138 Mobile Safari/537.36"
jomarlogistica.com.br:80 45.84.107.198 - - [04/Oct/2025:02:52:04 -0300] "GET /2024/01/23/are-led-headlights-legal-in-ct-ct-headlight-laws-explained HTTP/1.1" 301 574 "https://jomarlogistica.com.br/2024/01/23/are-led-headlights-legal-in-ct-ct-headlight-laws-explained" "Mozilla/5.0 (Linux; Android 6.0; S30) AppleWebKit/537.36 (KHTML, like Gecko) Chrome/81.0.4044.138 Mobile Safari/537.36"
jomarlogistica.com.br:80 45.84.107.198 - - [04/Oct/2025:02:52:04 -0300] "GET /2024/01/23/are-led-headlights-legal-in-ct-ct-headlight-laws-explained/ HTTP/1.1" 200 60496 "https://jomarlogistica.com.br/2024/01/23/are-led-headlights-legal-in-ct-ct-headlight-laws-explained" "Mozilla/5.0 (Linux; Android 6.0; S30) AppleWebKit/537.36 (KHTML, like Gecko) Chrome/81.0.4044.138 Mobile Safari/537.36"
jomarlogistica.com.br:80 5.181.177.245 - - [04/Oct/2025:02:52:08 -0300] "GET /2024/01/23/checkpoint-firewall-rules-export-best-practices-and-guidelines HTTP/1.1" 301 597 "https://jomarlogistica.com.br/2024/01/23/checkpoint-firewall-rules-export-best-practices-and-guidelines" "Mozilla/5.0 (Linux; Android 6.0; S30) AppleWebKit/537.36 (KHTML, like Gecko) Chrome/81.0.4044.138 Mobile Safari/537.36"
jomarlogistica.com.br:80 127.0.0.1 - - [04/Oct/2025:02:52:08 -0300] "OPTIONS * HTTP/1.0" 200 110 "-" "Apache/2.4.65 (Ubuntu) (internal dummy connection)"
jomarlogistica.com.br:80 5.181.177.245 - - [04/Oct/2025:02:52:08 -0300] "GET /2024/01/23/checkpoint-firewall-rules-export-best-practices-and-guidelines/ HTTP/1.1" 200 62660 "https://jomarlogistica.com.br/2024/01/23/checkpoint-firewall-rules-export-best-practices-and-guidelines" "Mozilla/5.0 (Linux; Android 6.0; S30) AppleWebKit/537.36 (KHTML, like Gecko) Chrome/81.0.4044.138 Mobile Safari/537.36"
jomarlogistica.com.br:80 216.244.66.226 - - [04/Oct/2025:02:52:09 -0300] "GET /2023/09/27/virtual-data-room-preparation/ HTTP/1.1" 200 79010 "-" "Mozilla/5.0 (compatible; DotBot/1.2; +https://opensiteexplorer.org/dotbot; help@moz.com)"
jomarlogistica.com.br:80 172.20.1.198 - - [04/Oct/2025:02:52:12 -0300] "POST /wp-cron.php?doing_wp_cron=1759557132.1778020858764648437500 HTTP/1.1" 200 389 "https://jomarlogistica.com.br/wp-cron.php?doing_wp_cron=1759557132.1778020858764648437500" "WordPress/5.8.10; https://jomarlogistica.com.br"
jomarlogistica.com.br:80 5.181.177.245 - - [04/Oct/2025:02:52:11 -0300] "GET /2024/01/27/bolsa-de-trabajo-en-area-legal-encuentra-empleos-legales HTTP/1.1" 301 572 "https://jomarlogistica.com.br/2024/01/27/bolsa-de-trabajo-en-area-legal-encuentra-empleos-legales" "Mozilla/5.0 (Linux; Android 6.0; S30) AppleWebKit/537.36 (KHTML, like Gecko) Chrome/81.0.4044.138 Mobile Safari/537.36"
jomarlogistica.com.br:80 5.181.177.245 - - [04/Oct/2025:02:52:12 -0300] "GET /2024/01/27/bolsa-de-trabajo-en-area-legal-encuentra-empleos-legales/ HTTP/1.1" 200 62631 "https://jomarlogistica.com.br/2024/01/27/bolsa-de-trabajo-en-area-legal-encuentra-empleos-legales" "Mozilla/5.0 (Linux; Android 6.0; S30) AppleWebKit/537.36 (KHTML, like Gecko) Chrome/81.0.4044.138 Mobile Safari/537.36"
jomarlogistica.com.br:80 5.181.177.245 - - [04/Oct/2025:02:52:15 -0300] "GET /2024/01/31/can-a-company-legally-dilute-my-shares-understanding-your-rights HTTP/1.1" 301 580 "https://jomarlogistica.com.br/2024/01/31/can-a-company-legally-dilute-my-shares-understanding-your-rights" "Mozilla/5.0 (Linux; Android 6.0; S30) AppleWebKit/537.36 (KHTML, like Gecko) Chrome/81.0.4044.138 Mobile Safari/537.36"
jomarlogistica.com.br:80 5.181.177.245 - - [04/Oct/2025:02:52:16 -0300] "GET /2024/01/31/can-a-company-legally-dilute-my-shares-understanding-your-rights/ HTTP/1.1" 200 60551 "https://jomarlogistica.com.br/2024/01/31/can-a-company-legally-dilute-my-shares-understanding-your-rights" "Mozilla/5.0 (Linux; Android 6.0; S30) AppleWebKit/537.36 (KHTML, like Gecko) Chrome/81.0.4044.138 Mobile Safari/537.36"
jomarlogistica.com.br:80 127.0.0.1 - - [04/Oct/2025:02:52:17 -0300] "OPTIONS * HTTP/1.0" 200 110 "-" "Apache/2.4.65 (Ubuntu) (internal dummy connection)"
jomarlogistica.com.br:80 45.84.107.17 - - [04/Oct/2025:02:52:19 -0300] "GET /2024/02/05/anti-terrorism-laws-in-america-understanding-the-legal-framework HTTP/1.1" 301 580 "https://jomarlogistica.com.br/2024/02/05/anti-terrorism-laws-in-america-understanding-the-legal-framework" "Mozilla/5.0 (Linux; Android 6.0; S30) AppleWebKit/537.36 (KHTML, like Gecko) Chrome/81.0.4044.138 Mobile Safari/537.36"
jomarlogistica.com.br:80 45.84.107.17 - - [04/Oct/2025:02:52:20 -0300] "GET /2024/02/05/anti-terrorism-laws-in-america-understanding-the-legal-framework/ HTTP/1.1" 200 63552 "https://jomarlogistica.com.br/2024/02/05/anti-terrorism-laws-in-america-understanding-the-legal-framework" "Mozilla/5.0 (Linux; Android 6.0; S30) AppleWebKit/537.36 (KHTML, like Gecko) Chrome/81.0.4044.138 Mobile Safari/537.36"
jomarlogistica.com.br:80 45.84.107.17 - - [04/Oct/2025:02:52:23 -0300] "GET /2024/02/07/can-usps-serve-court-papers-legal-process-requirements-explained HTTP/1.1" 301 580 "https://jomarlogistica.com.br/2024/02/07/can-usps-serve-court-papers-legal-process-requirements-explained" "Mozilla/5.0 (Linux; Android 6.0; S30) AppleWebKit/537.36 (KHTML, like Gecko) Chrome/81.0.4044.138 Mobile Safari/537.36"
jomarlogistica.com.br:80 45.84.107.17 - - [04/Oct/2025:02:52:24 -0300] "GET /2024/02/07/can-usps-serve-court-papers-legal-process-requirements-explained/ HTTP/1.1" 200 60898 "https://jomarlogistica.com.br/2024/02/07/can-usps-serve-court-papers-legal-process-requirements-explained" "Mozilla/5.0 (Linux; Android 6.0; S30) AppleWebKit/537.36 (KHTML, like Gecko) Chrome/81.0.4044.138 Mobile Safari/537.36"
jomarlogistica.com.br:80 185.220.101.12 - - [04/Oct/2025:02:52:28 -0300] "GET /2024/02/17/understanding-bt-price-increase-in-contract-what-you-need-to-know HTTP/1.1" 301 600 "https://jomarlogistica.com.br/2024/02/17/understanding-bt-price-increase-in-contract-what-you-need-to-know" "Mozilla/5.0 (Linux; Android 6.0; S30) AppleWebKit/537.36 (KHTML, like Gecko) Chrome/81.0.4044.138 Mobile Safari/537.36"
jomarlogistica.com.br:80 185.220.101.12 - - [04/Oct/2025:02:52:29 -0300] "GET /2024/02/17/understanding-bt-price-increase-in-contract-what-you-need-to-know/ HTTP/1.1" 200 62418 "https://jomarlogistica.com.br/2024/02/17/understanding-bt-price-increase-in-contract-what-you-need-to-know" "Mozilla/5.0 (Linux; Android 6.0; S30) AppleWebKit/537.36 (KHTML, like Gecko) Chrome/81.0.4044.138 Mobile Safari/537.36"
jomarlogistica.com.br:80 185.220.101.12 - - [04/Oct/2025:02:52:32 -0300] "GET /2024/02/19/chk-restructuring-support-agreement-legal-assistance-and-guidance HTTP/1.1" 301 581 "https://jomarlogistica.com.br/2024/02/19/chk-restructuring-support-agreement-legal-assistance-and-guidance" "Mozilla/5.0 (Linux; Android 6.0; S30) AppleWebKit/537.36 (KHTML, like Gecko) Chrome/81.0.4044.138 Mobile Safari/537.36"
jomarlogistica.com.br:80 185.220.101.12 - - [04/Oct/2025:02:52:33 -0300] "GET /2024/02/19/chk-restructuring-support-agreement-legal-assistance-and-guidance/ HTTP/1.1" 200 61856 "https://jomarlogistica.com.br/2024/02/19/chk-restructuring-support-agreement-legal-assistance-and-guidance" "Mozilla/5.0 (Linux; Android 6.0; S30) AppleWebKit/537.36 (KHTML, like Gecko) Chrome/81.0.4044.138 Mobile Safari/537.36"
jomarlogistica.com.br:80 185.220.101.12 - - [04/Oct/2025:02:52:36 -0300] "GET /2024/02/22/ac-thor-injury-law-group-expert-legal-representation-for-personal-injury-cases HTTP/1.1" 301 594 "https://jomarlogistica.com.br/2024/02/22/ac-thor-injury-law-group-expert-legal-representation-for-personal-injury-cases" "Mozilla/5.0 (Linux; Android 6.0; S30) AppleWebKit/537.36 (KHTML, like Gecko) Chrome/81.0.4044.138 Mobile Safari/537.36"
jomarlogistica.com.br:80 185.220.101.12 - - [04/Oct/2025:02:52:37 -0300] "GET /2024/02/22/ac-thor-injury-law-group-expert-legal-representation-for-personal-injury-cases/ HTTP/1.1" 200 61200 "https://jomarlogistica.com.br/2024/02/22/ac-thor-injury-law-group-expert-legal-representation-for-personal-injury-cases" "Mozilla/5.0 (Linux; Android 6.0; S30) AppleWebKit/537.36 (KHTML, like Gecko) Chrome/81.0.4044.138 Mobile Safari/537.36"
jomarlogistica.com.br:80 192.42.116.211 - - [04/Oct/2025:02:52:40 -0300] "GET /2024/02/24/austin-temp-agencies-legal-hire-legal-staff-with-confidence HTTP/1.1" 301 575 "https://jomarlogistica.com.br/2024/02/24/austin-temp-agencies-legal-hire-legal-staff-with-confidence" "Mozilla/5.0 (Linux; Android 6.0; S30) AppleWebKit/537.36 (KHTML, like Gecko) Chrome/81.0.4044.138 Mobile Safari/537.36"
jomarlogistica.com.br:80 192.42.116.211 - - [04/Oct/2025:02:52:41 -0300] "GET /2024/02/24/austin-temp-agencies-legal-hire-legal-staff-with-confidence/ HTTP/1.1" 200 62784 "https://jomarlogistica.com.br/2024/02/24/austin-temp-agencies-legal-hire-legal-staff-with-confidence" "Mozilla/5.0 (Linux; Android 6.0; S30) AppleWebKit/537.36 (KHTML, like Gecko) Chrome/81.0.4044.138 Mobile Safari/537.36"
jomarlogistica.com.br:80 192.42.116.211 - - [04/Oct/2025:02:52:44 -0300] "GET /2024/02/29/law-order-organized-crime-s3e3-cast-meet-the-characters HTTP/1.1" 301 571 "https://jomarlogistica.com.br/2024/02/29/law-order-organized-crime-s3e3-cast-meet-the-characters" "Mozilla/5.0 (Linux; Android 6.0; S30) AppleWebKit/537.36 (KHTML, like Gecko) Chrome/81.0.4044.138 Mobile Safari/537.36"
jomarlogistica.com.br:80 192.42.116.211 - - [04/Oct/2025:02:52:44 -0300] "GET /2024/02/29/law-order-organized-crime-s3e3-cast-meet-the-characters/ HTTP/1.1" 200 33976 "https://jomarlogistica.com.br/2024/02/29/law-order-organized-crime-s3e3-cast-meet-the-characters" "Mozilla/5.0 (Linux; Android 6.0; S30) AppleWebKit/537.36 (KHTML, like Gecko) Chrome/81.0.4044.138 Mobile Safari/537.36"
jomarlogistica.com.br:80 185.183.159.40 - - [04/Oct/2025:02:52:47 -0300] "GET /2024/03/04/quitting-contract-jobs-in-india-legalities-of-terminating-contracts-early HTTP/1.1" 301 589 "https://jomarlogistica.com.br/2024/03/04/quitting-contract-jobs-in-india-legalities-of-terminating-contracts-early" "Mozilla/5.0 (Linux; Android 6.0; S30) AppleWebKit/537.36 (KHTML, like Gecko) Chrome/81.0.4044.138 Mobile Safari/537.36"
jomarlogistica.com.br:80 185.183.159.40 - - [04/Oct/2025:02:52:48 -0300] "GET /2024/03/04/quitting-contract-jobs-in-india-legalities-of-terminating-contracts-early/ HTTP/1.1" 200 62305 "https://jomarlogistica.com.br/2024/03/04/quitting-contract-jobs-in-india-legalities-of-terminating-contracts-early" "Mozilla/5.0 (Linux; Android 6.0; S30) AppleWebKit/537.36 (KHTML, like Gecko) Chrome/81.0.4044.138 Mobile Safari/537.36"
jomarlogistica.com.br:80 185.183.159.40 - - [04/Oct/2025:02:52:51 -0300] "GET /2024/03/06/economic-complementation-agreement-definition-understanding-its-impact HTTP/1.1" 301 586 "https://jomarlogistica.com.br/2024/03/06/economic-complementation-agreement-definition-understanding-its-impact" "Mozilla/5.0 (Linux; Android 6.0; S30) AppleWebKit/537.36 (KHTML, like Gecko) Chrome/81.0.4044.138 Mobile Safari/537.36"
jomarlogistica.com.br:80 185.183.159.40 - - [04/Oct/2025:02:52:51 -0300] "GET /2024/03/06/economic-complementation-agreement-definition-understanding-its-impact/ HTTP/1.1" 200 61890 "https://jomarlogistica.com.br/2024/03/06/economic-complementation-agreement-definition-understanding-its-impact" "Mozilla/5.0 (Linux; Android 6.0; S30) AppleWebKit/537.36 (KHTML, like Gecko) Chrome/81.0.4044.138 Mobile Safari/537.36"
jomarlogistica.com.br:80 185.183.159.40 - - [04/Oct/2025:02:52:54 -0300] "GET /2024/03/08/ccpa-non-disclosure-agreement-protect-your-data HTTP/1.1" 301 582 "https://jomarlogistica.com.br/2024/03/08/ccpa-non-disclosure-agreement-protect-your-data" "Mozilla/5.0 (Linux; Android 6.0; S30) AppleWebKit/537.36 (KHTML, like Gecko) Chrome/81.0.4044.138 Mobile Safari/537.36"
jomarlogistica.com.br:80 185.183.159.40 - - [04/Oct/2025:02:52:55 -0300] "GET /2024/03/08/ccpa-non-disclosure-agreement-protect-your-data/ HTTP/1.1" 200 61810 "https://jomarlogistica.com.br/2024/03/08/ccpa-non-disclosure-agreement-protect-your-data" "Mozilla/5.0 (Linux; Android 6.0; S30) AppleWebKit/537.36 (KHTML, like Gecko) Chrome/81.0.4044.138 Mobile Safari/537.36"
jomarlogistica.com.br:80 185.220.101.147 - - [04/Oct/2025:02:52:58 -0300] "GET /2024/03/09/are-50-caliber-guns-legal-in-canada-rules-and-regulations-explained HTTP/1.1" 301 583 "https://jomarlogistica.com.br/2024/03/09/are-50-caliber-guns-legal-in-canada-rules-and-regulations-explained" "Mozilla/5.0 (Linux; Android 6.0; S30) AppleWebKit/537.36 (KHTML, like Gecko) Chrome/81.0.4044.138 Mobile Safari/537.36"
jomarlogistica.com.br:80 185.220.101.147 - - [04/Oct/2025:02:52:58 -0300] "GET /2024/03/09/are-50-caliber-guns-legal-in-canada-rules-and-regulations-explained/ HTTP/1.1" 200 62457 "https://jomarlogistica.com.br/2024/03/09/are-50-caliber-guns-legal-in-canada-rules-and-regulations-explained" "Mozilla/5.0 (Linux; Android 6.0; S30) AppleWebKit/537.36 (KHTML, like Gecko) Chrome/81.0.4044.138 Mobile Safari/537.36"
jomarlogistica.com.br:80 185.220.101.147 - - [04/Oct/2025:02:53:01 -0300] "GET /2024/03/09/auburn-hills-legal-services-expert-legal-advice-representation HTTP/1.1" 301 578 "https://jomarlogistica.com.br/2024/03/09/auburn-hills-legal-services-expert-legal-advice-representation" "Mozilla/5.0 (Linux; Android 6.0; S30) AppleWebKit/537.36 (KHTML, like Gecko) Chrome/81.0.4044.138 Mobile Safari/537.36"
jomarlogistica.com.br:80 185.220.101.147 - - [04/Oct/2025:02:53:02 -0300] "GET /2024/03/09/auburn-hills-legal-services-expert-legal-advice-representation/ HTTP/1.1" 200 61859 "https://jomarlogistica.com.br/2024/03/09/auburn-hills-legal-services-expert-legal-advice-representation" "Mozilla/5.0 (Linux; Android 6.0; S30) AppleWebKit/537.36 (KHTML, like Gecko) Chrome/81.0.4044.138 Mobile Safari/537.36"
jomarlogistica.com.br:80 127.0.0.1 - - [04/Oct/2025:02:53:03 -0300] "OPTIONS * HTTP/1.0" 200 110 "-" "Apache/2.4.65 (Ubuntu) (internal dummy connection)"
jomarlogistica.com.br:80 185.220.101.147 - - [04/Oct/2025:02:53:04 -0300] "GET /2024/03/09/boat-joint-ownership-agreement-contract-legal-guidelines-templates HTTP/1.1" 301 582 "https://jomarlogistica.com.br/2024/03/09/boat-joint-ownership-agreement-contract-legal-guidelines-templates" "Mozilla/5.0 (Linux; Android 6.0; S30) AppleWebKit/537.36 (KHTML, like Gecko) Chrome/81.0.4044.138 Mobile Safari/537.36"
jomarlogistica.com.br:80 185.220.101.147 - - [04/Oct/2025:02:53:05 -0300] "GET /2024/03/09/boat-joint-ownership-agreement-contract-legal-guidelines-templates/ HTTP/1.1" 200 64141 "https://jomarlogistica.com.br/2024/03/09/boat-joint-ownership-agreement-contract-legal-guidelines-templates" "Mozilla/5.0 (Linux; Android 6.0; S30) AppleWebKit/537.36 (KHTML, like Gecko) Chrome/81.0.4044.138 Mobile Safari/537.36"
jomarlogistica.com.br:80 45.84.107.97 - - [04/Oct/2025:02:53:08 -0300] "GET /comments/feed HTTP/1.1" 301 519 "https://jomarlogistica.com.br/comments/feed" "Mozilla/5.0 (Linux; Android 6.0; S30) AppleWebKit/537.36 (KHTML, like Gecko) Chrome/81.0.4044.138 Mobile Safari/537.36"
jomarlogistica.com.br:80 45.84.107.97 - - [04/Oct/2025:02:53:09 -0300] "GET /comments/feed/ HTTP/1.1" 200 1262 "https://jomarlogistica.com.br/comments/feed" "Mozilla/5.0 (Linux; Android 6.0; S30) AppleWebKit/537.36 (KHTML, like Gecko) Chrome/81.0.4044.138 Mobile Safari/537.36"
jomarlogistica.com.br:80 45.84.107.97 - - [04/Oct/2025:02:53:10 -0300] "GET /contato HTTP/1.1" 301 457 "https://jomarlogistica.com.br/contato" "Mozilla/5.0 (Linux; Android 6.0; S30) AppleWebKit/537.36 (KHTML, like Gecko) Chrome/81.0.4044.138 Mobile Safari/537.36"
jomarlogistica.com.br:80 45.84.107.97 - - [04/Oct/2025:02:53:11 -0300] "GET /contato/ HTTP/1.1" 200 80035 "https://jomarlogistica.com.br/contato" "Mozilla/5.0 (Linux; Android 6.0; S30) AppleWebKit/537.36 (KHTML, like Gecko) Chrome/81.0.4044.138 Mobile Safari/537.36"
jomarlogistica.com.br:80 45.84.107.198 - - [04/Oct/2025:02:53:14 -0300] "GET /feed HTTP/1.1" 301 529 "https://jomarlogistica.com.br/feed" "Mozilla/5.0 (Linux; Android 6.0; S30) AppleWebKit/537.36 (KHTML, like Gecko) Chrome/81.0.4044.138 Mobile Safari/537.36"
jomarlogistica.com.br:80 127.0.0.1 - - [04/Oct/2025:02:53:14 -0300] "OPTIONS * HTTP/1.0" 200 110 "-" "Apache/2.4.65 (Ubuntu) (internal dummy connection)"
jomarlogistica.com.br:80 45.84.107.198 - - [04/Oct/2025:02:53:15 -0300] "GET /feed/ HTTP/1.1" 200 34014 "https://jomarlogistica.com.br/feed" "Mozilla/5.0 (Linux; Android 6.0; S30) AppleWebKit/537.36 (KHTML, like Gecko) Chrome/81.0.4044.138 Mobile Safari/537.36"
jomarlogistica.com.br:80 192.42.116.177 - - [04/Oct/2025:02:53:17 -0300] "GET /servicos HTTP/1.1" 301 458 "https://jomarlogistica.com.br/servicos" "Mozilla/5.0 (Linux; Android 6.0; S30) AppleWebKit/537.36 (KHTML, like Gecko) Chrome/81.0.4044.138 Mobile Safari/537.36"
jomarlogistica.com.br:80 192.42.116.177 - - [04/Oct/2025:02:53:18 -0300] "GET /servicos/ HTTP/1.1" 200 96799 "https://jomarlogistica.com.br/servicos" "Mozilla/5.0 (Linux; Android 6.0; S30) AppleWebKit/537.36 (KHTML, like Gecko) Chrome/81.0.4044.138 Mobile Safari/537.36"
jomarlogistica.com.br:80 192.42.116.177 - - [04/Oct/2025:02:53:21 -0300] "GET /sobre HTTP/1.1" 301 455 "https://jomarlogistica.com.br/sobre" "Mozilla/5.0 (Linux; Android 6.0; S30) AppleWebKit/537.36 (KHTML, like Gecko) Chrome/81.0.4044.138 Mobile Safari/537.36"
jomarlogistica.com.br:80 192.42.116.177 - - [04/Oct/2025:02:53:22 -0300] "GET /sobre/ HTTP/1.1" 200 76695 "https://jomarlogistica.com.br/sobre" "Mozilla/5.0 (Linux; Android 6.0; S30) AppleWebKit/537.36 (KHTML, like Gecko) Chrome/81.0.4044.138 Mobile Safari/537.36"
jomarlogistica.com.br:80 192.42.116.177 - - [04/Oct/2025:02:53:25 -0300] "GET /wp-json HTTP/1.1" 200 148641 "https://jomarlogistica.com.br/wp-json" "Mozilla/5.0 (Linux; Android 6.0; S30) AppleWebKit/537.36 (KHTML, like Gecko) Chrome/81.0.4044.138 Mobile Safari/537.36"
jomarlogistica.com.br:80 185.220.101.180 - - [04/Oct/2025:02:53:27 -0300] "GET /wp-json/oembed/1.0/embed?url=https%3A%2F%2Fjomarlogistica.com.br%2F HTTP/1.1" 200 2972 "https://jomarlogistica.com.br/wp-json/oembed/1.0/embed?url=https%3A%2F%2Fjomarlogistica.com.br%2F" "Mozilla/5.0 (Linux; Android 6.0; S30) AppleWebKit/537.36 (KHTML, like Gecko) Chrome/81.0.4044.138 Mobile Safari/537.36"
jomarlogistica.com.br:80 185.220.101.180 - - [04/Oct/2025:02:53:29 -0300] "GET /wp-json/oembed/1.0/embed?url=https%3A%2F%2Fjomarlogistica.com.br%2F&format=xml HTTP/1.1" 200 3073 "https://jomarlogistica.com.br/wp-json/oembed/1.0/embed?url=https%3A%2F%2Fjomarlogistica.com.br%2F&format=xml" "Mozilla/5.0 (Linux; Android 6.0; S30) AppleWebKit/537.36 (KHTML, like Gecko) Chrome/81.0.4044.138 Mobile Safari/537.36"
jomarlogistica.com.br:80 127.0.0.1 - - [04/Oct/2025:02:53:29 -0300] "OPTIONS * HTTP/1.0" 200 110 "-" "Apache/2.4.65 (Ubuntu) (internal dummy connection)"
jomarlogistica.com.br:80 185.220.101.170 - - [04/Oct/2025:02:53:31 -0300] "GET /wp-json/wp/v2/pages/5147 HTTP/1.1" 200 67891 "https://jomarlogistica.com.br/wp-json/wp/v2/pages/5147" "Mozilla/5.0 (Linux; Android 6.0; S30) AppleWebKit/537.36 (KHTML, like Gecko) Chrome/81.0.4044.138 Mobile Safari/537.36"
jomarlogistica.com.br:80 185.220.101.170 - - [04/Oct/2025:02:53:34 -0300] "GET /xmlrpc.php?rsd HTTP/1.1" 403 2493 "https://jomarlogistica.com.br/xmlrpc.php?rsd" "Mozilla/5.0 (Linux; Android 6.0; S30) AppleWebKit/537.36 (KHTML, like Gecko) Chrome/81.0.4044.138 Mobile Safari/537.36"
jomarlogistica.com.br:80 114.119.135.84 - - [04/Oct/2025:02:55:04 -0300] "GET /2023/09/27/why-do-you-need-a-data-room/ HTTP/1.1" 200 17137 "https://jomarlogistica.com.br/2023/09/page/2/" "Mozilla/5.0 (Linux; Android 7.0;) AppleWebKit/537.36 (KHTML, like Gecko) Mobile Safari/537.36 (compatible; PetalBot;+https://webmaster.petalsearch.com/site/petalbot)"
jomarlogistica.com.br:80 114.119.135.84 - - [04/Oct/2025:02:56:27 -0300] "GET /2022/10/ HTTP/1.1" 200 18563 "https://jomarlogistica.com.br/2023/09/09/legal-solutions-designed-for-small-businesses/" "Mozilla/5.0 (Linux; Android 7.0;) AppleWebKit/537.36 (KHTML, like Gecko) Mobile Safari/537.36 (compatible; PetalBot;+https://webmaster.petalsearch.com/site/petalbot)"
jomarlogistica.com.br:80 188.123.173.44 - - [04/Oct/2025:02:56:43 -0300] "GET /2023/12/03/efficiency-legal-synonyms-streamlining-legal-terminology-for-maximum-impact/ HTTP/1.1" 200 14022 "-" "Mozilla/5.0 (Macintosh; Intel Mac OS X 10_15_7) AppleWebKit/537.36 (KHTML, like Gecko) Chrome/125.0.0.0 Safari/537.36"
jomarlogistica.com.br:80 188.123.173.44 - - [04/Oct/2025:02:56:44 -0300] "GET /wp-content/plugins/case-theme-core/assets/js/main.js?ver=1.0.0 HTTP/1.1" 200 570 "https://jomarlogistica.com.br/2023/12/03/efficiency-legal-synonyms-streamlining-legal-terminology-for-maximum-impact/" "Mozilla/5.0 (Macintosh; Intel Mac OS X 10_15_7) AppleWebKit/537.36 (KHTML, like Gecko) Chrome/125.0.0.0 Safari/537.36"
jomarlogistica.com.br:80 188.123.173.44 - - [04/Oct/2025:02:56:44 -0300] "GET /wp-includes/js/jquery/jquery.min.js?ver=3.6.0 HTTP/1.1" 200 32444 "https://jomarlogistica.com.br/2023/12/03/efficiency-legal-synonyms-streamlining-legal-terminology-for-maximum-impact/" "Mozilla/5.0 (Macintosh; Intel Mac OS X 10_15_7) AppleWebKit/537.36 (KHTML, like Gecko) Chrome/125.0.0.0 Safari/537.36"
jomarlogistica.com.br:80 188.123.173.44 - - [04/Oct/2025:02:56:45 -0300] "GET /wp-content/themes/consultio/elementor/js/ct-inline-css.js?ver=2.8.0 HTTP/1.1" 200 864 "https://jomarlogistica.com.br/2023/12/03/efficiency-legal-synonyms-streamlining-legal-terminology-for-maximum-impact/" "Mozilla/5.0 (Macintosh; Intel Mac OS X 10_15_7) AppleWebKit/537.36 (KHTML, like Gecko) Chrome/125.0.0.0 Safari/537.36"
jomarlogistica.com.br:80 188.123.173.44 - - [04/Oct/2025:02:56:45 -0300] "GET /wp-includes/js/jquery/jquery-migrate.min.js?ver=3.3.2 HTTP/1.1" 200 4613 "https://jomarlogistica.com.br/2023/12/03/efficiency-legal-synonyms-streamlining-legal-terminology-for-maximum-impact/" "Mozilla/5.0 (Macintosh; Intel Mac OS X 10_15_7) AppleWebKit/537.36 (KHTML, like Gecko) Chrome/125.0.0.0 Safari/537.36"
jomarlogistica.com.br:80 188.123.173.44 - - [04/Oct/2025:02:56:46 -0300] "GET /wp-includes/js/jquery/ui/core.min.js?ver=1.12.1 HTTP/1.1" 200 7418 "https://jomarlogistica.com.br/2023/12/03/efficiency-legal-synonyms-streamlining-legal-terminology-for-maximum-impact/" "Mozilla/5.0 (Macintosh; Intel Mac OS X 10_15_7) AppleWebKit/537.36 (KHTML, like Gecko) Chrome/125.0.0.0 Safari/537.36"
jomarlogistica.com.br:80 188.123.173.44 - - [04/Oct/2025:02:56:47 -0300] "GET /wp-content/plugins/booked/assets/js/spin.jquery.js?ver=2.0.1 HTTP/1.1" 200 1186 "https://jomarlogistica.com.br/2023/12/03/efficiency-legal-synonyms-streamlining-legal-terminology-for-maximum-impact/" "Mozilla/5.0 (Macintosh; Intel Mac OS X 10_15_7) AppleWebKit/537.36 (KHTML, like Gecko) Chrome/125.0.0.0 Safari/537.36"
jomarlogistica.com.br:80 188.123.173.44 - - [04/Oct/2025:02:56:47 -0300] "GET /wp-content/plugins/booked/assets/js/functions.js?ver=2.3.5 HTTP/1.1" 200 10029 "https://jomarlogistica.com.br/2023/12/03/efficiency-legal-synonyms-streamlining-legal-terminology-for-maximum-impact/" "Mozilla/5.0 (Macintosh; Intel Mac OS X 10_15_7) AppleWebKit/537.36 (KHTML, like Gecko) Chrome/125.0.0.0 Safari/537.36"
jomarlogistica.com.br:80 188.123.173.44 - - [04/Oct/2025:02:56:47 -0300] "GET /wp-includes/js/jquery/ui/datepicker.min.js?ver=1.12.1 HTTP/1.1" 200 11555 "https://jomarlogistica.com.br/2023/12/03/efficiency-legal-synonyms-streamlining-legal-terminology-for-maximum-impact/" "Mozilla/5.0 (Macintosh; Intel Mac OS X 10_15_7) AppleWebKit/537.36 (KHTML, like Gecko) Chrome/125.0.0.0 Safari/537.36"
jomarlogistica.com.br:80 188.123.173.44 - - [04/Oct/2025:02:56:48 -0300] "GET /wp-content/plugins/case-theme-user/acess/js/notify.min.js?ver=1.0.0 HTTP/1.1" 200 7826 "https://jomarlogistica.com.br/2023/12/03/efficiency-legal-synonyms-streamlining-legal-terminology-for-maximum-impact/" "Mozilla/5.0 (Macintosh; Intel Mac OS X 10_15_7) AppleWebKit/537.36 (KHTML, like Gecko) Chrome/125.0.0.0 Safari/537.36"
jomarlogistica.com.br:80 188.123.173.44 - - [04/Oct/2025:02:56:48 -0300] "GET /wp-content/plugins/case-theme-user/acess/js/ct-user-form.js?ver=1.0.0 HTTP/1.1" 200 2307 "https://jomarlogistica.com.br/2023/12/03/efficiency-legal-synonyms-streamlining-legal-terminology-for-maximum-impact/" "Mozilla/5.0 (Macintosh; Intel Mac OS X 10_15_7) AppleWebKit/537.36 (KHTML, like Gecko) Chrome/125.0.0.0 Safari/537.36"
jomarlogistica.com.br:80 188.123.173.44 - - [04/Oct/2025:02:56:48 -0300] "GET /wp-content/plugins/booked/assets/js/tooltipster/js/jquery.tooltipster.min.js?ver=3.3.0 HTTP/1.1" 200 5373 "https://jomarlogistica.com.br/2023/12/03/efficiency-legal-synonyms-streamlining-legal-terminology-for-maximum-impact/" "Mozilla/5.0 (Macintosh; Intel Mac OS X 10_15_7) AppleWebKit/537.36 (KHTML, like Gecko) Chrome/125.0.0.0 Safari/537.36"
jomarlogistica.com.br:80 188.123.173.44 - - [04/Oct/2025:02:56:50 -0300] "GET /wp-includes/js/dist/vendor/wp-polyfill.min.js?ver=3.15.0 HTTP/1.1" 200 6572 "https://jomarlogistica.com.br/2023/12/03/efficiency-legal-synonyms-streamlining-legal-terminology-for-maximum-impact/" "Mozilla/5.0 (Macintosh; Intel Mac OS X 10_15_7) AppleWebKit/537.36 (KHTML, like Gecko) Chrome/125.0.0.0 Safari/537.36"
jomarlogistica.com.br:80 188.123.173.44 - - [04/Oct/2025:02:56:50 -0300] "GET /wp-includes/js/dist/vendor/regenerator-runtime.min.js?ver=0.13.7 HTTP/1.1" 200 2817 "https://jomarlogistica.com.br/2023/12/03/efficiency-legal-synonyms-streamlining-legal-terminology-for-maximum-impact/" "Mozilla/5.0 (Macintosh; Intel Mac OS X 10_15_7) AppleWebKit/537.36 (KHTML, like Gecko) Chrome/125.0.0.0 Safari/537.36"
jomarlogistica.com.br:80 188.123.173.44 - - [04/Oct/2025:02:56:50 -0300] "GET /wp-includes/js/jquery/ui/mouse.min.js?ver=1.12.1 HTTP/1.1" 200 1479 "https://jomarlogistica.com.br/2023/12/03/efficiency-legal-synonyms-streamlining-legal-terminology-for-maximum-impact/" "Mozilla/5.0 (Macintosh; Intel Mac OS X 10_15_7) AppleWebKit/537.36 (KHTML, like Gecko) Chrome/125.0.0.0 Safari/537.36"
jomarlogistica.com.br:80 188.123.173.44 - - [04/Oct/2025:02:56:50 -0300] "GET /wp-content/plugins/contact-form-7-multi-step/assets/frontend/js/cf7mls.js?ver=2.5.4 HTTP/1.1" 200 7286 "https://jomarlogistica.com.br/2023/12/03/efficiency-legal-synonyms-streamlining-legal-terminology-for-maximum-impact/" "Mozilla/5.0 (Macintosh; Intel Mac OS X 10_15_7) AppleWebKit/537.36 (KHTML, like Gecko) Chrome/125.0.0.0 Safari/537.36"
jomarlogistica.com.br:80 188.123.173.44 - - [04/Oct/2025:02:56:51 -0300] "GET /wp-content/plugins/booked/assets/js/spin.min.js?ver=2.0.1 HTTP/1.1" 200 2463 "https://jomarlogistica.com.br/2023/12/03/efficiency-legal-synonyms-streamlining-legal-terminology-for-maximum-impact/" "Mozilla/5.0 (Macintosh; Intel Mac OS X 10_15_7) AppleWebKit/537.36 (KHTML, like Gecko) Chrome/125.0.0.0 Safari/537.36"
jomarlogistica.com.br:80 188.123.173.44 - - [04/Oct/2025:02:56:51 -0300] "GET /wp-content/plugins/case-theme-user/acess/js/remodal.min.js?ver=1.0.0 HTTP/1.1" 200 3045 "https://jomarlogistica.com.br/2023/12/03/efficiency-legal-synonyms-streamlining-legal-terminology-for-maximum-impact/" "Mozilla/5.0 (Macintosh; Intel Mac OS X 10_15_7) AppleWebKit/537.36 (KHTML, like Gecko) Chrome/125.0.0.0 Safari/537.36"
jomarlogistica.com.br:80 20.171.207.59 - - [04/Oct/2025:02:56:50 -0300] "GET /wp-sitemap.xml HTTP/1.1" 200 643 "-" "Mozilla/5.0 AppleWebKit/537.36 (KHTML, like Gecko; compatible; GPTBot/1.2; +https://openai.com/gptbot)"
jomarlogistica.com.br:80 188.123.173.44 - - [04/Oct/2025:02:56:51 -0300] "GET /wp-content/themes/consultio/assets/js/progressbar.min.js?ver=1.0.0 HTTP/1.1" 200 1327 "https://jomarlogistica.com.br/2023/12/03/efficiency-legal-synonyms-streamlining-legal-terminology-for-maximum-impact/" "Mozilla/5.0 (Macintosh; Intel Mac OS X 10_15_7) AppleWebKit/537.36 (KHTML, like Gecko) Chrome/125.0.0.0 Safari/537.36"
jomarlogistica.com.br:80 188.123.173.44 - - [04/Oct/2025:02:56:51 -0300] "GET /wp-content/plugins/booked/includes/add-ons/frontend-agents/js/functions.js?ver=2.3.5 HTTP/1.1" 200 1592 "https://jomarlogistica.com.br/2023/12/03/efficiency-legal-synonyms-streamlining-legal-terminology-for-maximum-impact/" "Mozilla/5.0 (Macintosh; Intel Mac OS X 10_15_7) AppleWebKit/537.36 (KHTML, like Gecko) Chrome/125.0.0.0 Safari/537.36"
jomarlogistica.com.br:80 188.123.173.44 - - [04/Oct/2025:02:56:52 -0300] "GET /wp-includes/js/wp-embed.min.js?ver=5.8.10 HTTP/1.1" 200 1196 "https://jomarlogistica.com.br/2023/12/03/efficiency-legal-synonyms-streamlining-legal-terminology-for-maximum-impact/" "Mozilla/5.0 (Macintosh; Intel Mac OS X 10_15_7) AppleWebKit/537.36 (KHTML, like Gecko) Chrome/125.0.0.0 Safari/537.36"
jomarlogistica.com.br:80 188.123.173.44 - - [04/Oct/2025:02:56:52 -0300] "GET /wp-content/themes/consultio/assets/js/bootstrap.min.js?ver=4.0.0 HTTP/1.1" 200 14187 "https://jomarlogistica.com.br/2023/12/03/efficiency-legal-synonyms-streamlining-legal-terminology-for-maximum-impact/" "Mozilla/5.0 (Macintosh; Intel Mac OS X 10_15_7) AppleWebKit/537.36 (KHTML, like Gecko) Chrome/125.0.0.0 Safari/537.36"
jomarlogistica.com.br:80 127.0.0.1 - - [04/Oct/2025:02:56:52 -0300] "OPTIONS * HTTP/1.0" 200 110 "-" "Apache/2.4.65 (Ubuntu) (internal dummy connection)"
jomarlogistica.com.br:80 188.123.173.44 - - [04/Oct/2025:02:56:52 -0300] "GET /wp-content/themes/consultio/assets/js/match-height-min.js?ver=1.0.0 HTTP/1.1" 200 3557 "https://jomarlogistica.com.br/2023/12/03/efficiency-legal-synonyms-streamlining-legal-terminology-for-maximum-impact/" "Mozilla/5.0 (Macintosh; Intel Mac OS X 10_15_7) AppleWebKit/537.36 (KHTML, like Gecko) Chrome/125.0.0.0 Safari/537.36"
jomarlogistica.com.br:80 188.123.173.44 - - [04/Oct/2025:02:56:52 -0300] "GET /wp-content/themes/consultio/assets/js/magnific-popup.min.js?ver=1.0.0 HTTP/1.1" 200 14895 "https://jomarlogistica.com.br/2023/12/03/efficiency-legal-synonyms-streamlining-legal-terminology-for-maximum-impact/" "Mozilla/5.0 (Macintosh; Intel Mac OS X 10_15_7) AppleWebKit/537.36 (KHTML, like Gecko) Chrome/125.0.0.0 Safari/537.36"
jomarlogistica.com.br:80 188.123.173.44 - - [04/Oct/2025:02:56:52 -0300] "GET /wp-includes/js/jquery/ui/slider.min.js?ver=1.12.1 HTTP/1.1" 200 3602 "https://jomarlogistica.com.br/2023/12/03/efficiency-legal-synonyms-streamlining-legal-terminology-for-maximum-impact/" "Mozilla/5.0 (Macintosh; Intel Mac OS X 10_15_7) AppleWebKit/537.36 (KHTML, like Gecko) Chrome/125.0.0.0 Safari/537.36"
jomarlogistica.com.br:80 188.123.173.44 - - [04/Oct/2025:02:56:52 -0300] "GET /wp-content/themes/consultio/assets/js/wow.min.js?ver=1.0.0 HTTP/1.1" 200 3260 "https://jomarlogistica.com.br/2023/12/03/efficiency-legal-synonyms-streamlining-legal-terminology-for-maximum-impact/" "Mozilla/5.0 (Macintosh; Intel Mac OS X 10_15_7) AppleWebKit/537.36 (KHTML, like Gecko) Chrome/125.0.0.0 Safari/537.36"
jomarlogistica.com.br:80 188.123.173.44 - - [04/Oct/2025:02:56:53 -0300] "GET /wp-content/themes/consultio/assets/js/main.js?ver=2.8.0 HTTP/1.1" 200 6455 "https://jomarlogistica.com.br/2023/12/03/efficiency-legal-synonyms-streamlining-legal-terminology-for-maximum-impact/" "Mozilla/5.0 (Macintosh; Intel Mac OS X 10_15_7) AppleWebKit/537.36 (KHTML, like Gecko) Chrome/125.0.0.0 Safari/537.36"
jomarlogistica.com.br:80 188.123.173.44 - - [04/Oct/2025:02:56:53 -0300] "GET /wp-content/themes/consultio/assets/js/nice-select.min.js?ver=all HTTP/1.1" 200 1439 "https://jomarlogistica.com.br/2023/12/03/efficiency-legal-synonyms-streamlining-legal-terminology-for-maximum-impact/" "Mozilla/5.0 (Macintosh; Intel Mac OS X 10_15_7) AppleWebKit/537.36 (KHTML, like Gecko) Chrome/125.0.0.0 Safari/537.36"
jomarlogistica.com.br:80 188.123.173.44 - - [04/Oct/2025:02:56:53 -0300] "GET /wp-content/plugins/contact-form-7/includes/js/index.js?ver=5.5.3 HTTP/1.1" 200 4245 "https://jomarlogistica.com.br/2023/12/03/efficiency-legal-synonyms-streamlining-legal-terminology-for-maximum-impact/" "Mozilla/5.0 (Macintosh; Intel Mac OS X 10_15_7) AppleWebKit/537.36 (KHTML, like Gecko) Chrome/125.0.0.0 Safari/537.36"
jomarlogistica.com.br:80 188.123.173.44 - - [04/Oct/2025:02:56:54 -0300] "GET /wp-includes/js/wp-emoji-release.min.js?ver=5.8.10 HTTP/1.1" 200 5577 "https://jomarlogistica.com.br/2023/12/03/efficiency-legal-synonyms-streamlining-legal-terminology-for-maximum-impact/" "Mozilla/5.0 (Macintosh; Intel Mac OS X 10_15_7) AppleWebKit/537.36 (KHTML, like Gecko) Chrome/125.0.0.0 Safari/537.36"
jomarlogistica.com.br:80 188.123.173.44 - - [04/Oct/2025:02:56:54 -0300] "GET /wp-content/plugins/revslider/public/assets/js/rbtools.min.js?ver=6.5.11 HTTP/1.1" 200 48787 "https://jomarlogistica.com.br/2023/12/03/efficiency-legal-synonyms-streamlining-legal-terminology-for-maximum-impact/" "Mozilla/5.0 (Macintosh; Intel Mac OS X 10_15_7) AppleWebKit/537.36 (KHTML, like Gecko) Chrome/125.0.0.0 Safari/537.36"
jomarlogistica.com.br:80 188.123.173.44 - - [04/Oct/2025:02:56:54 -0300] "GET /wp-content/plugins/revslider/public/assets/js/rs6.min.js?ver=6.5.11 HTTP/1.1" 200 104993 "https://jomarlogistica.com.br/2023/12/03/efficiency-legal-synonyms-streamlining-legal-terminology-for-maximum-impact/" "Mozilla/5.0 (Macintosh; Intel Mac OS X 10_15_7) AppleWebKit/537.36 (KHTML, like Gecko) Chrome/125.0.0.0 Safari/537.36"
jomarlogistica.com.br:80 188.123.173.44 - - [04/Oct/2025:02:56:46 -0300] "GET /?a7b529c=7788655 HTTP/1.1" 200 287 "https://jomarlogistica.com.br/2023/12/03/efficiency-legal-synonyms-streamlining-legal-terminology-for-maximum-impact/" "Mozilla/5.0 (Macintosh; Intel Mac OS X 10_15_7) AppleWebKit/537.36 (KHTML, like Gecko) Chrome/125.0.0.0 Safari/537.36"
jomarlogistica.com.br:80 127.0.0.1 - - [04/Oct/2025:02:56:59 -0300] "OPTIONS * HTTP/1.0" 200 110 "-" "Apache/2.4.65 (Ubuntu) (internal dummy connection)"
jomarlogistica.com.br:80 127.0.0.1 - - [04/Oct/2025:02:57:01 -0300] "OPTIONS * HTTP/1.0" 200 110 "-" "Apache/2.4.65 (Ubuntu) (internal dummy connection)"
jomarlogistica.com.br:80 172.20.1.198 - - [04/Oct/2025:02:57:54 -0300] "POST /wp-cron.php?doing_wp_cron=1759557474.5393769741058349609375 HTTP/1.1" 200 389 "https://jomarlogistica.com.br/wp-cron.php?doing_wp_cron=1759557474.5393769741058349609375" "WordPress/5.8.10; https://jomarlogistica.com.br"
jomarlogistica.com.br:80 114.119.128.158 - - [04/Oct/2025:02:57:54 -0300] "GET /2022/09/24/interracial-couples-star/ HTTP/1.1" 200 17628 "https://jomarlogistica.com.br/2022/09/" "Mozilla/5.0 (Linux; Android 7.0;) AppleWebKit/537.36 (KHTML, like Gecko) Mobile Safari/537.36 (compatible; PetalBot;+https://webmaster.petalsearch.com/site/petalbot)"
jomarlogistica.com.br:80 127.0.0.1 - - [04/Oct/2025:02:58:00 -0300] "OPTIONS * HTTP/1.0" 200 110 "-" "Apache/2.4.65 (Ubuntu) (internal dummy connection)"
jomarlogistica.com.br:80 114.119.138.130 - - [04/Oct/2025:02:59:30 -0300] "GET /2022/09/10/the-best-way-to-find-overseas-woman-via-the-internet/ HTTP/1.1" 200 18203 "https://jomarlogistica.com.br/2022/09/10/the-best-way-to-find-overseas-woman-via-the-internet/" "Mozilla/5.0 (Linux; Android 7.0;) AppleWebKit/537.36 (KHTML, like Gecko) Mobile Safari/537.36 (compatible; PetalBot;+https://webmaster.petalsearch.com/site/petalbot)"
jomarlogistica.com.br:80 172.20.1.198 - - [04/Oct/2025:03:06:54 -0300] "POST /wp-cron.php?doing_wp_cron=1759558014.3729538917541503906250 HTTP/1.1" 200 389 "https://jomarlogistica.com.br/wp-cron.php?doing_wp_cron=1759558014.3729538917541503906250" "WordPress/5.8.10; https://jomarlogistica.com.br"
jomarlogistica.com.br:80 177.212.249.167 - - [04/Oct/2025:03:06:53 -0300] "POST /autodiscover/autodiscover.xml HTTP/1.1" 404 448 "-" "AppleExchangeWebServices/833 accountsd/113"
jomarlogistica.com.br:80 127.0.0.1 - - [04/Oct/2025:03:06:59 -0300] "OPTIONS * HTTP/1.0" 200 110 "-" "Apache/2.4.65 (Ubuntu) (internal dummy connection)"
