jomarlogistica.com.br:80 5.10.3.194 - - [12/Sep/2025:06:09:12 -0300] "GET /wp-content/themes/consultio/assets/css/animate.css?ver=1.0.0 HTTP/1.1" 200 5563 "https://jomarlogistica.com.br/2024/01/23/checkpoint-firewall-rules-export-best-practices-and-guidelines/" "Mozilla/5.0 (Windows NT 10.0; Win64; x64) AppleWebKit/537.36 (KHTML, like Gecko) Chrome/140.0.0.0 Safari/537.36 Edg/140.0.0.0"
jomarlogistica.com.br:80 5.10.3.194 - - [12/Sep/2025:06:09:12 -0300] "GET /wp-content/themes/consultio/assets/css/theme.css?ver=2.8.0 HTTP/1.1" 200 195072 "https://jomarlogistica.com.br/2024/01/23/checkpoint-firewall-rules-export-best-practices-and-guidelines/" "Mozilla/5.0 (Windows NT 10.0; Win64; x64) AppleWebKit/537.36 (KHTML, like Gecko) Chrome/140.0.0.0 Safari/537.36 Edg/140.0.0.0"
jomarlogistica.com.br:80 5.10.3.194 - - [12/Sep/2025:06:09:12 -0300] "GET /wp-content/plugins/meks-simple-flickr-widget/css/style.css?ver=1.2 HTTP/1.1" 200 577 "https://jomarlogistica.com.br/2024/01/23/checkpoint-firewall-rules-export-best-practices-and-guidelines/" "Mozilla/5.0 (Windows NT 10.0; Win64; x64) AppleWebKit/537.36 (KHTML, like Gecko) Chrome/140.0.0.0 Safari/537.36 Edg/140.0.0.0"
jomarlogistica.com.br:80 5.10.3.194 - - [12/Sep/2025:06:09:12 -0300] "GET /wp-content/plugins/case-theme-core/assets/js/main.js?ver=1.0.0 HTTP/1.1" 200 570 "https://jomarlogistica.com.br/2024/01/23/checkpoint-firewall-rules-export-best-practices-and-guidelines/" "Mozilla/5.0 (Windows NT 10.0; Win64; x64) AppleWebKit/537.36 (KHTML, like Gecko) Chrome/140.0.0.0 Safari/537.36 Edg/140.0.0.0"
jomarlogistica.com.br:80 5.10.3.194 - - [12/Sep/2025:06:09:12 -0300] "GET /wp-content/themes/consultio/elementor/js/ct-inline-css.js?ver=2.8.0 HTTP/1.1" 200 864 "https://jomarlogistica.com.br/2024/01/23/checkpoint-firewall-rules-export-best-practices-and-guidelines/" "Mozilla/5.0 (Windows NT 10.0; Win64; x64) AppleWebKit/537.36 (KHTML, like Gecko) Chrome/140.0.0.0 Safari/537.36 Edg/140.0.0.0"
jomarlogistica.com.br:80 5.10.3.194 - - [12/Sep/2025:06:09:12 -0300] "GET /wp-content/uploads/2021/12/logo.png HTTP/1.1" 200 32663 "https://jomarlogistica.com.br/2024/01/23/checkpoint-firewall-rules-export-best-practices-and-guidelines/" "Mozilla/5.0 (Windows NT 10.0; Win64; x64) AppleWebKit/537.36 (KHTML, like Gecko) Chrome/140.0.0.0 Safari/537.36 Edg/140.0.0.0"
jomarlogistica.com.br:80 5.10.3.194 - - [12/Sep/2025:06:09:13 -0300] "GET /wp-content/plugins/revslider/public/assets/css/rs6.css?ver=6.5.11 HTTP/1.1" 200 13321 "https://jomarlogistica.com.br/2024/01/23/checkpoint-firewall-rules-export-best-practices-and-guidelines/" "Mozilla/5.0 (Windows NT 10.0; Win64; x64) AppleWebKit/537.36 (KHTML, like Gecko) Chrome/140.0.0.0 Safari/537.36 Edg/140.0.0.0"
jomarlogistica.com.br:80 5.10.3.194 - - [12/Sep/2025:06:09:13 -0300] "GET /wp-includes/js/jquery/ui/core.min.js?ver=1.12.1 HTTP/1.1" 200 7418 "https://jomarlogistica.com.br/2024/01/23/checkpoint-firewall-rules-export-best-practices-and-guidelines/" "Mozilla/5.0 (Windows NT 10.0; Win64; x64) AppleWebKit/537.36 (KHTML, like Gecko) Chrome/140.0.0.0 Safari/537.36 Edg/140.0.0.0"
jomarlogistica.com.br:80 5.10.3.194 - - [12/Sep/2025:06:09:13 -0300] "GET /wp-includes/js/jquery/ui/datepicker.min.js?ver=1.12.1 HTTP/1.1" 200 11555 "https://jomarlogistica.com.br/2024/01/23/checkpoint-firewall-rules-export-best-practices-and-guidelines/" "Mozilla/5.0 (Windows NT 10.0; Win64; x64) AppleWebKit/537.36 (KHTML, like Gecko) Chrome/140.0.0.0 Safari/537.36 Edg/140.0.0.0"
jomarlogistica.com.br:80 5.10.3.194 - - [12/Sep/2025:06:09:13 -0300] "GET /wp-content/plugins/case-theme-user/acess/js/ct-user-form.js?ver=1.0.0 HTTP/1.1" 200 2307 "https://jomarlogistica.com.br/2024/01/23/checkpoint-firewall-rules-export-best-practices-and-guidelines/" "Mozilla/5.0 (Windows NT 10.0; Win64; x64) AppleWebKit/537.36 (KHTML, like Gecko) Chrome/140.0.0.0 Safari/537.36 Edg/140.0.0.0"
jomarlogistica.com.br:80 5.10.3.194 - - [12/Sep/2025:06:09:13 -0300] "GET /wp-content/plugins/contact-form-7-multi-step/assets/frontend/js/cf7mls.js?ver=2.5.4 HTTP/1.1" 200 7286 "https://jomarlogistica.com.br/2024/01/23/checkpoint-firewall-rules-export-best-practices-and-guidelines/" "Mozilla/5.0 (Windows NT 10.0; Win64; x64) AppleWebKit/537.36 (KHTML, like Gecko) Chrome/140.0.0.0 Safari/537.36 Edg/140.0.0.0"
jomarlogistica.com.br:80 5.10.3.194 - - [12/Sep/2025:06:09:13 -0300] "GET /wp-content/plugins/contact-form-7/includes/js/index.js?ver=5.5.3 HTTP/1.1" 200 4245 "https://jomarlogistica.com.br/2024/01/23/checkpoint-firewall-rules-export-best-practices-and-guidelines/" "Mozilla/5.0 (Windows NT 10.0; Win64; x64) AppleWebKit/537.36 (KHTML, like Gecko) Chrome/140.0.0.0 Safari/537.36 Edg/140.0.0.0"
jomarlogistica.com.br:80 5.10.3.194 - - [12/Sep/2025:06:09:13 -0300] "GET /wp-content/plugins/booked/includes/add-ons/frontend-agents/js/functions.js?ver=2.3.5 HTTP/1.1" 200 1611 "https://jomarlogistica.com.br/2024/01/23/checkpoint-firewall-rules-export-best-practices-and-guidelines/" "Mozilla/5.0 (Windows NT 10.0; Win64; x64) AppleWebKit/537.36 (KHTML, like Gecko) Chrome/140.0.0.0 Safari/537.36 Edg/140.0.0.0"
jomarlogistica.com.br:80 5.10.3.194 - - [12/Sep/2025:06:09:13 -0300] "GET /wp-content/plugins/booked/assets/js/spin.min.js?ver=2.0.1 HTTP/1.1" 200 2463 "https://jomarlogistica.com.br/2024/01/23/checkpoint-firewall-rules-export-best-practices-and-guidelines/" "Mozilla/5.0 (Windows NT 10.0; Win64; x64) AppleWebKit/537.36 (KHTML, like Gecko) Chrome/140.0.0.0 Safari/537.36 Edg/140.0.0.0"
jomarlogistica.com.br:80 5.10.3.194 - - [12/Sep/2025:06:09:13 -0300] "GET /wp-content/themes/consultio/assets/js/bootstrap.min.js?ver=4.0.0 HTTP/1.1" 200 14187 "https://jomarlogistica.com.br/2024/01/23/checkpoint-firewall-rules-export-best-practices-and-guidelines/" "Mozilla/5.0 (Windows NT 10.0; Win64; x64) AppleWebKit/537.36 (KHTML, like Gecko) Chrome/140.0.0.0 Safari/537.36 Edg/140.0.0.0"
jomarlogistica.com.br:80 5.10.3.194 - - [12/Sep/2025:06:09:13 -0300] "GET /wp-content/plugins/booked/assets/js/spin.jquery.js?ver=2.0.1 HTTP/1.1" 200 1167 "https://jomarlogistica.com.br/2024/01/23/checkpoint-firewall-rules-export-best-practices-and-guidelines/" "Mozilla/5.0 (Windows NT 10.0; Win64; x64) AppleWebKit/537.36 (KHTML, like Gecko) Chrome/140.0.0.0 Safari/537.36 Edg/140.0.0.0"
jomarlogistica.com.br:80 5.10.3.194 - - [12/Sep/2025:06:09:13 -0300] "GET /wp-content/themes/consultio/assets/js/match-height-min.js?ver=1.0.0 HTTP/1.1" 200 3557 "https://jomarlogistica.com.br/2024/01/23/checkpoint-firewall-rules-export-best-practices-and-guidelines/" "Mozilla/5.0 (Windows NT 10.0; Win64; x64) AppleWebKit/537.36 (KHTML, like Gecko) Chrome/140.0.0.0 Safari/537.36 Edg/140.0.0.0"
jomarlogistica.com.br:80 5.10.3.194 - - [12/Sep/2025:06:09:13 -0300] "GET /wp-includes/js/wp-embed.min.js?ver=5.8.10 HTTP/1.1" 200 1177 "https://jomarlogistica.com.br/2024/01/23/checkpoint-firewall-rules-export-best-practices-and-guidelines/" "Mozilla/5.0 (Windows NT 10.0; Win64; x64) AppleWebKit/537.36 (KHTML, like Gecko) Chrome/140.0.0.0 Safari/537.36 Edg/140.0.0.0"
jomarlogistica.com.br:80 5.10.3.194 - - [12/Sep/2025:06:09:13 -0300] "GET /wp-content/plugins/revslider/public/assets/js/rbtools.min.js?ver=6.5.11 HTTP/1.1" 200 48787 "https://jomarlogistica.com.br/2024/01/23/checkpoint-firewall-rules-export-best-practices-and-guidelines/" "Mozilla/5.0 (Windows NT 10.0; Win64; x64) AppleWebKit/537.36 (KHTML, like Gecko) Chrome/140.0.0.0 Safari/537.36 Edg/140.0.0.0"
jomarlogistica.com.br:80 5.10.3.194 - - [12/Sep/2025:06:09:13 -0300] "GET /wp-content/themes/consultio/assets/fonts/fontawesome/fa-brands-400.woff2 HTTP/1.1" 200 75110 "https://jomarlogistica.com.br/wp-content/themes/consultio/assets/css/font-awesome5.min.css?ver=5.8.0" "Mozilla/5.0 (Windows NT 10.0; Win64; x64) AppleWebKit/537.36 (KHTML, like Gecko) Chrome/140.0.0.0 Safari/537.36 Edg/140.0.0.0"
jomarlogistica.com.br:80 5.10.3.194 - - [12/Sep/2025:06:09:13 -0300] "GET /wp-content/plugins/revslider/public/assets/js/rs6.min.js?ver=6.5.11 HTTP/1.1" 200 104993 "https://jomarlogistica.com.br/2024/01/23/checkpoint-firewall-rules-export-best-practices-and-guidelines/" "Mozilla/5.0 (Windows NT 10.0; Win64; x64) AppleWebKit/537.36 (KHTML, like Gecko) Chrome/140.0.0.0 Safari/537.36 Edg/140.0.0.0"
jomarlogistica.com.br:80 5.10.3.194 - - [12/Sep/2025:06:09:13 -0300] "GET /wp-content/plugins/booked/assets/js/tooltipster/js/jquery.tooltipster.min.js?ver=3.3.0 HTTP/1.1" 200 5373 "https://jomarlogistica.com.br/2024/01/23/checkpoint-firewall-rules-export-best-practices-and-guidelines/" "Mozilla/5.0 (Windows NT 10.0; Win64; x64) AppleWebKit/537.36 (KHTML, like Gecko) Chrome/140.0.0.0 Safari/537.36 Edg/140.0.0.0"
jomarlogistica.com.br:80 5.10.3.194 - - [12/Sep/2025:06:09:13 -0300] "GET /wp-content/plugins/case-theme-user/acess/js/notify.min.js?ver=1.0.0 HTTP/1.1" 200 7826 "https://jomarlogistica.com.br/2024/01/23/checkpoint-firewall-rules-export-best-practices-and-guidelines/" "Mozilla/5.0 (Windows NT 10.0; Win64; x64) AppleWebKit/537.36 (KHTML, like Gecko) Chrome/140.0.0.0 Safari/537.36 Edg/140.0.0.0"
jomarlogistica.com.br:80 5.10.3.194 - - [12/Sep/2025:06:09:13 -0300] "GET /wp-content/plugins/booked/assets/js/functions.js?ver=2.3.5 HTTP/1.1" 200 10029 "https://jomarlogistica.com.br/2024/01/23/checkpoint-firewall-rules-export-best-practices-and-guidelines/" "Mozilla/5.0 (Windows NT 10.0; Win64; x64) AppleWebKit/537.36 (KHTML, like Gecko) Chrome/140.0.0.0 Safari/537.36 Edg/140.0.0.0"
jomarlogistica.com.br:80 5.10.3.194 - - [12/Sep/2025:06:09:13 -0300] "GET /wp-content/plugins/case-theme-user/acess/js/remodal.min.js?ver=1.0.0 HTTP/1.1" 200 3045 "https://jomarlogistica.com.br/2024/01/23/checkpoint-firewall-rules-export-best-practices-and-guidelines/" "Mozilla/5.0 (Windows NT 10.0; Win64; x64) AppleWebKit/537.36 (KHTML, like Gecko) Chrome/140.0.0.0 Safari/537.36 Edg/140.0.0.0"
jomarlogistica.com.br:80 5.10.3.194 - - [12/Sep/2025:06:09:13 -0300] "GET /wp-includes/js/dist/vendor/regenerator-runtime.min.js?ver=0.13.7 HTTP/1.1" 200 2798 "https://jomarlogistica.com.br/2024/01/23/checkpoint-firewall-rules-export-best-practices-and-guidelines/" "Mozilla/5.0 (Windows NT 10.0; Win64; x64) AppleWebKit/537.36 (KHTML, like Gecko) Chrome/140.0.0.0 Safari/537.36 Edg/140.0.0.0"
jomarlogistica.com.br:80 5.10.3.194 - - [12/Sep/2025:06:09:13 -0300] "GET /wp-includes/js/dist/vendor/wp-polyfill.min.js?ver=3.15.0 HTTP/1.1" 200 6572 "https://jomarlogistica.com.br/2024/01/23/checkpoint-firewall-rules-export-best-practices-and-guidelines/" "Mozilla/5.0 (Windows NT 10.0; Win64; x64) AppleWebKit/537.36 (KHTML, like Gecko) Chrome/140.0.0.0 Safari/537.36 Edg/140.0.0.0"
jomarlogistica.com.br:80 5.10.3.194 - - [12/Sep/2025:06:09:13 -0300] "GET /wp-content/themes/consultio/assets/js/nice-select.min.js?ver=all HTTP/1.1" 200 1420 "https://jomarlogistica.com.br/2024/01/23/checkpoint-firewall-rules-export-best-practices-and-guidelines/" "Mozilla/5.0 (Windows NT 10.0; Win64; x64) AppleWebKit/537.36 (KHTML, like Gecko) Chrome/140.0.0.0 Safari/537.36 Edg/140.0.0.0"
jomarlogistica.com.br:80 5.10.3.194 - - [12/Sep/2025:06:09:13 -0300] "GET /wp-content/themes/consultio/assets/js/progressbar.min.js?ver=1.0.0 HTTP/1.1" 200 1327 "https://jomarlogistica.com.br/2024/01/23/checkpoint-firewall-rules-export-best-practices-and-guidelines/" "Mozilla/5.0 (Windows NT 10.0; Win64; x64) AppleWebKit/537.36 (KHTML, like Gecko) Chrome/140.0.0.0 Safari/537.36 Edg/140.0.0.0"
jomarlogistica.com.br:80 5.10.3.194 - - [12/Sep/2025:06:09:13 -0300] "GET /wp-content/themes/consultio/assets/js/magnific-popup.min.js?ver=1.0.0 HTTP/1.1" 200 14895 "https://jomarlogistica.com.br/2024/01/23/checkpoint-firewall-rules-export-best-practices-and-guidelines/" "Mozilla/5.0 (Windows NT 10.0; Win64; x64) AppleWebKit/537.36 (KHTML, like Gecko) Chrome/140.0.0.0 Safari/537.36 Edg/140.0.0.0"
jomarlogistica.com.br:80 5.10.3.194 - - [12/Sep/2025:06:09:13 -0300] "GET /wp-content/themes/consultio/assets/js/wow.min.js?ver=1.0.0 HTTP/1.1" 200 3260 "https://jomarlogistica.com.br/2024/01/23/checkpoint-firewall-rules-export-best-practices-and-guidelines/" "Mozilla/5.0 (Windows NT 10.0; Win64; x64) AppleWebKit/537.36 (KHTML, like Gecko) Chrome/140.0.0.0 Safari/537.36 Edg/140.0.0.0"
jomarlogistica.com.br:80 5.10.3.194 - - [12/Sep/2025:06:09:13 -0300] "GET /wp-includes/js/jquery/ui/mouse.min.js?ver=1.12.1 HTTP/1.1" 200 1479 "https://jomarlogistica.com.br/2024/01/23/checkpoint-firewall-rules-export-best-practices-and-guidelines/" "Mozilla/5.0 (Windows NT 10.0; Win64; x64) AppleWebKit/537.36 (KHTML, like Gecko) Chrome/140.0.0.0 Safari/537.36 Edg/140.0.0.0"
jomarlogistica.com.br:80 5.10.3.194 - - [12/Sep/2025:06:09:13 -0300] "GET /wp-includes/js/jquery/ui/slider.min.js?ver=1.12.1 HTTP/1.1" 200 3602 "https://jomarlogistica.com.br/2024/01/23/checkpoint-firewall-rules-export-best-practices-and-guidelines/" "Mozilla/5.0 (Windows NT 10.0; Win64; x64) AppleWebKit/537.36 (KHTML, like Gecko) Chrome/140.0.0.0 Safari/537.36 Edg/140.0.0.0"
jomarlogistica.com.br:80 5.10.3.194 - - [12/Sep/2025:06:09:13 -0300] "GET /wp-content/themes/consultio/assets/js/main.js?ver=2.8.0 HTTP/1.1" 200 6455 "https://jomarlogistica.com.br/2024/01/23/checkpoint-firewall-rules-export-best-practices-and-guidelines/" "Mozilla/5.0 (Windows NT 10.0; Win64; x64) AppleWebKit/537.36 (KHTML, like Gecko) Chrome/140.0.0.0 Safari/537.36 Edg/140.0.0.0"
jomarlogistica.com.br:80 5.10.3.194 - - [12/Sep/2025:06:09:13 -0300] "GET /wp-includes/js/wp-emoji-release.min.js?ver=5.8.10 HTTP/1.1" 200 5577 "https://jomarlogistica.com.br/2024/01/23/checkpoint-firewall-rules-export-best-practices-and-guidelines/" "Mozilla/5.0 (Windows NT 10.0; Win64; x64) AppleWebKit/537.36 (KHTML, like Gecko) Chrome/140.0.0.0 Safari/537.36 Edg/140.0.0.0"
jomarlogistica.com.br:80 5.10.3.194 - - [12/Sep/2025:06:09:13 -0300] "GET /wp-content/uploads/2020/05/bg-page-title-u.jpg HTTP/1.1" 200 88326 "https://jomarlogistica.com.br/2024/01/23/checkpoint-firewall-rules-export-best-practices-and-guidelines/" "Mozilla/5.0 (Windows NT 10.0; Win64; x64) AppleWebKit/537.36 (KHTML, like Gecko) Chrome/140.0.0.0 Safari/537.36 Edg/140.0.0.0"
jomarlogistica.com.br:80 5.10.3.194 - - [12/Sep/2025:06:09:13 -0300] "GET /wp-content/themes/consultio/assets/fonts/Flaticon.woff2 HTTP/1.1" 200 12814 "https://jomarlogistica.com.br/wp-content/themes/consultio/assets/css/flaticon.css?ver=2.8.0" "Mozilla/5.0 (Windows NT 10.0; Win64; x64) AppleWebKit/537.36 (KHTML, like Gecko) Chrome/140.0.0.0 Safari/537.36 Edg/140.0.0.0"
jomarlogistica.com.br:80 5.10.3.194 - - [12/Sep/2025:06:09:13 -0300] "GET /wp-content/themes/consultio/assets/fonts/Flaticon-v3.woff2 HTTP/1.1" 200 8049 "https://jomarlogistica.com.br/wp-content/themes/consultio/assets/css/flaticon-v3.css?ver=2.8.0" "Mozilla/5.0 (Windows NT 10.0; Win64; x64) AppleWebKit/537.36 (KHTML, like Gecko) Chrome/140.0.0.0 Safari/537.36 Edg/140.0.0.0"
jomarlogistica.com.br:80 5.10.3.194 - - [12/Sep/2025:06:09:13 -0300] "GET /wp-content/themes/consultio/assets/fonts/fontawesome/fa-solid-900.woff2 HTTP/1.1" 200 117654 "https://jomarlogistica.com.br/wp-content/themes/consultio/assets/css/font-awesome5.min.css?ver=5.8.0" "Mozilla/5.0 (Windows NT 10.0; Win64; x64) AppleWebKit/537.36 (KHTML, like Gecko) Chrome/140.0.0.0 Safari/537.36 Edg/140.0.0.0"
jomarlogistica.com.br:80 5.10.3.194 - - [12/Sep/2025:06:09:13 -0300] "GET /wp-content/themes/consultio/assets/fonts/fontawesome/fa-regular-400.woff2 HTTP/1.1" 200 145375 "https://jomarlogistica.com.br/wp-content/themes/consultio/assets/css/font-awesome5.min.css?ver=5.8.0" "Mozilla/5.0 (Windows NT 10.0; Win64; x64) AppleWebKit/537.36 (KHTML, like Gecko) Chrome/140.0.0.0 Safari/537.36 Edg/140.0.0.0"
jomarlogistica.com.br:80 127.0.0.1 - - [12/Sep/2025:06:09:18 -0300] "OPTIONS * HTTP/1.0" 200 110 "-" "Apache/2.4.65 (Ubuntu) (internal dummy connection)"
jomarlogistica.com.br:80 127.0.0.1 - - [12/Sep/2025:06:09:19 -0300] "OPTIONS * HTTP/1.0" 200 110 "-" "Apache/2.4.65 (Ubuntu) (internal dummy connection)"
jomarlogistica.com.br:80 5.10.3.194 - - [12/Sep/2025:06:09:12 -0300] "GET /?a7b529c=7457502 HTTP/1.1" 200 287 "https://jomarlogistica.com.br/2024/01/23/checkpoint-firewall-rules-export-best-practices-and-guidelines/" "Mozilla/5.0 (Windows NT 10.0; Win64; x64) AppleWebKit/537.36 (KHTML, like Gecko) Chrome/140.0.0.0 Safari/537.36 Edg/140.0.0.0"
jomarlogistica.com.br:80 127.0.0.1 - - [12/Sep/2025:06:09:23 -0300] "OPTIONS * HTTP/1.0" 200 110 "-" "Apache/2.4.65 (Ubuntu) (internal dummy connection)"
jomarlogistica.com.br:80 114.119.134.192 - - [12/Sep/2025:06:10:36 -0300] "GET /2023/04/14/uk-wedding-traditions/ HTTP/1.1" 200 17884 "https://jomarlogistica.com.br/category/jomar/page/33/" "Mozilla/5.0 (Linux; Android 7.0;) AppleWebKit/537.36 (KHTML, like Gecko) Mobile Safari/537.36 (compatible; PetalBot;+https://webmaster.petalsearch.com/site/petalbot)"
jomarlogistica.com.br:80 85.208.96.204 - - [12/Sep/2025:06:11:52 -0300] "GET /2023/02/25/marriage-relationship-advice-how-to-keep-your-marriage-happy-healthy-and-strong/ HTTP/1.1" 200 18338 "-" "Mozilla/5.0 (compatible; SemrushBot/7~bl; +http://www.semrush.com/bot.html)"
jomarlogistica.com.br:80 114.119.138.130 - - [12/Sep/2025:06:12:01 -0300] "GET /2023/01/30/what-to-anticipate-from-a-latina-relationship-agency/ HTTP/1.1" 200 18060 "https://jomarlogistica.com.br/2023/01/29/why-russian-ship-order-wife-has-become-the-stylish-option-for-west-gentlemen/" "Mozilla/5.0 (Linux; Android 7.0;) AppleWebKit/537.36 (KHTML, like Gecko) Mobile Safari/537.36 (compatible; PetalBot;+https://webmaster.petalsearch.com/site/petalbot)"
jomarlogistica.com.br:80 172.20.1.117 - - [12/Sep/2025:06:12:33 -0300] "POST /wp-cron.php?doing_wp_cron=1757668353.0720629692077636718750 HTTP/1.1" 200 389 "https://jomarlogistica.com.br/wp-cron.php?doing_wp_cron=1757668353.0720629692077636718750" "WordPress/5.8.10; https://jomarlogistica.com.br"
jomarlogistica.com.br:80 57.141.0.53 - - [12/Sep/2025:06:12:32 -0300] "GET /2023/05/10/dating-chat-for-those-looking-for-hooking-up-or-settling-down-2/ HTTP/1.1" 200 79413 "-" "meta-externalagent/1.1 (+https://developers.facebook.com/docs/sharing/webmasters/crawler)"
jomarlogistica.com.br:80 127.0.0.1 - - [12/Sep/2025:06:12:38 -0300] "OPTIONS * HTTP/1.0" 200 110 "-" "Apache/2.4.65 (Ubuntu) (internal dummy connection)"
jomarlogistica.com.br:80 114.119.159.76 - - [12/Sep/2025:06:13:29 -0300] "GET /2022/10/26/understanding-mutually-useful-sugar-interactions/ HTTP/1.1" 200 17394 "https://jomarlogistica.com.br/2022/page/11/" "Mozilla/5.0 (Linux; Android 7.0;) AppleWebKit/537.36 (KHTML, like Gecko) Mobile Safari/537.36 (compatible; PetalBot;+https://webmaster.petalsearch.com/site/petalbot)"
jomarlogistica.com.br:80 216.73.216.134 - - [12/Sep/2025:06:15:36 -0300] "GET /robots.txt HTTP/1.1" 200 584 "-" "Mozilla/5.0 AppleWebKit/537.36 (KHTML, like Gecko; compatible; ClaudeBot/1.0; +claudebot@anthropic.com)"
jomarlogistica.com.br:80 216.73.216.134 - - [12/Sep/2025:06:15:37 -0300] "GET /category/jomar/page/37 HTTP/1.1" 301 414 "-" "Mozilla/5.0 AppleWebKit/537.36 (KHTML, like Gecko; compatible; ClaudeBot/1.0; +claudebot@anthropic.com)"
jomarlogistica.com.br:80 216.73.216.134 - - [12/Sep/2025:06:15:37 -0300] "GET /category/jomar/page/37/ HTTP/1.1" 200 18777 "https://jomarlogistica.com.br/category/jomar/page/37" "Mozilla/5.0 AppleWebKit/537.36 (KHTML, like Gecko; compatible; ClaudeBot/1.0; +claudebot@anthropic.com)"
jomarlogistica.com.br:80 172.20.1.117 - - [12/Sep/2025:06:20:34 -0300] "POST /wp-cron.php?doing_wp_cron=1757668834.3701999187469482421875 HTTP/1.1" 200 389 "https://jomarlogistica.com.br/wp-cron.php?doing_wp_cron=1757668834.3701999187469482421875" "WordPress/5.8.10; https://jomarlogistica.com.br"
jomarlogistica.com.br:80 85.208.96.208 - - [12/Sep/2025:06:20:33 -0300] "GET /2023/07/04/the-very-best-free-vpn-application/ HTTP/1.1" 200 17328 "-" "Mozilla/5.0 (compatible; SemrushBot/7~bl; +http://www.semrush.com/bot.html)"
jomarlogistica.com.br:80 127.0.0.1 - - [12/Sep/2025:06:20:39 -0300] "OPTIONS * HTTP/1.0" 200 110 "-" "Apache/2.4.65 (Ubuntu) (internal dummy connection)"
jomarlogistica.com.br:80 172.20.1.117 - - [12/Sep/2025:06:24:38 -0300] "POST /wp-cron.php?doing_wp_cron=1757669078.1728200912475585937500 HTTP/1.1" 200 389 "https://jomarlogistica.com.br/wp-cron.php?doing_wp_cron=1757669078.1728200912475585937500" "WordPress/5.8.10; https://jomarlogistica.com.br"
jomarlogistica.com.br:80 85.208.96.198 - - [12/Sep/2025:06:24:37 -0300] "GET /2023/03/07/scandinavian-popular-cities-for-flirting/ HTTP/1.1" 200 19054 "-" "Mozilla/5.0 (compatible; SemrushBot/7~bl; +http://www.semrush.com/bot.html)"
jomarlogistica.com.br:80 127.0.0.1 - - [12/Sep/2025:06:24:43 -0300] "OPTIONS * HTTP/1.0" 200 110 "-" "Apache/2.4.65 (Ubuntu) (internal dummy connection)"
jomarlogistica.com.br:80 172.190.142.176 - - [12/Sep/2025:06:26:45 -0300] "GET / HTTP/1.1" 200 134115 "-" "-"
jomarlogistica.com.br:80 216.73.216.134 - - [12/Sep/2025:06:26:47 -0300] "GET /2022/03/18/are-bearded-dragons-legal-in-new-york-laws-regulations-explained/feed HTTP/1.1" 301 586 "-" "Mozilla/5.0 AppleWebKit/537.36 (KHTML, like Gecko; compatible; ClaudeBot/1.0; +claudebot@anthropic.com)"
jomarlogistica.com.br:80 216.73.216.134 - - [12/Sep/2025:06:26:48 -0300] "GET /2022/03/18/are-bearded-dragons-legal-in-new-york-laws-regulations-explained/feed/ HTTP/1.1" 200 949 "https://jomarlogistica.com.br/2022/03/18/are-bearded-dragons-legal-in-new-york-laws-regulations-explained/feed" "Mozilla/5.0 AppleWebKit/537.36 (KHTML, like Gecko; compatible; ClaudeBot/1.0; +claudebot@anthropic.com)"
jomarlogistica.com.br:80 172.190.142.176 - - [12/Sep/2025:06:26:47 -0300] "GET / HTTP/1.1" 200 134115 "-" "-"
jomarlogistica.com.br:80 172.190.142.176 - - [12/Sep/2025:06:26:49 -0300] "GET /wp-content/plugins/hellopress/wp_filemanager.php HTTP/1.1" 404 448 "-" "-"
jomarlogistica.com.br:80 172.190.142.176 - - [12/Sep/2025:06:26:50 -0300] "GET /mr.php HTTP/1.1" 404 390 "-" "-"
jomarlogistica.com.br:80 172.190.142.176 - - [12/Sep/2025:06:26:50 -0300] "GET /pm.php HTTP/1.1" 404 409 "-" "-"
jomarlogistica.com.br:80 172.190.142.176 - - [12/Sep/2025:06:26:51 -0300] "GET /vxrl.php HTTP/1.1" 404 390 "-" "-"
jomarlogistica.com.br:80 172.190.142.176 - - [12/Sep/2025:06:26:52 -0300] "GET /shorw.php HTTP/1.1" 404 390 "-" "-"
jomarlogistica.com.br:80 172.190.142.176 - - [12/Sep/2025:06:26:52 -0300] "GET /gifclass.php HTTP/1.1" 404 390 "-" "-"
jomarlogistica.com.br:80 172.190.142.176 - - [12/Sep/2025:06:26:53 -0300] "GET /orm.php HTTP/1.1" 404 390 "-" "-"
jomarlogistica.com.br:80 172.190.142.176 - - [12/Sep/2025:06:26:54 -0300] "GET /gmo.php HTTP/1.1" 404 409 "-" "-"
jomarlogistica.com.br:80 172.190.142.176 - - [12/Sep/2025:06:26:54 -0300] "GET /ioxi2.php HTTP/1.1" 404 390 "-" "-"
jomarlogistica.com.br:80 172.190.142.176 - - [12/Sep/2025:06:26:55 -0300] "GET /MARIJUANA.php HTTP/1.1" 404 390 "-" "-"
jomarlogistica.com.br:80 172.190.142.176 - - [12/Sep/2025:06:26:56 -0300] "GET /file17.php HTTP/1.1" 404 390 "-" "-"
jomarlogistica.com.br:80 172.190.142.176 - - [12/Sep/2025:06:26:56 -0300] "GET /H.php HTTP/1.1" 404 390 "-" "-"
jomarlogistica.com.br:80 172.190.142.176 - - [12/Sep/2025:06:26:57 -0300] "GET /zcxb.php HTTP/1.1" 404 409 "-" "-"
jomarlogistica.com.br:80 172.190.142.176 - - [12/Sep/2025:06:26:58 -0300] "GET /wpls.php HTTP/1.1" 404 390 "-" "-"
jomarlogistica.com.br:80 172.190.142.176 - - [12/Sep/2025:06:26:58 -0300] "GET /testas.php HTTP/1.1" 404 390 "-" "-"
jomarlogistica.com.br:80 172.190.142.176 - - [12/Sep/2025:06:26:59 -0300] "GET /nope.php HTTP/1.1" 404 390 "-" "-"
jomarlogistica.com.br:80 172.190.142.176 - - [12/Sep/2025:06:27:00 -0300] "GET /reyna.php HTTP/1.1" 404 390 "-" "-"
jomarlogistica.com.br:80 172.190.142.176 - - [12/Sep/2025:06:27:00 -0300] "GET /ma1.php HTTP/1.1" 404 409 "-" "-"
jomarlogistica.com.br:80 127.0.0.1 - - [12/Sep/2025:06:27:01 -0300] "OPTIONS * HTTP/1.0" 200 110 "-" "Apache/2.4.65 (Ubuntu) (internal dummy connection)"
jomarlogistica.com.br:80 172.190.142.176 - - [12/Sep/2025:06:27:01 -0300] "GET /bypltspd.php HTTP/1.1" 404 390 "-" "-"
jomarlogistica.com.br:80 172.190.142.176 - - [12/Sep/2025:06:27:02 -0300] "GET /aaa.php HTTP/1.1" 404 390 "-" "-"
jomarlogistica.com.br:80 172.190.142.176 - - [12/Sep/2025:06:27:02 -0300] "GET /wp-xx.php HTTP/1.1" 404 390 "-" "-"
jomarlogistica.com.br:80 172.190.142.176 - - [12/Sep/2025:06:27:03 -0300] "GET /wp-xm.php HTTP/1.1" 404 390 "-" "-"
jomarlogistica.com.br:80 172.190.142.176 - - [12/Sep/2025:06:27:04 -0300] "GET /zeal.php HTTP/1.1" 404 409 "-" "-"
jomarlogistica.com.br:80 172.190.142.176 - - [12/Sep/2025:06:27:04 -0300] "GET /h8h9.php HTTP/1.1" 404 390 "-" "-"
jomarlogistica.com.br:80 172.190.142.176 - - [12/Sep/2025:06:27:05 -0300] "GET /zasd.php HTTP/1.1" 404 390 "-" "-"
jomarlogistica.com.br:80 172.190.142.176 - - [12/Sep/2025:06:27:05 -0300] "GET /xzs.php HTTP/1.1" 404 390 "-" "-"
jomarlogistica.com.br:80 172.190.142.176 - - [12/Sep/2025:06:27:06 -0300] "GET /yep.php HTTP/1.1" 404 390 "-" "-"
jomarlogistica.com.br:80 172.190.142.176 - - [12/Sep/2025:06:27:07 -0300] "GET /des.php HTTP/1.1" 404 409 "-" "-"
jomarlogistica.com.br:80 172.190.142.176 - - [12/Sep/2025:06:27:07 -0300] "GET /xex.php HTTP/1.1" 404 390 "-" "-"
jomarlogistica.com.br:80 172.190.142.176 - - [12/Sep/2025:06:27:08 -0300] "GET /tox.php HTTP/1.1" 404 390 "-" "-"
jomarlogistica.com.br:80 172.190.142.176 - - [12/Sep/2025:06:27:09 -0300] "GET /racs3.php HTTP/1.1" 404 390 "-" "-"
jomarlogistica.com.br:80 172.190.142.176 - - [12/Sep/2025:06:27:09 -0300] "GET /wp-cliner.php HTTP/1.1" 404 390 "-" "-"
jomarlogistica.com.br:80 172.190.142.176 - - [12/Sep/2025:06:27:10 -0300] "GET /law.php HTTP/1.1" 404 409 "-" "-"
jomarlogistica.com.br:80 172.190.142.176 - - [12/Sep/2025:06:27:11 -0300] "GET /moo.php HTTP/1.1" 404 390 "-" "-"
jomarlogistica.com.br:80 172.20.1.117 - - [12/Sep/2025:06:27:12 -0300] "POST /wp-cron.php?doing_wp_cron=1757669232.2231190204620361328125 HTTP/1.1" 200 389 "https://jomarlogistica.com.br/wp-cron.php?doing_wp_cron=1757669232.2231190204620361328125" "WordPress/5.8.10; https://jomarlogistica.com.br"
jomarlogistica.com.br:80 172.190.142.176 - - [12/Sep/2025:06:27:11 -0300] "GET /89.php HTTP/1.1" 404 390 "-" "-"
jomarlogistica.com.br:80 172.190.142.176 - - [12/Sep/2025:06:27:12 -0300] "GET /noe.php HTTP/1.1" 404 390 "-" "-"
jomarlogistica.com.br:80 172.190.142.176 - - [12/Sep/2025:06:27:13 -0300] "GET /fe5.php HTTP/1.1" 404 390 "-" "-"
jomarlogistica.com.br:80 172.190.142.176 - - [12/Sep/2025:06:27:14 -0300] "GET /gg.php HTTP/1.1" 404 409 "-" "-"
jomarlogistica.com.br:80 172.190.142.176 - - [12/Sep/2025:06:27:14 -0300] "GET /fresh3.php HTTP/1.1" 404 390 "-" "-"
jomarlogistica.com.br:80 172.190.142.176 - - [12/Sep/2025:06:27:15 -0300] "GET /mo.php HTTP/1.1" 404 390 "-" "-"
jomarlogistica.com.br:80 172.190.142.176 - - [12/Sep/2025:06:27:16 -0300] "GET /6erg.php HTTP/1.1" 404 390 "-" "-"
jomarlogistica.com.br:80 172.190.142.176 - - [12/Sep/2025:06:27:16 -0300] "GET /rsnu.php HTTP/1.1" 404 409 "-" "-"
jomarlogistica.com.br:80 127.0.0.1 - - [12/Sep/2025:06:27:17 -0300] "OPTIONS * HTTP/1.0" 200 110 "-" "Apache/2.4.65 (Ubuntu) (internal dummy connection)"
jomarlogistica.com.br:80 172.190.142.176 - - [12/Sep/2025:06:27:17 -0300] "GET /card.php HTTP/1.1" 404 390 "-" "-"
jomarlogistica.com.br:80 172.190.142.176 - - [12/Sep/2025:06:27:18 -0300] "GET /aa17.php HTTP/1.1" 404 390 "-" "-"
jomarlogistica.com.br:80 172.190.142.176 - - [12/Sep/2025:06:27:18 -0300] "GET /admi.php HTTP/1.1" 404 390 "-" "-"
jomarlogistica.com.br:80 172.190.142.176 - - [12/Sep/2025:06:27:19 -0300] "GET /note.php HTTP/1.1" 404 390 "-" "-"
jomarlogistica.com.br:80 172.190.142.176 - - [12/Sep/2025:06:27:20 -0300] "GET /png.php HTTP/1.1" 404 409 "-" "-"
jomarlogistica.com.br:80 172.190.142.176 - - [12/Sep/2025:06:27:21 -0300] "GET /ava.php HTTP/1.1" 404 390 "-" "-"
jomarlogistica.com.br:80 172.190.142.176 - - [12/Sep/2025:06:27:21 -0300] "GET /resp.php HTTP/1.1" 404 390 "-" "-"
jomarlogistica.com.br:80 172.190.142.176 - - [12/Sep/2025:06:27:22 -0300] "GET /algox.php HTTP/1.1" 404 390 "-" "-"
jomarlogistica.com.br:80 172.190.142.176 - - [12/Sep/2025:06:27:23 -0300] "GET /v2.php HTTP/1.1" 404 390 "-" "-"
jomarlogistica.com.br:80 172.190.142.176 - - [12/Sep/2025:06:27:23 -0300] "GET /hb02ugyh.php HTTP/1.1" 404 409 "-" "-"
jomarlogistica.com.br:80 172.190.142.176 - - [12/Sep/2025:06:27:24 -0300] "GET /sxb.php HTTP/1.1" 404 390 "-" "-"
jomarlogistica.com.br:80 172.190.142.176 - - [12/Sep/2025:06:27:25 -0300] "GET /gm.php HTTP/1.1" 404 390 "-" "-"
jomarlogistica.com.br:80 172.190.142.176 - - [12/Sep/2025:06:27:25 -0300] "GET /jga.php HTTP/1.1" 404 390 "-" "-"
jomarlogistica.com.br:80 172.190.142.176 - - [12/Sep/2025:06:27:26 -0300] "GET /file5.php HTTP/1.1" 404 390 "-" "-"
jomarlogistica.com.br:80 172.190.142.176 - - [12/Sep/2025:06:27:27 -0300] "GET /miansha.php HTTP/1.1" 404 409 "-" "-"
jomarlogistica.com.br:80 172.190.142.176 - - [12/Sep/2025:06:27:27 -0300] "GET /mjq.php HTTP/1.1" 404 390 "-" "-"
jomarlogistica.com.br:80 172.190.142.176 - - [12/Sep/2025:06:27:28 -0300] "GET /yasnu.php HTTP/1.1" 404 390 "-" "-"
jomarlogistica.com.br:80 172.190.142.176 - - [12/Sep/2025:06:27:29 -0300] "GET /yanki.php HTTP/1.1" 404 390 "-" "-"
jomarlogistica.com.br:80 172.190.142.176 - - [12/Sep/2025:06:27:30 -0300] "GET /elf.php HTTP/1.1" 404 390 "-" "-"
jomarlogistica.com.br:80 172.190.142.176 - - [12/Sep/2025:06:27:30 -0300] "GET /7wom.php HTTP/1.1" 404 409 "-" "-"
jomarlogistica.com.br:80 172.190.142.176 - - [12/Sep/2025:06:27:31 -0300] "GET /new4.php HTTP/1.1" 404 390 "-" "-"
jomarlogistica.com.br:80 172.190.142.176 - - [12/Sep/2025:06:27:32 -0300] "GET /pola.php HTTP/1.1" 404 390 "-" "-"
jomarlogistica.com.br:80 172.190.142.176 - - [12/Sep/2025:06:27:32 -0300] "GET /mbg.php HTTP/1.1" 404 390 "-" "-"
jomarlogistica.com.br:80 172.190.142.176 - - [12/Sep/2025:06:27:33 -0300] "GET /1a.php HTTP/1.1" 404 390 "-" "-"
jomarlogistica.com.br:80 172.190.142.176 - - [12/Sep/2025:06:27:34 -0300] "GET /karak.php HTTP/1.1" 404 409 "-" "-"
jomarlogistica.com.br:80 172.190.142.176 - - [12/Sep/2025:06:27:34 -0300] "GET /loli.php HTTP/1.1" 404 390 "-" "-"
jomarlogistica.com.br:80 172.190.142.176 - - [12/Sep/2025:06:27:35 -0300] "GET /667.php HTTP/1.1" 404 390 "-" "-"
jomarlogistica.com.br:80 172.190.142.176 - - [12/Sep/2025:06:27:36 -0300] "GET /a2.php HTTP/1.1" 404 390 "-" "-"
jomarlogistica.com.br:80 172.190.142.176 - - [12/Sep/2025:06:27:36 -0300] "GET /ertg.php HTTP/1.1" 404 390 "-" "-"
jomarlogistica.com.br:80 172.190.142.176 - - [12/Sep/2025:06:27:37 -0300] "GET /jlex3.php HTTP/1.1" 404 409 "-" "-"
jomarlogistica.com.br:80 172.190.142.176 - - [12/Sep/2025:06:27:37 -0300] "GET /cool.php HTTP/1.1" 404 390 "-" "-"
jomarlogistica.com.br:80 172.190.142.176 - - [12/Sep/2025:06:27:38 -0300] "GET /13.php HTTP/1.1" 404 390 "-" "-"
jomarlogistica.com.br:80 172.190.142.176 - - [12/Sep/2025:06:27:39 -0300] "GET /lol.php HTTP/1.1" 404 390 "-" "-"
jomarlogistica.com.br:80 172.190.142.176 - - [12/Sep/2025:06:27:40 -0300] "GET /iov.php HTTP/1.1" 404 390 "-" "-"
jomarlogistica.com.br:80 172.190.142.176 - - [12/Sep/2025:06:27:40 -0300] "GET /bolt.php HTTP/1.1" 404 409 "-" "-"
jomarlogistica.com.br:80 172.190.142.176 - - [12/Sep/2025:06:27:41 -0300] "GET /as4AaPasd.php HTTP/1.1" 404 390 "-" "-"
jomarlogistica.com.br:80 172.190.142.176 - - [12/Sep/2025:06:27:41 -0300] "GET /w3llstore.php HTTP/1.1" 404 390 "-" "-"
jomarlogistica.com.br:80 172.190.142.176 - - [12/Sep/2025:06:27:42 -0300] "GET /shell20250630.php HTTP/1.1" 404 390 "-" "-"
jomarlogistica.com.br:80 172.190.142.176 - - [12/Sep/2025:06:27:43 -0300] "GET /aaaa.php HTTP/1.1" 404 390 "-" "-"
jomarlogistica.com.br:80 172.190.142.176 - - [12/Sep/2025:06:27:43 -0300] "GET /css.php HTTP/1.1" 404 409 "-" "-"
jomarlogistica.com.br:80 172.190.142.176 - - [12/Sep/2025:06:27:44 -0300] "GET /.lajuju.php HTTP/1.1" 404 390 "-" "-"
jomarlogistica.com.br:80 172.190.142.176 - - [12/Sep/2025:06:27:45 -0300] "GET /wp-gr.php HTTP/1.1" 404 390 "-" "-"
jomarlogistica.com.br:80 172.190.142.176 - - [12/Sep/2025:06:27:45 -0300] "GET /ffile.php HTTP/1.1" 404 390 "-" "-"
jomarlogistica.com.br:80 172.190.142.176 - - [12/Sep/2025:06:27:46 -0300] "GET /trd.php HTTP/1.1" 404 390 "-" "-"
jomarlogistica.com.br:80 172.190.142.176 - - [12/Sep/2025:06:27:47 -0300] "GET /goh.php HTTP/1.1" 404 409 "-" "-"
jomarlogistica.com.br:80 172.190.142.176 - - [12/Sep/2025:06:27:47 -0300] "GET /class-t.api.php HTTP/1.1" 404 390 "-" "-"
jomarlogistica.com.br:80 172.190.142.176 - - [12/Sep/2025:06:27:48 -0300] "GET /tcp.php HTTP/1.1" 404 390 "-" "-"
jomarlogistica.com.br:80 172.190.142.176 - - [12/Sep/2025:06:27:49 -0300] "GET /ioxi.php HTTP/1.1" 404 390 "-" "-"
jomarlogistica.com.br:80 172.190.142.176 - - [12/Sep/2025:06:27:49 -0300] "GET /jmfi2.php HTTP/1.1" 404 390 "-" "-"
jomarlogistica.com.br:80 172.190.142.176 - - [12/Sep/2025:06:27:50 -0300] "GET /zwso.php HTTP/1.1" 404 409 "-" "-"
jomarlogistica.com.br:80 172.190.142.176 - - [12/Sep/2025:06:27:51 -0300] "GET /wp-xrm.php HTTP/1.1" 404 390 "-" "-"
jomarlogistica.com.br:80 172.190.142.176 - - [12/Sep/2025:06:27:52 -0300] "GET /r4f_1.php HTTP/1.1" 404 390 "-" "-"
jomarlogistica.com.br:80 172.190.142.176 - - [12/Sep/2025:06:27:52 -0300] "GET /nbm.php HTTP/1.1" 404 390 "-" "-"
jomarlogistica.com.br:80 172.190.142.176 - - [12/Sep/2025:06:27:53 -0300] "GET /ff.php HTTP/1.1" 404 390 "-" "-"
jomarlogistica.com.br:80 172.190.142.176 - - [12/Sep/2025:06:27:54 -0300] "GET /mws.php HTTP/1.1" 404 409 "-" "-"
jomarlogistica.com.br:80 172.190.142.176 - - [12/Sep/2025:06:27:54 -0300] "GET /alf4.php HTTP/1.1" 404 390 "-" "-"
jomarlogistica.com.br:80 172.190.142.176 - - [12/Sep/2025:06:27:55 -0300] "GET /mtrje.php HTTP/1.1" 404 390 "-" "-"
jomarlogistica.com.br:80 172.190.142.176 - - [12/Sep/2025:06:27:56 -0300] "GET /shell1.php HTTP/1.1" 404 390 "-" "-"
jomarlogistica.com.br:80 172.190.142.176 - - [12/Sep/2025:06:27:56 -0300] "GET /chn.php HTTP/1.1" 404 390 "-" "-"
jomarlogistica.com.br:80 172.190.142.176 - - [12/Sep/2025:06:27:57 -0300] "GET /mnkalo.php HTTP/1.1" 404 409 "-" "-"
jomarlogistica.com.br:80 172.190.142.176 - - [12/Sep/2025:06:27:58 -0300] "GET /vxrl.php HTTP/1.1" 404 390 "-" "-"
jomarlogistica.com.br:80 172.190.142.176 - - [12/Sep/2025:06:27:59 -0300] "GET /abt.php HTTP/1.1" 404 390 "-" "-"
jomarlogistica.com.br:80 172.190.142.176 - - [12/Sep/2025:06:28:00 -0300] "GET /awi.php HTTP/1.1" 404 390 "-" "-"
jomarlogistica.com.br:80 172.190.142.176 - - [12/Sep/2025:06:28:00 -0300] "GET /malo.php HTTP/1.1" 404 390 "-" "-"
jomarlogistica.com.br:80 172.190.142.176 - - [12/Sep/2025:06:28:01 -0300] "GET /upgrade.php HTTP/1.1" 404 409 "-" "-"
jomarlogistica.com.br:80 172.190.142.176 - - [12/Sep/2025:06:28:02 -0300] "GET /10266.php HTTP/1.1" 404 390 "-" "-"
jomarlogistica.com.br:80 172.190.142.176 - - [12/Sep/2025:06:28:02 -0300] "GET /xpass.php HTTP/1.1" 404 390 "-" "-"
jomarlogistica.com.br:80 172.190.142.176 - - [12/Sep/2025:06:28:03 -0300] "GET /hg.php HTTP/1.1" 404 390 "-" "-"
jomarlogistica.com.br:80 172.190.142.176 - - [12/Sep/2025:06:28:04 -0300] "GET /async.php HTTP/1.1" 404 390 "-" "-"
jomarlogistica.com.br:80 172.190.142.176 - - [12/Sep/2025:06:28:04 -0300] "GET /class.1.php HTTP/1.1" 404 409 "-" "-"
jomarlogistica.com.br:80 172.190.142.176 - - [12/Sep/2025:06:28:05 -0300] "GET /gfile1.php HTTP/1.1" 404 390 "-" "-"
jomarlogistica.com.br:80 172.190.142.176 - - [12/Sep/2025:06:28:06 -0300] "GET /whv.php HTTP/1.1" 404 390 "-" "-"
jomarlogistica.com.br:80 172.190.142.176 - - [12/Sep/2025:06:28:06 -0300] "GET /ioxi-o.php HTTP/1.1" 404 390 "-" "-"
jomarlogistica.com.br:80 172.190.142.176 - - [12/Sep/2025:06:28:07 -0300] "GET /1a.php HTTP/1.1" 404 390 "-" "-"
jomarlogistica.com.br:80 172.190.142.176 - - [12/Sep/2025:06:28:08 -0300] "GET /volka.php HTTP/1.1" 404 409 "-" "-"
jomarlogistica.com.br:80 114.119.138.130 - - [12/Sep/2025:06:29:07 -0300] "GET /2023/05/28/submit-order-star-of-the-wedding-catalog-get-a-foreign-bride-to-be-online/ HTTP/1.1" 200 42690 "https://jomarlogistica.com.br/2023/page/21/" "Mozilla/5.0 (Linux; Android 7.0;) AppleWebKit/537.36 (KHTML, like Gecko) Mobile Safari/537.36 (compatible; PetalBot;+https://webmaster.petalsearch.com/site/petalbot)"
jomarlogistica.com.br:80 54.83.240.58 - - [12/Sep/2025:06:29:55 -0300] "GET /blog-standard-left-sidebar/page/50/ HTTP/1.1" 200 19272 "-" "Mozilla/5.0 AppleWebKit/537.36 (KHTML, like Gecko; compatible; Amazonbot/0.1; +https://developer.amazon.com/support/amazonbot) Chrome/119.0.6045.214 Safari/537.36"
jomarlogistica.com.br:80 114.119.128.158 - - [12/Sep/2025:06:30:31 -0300] "GET /2023/02/13/internet-dating-in-other-countries/ HTTP/1.1" 200 18128 "https://jomarlogistica.com.br/2023/02/14/5-tips-to-help-you-will-find-a-girl-right-from-another-region-online/" "Mozilla/5.0 (Linux; Android 7.0;) AppleWebKit/537.36 (KHTML, like Gecko) Mobile Safari/537.36 (compatible; PetalBot;+https://webmaster.petalsearch.com/site/petalbot)"
jomarlogistica.com.br:80 172.20.1.117 - - [12/Sep/2025:06:32:22 -0300] "POST /wp-cron.php?doing_wp_cron=1757669542.6653470993041992187500 HTTP/1.1" 200 389 "https://jomarlogistica.com.br/wp-cron.php?doing_wp_cron=1757669542.6653470993041992187500" "WordPress/5.8.10; https://jomarlogistica.com.br"
jomarlogistica.com.br:80 185.191.171.14 - - [12/Sep/2025:06:32:22 -0300] "GET /2022/12/31/finding-love-on-a-free-intercontinental-dating-site/ HTTP/1.1" 200 18096 "-" "Mozilla/5.0 (compatible; SemrushBot/7~bl; +http://www.semrush.com/bot.html)"
jomarlogistica.com.br:80 127.0.0.1 - - [12/Sep/2025:06:32:27 -0300] "OPTIONS * HTTP/1.0" 200 110 "-" "Apache/2.4.65 (Ubuntu) (internal dummy connection)"
jomarlogistica.com.br:80 185.191.171.3 - - [12/Sep/2025:06:33:27 -0300] "GET /2023/05/23/aboard-meeting-guidelines-that-should-be-adopted/ HTTP/1.1" 200 17320 "-" "Mozilla/5.0 (compatible; SemrushBot/7~bl; +http://www.semrush.com/bot.html)"
jomarlogistica.com.br:80 172.20.1.117 - - [12/Sep/2025:06:38:04 -0300] "POST /wp-cron.php?doing_wp_cron=1757669884.0445790290832519531250 HTTP/1.1" 200 389 "https://jomarlogistica.com.br/wp-cron.php?doing_wp_cron=1757669884.0445790290832519531250" "WordPress/5.8.10; https://jomarlogistica.com.br"
jomarlogistica.com.br:80 3.230.224.6 - - [12/Sep/2025:06:38:03 -0300] "GET /2022/09/16/can-f1-students-start-a-business-legal-guidelines-and-restrictions/ HTTP/1.1" 200 14036 "-" "Mozilla/5.0 AppleWebKit/537.36 (KHTML, like Gecko; compatible; Amazonbot/0.1; +https://developer.amazon.com/support/amazonbot) Chrome/119.0.6045.214 Safari/537.36"
jomarlogistica.com.br:80 127.0.0.1 - - [12/Sep/2025:06:38:09 -0300] "OPTIONS * HTTP/1.0" 200 110 "-" "Apache/2.4.65 (Ubuntu) (internal dummy connection)"
jomarlogistica.com.br:80 172.20.1.117 - - [12/Sep/2025:06:43:26 -0300] "POST /wp-cron.php?doing_wp_cron=1757670206.0380799770355224609375 HTTP/1.1" 200 389 "https://jomarlogistica.com.br/wp-cron.php?doing_wp_cron=1757670206.0380799770355224609375" "WordPress/5.8.10; https://jomarlogistica.com.br"
jomarlogistica.com.br:80 57.141.0.37 - - [12/Sep/2025:06:43:25 -0300] "GET /2022/06/18/charter-party-agreement-india-legal-guide-expert-advice/ HTTP/1.1" 200 66003 "-" "meta-externalagent/1.1 (+https://developers.facebook.com/docs/sharing/webmasters/crawler)"
jomarlogistica.com.br:80 127.0.0.1 - - [12/Sep/2025:06:43:31 -0300] "OPTIONS * HTTP/1.0" 200 110 "-" "Apache/2.4.65 (Ubuntu) (internal dummy connection)"
jomarlogistica.com.br:80 114.119.136.72 - - [12/Sep/2025:06:45:50 -0300] "GET /2023/09/04/job-tips-how-to-find-a-brand-new-job/ HTTP/1.1" 200 17405 "https://jomarlogistica.com.br/category/jomar/page/11/" "Mozilla/5.0 (Linux; Android 7.0;) AppleWebKit/537.36 (KHTML, like Gecko) Mobile Safari/537.36 (compatible; PetalBot;+https://webmaster.petalsearch.com/site/petalbot)"
jomarlogistica.com.br:80 172.20.1.117 - - [12/Sep/2025:06:47:17 -0300] "POST /wp-cron.php?doing_wp_cron=1757670437.9061200618743896484375 HTTP/1.1" 200 389 "https://jomarlogistica.com.br/wp-cron.php?doing_wp_cron=1757670437.9061200618743896484375" "WordPress/5.8.10; https://jomarlogistica.com.br"
jomarlogistica.com.br:80 114.119.134.192 - - [12/Sep/2025:06:47:17 -0300] "GET /2023/06/20/the-right-way-to-take-get-together-notes-successfully/ HTTP/1.1" 200 17419 "https://jomarlogistica.com.br/author/jomar/page/17/" "Mozilla/5.0 (Linux; Android 7.0;) AppleWebKit/537.36 (KHTML, like Gecko) Mobile Safari/537.36 (compatible; PetalBot;+https://webmaster.petalsearch.com/site/petalbot)"
jomarlogistica.com.br:80 127.0.0.1 - - [12/Sep/2025:06:47:23 -0300] "OPTIONS * HTTP/1.0" 200 110 "-" "Apache/2.4.65 (Ubuntu) (internal dummy connection)"
jomarlogistica.com.br:80 114.119.136.72 - - [12/Sep/2025:06:48:42 -0300] "GET /2022/05/04/card-game-pan-rules-tips-for-playing-and-winning-legal-strategies/ HTTP/1.1" 200 15089 "https://jomarlogistica.com.br/2022/05/page/2/" "Mozilla/5.0 (Linux; Android 7.0;) AppleWebKit/537.36 (KHTML, like Gecko) Mobile Safari/537.36 (compatible; PetalBot;+https://webmaster.petalsearch.com/site/petalbot)"
jomarlogistica.com.br:80 172.20.1.117 - - [12/Sep/2025:06:56:36 -0300] "POST /wp-cron.php?doing_wp_cron=1757670996.7283039093017578125000 HTTP/1.1" 200 389 "https://jomarlogistica.com.br/wp-cron.php?doing_wp_cron=1757670996.7283039093017578125000" "WordPress/5.8.10; https://jomarlogistica.com.br"
jomarlogistica.com.br:80 172.111.226.165 - - [12/Sep/2025:06:56:36 -0300] "GET /wp-login.php HTTP/1.1" 200 2994 "-" "Mozilla/5.0 (X11; Linux x86_64; rv:128.0) Gecko/20100101 Firefox/128.0"
jomarlogistica.com.br:80 172.111.226.165 - - [12/Sep/2025:06:56:37 -0300] "POST /wp-login.php HTTP/1.1" 403 2493 "-" "Mozilla/5.0 (X11; Linux x86_64; rv:128.0) Gecko/20100101 Firefox/128.0"
jomarlogistica.com.br:80 172.111.226.165 - - [12/Sep/2025:06:56:38 -0300] "GET /wp-admin HTTP/1.1" 301 515 "-" "Mozilla/5.0 (X11; Linux x86_64; rv:128.0) Gecko/20100101 Firefox/128.0"
jomarlogistica.com.br:80 172.111.226.165 - - [12/Sep/2025:06:56:40 -0300] "GET /wp-admin/ HTTP/1.1" 302 463 "-" "Mozilla/5.0 (X11; Linux x86_64; rv:128.0) Gecko/20100101 Firefox/128.0"
jomarlogistica.com.br:80 172.111.226.165 - - [12/Sep/2025:06:56:42 -0300] "GET /wp-login.php?redirect_to=https://jomarlogistica.com.br/wp-admin/&reauth=1 HTTP/1.1" 200 5014 "-" "Mozilla/5.0 (X11; Linux x86_64; rv:128.0) Gecko/20100101 Firefox/128.0"
jomarlogistica.com.br:80 127.0.0.1 - - [12/Sep/2025:06:56:43 -0300] "OPTIONS * HTTP/1.0" 200 110 "-" "Apache/2.4.65 (Ubuntu) (internal dummy connection)"
jomarlogistica.com.br:80 216.73.216.134 - - [12/Sep/2025:06:56:58 -0300] "GET /?p=6578 HTTP/1.1" 301 509 "-" "Mozilla/5.0 AppleWebKit/537.36 (KHTML, like Gecko; compatible; ClaudeBot/1.0; +claudebot@anthropic.com)"
jomarlogistica.com.br:80 216.73.216.134 - - [12/Sep/2025:06:56:58 -0300] "GET /2023/05/30/impair-services-the-advantages-of-virtualization/ HTTP/1.1" 200 17326 "https://jomarlogistica.com.br/?p=6578" "Mozilla/5.0 AppleWebKit/537.36 (KHTML, like Gecko; compatible; ClaudeBot/1.0; +claudebot@anthropic.com)"
jomarlogistica.com.br:80 172.20.1.117 - - [12/Sep/2025:06:58:09 -0300] "POST /wp-cron.php?doing_wp_cron=1757671089.7641959190368652343750 HTTP/1.1" 200 389 "https://jomarlogistica.com.br/wp-cron.php?doing_wp_cron=1757671089.7641959190368652343750" "WordPress/5.8.10; https://jomarlogistica.com.br"
jomarlogistica.com.br:80 85.208.96.205 - - [12/Sep/2025:06:58:09 -0300] "GET /robots.txt HTTP/1.1" 200 584 "-" "Mozilla/5.0 (compatible; SemrushBot/7~bl; +http://www.semrush.com/bot.html)"
jomarlogistica.com.br:80 185.191.171.3 - - [12/Sep/2025:06:58:10 -0300] "GET /2022/12/12/tips-on-how-to-ask-sugardaddy-for-money/ HTTP/1.1" 200 17261 "-" "Mozilla/5.0 (compatible; SemrushBot/7~bl; +http://www.semrush.com/bot.html)"
jomarlogistica.com.br:80 127.0.0.1 - - [12/Sep/2025:06:58:16 -0300] "OPTIONS * HTTP/1.0" 200 110 "-" "Apache/2.4.65 (Ubuntu) (internal dummy connection)"
jomarlogistica.com.br:80 216.73.216.134 - - [12/Sep/2025:06:58:48 -0300] "GET /2023/05/24/avg-antivirus-review HTTP/1.1" 301 481 "-" "Mozilla/5.0 AppleWebKit/537.36 (KHTML, like Gecko; compatible; ClaudeBot/1.0; +claudebot@anthropic.com)"
jomarlogistica.com.br:80 216.73.216.134 - - [12/Sep/2025:06:58:48 -0300] "GET /2023/05/24/avg-antivirus-review/ HTTP/1.1" 200 17261 "https://jomarlogistica.com.br/2023/05/24/avg-antivirus-review" "Mozilla/5.0 AppleWebKit/537.36 (KHTML, like Gecko; compatible; ClaudeBot/1.0; +claudebot@anthropic.com)"
jomarlogistica.com.br:80 216.73.216.134 - - [12/Sep/2025:07:00:52 -0300] "GET /2023/05/24/east-european-mail-order-brides-how-and-where-to-get HTTP/1.1" 301 513 "-" "Mozilla/5.0 AppleWebKit/537.36 (KHTML, like Gecko; compatible; ClaudeBot/1.0; +claudebot@anthropic.com)"
jomarlogistica.com.br:80 216.73.216.134 - - [12/Sep/2025:07:00:52 -0300] "GET /2023/05/24/east-european-mail-order-brides-how-and-where-to-get/ HTTP/1.1" 200 19879 "https://jomarlogistica.com.br/2023/05/24/east-european-mail-order-brides-how-and-where-to-get" "Mozilla/5.0 AppleWebKit/537.36 (KHTML, like Gecko; compatible; ClaudeBot/1.0; +claudebot@anthropic.com)"
jomarlogistica.com.br:80 172.20.1.117 - - [12/Sep/2025:07:04:45 -0300] "POST /wp-cron.php?doing_wp_cron=1757671485.2384591102600097656250 HTTP/1.1" 200 389 "https://jomarlogistica.com.br/wp-cron.php?doing_wp_cron=1757671485.2384591102600097656250" "WordPress/5.8.10; https://jomarlogistica.com.br"
jomarlogistica.com.br:80 216.73.216.134 - - [12/Sep/2025:07:04:44 -0300] "GET /category/jomar/page/23 HTTP/1.1" 301 472 "-" "Mozilla/5.0 AppleWebKit/537.36 (KHTML, like Gecko; compatible; ClaudeBot/1.0; +claudebot@anthropic.com)"
jomarlogistica.com.br:80 216.73.216.134 - - [12/Sep/2025:07:04:45 -0300] "GET /category/jomar/page/23/ HTTP/1.1" 200 18854 "https://jomarlogistica.com.br/category/jomar/page/23" "Mozilla/5.0 AppleWebKit/537.36 (KHTML, like Gecko; compatible; ClaudeBot/1.0; +claudebot@anthropic.com)"
jomarlogistica.com.br:80 127.0.0.1 - - [12/Sep/2025:07:04:51 -0300] "OPTIONS * HTTP/1.0" 200 110 "-" "Apache/2.4.65 (Ubuntu) (internal dummy connection)"
jomarlogistica.com.br:80 172.20.1.117 - - [12/Sep/2025:07:06:39 -0300] "POST /wp-cron.php?doing_wp_cron=1757671599.8601589202880859375000 HTTP/1.1" 200 389 "https://jomarlogistica.com.br/wp-cron.php?doing_wp_cron=1757671599.8601589202880859375000" "WordPress/5.8.10; https://jomarlogistica.com.br"
jomarlogistica.com.br:80 216.73.216.134 - - [12/Sep/2025:07:06:39 -0300] "GET /2023/05/24/valorant-betting HTTP/1.1" 301 477 "-" "Mozilla/5.0 AppleWebKit/537.36 (KHTML, like Gecko; compatible; ClaudeBot/1.0; +claudebot@anthropic.com)"
jomarlogistica.com.br:80 216.73.216.134 - - [12/Sep/2025:07:06:40 -0300] "GET /2023/05/24/valorant-betting/ HTTP/1.1" 200 19577 "https://jomarlogistica.com.br/2023/05/24/valorant-betting" "Mozilla/5.0 AppleWebKit/537.36 (KHTML, like Gecko; compatible; ClaudeBot/1.0; +claudebot@anthropic.com)"
jomarlogistica.com.br:80 127.0.0.1 - - [12/Sep/2025:07:06:45 -0300] "OPTIONS * HTTP/1.0" 200 110 "-" "Apache/2.4.65 (Ubuntu) (internal dummy connection)"
jomarlogistica.com.br:80 172.20.1.117 - - [12/Sep/2025:07:09:05 -0300] "POST /wp-cron.php?doing_wp_cron=1757671745.3989069461822509765625 HTTP/1.1" 200 389 "https://jomarlogistica.com.br/wp-cron.php?doing_wp_cron=1757671745.3989069461822509765625" "WordPress/5.8.10; https://jomarlogistica.com.br"
jomarlogistica.com.br:80 57.141.0.31 - - [12/Sep/2025:07:09:05 -0300] "GET /2022/11/14/manifesting-love-signs-you-are-in-love-2/ HTTP/1.1" 200 79603 "-" "meta-externalagent/1.1 (+https://developers.facebook.com/docs/sharing/webmasters/crawler)"
jomarlogistica.com.br:80 127.0.0.1 - - [12/Sep/2025:07:09:10 -0300] "OPTIONS * HTTP/1.0" 200 110 "-" "Apache/2.4.65 (Ubuntu) (internal dummy connection)"
jomarlogistica.com.br:80 4.227.36.22 - - [12/Sep/2025:07:09:21 -0300] "GET /robots.txt HTTP/1.1" 200 584 "-" "Mozilla/5.0 AppleWebKit/537.36 (KHTML, like Gecko; compatible; GPTBot/1.2; +https://openai.com/gptbot)"
jomarlogistica.com.br:80 185.191.171.15 - - [12/Sep/2025:07:09:26 -0300] "GET /author/jomar/page/31/ HTTP/1.1" 200 21421 "-" "Mozilla/5.0 (compatible; SemrushBot/7~bl; +http://www.semrush.com/bot.html)"
jomarlogistica.com.br:80 20.171.207.3 - - [12/Sep/2025:07:09:27 -0300] "GET /wp-includes/js/jquery/jquery.min.js?ver=3.6.0 HTTP/1.1" 200 32444 "-" "Mozilla/5.0 AppleWebKit/537.36 (KHTML, like Gecko; compatible; GPTBot/1.2; +https://openai.com/gptbot)"
jomarlogistica.com.br:80 127.0.0.1 - - [12/Sep/2025:07:09:31 -0300] "OPTIONS * HTTP/1.0" 200 110 "-" "Apache/2.4.65 (Ubuntu) (internal dummy connection)"
jomarlogistica.com.br:80 216.73.216.134 - - [12/Sep/2025:07:12:08 -0300] "GET /?a7b529c=7029403 HTTP/1.1" 200 287 "-" "Mozilla/5.0 AppleWebKit/537.36 (KHTML, like Gecko; compatible; ClaudeBot/1.0; +claudebot@anthropic.com)"
jomarlogistica.com.br:80 172.20.1.117 - - [12/Sep/2025:07:14:57 -0300] "POST /wp-cron.php?doing_wp_cron=1757672097.8800120353698730468750 HTTP/1.1" 200 389 "https://jomarlogistica.com.br/wp-cron.php?doing_wp_cron=1757672097.8800120353698730468750" "WordPress/5.8.10; https://jomarlogistica.com.br"
jomarlogistica.com.br:80 216.73.216.134 - - [12/Sep/2025:07:14:57 -0300] "GET /2023/10/23/a-written-agreement-between-two-countries-legal-implications/feed HTTP/1.1" 301 582 "-" "Mozilla/5.0 AppleWebKit/537.36 (KHTML, like Gecko; compatible; ClaudeBot/1.0; +claudebot@anthropic.com)"
jomarlogistica.com.br:80 216.73.216.134 - - [12/Sep/2025:07:14:58 -0300] "GET /2023/10/23/a-written-agreement-between-two-countries-legal-implications/feed/ HTTP/1.1" 200 941 "https://jomarlogistica.com.br/2023/10/23/a-written-agreement-between-two-countries-legal-implications/feed" "Mozilla/5.0 AppleWebKit/537.36 (KHTML, like Gecko; compatible; ClaudeBot/1.0; +claudebot@anthropic.com)"
jomarlogistica.com.br:80 127.0.0.1 - - [12/Sep/2025:07:15:03 -0300] "OPTIONS * HTTP/1.0" 200 110 "-" "Apache/2.4.65 (Ubuntu) (internal dummy connection)"
