jomarlogistica.com.br:80 216.73.216.134 - - [12/Sep/2025:21:56:17 -0300] "GET /category/jomar/page/29/ HTTP/1.1" 200 18637 "https://jomarlogistica.com.br/category/jomar/page/29" "Mozilla/5.0 AppleWebKit/537.36 (KHTML, like Gecko; compatible; ClaudeBot/1.0; +claudebot@anthropic.com)"
jomarlogistica.com.br:80 177.116.188.98 - - [12/Sep/2025:21:57:09 -0300] "POST /autodiscover/autodiscover.xml HTTP/1.1" 404 448 "-" "AppleExchangeWebServices/833 accountsd/113"
jomarlogistica.com.br:80 172.20.1.117 - - [12/Sep/2025:21:59:00 -0300] "POST /wp-cron.php?doing_wp_cron=1757725140.0397410392761230468750 HTTP/1.1" 200 389 "https://jomarlogistica.com.br/wp-cron.php?doing_wp_cron=1757725140.0397410392761230468750" "WordPress/5.8.10; https://jomarlogistica.com.br"
jomarlogistica.com.br:80 57.141.0.26 - - [12/Sep/2025:21:58:59 -0300] "GET /2023/04/10/are-sables-legal-in-california-laws-and-regulations-explained/ HTTP/1.1" 200 61980 "-" "meta-externalagent/1.1 (+https://developers.facebook.com/docs/sharing/webmasters/crawler)"
jomarlogistica.com.br:80 216.73.216.134 - - [12/Sep/2025:21:59:02 -0300] "GET /?p=6301 HTTP/1.1" 301 485 "-" "Mozilla/5.0 AppleWebKit/537.36 (KHTML, like Gecko; compatible; ClaudeBot/1.0; +claudebot@anthropic.com)"
jomarlogistica.com.br:80 216.73.216.134 - - [12/Sep/2025:21:59:02 -0300] "GET /2023/05/10/what-is-datenraum-review/ HTTP/1.1" 200 17067 "https://jomarlogistica.com.br/?p=6301" "Mozilla/5.0 AppleWebKit/537.36 (KHTML, like Gecko; compatible; ClaudeBot/1.0; +claudebot@anthropic.com)"
jomarlogistica.com.br:80 127.0.0.1 - - [12/Sep/2025:21:59:08 -0300] "OPTIONS * HTTP/1.0" 200 110 "-" "Apache/2.4.65 (Ubuntu) (internal dummy connection)"
jomarlogistica.com.br:80 216.73.216.134 - - [12/Sep/2025:21:59:34 -0300] "GET /?p=6296 HTTP/1.1" 301 488 "-" "Mozilla/5.0 AppleWebKit/537.36 (KHTML, like Gecko; compatible; ClaudeBot/1.0; +claudebot@anthropic.com)"
jomarlogistica.com.br:80 216.73.216.134 - - [12/Sep/2025:21:59:34 -0300] "GET /2023/05/08/computer-protection-reviews/ HTTP/1.1" 200 17274 "https://jomarlogistica.com.br/?p=6296" "Mozilla/5.0 AppleWebKit/537.36 (KHTML, like Gecko; compatible; ClaudeBot/1.0; +claudebot@anthropic.com)"
jomarlogistica.com.br:80 216.73.216.134 - - [12/Sep/2025:22:01:57 -0300] "GET /?p=6710 HTTP/1.1" 301 491 "-" "Mozilla/5.0 AppleWebKit/537.36 (KHTML, like Gecko; compatible; ClaudeBot/1.0; +claudebot@anthropic.com)"
jomarlogistica.com.br:80 216.73.216.134 - - [12/Sep/2025:22:01:58 -0300] "GET /2023/05/08/where-to-find-a-european-bride/ HTTP/1.1" 200 18434 "https://jomarlogistica.com.br/?p=6710" "Mozilla/5.0 AppleWebKit/537.36 (KHTML, like Gecko; compatible; ClaudeBot/1.0; +claudebot@anthropic.com)"
jomarlogistica.com.br:80 172.20.1.117 - - [12/Sep/2025:22:02:20 -0300] "POST /wp-cron.php?doing_wp_cron=1757725340.1221609115600585937500 HTTP/1.1" 200 389 "https://jomarlogistica.com.br/wp-cron.php?doing_wp_cron=1757725340.1221609115600585937500" "WordPress/5.8.10; https://jomarlogistica.com.br"
jomarlogistica.com.br:80 57.141.0.13 - - [12/Sep/2025:22:02:19 -0300] "GET /2023/09/27/how-to-conduct-a-borad-meeting-online/ HTTP/1.1" 200 79395 "-" "meta-externalagent/1.1 (+https://developers.facebook.com/docs/sharing/webmasters/crawler)"
jomarlogistica.com.br:80 127.0.0.1 - - [12/Sep/2025:22:02:26 -0300] "OPTIONS * HTTP/1.0" 200 110 "-" "Apache/2.4.65 (Ubuntu) (internal dummy connection)"
jomarlogistica.com.br:80 177.116.188.98 - - [12/Sep/2025:22:05:37 -0300] "POST /autodiscover/autodiscover.xml HTTP/1.1" 404 448 "-" "AppleExchangeWebServices/833 accountsd/113"
jomarlogistica.com.br:80 172.20.1.117 - - [12/Sep/2025:22:05:38 -0300] "GET / HTTP/1.1" 200 23930 "https://jomarlogistica.com.br/" "WordPress/5.8.10; https://jomarlogistica.com.br"
jomarlogistica.com.br:80 172.20.1.117 - - [12/Sep/2025:22:05:38 -0300] "POST /wp-cron.php?doing_wp_cron=1757725538.0294790267944335937500 HTTP/1.1" 200 389 "https://jomarlogistica.com.br/wp-cron.php?doing_wp_cron=1757725538.0294790267944335937500" "WordPress/5.8.10; https://jomarlogistica.com.br"
jomarlogistica.com.br:80 127.0.0.1 - - [12/Sep/2025:22:05:43 -0300] "OPTIONS * HTTP/1.0" 200 110 "-" "Apache/2.4.65 (Ubuntu) (internal dummy connection)"
jomarlogistica.com.br:80 127.0.0.1 - - [12/Sep/2025:22:05:44 -0300] "OPTIONS * HTTP/1.0" 200 110 "-" "Apache/2.4.65 (Ubuntu) (internal dummy connection)"
jomarlogistica.com.br:80 127.0.0.1 - - [12/Sep/2025:22:05:45 -0300] "OPTIONS * HTTP/1.0" 200 110 "-" "Apache/2.4.65 (Ubuntu) (internal dummy connection)"
jomarlogistica.com.br:80 85.208.96.197 - - [12/Sep/2025:22:05:45 -0300] "GET /robots.txt HTTP/1.1" 200 584 "-" "Mozilla/5.0 (compatible; SemrushBot/7~bl; +http://www.semrush.com/bot.html)"
jomarlogistica.com.br:80 85.208.96.194 - - [12/Sep/2025:22:05:46 -0300] "GET /2022/11/19/how-to-find-millionaire-on-line/ HTTP/1.1" 200 17425 "-" "Mozilla/5.0 (compatible; SemrushBot/7~bl; +http://www.semrush.com/bot.html)"
jomarlogistica.com.br:80 172.20.1.117 - - [12/Sep/2025:22:09:11 -0300] "POST /wp-cron.php?doing_wp_cron=1757725751.3488199710845947265625 HTTP/1.1" 200 389 "https://jomarlogistica.com.br/wp-cron.php?doing_wp_cron=1757725751.3488199710845947265625" "WordPress/5.8.10; https://jomarlogistica.com.br"
jomarlogistica.com.br:80 216.73.216.134 - - [12/Sep/2025:22:09:11 -0300] "GET /?p=6377 HTTP/1.1" 301 530 "-" "Mozilla/5.0 AppleWebKit/537.36 (KHTML, like Gecko; compatible; ClaudeBot/1.0; +claudebot@anthropic.com)"
jomarlogistica.com.br:80 216.73.216.134 - - [12/Sep/2025:22:09:11 -0300] "GET /2023/05/07/best-international-dating-websites-linking-folks-throughout-the-world/ HTTP/1.1" 200 19897 "https://jomarlogistica.com.br/?p=6377" "Mozilla/5.0 AppleWebKit/537.36 (KHTML, like Gecko; compatible; ClaudeBot/1.0; +claudebot@anthropic.com)"
jomarlogistica.com.br:80 127.0.0.1 - - [12/Sep/2025:22:09:17 -0300] "OPTIONS * HTTP/1.0" 200 110 "-" "Apache/2.4.65 (Ubuntu) (internal dummy connection)"
jomarlogistica.com.br:80 172.20.1.117 - - [12/Sep/2025:22:14:09 -0300] "POST /wp-cron.php?doing_wp_cron=1757726049.4515209197998046875000 HTTP/1.1" 200 389 "https://jomarlogistica.com.br/wp-cron.php?doing_wp_cron=1757726049.4515209197998046875000" "WordPress/5.8.10; https://jomarlogistica.com.br"
jomarlogistica.com.br:80 114.119.138.130 - - [12/Sep/2025:22:14:09 -0300] "GET /2023/05/23/aboard-meeting-guidelines-that-should-be-adopted/ HTTP/1.1" 200 17320 "https://jomarlogistica.com.br/2023/05/24/cost-free-anti-spyware-windows-12-software/" "Mozilla/5.0 (Linux; Android 7.0;) AppleWebKit/537.36 (KHTML, like Gecko) Mobile Safari/537.36 (compatible; PetalBot;+https://webmaster.petalsearch.com/site/petalbot)"
jomarlogistica.com.br:80 127.0.0.1 - - [12/Sep/2025:22:14:15 -0300] "OPTIONS * HTTP/1.0" 200 110 "-" "Apache/2.4.65 (Ubuntu) (internal dummy connection)"
jomarlogistica.com.br:80 172.20.1.117 - - [12/Sep/2025:22:18:00 -0300] "POST /wp-cron.php?doing_wp_cron=1757726280.9530520439147949218750 HTTP/1.1" 200 389 "https://jomarlogistica.com.br/wp-cron.php?doing_wp_cron=1757726280.9530520439147949218750" "WordPress/5.8.10; https://jomarlogistica.com.br"
jomarlogistica.com.br:80 123.57.36.104 - - [12/Sep/2025:22:18:00 -0300] "GET /wp-login.php HTTP/1.1" 200 2994 "-" "GRequests/0.10"
jomarlogistica.com.br:80 123.57.36.104 - - [12/Sep/2025:22:18:03 -0300] "POST /wp-login.php HTTP/1.1" 403 2493 "-" "GRequests/0.10"
jomarlogistica.com.br:80 123.57.36.104 - - [12/Sep/2025:22:18:04 -0300] "GET /wp-admin/ HTTP/1.1" 302 463 "-" "GRequests/0.10"
jomarlogistica.com.br:80 123.57.36.104 - - [12/Sep/2025:22:18:05 -0300] "GET /wp-login.php?redirect_to=https%3A%2F%2Fjomarlogistica.com.br%2Fwp-admin%2F&reauth=1 HTTP/1.1" 200 4995 "https://jomarlogistica.com.br/wp-admin/" "GRequests/0.10"
jomarlogistica.com.br:80 127.0.0.1 - - [12/Sep/2025:22:18:10 -0300] "OPTIONS * HTTP/1.0" 200 110 "-" "Apache/2.4.65 (Ubuntu) (internal dummy connection)"
jomarlogistica.com.br:80 57.141.0.43 - - [12/Sep/2025:22:18:33 -0300] "GET /2023/05/26/3-weird-laws-in-wisconsin-unusual-legal-statutes-explained/ HTTP/1.1" 200 61115 "-" "meta-externalagent/1.1 (+https://developers.facebook.com/docs/sharing/webmasters/crawler)"
jomarlogistica.com.br:80 172.20.1.117 - - [12/Sep/2025:22:22:40 -0300] "POST /wp-cron.php?doing_wp_cron=1757726560.5107140541076660156250 HTTP/1.1" 200 389 "https://jomarlogistica.com.br/wp-cron.php?doing_wp_cron=1757726560.5107140541076660156250" "WordPress/5.8.10; https://jomarlogistica.com.br"
jomarlogistica.com.br:80 57.141.0.55 - - [12/Sep/2025:22:22:40 -0300] "GET /2024/01/31/can-a-company-legally-dilute-my-shares-understanding-your-rights/ HTTP/1.1" 200 60532 "-" "meta-externalagent/1.1 (+https://developers.facebook.com/docs/sharing/webmasters/crawler)"
jomarlogistica.com.br:80 127.0.0.1 - - [12/Sep/2025:22:22:45 -0300] "OPTIONS * HTTP/1.0" 200 110 "-" "Apache/2.4.65 (Ubuntu) (internal dummy connection)"
jomarlogistica.com.br:80 172.20.1.117 - - [12/Sep/2025:22:30:29 -0300] "POST /wp-cron.php?doing_wp_cron=1757727029.3826770782470703125000 HTTP/1.1" 200 389 "https://jomarlogistica.com.br/wp-cron.php?doing_wp_cron=1757727029.3826770782470703125000" "WordPress/5.8.10; https://jomarlogistica.com.br"
jomarlogistica.com.br:80 114.119.135.84 - - [12/Sep/2025:22:30:28 -0300] "GET /category/jomar/page/56/ HTTP/1.1" 200 18848 "https://jomarlogistica.com.br/category/jomar/page/55/" "Mozilla/5.0 (Linux; Android 7.0;) AppleWebKit/537.36 (KHTML, like Gecko) Mobile Safari/537.36 (compatible; PetalBot;+https://webmaster.petalsearch.com/site/petalbot)"
jomarlogistica.com.br:80 127.0.0.1 - - [12/Sep/2025:22:30:34 -0300] "OPTIONS * HTTP/1.0" 200 110 "-" "Apache/2.4.65 (Ubuntu) (internal dummy connection)"
jomarlogistica.com.br:80 114.119.158.0 - - [12/Sep/2025:22:31:54 -0300] "GET /2023/05/20/online-data-areas-for-fund-collecting/ HTTP/1.1" 200 17345 "https://jomarlogistica.com.br/author/jomar/page/23/" "Mozilla/5.0 (Linux; Android 7.0;) AppleWebKit/537.36 (KHTML, like Gecko) Mobile Safari/537.36 (compatible; PetalBot;+https://webmaster.petalsearch.com/site/petalbot)"
jomarlogistica.com.br:80 172.20.1.117 - - [12/Sep/2025:22:33:23 -0300] "POST /wp-cron.php?doing_wp_cron=1757727203.3346440792083740234375 HTTP/1.1" 200 389 "https://jomarlogistica.com.br/wp-cron.php?doing_wp_cron=1757727203.3346440792083740234375" "WordPress/5.8.10; https://jomarlogistica.com.br"
jomarlogistica.com.br:80 114.119.159.76 - - [12/Sep/2025:22:33:22 -0300] "GET /category/jomar/page/13/ HTTP/1.1" 200 18665 "https://jomarlogistica.com.br/category/jomar/page/13/" "Mozilla/5.0 (Linux; Android 7.0;) AppleWebKit/537.36 (KHTML, like Gecko) Mobile Safari/537.36 (compatible; PetalBot;+https://webmaster.petalsearch.com/site/petalbot)"
jomarlogistica.com.br:80 127.0.0.1 - - [12/Sep/2025:22:33:28 -0300] "OPTIONS * HTTP/1.0" 200 110 "-" "Apache/2.4.65 (Ubuntu) (internal dummy connection)"
jomarlogistica.com.br:80 114.119.158.0 - - [12/Sep/2025:22:34:39 -0300] "GET /2023/04/27/mail-order-bride-noun-american-british-definition-and-synonyms/ HTTP/1.1" 200 20008 "https://jomarlogistica.com.br/2023/04/" "Mozilla/5.0 (Linux; Android 7.0;) AppleWebKit/537.36 (KHTML, like Gecko) Mobile Safari/537.36 (compatible; PetalBot;+https://webmaster.petalsearch.com/site/petalbot)"
jomarlogistica.com.br:80 57.141.0.40 - - [12/Sep/2025:22:35:10 -0300] "GET /2022/05/25/understanding-the-characteristics-of-high-court-a-comprehensive-guide/ HTTP/1.1" 200 60251 "-" "meta-externalagent/1.1 (+https://developers.facebook.com/docs/sharing/webmasters/crawler)"
jomarlogistica.com.br:80 114.119.159.76 - - [12/Sep/2025:22:36:09 -0300] "GET /2023/06/15/online-dating-websites-critiques/ HTTP/1.1" 200 19336 "https://jomarlogistica.com.br/2023/06/13/powerful-board-governance-for-medical-organizations/" "Mozilla/5.0 (Linux; Android 7.0;) AppleWebKit/537.36 (KHTML, like Gecko) Mobile Safari/537.36 (compatible; PetalBot;+https://webmaster.petalsearch.com/site/petalbot)"
jomarlogistica.com.br:80 172.20.1.117 - - [12/Sep/2025:22:37:25 -0300] "POST /wp-cron.php?doing_wp_cron=1757727445.9202210903167724609375 HTTP/1.1" 200 389 "https://jomarlogistica.com.br/wp-cron.php?doing_wp_cron=1757727445.9202210903167724609375" "WordPress/5.8.10; https://jomarlogistica.com.br"
jomarlogistica.com.br:80 114.119.159.76 - - [12/Sep/2025:22:37:25 -0300] "GET /2023/03/02/fun-first-particular-date-ideas-to-present-youre-imaginative-and-playful/ HTTP/1.1" 200 17455 "https://jomarlogistica.com.br/2023/page/36/" "Mozilla/5.0 (Linux; Android 7.0;) AppleWebKit/537.36 (KHTML, like Gecko) Mobile Safari/537.36 (compatible; PetalBot;+https://webmaster.petalsearch.com/site/petalbot)"
jomarlogistica.com.br:80 127.0.0.1 - - [12/Sep/2025:22:37:31 -0300] "OPTIONS * HTTP/1.0" 200 110 "-" "Apache/2.4.65 (Ubuntu) (internal dummy connection)"
jomarlogistica.com.br:80 177.116.188.98 - - [12/Sep/2025:22:39:52 -0300] "POST /autodiscover/autodiscover.xml HTTP/1.1" 404 448 "-" "AppleExchangeWebServices/833 accountsd/113"
jomarlogistica.com.br:80 57.141.0.75 - - [12/Sep/2025:22:42:06 -0300] "GET /category/jomar/page/5/ HTTP/1.1" 200 94533 "-" "meta-externalagent/1.1 (+https://developers.facebook.com/docs/sharing/webmasters/crawler)"
jomarlogistica.com.br:80 216.73.216.187 - - [12/Sep/2025:22:42:09 -0300] "GET /robots.txt HTTP/1.1" 200 584 "-" "Mozilla/5.0 AppleWebKit/537.36 (KHTML, like Gecko; compatible; ClaudeBot/1.0; +claudebot@anthropic.com)"
jomarlogistica.com.br:80 216.73.216.187 - - [12/Sep/2025:22:42:10 -0300] "GET /2022/11/07/slavic-single-women-seeking-gentleman HTTP/1.1" 301 440 "-" "Mozilla/5.0 AppleWebKit/537.36 (KHTML, like Gecko; compatible; ClaudeBot/1.0; +claudebot@anthropic.com)"
jomarlogistica.com.br:80 216.73.216.187 - - [12/Sep/2025:22:42:10 -0300] "GET /2022/11/07/slavic-single-women-seeking-gentleman/ HTTP/1.1" 200 18156 "https://jomarlogistica.com.br/2022/11/07/slavic-single-women-seeking-gentleman" "Mozilla/5.0 AppleWebKit/537.36 (KHTML, like Gecko; compatible; ClaudeBot/1.0; +claudebot@anthropic.com)"
jomarlogistica.com.br:80 172.20.1.117 - - [12/Sep/2025:22:49:39 -0300] "POST /wp-cron.php?doing_wp_cron=1757728179.4583580493927001953125 HTTP/1.1" 200 389 "https://jomarlogistica.com.br/wp-cron.php?doing_wp_cron=1757728179.4583580493927001953125" "WordPress/5.8.10; https://jomarlogistica.com.br"
jomarlogistica.com.br:80 114.119.128.158 - - [12/Sep/2025:22:49:39 -0300] "GET /2023/07/03/email-voting-for-board-decisions/ HTTP/1.1" 200 17141 "https://jomarlogistica.com.br/2023/07/04/advantage-and-risikomanagement/" "Mozilla/5.0 (Linux; Android 7.0;) AppleWebKit/537.36 (KHTML, like Gecko) Mobile Safari/537.36 (compatible; PetalBot;+https://webmaster.petalsearch.com/site/petalbot)"
jomarlogistica.com.br:80 127.0.0.1 - - [12/Sep/2025:22:49:44 -0300] "OPTIONS * HTTP/1.0" 200 110 "-" "Apache/2.4.65 (Ubuntu) (internal dummy connection)"
jomarlogistica.com.br:80 172.20.1.117 - - [12/Sep/2025:22:52:27 -0300] "POST /wp-cron.php?doing_wp_cron=1757728347.3217139244079589843750 HTTP/1.1" 200 389 "https://jomarlogistica.com.br/wp-cron.php?doing_wp_cron=1757728347.3217139244079589843750" "WordPress/5.8.10; https://jomarlogistica.com.br"
jomarlogistica.com.br:80 95.108.213.136 - - [12/Sep/2025:22:52:26 -0300] "GET /robots.txt HTTP/1.1" 200 565 "-" "Mozilla/5.0 (compatible; YandexBot/3.0; +http://yandex.com/bots)"
jomarlogistica.com.br:80 5.255.231.150 - - [12/Sep/2025:22:52:28 -0300] "GET /2023/08/29/why-startups-need-a-vdr-for-startup/ HTTP/1.1" 200 17148 "-" "Mozilla/5.0 (compatible; YandexBot/3.0; +http://yandex.com/bots)"
jomarlogistica.com.br:80 127.0.0.1 - - [12/Sep/2025:22:52:34 -0300] "OPTIONS * HTTP/1.0" 200 110 "-" "Apache/2.4.65 (Ubuntu) (internal dummy connection)"
jomarlogistica.com.br:80 216.73.216.134 - - [12/Sep/2025:22:53:59 -0300] "GET /?p=6288 HTTP/1.1" 301 485 "-" "Mozilla/5.0 AppleWebKit/537.36 (KHTML, like Gecko; compatible; ClaudeBot/1.0; +claudebot@anthropic.com)"
jomarlogistica.com.br:80 216.73.216.134 - - [12/Sep/2025:22:54:00 -0300] "GET /2022/12/08/perform-video-games-roms/ HTTP/1.1" 200 17195 "https://jomarlogistica.com.br/?p=6288" "Mozilla/5.0 AppleWebKit/537.36 (KHTML, like Gecko; compatible; ClaudeBot/1.0; +claudebot@anthropic.com)"
jomarlogistica.com.br:80 172.20.1.117 - - [12/Sep/2025:22:57:44 -0300] "POST /wp-cron.php?doing_wp_cron=1757728664.3015289306640625000000 HTTP/1.1" 200 389 "https://jomarlogistica.com.br/wp-cron.php?doing_wp_cron=1757728664.3015289306640625000000" "WordPress/5.8.10; https://jomarlogistica.com.br"
jomarlogistica.com.br:80 177.116.188.98 - - [12/Sep/2025:22:57:43 -0300] "POST /autodiscover/autodiscover.xml HTTP/1.1" 404 448 "-" "AppleExchangeWebServices/833 accountsd/113"
jomarlogistica.com.br:80 127.0.0.1 - - [12/Sep/2025:22:57:49 -0300] "OPTIONS * HTTP/1.0" 200 110 "-" "Apache/2.4.65 (Ubuntu) (internal dummy connection)"
jomarlogistica.com.br:80 216.73.216.134 - - [12/Sep/2025:23:00:45 -0300] "GET /2023/04/26/talk-with-strangers-no-login-free-random-chatting HTTP/1.1" 301 510 "-" "Mozilla/5.0 AppleWebKit/537.36 (KHTML, like Gecko; compatible; ClaudeBot/1.0; +claudebot@anthropic.com)"
jomarlogistica.com.br:80 172.20.1.117 - - [12/Sep/2025:23:00:46 -0300] "POST /wp-cron.php?doing_wp_cron=1757728846.0838210582733154296875 HTTP/1.1" 200 389 "https://jomarlogistica.com.br/wp-cron.php?doing_wp_cron=1757728846.0838210582733154296875" "WordPress/5.8.10; https://jomarlogistica.com.br"
jomarlogistica.com.br:80 216.73.216.134 - - [12/Sep/2025:23:00:45 -0300] "GET /2023/04/25/free-chat-rooms-for-everyone HTTP/1.1" 301 489 "-" "Mozilla/5.0 AppleWebKit/537.36 (KHTML, like Gecko; compatible; ClaudeBot/1.0; +claudebot@anthropic.com)"
jomarlogistica.com.br:80 216.73.216.134 - - [12/Sep/2025:23:00:46 -0300] "GET /2023/04/26/talk-with-strangers-no-login-free-random-chatting/ HTTP/1.1" 200 20890 "https://jomarlogistica.com.br/2023/04/26/talk-with-strangers-no-login-free-random-chatting" "Mozilla/5.0 AppleWebKit/537.36 (KHTML, like Gecko; compatible; ClaudeBot/1.0; +claudebot@anthropic.com)"
jomarlogistica.com.br:80 216.73.216.134 - - [12/Sep/2025:23:00:47 -0300] "GET /2023/04/25/free-chat-rooms-for-everyone/ HTTP/1.1" 200 17256 "https://jomarlogistica.com.br/2023/04/25/free-chat-rooms-for-everyone" "Mozilla/5.0 AppleWebKit/537.36 (KHTML, like Gecko; compatible; ClaudeBot/1.0; +claudebot@anthropic.com)"
jomarlogistica.com.br:80 127.0.0.1 - - [12/Sep/2025:23:00:48 -0300] "OPTIONS * HTTP/1.0" 200 110 "-" "Apache/2.4.65 (Ubuntu) (internal dummy connection)"
jomarlogistica.com.br:80 127.0.0.1 - - [12/Sep/2025:23:00:52 -0300] "OPTIONS * HTTP/1.0" 200 110 "-" "Apache/2.4.65 (Ubuntu) (internal dummy connection)"
jomarlogistica.com.br:80 127.0.0.1 - - [12/Sep/2025:23:00:53 -0300] "OPTIONS * HTTP/1.0" 200 110 "-" "Apache/2.4.65 (Ubuntu) (internal dummy connection)"
jomarlogistica.com.br:80 85.208.96.207 - - [12/Sep/2025:23:01:02 -0300] "GET /2022/12/01/a-few-tips-for-males-who-struggle-to-find-a-woman-to-date/ HTTP/1.1" 200 18265 "-" "Mozilla/5.0 (compatible; SemrushBot/7~bl; +http://www.semrush.com/bot.html)"
jomarlogistica.com.br:80 172.20.1.117 - - [12/Sep/2025:23:02:31 -0300] "POST /wp-cron.php?doing_wp_cron=1757728951.2012619972229003906250 HTTP/1.1" 200 389 "https://jomarlogistica.com.br/wp-cron.php?doing_wp_cron=1757728951.2012619972229003906250" "WordPress/5.8.10; https://jomarlogistica.com.br"
jomarlogistica.com.br:80 216.73.216.134 - - [12/Sep/2025:23:02:30 -0300] "GET /2023/04/26/employing-an-investor-data-room-to-accelerate-fund-collecting HTTP/1.1" 301 522 "-" "Mozilla/5.0 AppleWebKit/537.36 (KHTML, like Gecko; compatible; ClaudeBot/1.0; +claudebot@anthropic.com)"
jomarlogistica.com.br:80 216.73.216.134 - - [12/Sep/2025:23:02:31 -0300] "GET /2023/04/26/employing-an-investor-data-room-to-accelerate-fund-collecting/ HTTP/1.1" 200 17480 "https://jomarlogistica.com.br/2023/04/26/employing-an-investor-data-room-to-accelerate-fund-collecting" "Mozilla/5.0 AppleWebKit/537.36 (KHTML, like Gecko; compatible; ClaudeBot/1.0; +claudebot@anthropic.com)"
jomarlogistica.com.br:80 127.0.0.1 - - [12/Sep/2025:23:02:37 -0300] "OPTIONS * HTTP/1.0" 200 110 "-" "Apache/2.4.65 (Ubuntu) (internal dummy connection)"
jomarlogistica.com.br:80 216.73.216.134 - - [12/Sep/2025:23:03:41 -0300] "GET /2023/04/25/tips-on-how-to-find-a-mailbox-order-new-bride-in-2023-get-yourself-a-significant-other-online HTTP/1.1" 301 554 "-" "Mozilla/5.0 AppleWebKit/537.36 (KHTML, like Gecko; compatible; ClaudeBot/1.0; +claudebot@anthropic.com)"
jomarlogistica.com.br:80 216.73.216.134 - - [12/Sep/2025:23:03:41 -0300] "GET /2023/04/25/tips-on-how-to-find-a-mailbox-order-new-bride-in-2023-get-yourself-a-significant-other-online/ HTTP/1.1" 200 19496 "https://jomarlogistica.com.br/2023/04/25/tips-on-how-to-find-a-mailbox-order-new-bride-in-2023-get-yourself-a-significant-other-online" "Mozilla/5.0 AppleWebKit/537.36 (KHTML, like Gecko; compatible; ClaudeBot/1.0; +claudebot@anthropic.com)"
jomarlogistica.com.br:80 216.73.216.134 - - [12/Sep/2025:23:04:11 -0300] "GET /2023/04/25/the-puma-corporation-%e8%a8%bb%e5%86%8a-ditt-%e5%9f%9f%e5%90%8d%ef%bc%8ctwitter-%e8%b3%ac%e8%99%9f%e6%9b%b4%e5%90%8d%e7%82%ba-puma-eth HTTP/1.1" 301 595 "-" "Mozilla/5.0 AppleWebKit/537.36 (KHTML, like Gecko; compatible; ClaudeBot/1.0; +claudebot@anthropic.com)"
jomarlogistica.com.br:80 216.73.216.134 - - [12/Sep/2025:23:04:11 -0300] "GET /?p=7395 HTTP/1.1" 301 507 "-" "Mozilla/5.0 AppleWebKit/537.36 (KHTML, like Gecko; compatible; ClaudeBot/1.0; +claudebot@anthropic.com)"
jomarlogistica.com.br:80 216.73.216.134 - - [12/Sep/2025:23:04:12 -0300] "GET /2023/04/20/carry-out-latina-girls-like-white-colored-guys/ HTTP/1.1" 200 19025 "https://jomarlogistica.com.br/?p=7395" "Mozilla/5.0 AppleWebKit/537.36 (KHTML, like Gecko; compatible; ClaudeBot/1.0; +claudebot@anthropic.com)"
jomarlogistica.com.br:80 216.73.216.134 - - [12/Sep/2025:23:04:12 -0300] "GET /2023/04/25/the-puma-corporation-%e8%a8%bb%e5%86%8a-ditt-%e5%9f%9f%e5%90%8d%ef%bc%8ctwitter-%e8%b3%ac%e8%99%9f%e6%9b%b4%e5%90%8d%e7%82%ba-puma-eth/ HTTP/1.1" 200 19228 "https://jomarlogistica.com.br/2023/04/25/the-puma-corporation-%e8%a8%bb%e5%86%8a-ditt-%e5%9f%9f%e5%90%8d%ef%bc%8ctwitter-%e8%b3%ac%e8%99%9f%e6%9b%b4%e5%90%8d%e7%82%ba-puma-eth" "Mozilla/5.0 AppleWebKit/537.36 (KHTML, like Gecko; compatible; ClaudeBot/1.0; +claudebot@anthropic.com)"
jomarlogistica.com.br:80 127.0.0.1 - - [12/Sep/2025:23:04:17 -0300] "OPTIONS * HTTP/1.0" 200 110 "-" "Apache/2.4.65 (Ubuntu) (internal dummy connection)"
jomarlogistica.com.br:80 172.20.1.117 - - [12/Sep/2025:23:06:22 -0300] "POST /wp-cron.php?doing_wp_cron=1757729182.3348109722137451171875 HTTP/1.1" 200 389 "https://jomarlogistica.com.br/wp-cron.php?doing_wp_cron=1757729182.3348109722137451171875" "WordPress/5.8.10; https://jomarlogistica.com.br"
jomarlogistica.com.br:80 216.73.216.134 - - [12/Sep/2025:23:06:17 -0300] "GET /2023/04/26/7-websites-like-craigslist-for-personal-advertisements-and-free-hookups-wild-app HTTP/1.1" 301 541 "-" "Mozilla/5.0 AppleWebKit/537.36 (KHTML, like Gecko; compatible; ClaudeBot/1.0; +claudebot@anthropic.com)"
jomarlogistica.com.br:80 216.73.216.134 - - [12/Sep/2025:23:06:22 -0300] "GET /2023/04/26/7-websites-like-craigslist-for-personal-advertisements-and-free-hookups-wild-app/ HTTP/1.1" 200 20798 "https://jomarlogistica.com.br/2023/04/26/7-websites-like-craigslist-for-personal-advertisements-and-free-hookups-wild-app" "Mozilla/5.0 AppleWebKit/537.36 (KHTML, like Gecko; compatible; ClaudeBot/1.0; +claudebot@anthropic.com)"
jomarlogistica.com.br:80 127.0.0.1 - - [12/Sep/2025:23:06:28 -0300] "OPTIONS * HTTP/1.0" 200 110 "-" "Apache/2.4.65 (Ubuntu) (internal dummy connection)"
jomarlogistica.com.br:80 57.141.0.68 - - [12/Sep/2025:23:06:51 -0300] "GET /2023/10/23/a-written-agreement-between-two-countries-legal-implications/ HTTP/1.1" 200 61122 "-" "meta-externalagent/1.1 (+https://developers.facebook.com/docs/sharing/webmasters/crawler)"
jomarlogistica.com.br:80 114.119.159.76 - - [12/Sep/2025:23:07:09 -0300] "GET /2023/page/8/ HTTP/1.1" 200 18461 "https://jomarlogistica.com.br/2023/page/9/" "Mozilla/5.0 (Linux; Android 7.0;) AppleWebKit/537.36 (KHTML, like Gecko) Mobile Safari/537.36 (compatible; PetalBot;+https://webmaster.petalsearch.com/site/petalbot)"
jomarlogistica.com.br:80 172.20.1.117 - - [12/Sep/2025:23:07:38 -0300] "POST /wp-cron.php?doing_wp_cron=1757729258.1654579639434814453125 HTTP/1.1" 200 389 "https://jomarlogistica.com.br/wp-cron.php?doing_wp_cron=1757729258.1654579639434814453125" "WordPress/5.8.10; https://jomarlogistica.com.br"
jomarlogistica.com.br:80 216.73.216.134 - - [12/Sep/2025:23:07:37 -0300] "GET /category/jomar/page/30 HTTP/1.1" 301 472 "-" "Mozilla/5.0 AppleWebKit/537.36 (KHTML, like Gecko; compatible; ClaudeBot/1.0; +claudebot@anthropic.com)"
jomarlogistica.com.br:80 216.73.216.134 - - [12/Sep/2025:23:07:38 -0300] "GET /category/jomar/page/30/ HTTP/1.1" 200 18927 "https://jomarlogistica.com.br/category/jomar/page/30" "Mozilla/5.0 AppleWebKit/537.36 (KHTML, like Gecko; compatible; ClaudeBot/1.0; +claudebot@anthropic.com)"
jomarlogistica.com.br:80 127.0.0.1 - - [12/Sep/2025:23:07:43 -0300] "OPTIONS * HTTP/1.0" 200 110 "-" "Apache/2.4.65 (Ubuntu) (internal dummy connection)"
jomarlogistica.com.br:80 114.119.158.0 - - [12/Sep/2025:23:08:35 -0300] "GET /2023/10/10/united-states-data-area-providers/ HTTP/1.1" 200 17267 "https://jomarlogistica.com.br/2023/10/11/several-types-of-business-computer-software/" "Mozilla/5.0 (Linux; Android 7.0;) AppleWebKit/537.36 (KHTML, like Gecko) Mobile Safari/537.36 (compatible; PetalBot;+https://webmaster.petalsearch.com/site/petalbot)"
jomarlogistica.com.br:80 114.119.136.72 - - [12/Sep/2025:23:09:52 -0300] "GET /2023/10/03/best-antivirus-for-android/ HTTP/1.1" 200 17149 "https://jomarlogistica.com.br/2023/10/page/3/" "Mozilla/5.0 (Linux; Android 7.0;) AppleWebKit/537.36 (KHTML, like Gecko) Mobile Safari/537.36 (compatible; PetalBot;+https://webmaster.petalsearch.com/site/petalbot)"
jomarlogistica.com.br:80 114.119.128.158 - - [12/Sep/2025:23:11:11 -0300] "GET /2022/12/18/where-to-get-legitimate-foreign-dating-sites-and-apps/ HTTP/1.1" 200 18171 "https://jomarlogistica.com.br/2022/page/3/" "Mozilla/5.0 (Linux; Android 7.0;) AppleWebKit/537.36 (KHTML, like Gecko) Mobile Safari/537.36 (compatible; PetalBot;+https://webmaster.petalsearch.com/site/petalbot)"
jomarlogistica.com.br:80 172.20.1.117 - - [12/Sep/2025:23:12:35 -0300] "POST /wp-cron.php?doing_wp_cron=1757729555.5261089801788330078125 HTTP/1.1" 200 389 "https://jomarlogistica.com.br/wp-cron.php?doing_wp_cron=1757729555.5261089801788330078125" "WordPress/5.8.10; https://jomarlogistica.com.br"
jomarlogistica.com.br:80 114.119.138.130 - - [12/Sep/2025:23:12:35 -0300] "GET /2022/08/17/bargain-agreement-vertaling-services-professional-legal-translations/ HTTP/1.1" 200 14409 "https://jomarlogistica.com.br/2022/08/18/apft-form-fillable-legal-guide-and-fillable-forms/" "Mozilla/5.0 (Linux; Android 7.0;) AppleWebKit/537.36 (KHTML, like Gecko) Mobile Safari/537.36 (compatible; PetalBot;+https://webmaster.petalsearch.com/site/petalbot)"
jomarlogistica.com.br:80 127.0.0.1 - - [12/Sep/2025:23:12:40 -0300] "OPTIONS * HTTP/1.0" 200 110 "-" "Apache/2.4.65 (Ubuntu) (internal dummy connection)"
jomarlogistica.com.br:80 114.119.135.84 - - [12/Sep/2025:23:13:58 -0300] "GET /2023/06/10/11-best-hookup-sites-in-2023-prime-websites-for-hook-ups/ HTTP/1.1" 200 17306 "https://jomarlogistica.com.br/category/jomar/page/19/" "Mozilla/5.0 (Linux; Android 7.0;) AppleWebKit/537.36 (KHTML, like Gecko) Mobile Safari/537.36 (compatible; PetalBot;+https://webmaster.petalsearch.com/site/petalbot)"
jomarlogistica.com.br:80 114.119.138.130 - - [12/Sep/2025:23:15:25 -0300] "GET /2022/05/ HTTP/1.1" 200 13524 "https://jomarlogistica.com.br/2024/01/23/checkpoint-firewall-rules-export-best-practices-and-guidelines/" "Mozilla/5.0 (Linux; Android 7.0;) AppleWebKit/537.36 (KHTML, like Gecko) Mobile Safari/537.36 (compatible; PetalBot;+https://webmaster.petalsearch.com/site/petalbot)"
jomarlogistica.com.br:80 216.244.66.226 - - [12/Sep/2025:23:17:05 -0300] "GET /robots.txt HTTP/1.1" 200 565 "-" "Mozilla/5.0 (compatible; DotBot/1.2; +https://opensiteexplorer.org/dotbot; help@moz.com)"
jomarlogistica.com.br:80 172.20.1.117 - - [12/Sep/2025:23:17:13 -0300] "POST /wp-cron.php?doing_wp_cron=1757729833.6515100002288818359375 HTTP/1.1" 200 389 "https://jomarlogistica.com.br/wp-cron.php?doing_wp_cron=1757729833.6515100002288818359375" "WordPress/5.8.10; https://jomarlogistica.com.br"
jomarlogistica.com.br:80 177.116.188.98 - - [12/Sep/2025:23:17:13 -0300] "POST /autodiscover/autodiscover.xml HTTP/1.1" 404 448 "-" "AppleExchangeWebServices/833 accountsd/113"
jomarlogistica.com.br:80 177.116.188.98 - - [12/Sep/2025:23:17:14 -0300] "POST /autodiscover/autodiscover.xml HTTP/1.1" 404 448 "-" "AppleExchangeWebServices/833 accountsd/113"
jomarlogistica.com.br:80 127.0.0.1 - - [12/Sep/2025:23:17:19 -0300] "OPTIONS * HTTP/1.0" 200 110 "-" "Apache/2.4.65 (Ubuntu) (internal dummy connection)"
jomarlogistica.com.br:80 216.73.216.134 - - [12/Sep/2025:23:18:34 -0300] "GET /2022/06/23/are-cherry-bomb-mufflers-legal-legal-information-and-regulations HTTP/1.1" 301 580 "-" "Mozilla/5.0 AppleWebKit/537.36 (KHTML, like Gecko; compatible; ClaudeBot/1.0; +claudebot@anthropic.com)"
jomarlogistica.com.br:80 216.73.216.134 - - [12/Sep/2025:23:18:34 -0300] "GET /2022/06/23/are-cherry-bomb-mufflers-legal-legal-information-and-regulations/ HTTP/1.1" 200 14131 "https://jomarlogistica.com.br/2022/06/23/are-cherry-bomb-mufflers-legal-legal-information-and-regulations" "Mozilla/5.0 AppleWebKit/537.36 (KHTML, like Gecko; compatible; ClaudeBot/1.0; +claudebot@anthropic.com)"
jomarlogistica.com.br:80 216.73.216.134 - - [12/Sep/2025:23:20:35 -0300] "GET /2023/04/06/amazing-interracial-couples HTTP/1.1" 301 488 "-" "Mozilla/5.0 AppleWebKit/537.36 (KHTML, like Gecko; compatible; ClaudeBot/1.0; +claudebot@anthropic.com)"
jomarlogistica.com.br:80 216.73.216.134 - - [12/Sep/2025:23:20:35 -0300] "GET /2023/04/06/amazing-interracial-couples/ HTTP/1.1" 200 17468 "https://jomarlogistica.com.br/2023/04/06/amazing-interracial-couples" "Mozilla/5.0 AppleWebKit/537.36 (KHTML, like Gecko; compatible; ClaudeBot/1.0; +claudebot@anthropic.com)"
jomarlogistica.com.br:80 172.20.1.117 - - [12/Sep/2025:23:26:24 -0300] "POST /wp-cron.php?doing_wp_cron=1757730384.2571389675140380859375 HTTP/1.1" 200 389 "https://jomarlogistica.com.br/wp-cron.php?doing_wp_cron=1757730384.2571389675140380859375" "WordPress/5.8.10; https://jomarlogistica.com.br"
jomarlogistica.com.br:80 216.244.66.226 - - [12/Sep/2025:23:26:23 -0300] "GET /2023/10/03/online-antivirus-scan-for-android-mobile/ HTTP/1.1" 200 79064 "-" "Mozilla/5.0 (compatible; DotBot/1.2; +https://opensiteexplorer.org/dotbot; help@moz.com)"
jomarlogistica.com.br:80 127.0.0.1 - - [12/Sep/2025:23:26:30 -0300] "OPTIONS * HTTP/1.0" 200 110 "-" "Apache/2.4.65 (Ubuntu) (internal dummy connection)"
jomarlogistica.com.br:80 172.20.1.117 - - [12/Sep/2025:23:28:01 -0300] "POST /wp-cron.php?doing_wp_cron=1757730481.5633020401000976562500 HTTP/1.1" 200 389 "https://jomarlogistica.com.br/wp-cron.php?doing_wp_cron=1757730481.5633020401000976562500" "WordPress/5.8.10; https://jomarlogistica.com.br"
jomarlogistica.com.br:80 57.141.0.75 - - [12/Sep/2025:23:28:01 -0300] "GET /2023/03/05/antecedent-meaning-law-understanding-legal-precedents/ HTTP/1.1" 200 62041 "-" "meta-externalagent/1.1 (+https://developers.facebook.com/docs/sharing/webmasters/crawler)"
jomarlogistica.com.br:80 127.0.0.1 - - [12/Sep/2025:23:28:07 -0300] "OPTIONS * HTTP/1.0" 200 110 "-" "Apache/2.4.65 (Ubuntu) (internal dummy connection)"
jomarlogistica.com.br:80 114.119.135.84 - - [12/Sep/2025:23:29:21 -0300] "GET /2022/07/10/understanding-agreement-by-contract-law-key-principles-and-considerations/ HTTP/1.1" 200 14821 "https://jomarlogistica.com.br/2022/07/" "Mozilla/5.0 (Linux; Android 7.0;) AppleWebKit/537.36 (KHTML, like Gecko) Mobile Safari/537.36 (compatible; PetalBot;+https://webmaster.petalsearch.com/site/petalbot)"
jomarlogistica.com.br:80 114.119.136.72 - - [12/Sep/2025:23:30:53 -0300] "GET /2023/page/22/ HTTP/1.1" 200 18948 "https://jomarlogistica.com.br/2023/page/21/" "Mozilla/5.0 (Linux; Android 7.0;) AppleWebKit/537.36 (KHTML, like Gecko) Mobile Safari/537.36 (compatible; PetalBot;+https://webmaster.petalsearch.com/site/petalbot)"
jomarlogistica.com.br:80 114.119.138.130 - - [12/Sep/2025:23:32:09 -0300] "GET / HTTP/1.1" 200 23930 "https://jomarlogistica.com.br/2022/12/24/how-to-construct-a-marriage-with-a-korean-woman/" "Mozilla/5.0 (Linux; Android 7.0;) AppleWebKit/537.36 (KHTML, like Gecko) Mobile Safari/537.36 (compatible; PetalBot;+https://webmaster.petalsearch.com/site/petalbot)"
jomarlogistica.com.br:80 172.20.1.117 - - [12/Sep/2025:23:32:48 -0300] "POST /wp-cron.php?doing_wp_cron=1757730768.1445500850677490234375 HTTP/1.1" 200 389 "https://jomarlogistica.com.br/wp-cron.php?doing_wp_cron=1757730768.1445500850677490234375" "WordPress/5.8.10; https://jomarlogistica.com.br"
jomarlogistica.com.br:80 177.116.188.98 - - [12/Sep/2025:23:32:47 -0300] "POST /autodiscover/autodiscover.xml HTTP/1.1" 404 448 "-" "AppleExchangeWebServices/833 accountsd/113"
jomarlogistica.com.br:80 127.0.0.1 - - [12/Sep/2025:23:32:52 -0300] "OPTIONS * HTTP/1.0" 200 110 "-" "Apache/2.4.65 (Ubuntu) (internal dummy connection)"
jomarlogistica.com.br:80 54.92.171.106 - - [12/Sep/2025:23:35:42 -0300] "GET /robots.txt HTTP/1.1" 200 584 "-" "Mozilla/5.0 AppleWebKit/537.36 (KHTML, like Gecko; compatible; Amazonbot/0.1; +https://developer.amazon.com/support/amazonbot) Chrome/119.0.6045.214 Safari/537.36"
jomarlogistica.com.br:80 54.198.33.233 - - [12/Sep/2025:23:35:43 -0300] "GET /2023/01/30/what-to-anticipate-from-a-latina-relationship-agency/ HTTP/1.1" 200 18060 "-" "Mozilla/5.0 AppleWebKit/537.36 (KHTML, like Gecko; compatible; Amazonbot/0.1; +https://developer.amazon.com/support/amazonbot) Chrome/119.0.6045.214 Safari/537.36"
jomarlogistica.com.br:80 54.147.80.137 - - [12/Sep/2025:23:35:45 -0300] "GET /2022/09/27/bank-legal-department-expert-guidance-on-financial-law/ HTTP/1.1" 200 14356 "-" "Mozilla/5.0 AppleWebKit/537.36 (KHTML, like Gecko; compatible; Amazonbot/0.1; +https://developer.amazon.com/support/amazonbot) Chrome/119.0.6045.214 Safari/537.36"
jomarlogistica.com.br:80 172.20.1.117 - - [12/Sep/2025:23:38:00 -0300] "POST /wp-cron.php?doing_wp_cron=1757731080.9572379589080810546875 HTTP/1.1" 200 389 "https://jomarlogistica.com.br/wp-cron.php?doing_wp_cron=1757731080.9572379589080810546875" "WordPress/5.8.10; https://jomarlogistica.com.br"
jomarlogistica.com.br:80 57.141.0.40 - - [12/Sep/2025:23:38:00 -0300] "GET /2023/05/04/cities-and-knights-barbarian-attack-rules-expert-strategies-for-legal-defense/ HTTP/1.1" 200 62967 "-" "meta-externalagent/1.1 (+https://developers.facebook.com/docs/sharing/webmasters/crawler)"
jomarlogistica.com.br:80 127.0.0.1 - - [12/Sep/2025:23:38:05 -0300] "OPTIONS * HTTP/1.0" 200 110 "-" "Apache/2.4.65 (Ubuntu) (internal dummy connection)"
jomarlogistica.com.br:80 172.20.1.117 - - [12/Sep/2025:23:42:24 -0300] "POST /wp-cron.php?doing_wp_cron=1757731344.0503530502319335937500 HTTP/1.1" 200 389 "https://jomarlogistica.com.br/wp-cron.php?doing_wp_cron=1757731344.0503530502319335937500" "WordPress/5.8.10; https://jomarlogistica.com.br"
jomarlogistica.com.br:80 83.229.78.104 - - [12/Sep/2025:23:42:23 -0300] "GET / HTTP/1.1" 200 23930 "-" "Mozilla/5.0 (X11; Linux x86_64) AppleWebKit/537.36 (KHTML, like Gecko) Chrome/118.0.0.0 Safari/537.36"
jomarlogistica.com.br:80 127.0.0.1 - - [12/Sep/2025:23:42:30 -0300] "OPTIONS * HTTP/1.0" 200 110 "-" "Apache/2.4.65 (Ubuntu) (internal dummy connection)"
jomarlogistica.com.br:80 20.235.75.221 - - [12/Sep/2025:23:46:05 -0300] "GET /2023/02/03/agarbatti-making-with-buyback-agreement-legal-company-services/ HTTP/1.1" 200 14592 "-" "Mozilla/5.0 AppleWebKit/537.36 (KHTML, like Gecko); compatible; ChatGPT-User/1.0; +https://openai.com/bot"
jomarlogistica.com.br:80 172.20.1.117 - - [12/Sep/2025:23:49:18 -0300] "POST /wp-cron.php?doing_wp_cron=1757731758.0562720298767089843750 HTTP/1.1" 200 389 "https://jomarlogistica.com.br/wp-cron.php?doing_wp_cron=1757731758.0562720298767089843750" "WordPress/5.8.10; https://jomarlogistica.com.br"
jomarlogistica.com.br:80 177.116.188.98 - - [12/Sep/2025:23:49:17 -0300] "POST /autodiscover/autodiscover.xml HTTP/1.1" 404 448 "-" "AppleExchangeWebServices/833 accountsd/113"
jomarlogistica.com.br:80 127.0.0.1 - - [12/Sep/2025:23:49:22 -0300] "OPTIONS * HTTP/1.0" 200 110 "-" "Apache/2.4.65 (Ubuntu) (internal dummy connection)"
jomarlogistica.com.br:80 114.119.138.130 - - [12/Sep/2025:23:50:07 -0300] "GET /2023/10/16/best-builders-agreement-template-uk-legal-contract-samples/ HTTP/1.1" 200 14671 "https://jomarlogistica.com.br/2023/10/17/submit-uif-forms-online-application-process-and-requirements/" "Mozilla/5.0 (Linux; Android 7.0;) AppleWebKit/537.36 (KHTML, like Gecko) Mobile Safari/537.36 (compatible; PetalBot;+https://webmaster.petalsearch.com/site/petalbot)"
jomarlogistica.com.br:80 114.119.159.76 - - [12/Sep/2025:23:51:31 -0300] "GET /2023/10/11/bristol-myers-celgene-merger-agreement-legal-implications-and-analysis/ HTTP/1.1" 200 13884 "https://jomarlogistica.com.br/2023/10/14/legal-guide-to-changing-name-on-lease-agreement-step-by-step-process/" "Mozilla/5.0 (Linux; Android 7.0;) AppleWebKit/537.36 (KHTML, like Gecko) Mobile Safari/537.36 (compatible; PetalBot;+https://webmaster.petalsearch.com/site/petalbot)"
jomarlogistica.com.br:80 172.20.1.117 - - [12/Sep/2025:23:52:54 -0300] "POST /wp-cron.php?doing_wp_cron=1757731974.4900019168853759765625 HTTP/1.1" 200 389 "https://jomarlogistica.com.br/wp-cron.php?doing_wp_cron=1757731974.4900019168853759765625" "WordPress/5.8.10; https://jomarlogistica.com.br"
jomarlogistica.com.br:80 114.119.128.158 - - [12/Sep/2025:23:52:54 -0300] "GET /2023/05/30/sts-kod-promocji-sts-kupon-na-obecnie-darmowy-voucher-sts/ HTTP/1.1" 200 19918 "https://jomarlogistica.com.br/2023/05/" "Mozilla/5.0 (Linux; Android 7.0;) AppleWebKit/537.36 (KHTML, like Gecko) Mobile Safari/537.36 (compatible; PetalBot;+https://webmaster.petalsearch.com/site/petalbot)"
jomarlogistica.com.br:80 127.0.0.1 - - [12/Sep/2025:23:53:00 -0300] "OPTIONS * HTTP/1.0" 200 110 "-" "Apache/2.4.65 (Ubuntu) (internal dummy connection)"
jomarlogistica.com.br:80 114.119.159.76 - - [12/Sep/2025:23:54:24 -0300] "GET /2023/05/05/which-female-race-is-the-best-to-marry/ HTTP/1.1" 200 18235 "https://jomarlogistica.com.br/2023/05/page/8/" "Mozilla/5.0 (Linux; Android 7.0;) AppleWebKit/537.36 (KHTML, like Gecko) Mobile Safari/537.36 (compatible; PetalBot;+https://webmaster.petalsearch.com/site/petalbot)"
jomarlogistica.com.br:80 177.116.188.98 - - [12/Sep/2025:23:54:51 -0300] "POST /autodiscover/autodiscover.xml HTTP/1.1" 404 448 "-" "AppleExchangeWebServices/833 accountsd/113"
jomarlogistica.com.br:80 114.119.138.207 - - [12/Sep/2025:23:55:48 -0300] "GET /2022/page/9/ HTTP/1.1" 200 18449 "https://jomarlogistica.com.br/2022/page/10/" "Mozilla/5.0 (Linux; Android 7.0;) AppleWebKit/537.36 (KHTML, like Gecko) Mobile Safari/537.36 (compatible; PetalBot;+https://webmaster.petalsearch.com/site/petalbot)"
jomarlogistica.com.br:80 172.20.1.117 - - [12/Sep/2025:23:57:24 -0300] "POST /wp-cron.php?doing_wp_cron=1757732244.0310070514678955078125 HTTP/1.1" 200 389 "https://jomarlogistica.com.br/wp-cron.php?doing_wp_cron=1757732244.0310070514678955078125" "WordPress/5.8.10; https://jomarlogistica.com.br"
jomarlogistica.com.br:80 114.119.159.76 - - [12/Sep/2025:23:57:23 -0300] "GET /2022/12/06/realizing-love-signs-you-are-in-love/ HTTP/1.1" 200 17417 "https://jomarlogistica.com.br/2022/page/5/" "Mozilla/5.0 (Linux; Android 7.0;) AppleWebKit/537.36 (KHTML, like Gecko) Mobile Safari/537.36 (compatible; PetalBot;+https://webmaster.petalsearch.com/site/petalbot)"
jomarlogistica.com.br:80 127.0.0.1 - - [12/Sep/2025:23:57:29 -0300] "OPTIONS * HTTP/1.0" 200 110 "-" "Apache/2.4.65 (Ubuntu) (internal dummy connection)"
jomarlogistica.com.br:80 114.119.135.84 - - [12/Sep/2025:23:58:40 -0300] "GET /2022/12/01/a-few-tips-for-males-who-struggle-to-find-a-woman-to-date/ HTTP/1.1" 200 18265 "https://jomarlogistica.com.br/2022/12/02/mutually-beneficial-marriage-sugar-daddy/" "Mozilla/5.0 (Linux; Android 7.0;) AppleWebKit/537.36 (KHTML, like Gecko) Mobile Safari/537.36 (compatible; PetalBot;+https://webmaster.petalsearch.com/site/petalbot)"
jomarlogistica.com.br:80 114.119.136.72 - - [13/Sep/2025:00:00:08 -0300] "GET /2022/11/28/ways-to-match-turkish-ladies-with-western-guys/ HTTP/1.1" 200 18231 "https://jomarlogistica.com.br/author/jomar/page/48/" "Mozilla/5.0 (Linux; Android 7.0;) AppleWebKit/537.36 (KHTML, like Gecko) Mobile Safari/537.36 (compatible; PetalBot;+https://webmaster.petalsearch.com/site/petalbot)"
jomarlogistica.com.br:80 114.119.159.76 - - [13/Sep/2025:00:01:30 -0300] "GET /category/jomar/page/40/ HTTP/1.1" 200 18823 "https://jomarlogistica.com.br/category/jomar/page/39/" "Mozilla/5.0 (Linux; Android 7.0;) AppleWebKit/537.36 (KHTML, like Gecko) Mobile Safari/537.36 (compatible; PetalBot;+https://webmaster.petalsearch.com/site/petalbot)"
jomarlogistica.com.br:80 172.20.1.117 - - [13/Sep/2025:00:02:55 -0300] "POST /wp-cron.php?doing_wp_cron=1757732575.5272359848022460937500 HTTP/1.1" 200 389 "https://jomarlogistica.com.br/wp-cron.php?doing_wp_cron=1757732575.5272359848022460937500" "WordPress/5.8.10; https://jomarlogistica.com.br"
jomarlogistica.com.br:80 114.119.138.130 - - [13/Sep/2025:00:02:55 -0300] "GET /category/jomar/page/29/ HTTP/1.1" 200 18695 "https://jomarlogistica.com.br/category/jomar/page/30/" "Mozilla/5.0 (Linux; Android 7.0;) AppleWebKit/537.36 (KHTML, like Gecko) Mobile Safari/537.36 (compatible; PetalBot;+https://webmaster.petalsearch.com/site/petalbot)"
jomarlogistica.com.br:80 127.0.0.1 - - [13/Sep/2025:00:03:01 -0300] "OPTIONS * HTTP/1.0" 200 110 "-" "Apache/2.4.65 (Ubuntu) (internal dummy connection)"
jomarlogistica.com.br:80 114.119.128.158 - - [13/Sep/2025:00:04:25 -0300] "GET /2023/04/17/seeing-a-guy-right-from-another-nation/ HTTP/1.1" 200 17236 "https://jomarlogistica.com.br/2023/page/32/" "Mozilla/5.0 (Linux; Android 7.0;) AppleWebKit/537.36 (KHTML, like Gecko) Mobile Safari/537.36 (compatible; PetalBot;+https://webmaster.petalsearch.com/site/petalbot)"
jomarlogistica.com.br:80 172.20.1.117 - - [13/Sep/2025:00:05:48 -0300] "POST /wp-cron.php?doing_wp_cron=1757732748.3100810050964355468750 HTTP/1.1" 200 389 "https://jomarlogistica.com.br/wp-cron.php?doing_wp_cron=1757732748.3100810050964355468750" "WordPress/5.8.10; https://jomarlogistica.com.br"
jomarlogistica.com.br:80 114.119.138.130 - - [13/Sep/2025:00:05:47 -0300] "GET /2023/03/30/so-what-do-sugar-daddies-expect/ HTTP/1.1" 200 18032 "https://jomarlogistica.com.br/2023/03/" "Mozilla/5.0 (Linux; Android 7.0;) AppleWebKit/537.36 (KHTML, like Gecko) Mobile Safari/537.36 (compatible; PetalBot;+https://webmaster.petalsearch.com/site/petalbot)"
jomarlogistica.com.br:80 127.0.0.1 - - [13/Sep/2025:00:05:54 -0300] "OPTIONS * HTTP/1.0" 200 110 "-" "Apache/2.4.65 (Ubuntu) (internal dummy connection)"
jomarlogistica.com.br:80 114.119.128.158 - - [13/Sep/2025:00:07:06 -0300] "GET /2023/05/03/gay-and-lesbian-horoscope-indicators-and-curiosities/ HTTP/1.1" 200 20047 "https://jomarlogistica.com.br/2023/page/28/" "Mozilla/5.0 (Linux; Android 7.0;) AppleWebKit/537.36 (KHTML, like Gecko) Mobile Safari/537.36 (compatible; PetalBot;+https://webmaster.petalsearch.com/site/petalbot)"
jomarlogistica.com.br:80 172.20.1.117 - - [13/Sep/2025:00:07:38 -0300] "POST /wp-cron.php?doing_wp_cron=1757732858.0461390018463134765625 HTTP/1.1" 200 389 "https://jomarlogistica.com.br/wp-cron.php?doing_wp_cron=1757732858.0461390018463134765625" "WordPress/5.8.10; https://jomarlogistica.com.br"
jomarlogistica.com.br:80 177.116.188.98 - - [13/Sep/2025:00:07:37 -0300] "POST /autodiscover/autodiscover.xml HTTP/1.1" 404 448 "-" "AppleExchangeWebServices/833 accountsd/113"
jomarlogistica.com.br:80 127.0.0.1 - - [13/Sep/2025:00:07:42 -0300] "OPTIONS * HTTP/1.0" 200 110 "-" "Apache/2.4.65 (Ubuntu) (internal dummy connection)"
jomarlogistica.com.br:80 114.119.159.76 - - [13/Sep/2025:00:08:33 -0300] "GET /2022/10/17/free-dating-and-chatting-sites-for-available-singles/ HTTP/1.1" 200 17458 "https://jomarlogistica.com.br/category/jomar/page/54/" "Mozilla/5.0 (Linux; Android 7.0;) AppleWebKit/537.36 (KHTML, like Gecko) Mobile Safari/537.36 (compatible; PetalBot;+https://webmaster.petalsearch.com/site/petalbot)"
jomarlogistica.com.br:80 114.119.128.158 - - [13/Sep/2025:00:09:56 -0300] "GET /2022/09/30/manifesting-love-signs-you-are-in-love/ HTTP/1.1" 200 17464 "https://jomarlogistica.com.br/category/jomar/page/55/" "Mozilla/5.0 (Linux; Android 7.0;) AppleWebKit/537.36 (KHTML, like Gecko) Mobile Safari/537.36 (compatible; PetalBot;+https://webmaster.petalsearch.com/site/petalbot)"
jomarlogistica.com.br:80 114.119.135.84 - - [13/Sep/2025:00:11:17 -0300] "GET /2022/ HTTP/1.1" 200 18621 "https://jomarlogistica.com.br/2022/07/" "Mozilla/5.0 (Linux; Android 7.0;) AppleWebKit/537.36 (KHTML, like Gecko) Mobile Safari/537.36 (compatible; PetalBot;+https://webmaster.petalsearch.com/site/petalbot)"
jomarlogistica.com.br:80 172.20.1.117 - - [13/Sep/2025:00:15:39 -0300] "POST /wp-cron.php?doing_wp_cron=1757733338.9920530319213867187500 HTTP/1.1" 200 389 "https://jomarlogistica.com.br/wp-cron.php?doing_wp_cron=1757733338.9920530319213867187500" "WordPress/5.8.10; https://jomarlogistica.com.br"
jomarlogistica.com.br:80 40.84.221.239 - - [13/Sep/2025:00:15:38 -0300] "GET /2024/01/16/is-owning-pet-squirrels-legal-in-florida-laws-regulations/ HTTP/1.1" 200 13815 "-" "Mozilla/5.0 AppleWebKit/537.36 (KHTML, like Gecko); compatible; ChatGPT-User/1.0; +https://openai.com/bot"
jomarlogistica.com.br:80 127.0.0.1 - - [13/Sep/2025:00:15:44 -0300] "OPTIONS * HTTP/1.0" 200 110 "-" "Apache/2.4.65 (Ubuntu) (internal dummy connection)"
jomarlogistica.com.br:80 4.227.36.22 - - [13/Sep/2025:00:16:42 -0300] "GET /robots.txt HTTP/1.1" 200 584 "-" "Mozilla/5.0 AppleWebKit/537.36 (KHTML, like Gecko; compatible; GPTBot/1.2; +https://openai.com/gptbot)"
jomarlogistica.com.br:80 20.171.207.88 - - [13/Sep/2025:00:16:44 -0300] "GET /wp-sitemap.xml HTTP/1.1" 200 643 "-" "Mozilla/5.0 AppleWebKit/537.36 (KHTML, like Gecko; compatible; GPTBot/1.2; +https://openai.com/gptbot)"