jomarlogistica.com.br:80 114.119.158.0 - - [12/Sep/2025:16:02:58 -0300] "GET /author/jomar/page/55/ HTTP/1.1" 200 18658 "https://jomarlogistica.com.br/author/jomar/page/55/" "Mozilla/5.0 (Linux; Android 7.0;) AppleWebKit/537.36 (KHTML, like Gecko) Mobile Safari/537.36 (compatible; PetalBot;+https://webmaster.petalsearch.com/site/petalbot)"
jomarlogistica.com.br:80 127.0.0.1 - - [12/Sep/2025:16:03:04 -0300] "OPTIONS * HTTP/1.0" 200 110 "-" "Apache/2.4.65 (Ubuntu) (internal dummy connection)"
jomarlogistica.com.br:80 114.119.136.72 - - [12/Sep/2025:16:04:24 -0300] "GET /author/jomar/page/5/ HTTP/1.1" 200 18554 "https://jomarlogistica.com.br/author/jomar/page/5/" "Mozilla/5.0 (Linux; Android 7.0;) AppleWebKit/537.36 (KHTML, like Gecko) Mobile Safari/537.36 (compatible; PetalBot;+https://webmaster.petalsearch.com/site/petalbot)"
jomarlogistica.com.br:80 172.20.1.117 - - [12/Sep/2025:16:05:48 -0300] "POST /wp-cron.php?doing_wp_cron=1757703948.7096409797668457031250 HTTP/1.1" 200 389 "https://jomarlogistica.com.br/wp-cron.php?doing_wp_cron=1757703948.7096409797668457031250" "WordPress/5.8.10; https://jomarlogistica.com.br"
jomarlogistica.com.br:80 114.119.158.0 - - [12/Sep/2025:16:05:48 -0300] "GET /author/jomar/page/31/ HTTP/1.1" 200 21420 "https://jomarlogistica.com.br/author/jomar/page/32/" "Mozilla/5.0 (Linux; Android 7.0;) AppleWebKit/537.36 (KHTML, like Gecko) Mobile Safari/537.36 (compatible; PetalBot;+https://webmaster.petalsearch.com/site/petalbot)"
jomarlogistica.com.br:80 127.0.0.1 - - [12/Sep/2025:16:05:54 -0300] "OPTIONS * HTTP/1.0" 200 110 "-" "Apache/2.4.65 (Ubuntu) (internal dummy connection)"
jomarlogistica.com.br:80 216.244.66.226 - - [12/Sep/2025:16:06:16 -0300] "GET /2023/03/25/business-partnership-agreement-proposal-essential-guidelines-for-success/feed/ HTTP/1.1" 200 1303 "-" "Mozilla/5.0 (compatible; DotBot/1.2; +https://opensiteexplorer.org/dotbot; help@moz.com)"
jomarlogistica.com.br:80 85.208.96.212 - - [12/Sep/2025:16:06:16 -0300] "GET /robots.txt HTTP/1.1" 200 584 "-" "Mozilla/5.0 (compatible; SemrushBot/7~bl; +http://www.semrush.com/bot.html)"
jomarlogistica.com.br:80 185.191.171.16 - - [12/Sep/2025:16:06:17 -0300] "GET /2023/03/30/so-what-do-sugar-daddies-expect/ HTTP/1.1" 200 18032 "-" "Mozilla/5.0 (compatible; SemrushBot/7~bl; +http://www.semrush.com/bot.html)"
jomarlogistica.com.br:80 127.0.0.1 - - [12/Sep/2025:16:06:22 -0300] "OPTIONS * HTTP/1.0" 200 110 "-" "Apache/2.4.65 (Ubuntu) (internal dummy connection)"
jomarlogistica.com.br:80 172.20.1.117 - - [12/Sep/2025:16:07:12 -0300] "POST /wp-cron.php?doing_wp_cron=1757704032.1781320571899414062500 HTTP/1.1" 200 389 "https://jomarlogistica.com.br/wp-cron.php?doing_wp_cron=1757704032.1781320571899414062500" "WordPress/5.8.10; https://jomarlogistica.com.br"
jomarlogistica.com.br:80 114.119.138.130 - - [12/Sep/2025:16:07:11 -0300] "GET /author/jomar/page/29/ HTTP/1.1" 200 18680 "https://jomarlogistica.com.br/author/jomar/page/29/" "Mozilla/5.0 (Linux; Android 7.0;) AppleWebKit/537.36 (KHTML, like Gecko) Mobile Safari/537.36 (compatible; PetalBot;+https://webmaster.petalsearch.com/site/petalbot)"
jomarlogistica.com.br:80 127.0.0.1 - - [12/Sep/2025:16:07:17 -0300] "OPTIONS * HTTP/1.0" 200 110 "-" "Apache/2.4.65 (Ubuntu) (internal dummy connection)"
jomarlogistica.com.br:80 114.119.128.158 - - [12/Sep/2025:16:08:27 -0300] "GET /2024/01/23/are-led-headlights-legal-in-ct-ct-headlight-laws-explained/ HTTP/1.1" 200 13726 "https://jomarlogistica.com.br/2023/08/01/deciding-on-an-online-data-room-for-the-purpose-of-ma-and-online-ma/" "Mozilla/5.0 (Linux; Android 7.0;) AppleWebKit/537.36 (KHTML, like Gecko) Mobile Safari/537.36 (compatible; PetalBot;+https://webmaster.petalsearch.com/site/petalbot)"
jomarlogistica.com.br:80 114.119.138.130 - - [12/Sep/2025:16:09:48 -0300] "GET /2023/page/7/ HTTP/1.1" 200 18365 "https://jomarlogistica.com.br/2023/page/6/" "Mozilla/5.0 (Linux; Android 7.0;) AppleWebKit/537.36 (KHTML, like Gecko) Mobile Safari/537.36 (compatible; PetalBot;+https://webmaster.petalsearch.com/site/petalbot)"
jomarlogistica.com.br:80 114.119.158.0 - - [12/Sep/2025:16:11:02 -0300] "GET /2023/page/38/ HTTP/1.1" 200 18511 "https://jomarlogistica.com.br/2023/page/39/" "Mozilla/5.0 (Linux; Android 7.0;) AppleWebKit/537.36 (KHTML, like Gecko) Mobile Safari/537.36 (compatible; PetalBot;+https://webmaster.petalsearch.com/site/petalbot)"
jomarlogistica.com.br:80 172.20.1.117 - - [12/Sep/2025:16:12:24 -0300] "POST /wp-cron.php?doing_wp_cron=1757704344.7349569797515869140625 HTTP/1.1" 200 389 "https://jomarlogistica.com.br/wp-cron.php?doing_wp_cron=1757704344.7349569797515869140625" "WordPress/5.8.10; https://jomarlogistica.com.br"
jomarlogistica.com.br:80 114.119.136.72 - - [12/Sep/2025:16:12:24 -0300] "GET /2023/page/20/ HTTP/1.1" 200 19129 "https://jomarlogistica.com.br/2023/page/21/" "Mozilla/5.0 (Linux; Android 7.0;) AppleWebKit/537.36 (KHTML, like Gecko) Mobile Safari/537.36 (compatible; PetalBot;+https://webmaster.petalsearch.com/site/petalbot)"
jomarlogistica.com.br:80 127.0.0.1 - - [12/Sep/2025:16:12:29 -0300] "OPTIONS * HTTP/1.0" 200 110 "-" "Apache/2.4.65 (Ubuntu) (internal dummy connection)"
jomarlogistica.com.br:80 114.119.159.76 - - [12/Sep/2025:16:13:48 -0300] "GET /2023/12/25/understanding-the-2-year-rule-employment-legal-guidelines-and-advice/ HTTP/1.1" 200 13513 "https://jomarlogistica.com.br/2023/12/27/carr-legal-photos-high-quality-legal-photography-services/" "Mozilla/5.0 (Linux; Android 7.0;) AppleWebKit/537.36 (KHTML, like Gecko) Mobile Safari/537.36 (compatible; PetalBot;+https://webmaster.petalsearch.com/site/petalbot)"
jomarlogistica.com.br:80 114.119.158.0 - - [12/Sep/2025:16:15:16 -0300] "GET /2023/10/15/what-exactly-is-data-space-for-peer-to-peer/ HTTP/1.1" 200 17347 "https://jomarlogistica.com.br/2023/page/2/" "Mozilla/5.0 (Linux; Android 7.0;) AppleWebKit/537.36 (KHTML, like Gecko) Mobile Safari/537.36 (compatible; PetalBot;+https://webmaster.petalsearch.com/site/petalbot)"
jomarlogistica.com.br:80 114.119.138.207 - - [12/Sep/2025:16:16:28 -0300] "GET /2023/10/02/how-to-enable-and-disable-avast-game-mode/ HTTP/1.1" 200 17274 "https://jomarlogistica.com.br/2023/09/27/how-to-conduct-a-borad-meeting-online/" "Mozilla/5.0 (Linux; Android 7.0;) AppleWebKit/537.36 (KHTML, like Gecko) Mobile Safari/537.36 (compatible; PetalBot;+https://webmaster.petalsearch.com/site/petalbot)"
jomarlogistica.com.br:80 172.20.1.117 - - [12/Sep/2025:16:17:55 -0300] "POST /wp-cron.php?doing_wp_cron=1757704675.7432839870452880859375 HTTP/1.1" 200 389 "https://jomarlogistica.com.br/wp-cron.php?doing_wp_cron=1757704675.7432839870452880859375" "WordPress/5.8.10; https://jomarlogistica.com.br"
jomarlogistica.com.br:80 114.119.138.207 - - [12/Sep/2025:16:17:55 -0300] "GET /2023/10/02/asus-gaming-laptops-2/ HTTP/1.1" 200 17222 "https://jomarlogistica.com.br/2023/page/5/" "Mozilla/5.0 (Linux; Android 7.0;) AppleWebKit/537.36 (KHTML, like Gecko) Mobile Safari/537.36 (compatible; PetalBot;+https://webmaster.petalsearch.com/site/petalbot)"
jomarlogistica.com.br:80 127.0.0.1 - - [12/Sep/2025:16:18:01 -0300] "OPTIONS * HTTP/1.0" 200 110 "-" "Apache/2.4.65 (Ubuntu) (internal dummy connection)"
jomarlogistica.com.br:80 114.119.138.130 - - [12/Sep/2025:16:19:36 -0300] "GET /2023/10/02/antivirus-for-iphone-keep-your-phone-and-data-secure/ HTTP/1.1" 200 17214 "https://jomarlogistica.com.br/2023/page/5/" "Mozilla/5.0 (Linux; Android 7.0;) AppleWebKit/537.36 (KHTML, like Gecko) Mobile Safari/537.36 (compatible; PetalBot;+https://webmaster.petalsearch.com/site/petalbot)"
jomarlogistica.com.br:80 177.116.188.98 - - [12/Sep/2025:16:20:03 -0300] "POST /autodiscover/autodiscover.xml HTTP/1.1" 404 448 "-" "AppleExchangeWebServices/833 accountsd/113"
jomarlogistica.com.br:80 177.116.188.98 - - [12/Sep/2025:16:20:03 -0300] "POST /autodiscover/autodiscover.xml HTTP/1.1" 404 448 "-" "AppleExchangeWebServices/833 accountsd/113"
jomarlogistica.com.br:80 114.119.128.158 - - [12/Sep/2025:16:20:58 -0300] "GET /2023/09/25/top-vpn-services-reviews/ HTTP/1.1" 200 17363 "https://jomarlogistica.com.br/2023/09/page/2/" "Mozilla/5.0 (Linux; Android 7.0;) AppleWebKit/537.36 (KHTML, like Gecko) Mobile Safari/537.36 (compatible; PetalBot;+https://webmaster.petalsearch.com/site/petalbot)"
jomarlogistica.com.br:80 172.20.1.117 - - [12/Sep/2025:16:22:25 -0300] "POST /wp-cron.php?doing_wp_cron=1757704945.8274660110473632812500 HTTP/1.1" 200 389 "https://jomarlogistica.com.br/wp-cron.php?doing_wp_cron=1757704945.8274660110473632812500" "WordPress/5.8.10; https://jomarlogistica.com.br"
jomarlogistica.com.br:80 185.183.33.61 - - [12/Sep/2025:16:22:25 -0300] "GET / HTTP/1.1" 200 23930 "-" "Mozilla/5.0 (Macintosh; Intel Mac OS X 14_0) AppleWebKit/605.1.15 (KHTML, like Gecko) Version/18.0 Safari/605.1.15"
jomarlogistica.com.br:80 127.0.0.1 - - [12/Sep/2025:16:22:31 -0300] "OPTIONS * HTTP/1.0" 200 110 "-" "Apache/2.4.65 (Ubuntu) (internal dummy connection)"
jomarlogistica.com.br:80 114.119.138.207 - - [12/Sep/2025:16:22:48 -0300] "GET /2023/09/25/how-to-choose-a-secure-data-repository/ HTTP/1.1" 200 17251 "https://jomarlogistica.com.br/2023/09/page/3/" "Mozilla/5.0 (Linux; Android 7.0;) AppleWebKit/537.36 (KHTML, like Gecko) Mobile Safari/537.36 (compatible; PetalBot;+https://webmaster.petalsearch.com/site/petalbot)"
jomarlogistica.com.br:80 170.106.192.208 - - [12/Sep/2025:16:23:07 -0300] "GET / HTTP/1.1" 200 23930 "http://jomarlogistica.com.br" "Mozilla/5.0 (iPhone; CPU iPhone OS 13_2_3 like Mac OS X) AppleWebKit/605.1.15 (KHTML, like Gecko) Version/13.0.3 Mobile/15E148 Safari/604.1"
jomarlogistica.com.br:80 114.119.138.130 - - [12/Sep/2025:16:24:08 -0300] "GET /2023/09/16/avast-antivirus-protect-review/ HTTP/1.1" 200 17231 "https://jomarlogistica.com.br/2023/page/9/" "Mozilla/5.0 (Linux; Android 7.0;) AppleWebKit/537.36 (KHTML, like Gecko) Mobile Safari/537.36 (compatible; PetalBot;+https://webmaster.petalsearch.com/site/petalbot)"
jomarlogistica.com.br:80 114.119.138.207 - - [12/Sep/2025:16:25:25 -0300] "GET /2023/09/09/the-best-mac-operating-system-antivirus-courses/ HTTP/1.1" 200 17444 "https://jomarlogistica.com.br/2023/09/page/5/" "Mozilla/5.0 (Linux; Android 7.0;) AppleWebKit/537.36 (KHTML, like Gecko) Mobile Safari/537.36 (compatible; PetalBot;+https://webmaster.petalsearch.com/site/petalbot)"
jomarlogistica.com.br:80 114.119.138.207 - - [12/Sep/2025:16:27:09 -0300] "GET /2023/09/04/innovating-with-impressive-technologies-with-regards-to-audit/ HTTP/1.1" 200 17484 "https://jomarlogistica.com.br/2023/09/page/5/" "Mozilla/5.0 (Linux; Android 7.0;) AppleWebKit/537.36 (KHTML, like Gecko) Mobile Safari/537.36 (compatible; PetalBot;+https://webmaster.petalsearch.com/site/petalbot)"
jomarlogistica.com.br:80 172.20.1.117 - - [12/Sep/2025:16:30:12 -0300] "POST /wp-cron.php?doing_wp_cron=1757705412.5392150878906250000000 HTTP/1.1" 200 389 "https://jomarlogistica.com.br/wp-cron.php?doing_wp_cron=1757705412.5392150878906250000000" "WordPress/5.8.10; https://jomarlogistica.com.br"
jomarlogistica.com.br:80 114.119.138.130 - - [12/Sep/2025:16:30:12 -0300] "GET /2023/07/page/3/ HTTP/1.1" 200 16993 "https://jomarlogistica.com.br/2023/07/" "Mozilla/5.0 (Linux; Android 7.0;) AppleWebKit/537.36 (KHTML, like Gecko) Mobile Safari/537.36 (compatible; PetalBot;+https://webmaster.petalsearch.com/site/petalbot)"
jomarlogistica.com.br:80 127.0.0.1 - - [12/Sep/2025:16:30:17 -0300] "OPTIONS * HTTP/1.0" 200 110 "-" "Apache/2.4.65 (Ubuntu) (internal dummy connection)"
jomarlogistica.com.br:80 109.70.100.3 - - [12/Sep/2025:16:31:13 -0300] "GET /wp-login.php HTTP/1.1" 200 2993 "-" "Mozilla/5.0 (X11; Linux x86_64; rv:128.0) Gecko/20100101 Firefox/128.0"
jomarlogistica.com.br:80 109.70.100.3 - - [12/Sep/2025:16:31:15 -0300] "POST /wp-login.php HTTP/1.1" 403 2493 "-" "Mozilla/5.0 (X11; Linux x86_64; rv:128.0) Gecko/20100101 Firefox/128.0"
jomarlogistica.com.br:80 109.70.100.3 - - [12/Sep/2025:16:31:15 -0300] "GET /wp-admin HTTP/1.1" 301 515 "-" "Mozilla/5.0 (X11; Linux x86_64; rv:128.0) Gecko/20100101 Firefox/128.0"
jomarlogistica.com.br:80 114.119.159.76 - - [12/Sep/2025:16:31:14 -0300] "GET /2023/06/27/avast-antitrack-high-grade-review/ HTTP/1.1" 200 17594 "https://jomarlogistica.com.br/author/jomar/page/17/" "Mozilla/5.0 (Linux; Android 7.0;) AppleWebKit/537.36 (KHTML, like Gecko) Mobile Safari/537.36 (compatible; PetalBot;+https://webmaster.petalsearch.com/site/petalbot)"
jomarlogistica.com.br:80 109.70.100.3 - - [12/Sep/2025:16:31:18 -0300] "GET /wp-admin/ HTTP/1.1" 302 463 "-" "Mozilla/5.0 (X11; Linux x86_64; rv:128.0) Gecko/20100101 Firefox/128.0"
jomarlogistica.com.br:80 109.70.100.3 - - [12/Sep/2025:16:31:20 -0300] "GET /wp-login.php?redirect_to=https://jomarlogistica.com.br/wp-admin/&reauth=1 HTTP/1.1" 200 4994 "-" "Mozilla/5.0 (X11; Linux x86_64; rv:128.0) Gecko/20100101 Firefox/128.0"
jomarlogistica.com.br:80 127.0.0.1 - - [12/Sep/2025:16:31:26 -0300] "OPTIONS * HTTP/1.0" 200 110 "-" "Apache/2.4.65 (Ubuntu) (internal dummy connection)"
jomarlogistica.com.br:80 172.20.1.117 - - [12/Sep/2025:16:32:37 -0300] "POST /wp-cron.php?doing_wp_cron=1757705557.7036130428314208984375 HTTP/1.1" 200 389 "https://jomarlogistica.com.br/wp-cron.php?doing_wp_cron=1757705557.7036130428314208984375" "WordPress/5.8.10; https://jomarlogistica.com.br"
jomarlogistica.com.br:80 114.119.135.84 - - [12/Sep/2025:16:32:37 -0300] "GET /2023/08/29/how-setting-up-a-vdr-can-speed-up-and-improve-processes/ HTTP/1.1" 200 17302 "https://jomarlogistica.com.br/2023/08/29/avast-free-assessment-windows/" "Mozilla/5.0 (Linux; Android 7.0;) AppleWebKit/537.36 (KHTML, like Gecko) Mobile Safari/537.36 (compatible; PetalBot;+https://webmaster.petalsearch.com/site/petalbot)"
jomarlogistica.com.br:80 127.0.0.1 - - [12/Sep/2025:16:32:43 -0300] "OPTIONS * HTTP/1.0" 200 110 "-" "Apache/2.4.65 (Ubuntu) (internal dummy connection)"
jomarlogistica.com.br:80 114.119.134.192 - - [12/Sep/2025:16:36:00 -0300] "GET /2023/06/17/how-you-can-protect-yourself-from-cyber-criminals/ HTTP/1.1" 200 17365 "https://jomarlogistica.com.br/2023/06/18/relationship-site-to-fulfill-singles-discover-actual-love/" "Mozilla/5.0 (Linux; Android 7.0;) AppleWebKit/537.36 (KHTML, like Gecko) Mobile Safari/537.36 (compatible; PetalBot;+https://webmaster.petalsearch.com/site/petalbot)"
jomarlogistica.com.br:80 216.73.216.134 - - [12/Sep/2025:16:36:48 -0300] "GET /robots.txt HTTP/1.1" 200 584 "-" "Mozilla/5.0 AppleWebKit/537.36 (KHTML, like Gecko; compatible; ClaudeBot/1.0; +claudebot@anthropic.com)"
jomarlogistica.com.br:80 216.73.216.134 - - [12/Sep/2025:16:36:49 -0300] "GET /category/jomar/page/33 HTTP/1.1" 301 414 "-" "Mozilla/5.0 AppleWebKit/537.36 (KHTML, like Gecko; compatible; ClaudeBot/1.0; +claudebot@anthropic.com)"
jomarlogistica.com.br:80 216.73.216.134 - - [12/Sep/2025:16:36:49 -0300] "GET /category/jomar/page/33/ HTTP/1.1" 200 18769 "https://jomarlogistica.com.br/category/jomar/page/33" "Mozilla/5.0 AppleWebKit/537.36 (KHTML, like Gecko; compatible; ClaudeBot/1.0; +claudebot@anthropic.com)"
jomarlogistica.com.br:80 172.20.1.117 - - [12/Sep/2025:16:38:19 -0300] "POST /wp-cron.php?doing_wp_cron=1757705899.4090080261230468750000 HTTP/1.1" 200 389 "https://jomarlogistica.com.br/wp-cron.php?doing_wp_cron=1757705899.4090080261230468750000" "WordPress/5.8.10; https://jomarlogistica.com.br"
jomarlogistica.com.br:80 114.119.138.207 - - [12/Sep/2025:16:38:18 -0300] "GET /2023/06/20/the-main-advantages-of-board-webpages-software/ HTTP/1.1" 200 17380 "https://jomarlogistica.com.br/author/jomar/page/17/" "Mozilla/5.0 (Linux; Android 7.0;) AppleWebKit/537.36 (KHTML, like Gecko) Mobile Safari/537.36 (compatible; PetalBot;+https://webmaster.petalsearch.com/site/petalbot)"
jomarlogistica.com.br:80 127.0.0.1 - - [12/Sep/2025:16:38:25 -0300] "OPTIONS * HTTP/1.0" 200 110 "-" "Apache/2.4.65 (Ubuntu) (internal dummy connection)"
jomarlogistica.com.br:80 18.234.117.151 - - [12/Sep/2025:16:40:34 -0300] "GET /robots.txt HTTP/1.1" 200 584 "-" "Go-http-client/2.0"
jomarlogistica.com.br:80 18.234.117.151 - - [12/Sep/2025:16:40:34 -0300] "GET /2024/01/27/bolsa-de-trabajo-en-area-legal-encuentra-empleos-legales/ HTTP/1.1" 200 14567 "-" "TerraCotta https://github.com/CeramicTeam/CeramicTerracotta"
jomarlogistica.com.br:80 216.244.66.226 - - [12/Sep/2025:16:41:20 -0300] "GET /robots.txt HTTP/1.1" 200 565 "-" "Mozilla/5.0 (compatible; DotBot/1.2; +https://opensiteexplorer.org/dotbot; help@moz.com)"
jomarlogistica.com.br:80 114.119.138.130 - - [12/Sep/2025:16:41:51 -0300] "GET /2023/06/13/powerful-board-governance-for-medical-organizations/ HTTP/1.1" 200 17404 "https://jomarlogistica.com.br/2023/06/12/how-online-dating-testimonials-can-help-you-pick-the-best-online-dating-platform/" "Mozilla/5.0 (Linux; Android 7.0;) AppleWebKit/537.36 (KHTML, like Gecko) Mobile Safari/537.36 (compatible; PetalBot;+https://webmaster.petalsearch.com/site/petalbot)"
jomarlogistica.com.br:80 172.20.1.117 - - [12/Sep/2025:16:42:35 -0300] "POST /wp-cron.php?doing_wp_cron=1757706155.4172899723052978515625 HTTP/1.1" 200 389 "https://jomarlogistica.com.br/wp-cron.php?doing_wp_cron=1757706155.4172899723052978515625" "WordPress/5.8.10; https://jomarlogistica.com.br"
jomarlogistica.com.br:80 3.14.213.28 - - [12/Sep/2025:16:42:35 -0300] "GET /wp-login.php HTTP/1.1" 200 2993 "-" "GRequests/0.10"
jomarlogistica.com.br:80 127.0.0.1 - - [12/Sep/2025:16:42:40 -0300] "OPTIONS * HTTP/1.0" 200 110 "-" "Apache/2.4.65 (Ubuntu) (internal dummy connection)"
jomarlogistica.com.br:80 3.14.213.28 - - [12/Sep/2025:16:42:41 -0300] "POST /wp-login.php HTTP/1.1" 403 2493 "-" "GRequests/0.10"
jomarlogistica.com.br:80 3.14.213.28 - - [12/Sep/2025:16:42:42 -0300] "GET /wp-admin/ HTTP/1.1" 302 463 "-" "GRequests/0.10"
jomarlogistica.com.br:80 3.14.213.28 - - [12/Sep/2025:16:42:44 -0300] "GET /wp-login.php?redirect_to=https%3A%2F%2Fjomarlogistica.com.br%2Fwp-admin%2F&reauth=1 HTTP/1.1" 200 4994 "https://jomarlogistica.com.br/wp-admin/" "GRequests/0.10"
jomarlogistica.com.br:80 114.119.138.130 - - [12/Sep/2025:16:44:41 -0300] "GET /2023/05/page/5/ HTTP/1.1" 200 18870 "https://jomarlogistica.com.br/2023/05/page/6/" "Mozilla/5.0 (Linux; Android 7.0;) AppleWebKit/537.36 (KHTML, like Gecko) Mobile Safari/537.36 (compatible; PetalBot;+https://webmaster.petalsearch.com/site/petalbot)"
jomarlogistica.com.br:80 114.119.138.207 - - [12/Sep/2025:16:45:42 -0300] "GET /2023/05/23/virtual-data-room-features/ HTTP/1.1" 200 17282 "https://jomarlogistica.com.br/2023/05/22/bbw-hookup-enables-you-to-meet-local-bbw-in-search-of-intercourse/" "Mozilla/5.0 (Linux; Android 7.0;) AppleWebKit/537.36 (KHTML, like Gecko) Mobile Safari/537.36 (compatible; PetalBot;+https://webmaster.petalsearch.com/site/petalbot)"
jomarlogistica.com.br:80 103.57.221.79 - - [12/Sep/2025:16:46:55 -0300] "GET /wp-login.php HTTP/1.1" 200 2993 "-" "GRequests/0.10"
jomarlogistica.com.br:80 172.20.1.117 - - [12/Sep/2025:16:47:23 -0300] "POST /wp-cron.php?doing_wp_cron=1757706443.0254850387573242187500 HTTP/1.1" 200 389 "https://jomarlogistica.com.br/wp-cron.php?doing_wp_cron=1757706443.0254850387573242187500" "WordPress/5.8.10; https://jomarlogistica.com.br"
jomarlogistica.com.br:80 114.119.135.84 - - [12/Sep/2025:16:47:22 -0300] "GET /2023/05/15/which-usually-female-competition-is-the-best-to-marry/ HTTP/1.1" 200 18289 "https://jomarlogistica.com.br/2023/05/16/finest-mail-purchase-brides-websites-archives-obtain-organized-online-calendar-planner-crm/" "Mozilla/5.0 (Linux; Android 7.0;) AppleWebKit/537.36 (KHTML, like Gecko) Mobile Safari/537.36 (compatible; PetalBot;+https://webmaster.petalsearch.com/site/petalbot)"
jomarlogistica.com.br:80 127.0.0.1 - - [12/Sep/2025:16:47:28 -0300] "OPTIONS * HTTP/1.0" 200 110 "-" "Apache/2.4.65 (Ubuntu) (internal dummy connection)"
jomarlogistica.com.br:80 114.119.159.76 - - [12/Sep/2025:16:48:51 -0300] "GET /2023/05/04/how-to-keep-the-spark-alive/ HTTP/1.1" 200 17278 "https://jomarlogistica.com.br/2023/05/page/8/" "Mozilla/5.0 (Linux; Android 7.0;) AppleWebKit/537.36 (KHTML, like Gecko) Mobile Safari/537.36 (compatible; PetalBot;+https://webmaster.petalsearch.com/site/petalbot)"
jomarlogistica.com.br:80 216.244.66.226 - - [12/Sep/2025:16:50:22 -0300] "GET /2023/05/14/euro-brides-pertaining-to-marriage/ HTTP/1.1" 200 108127 "-" "Mozilla/5.0 (compatible; DotBot/1.2; +https://opensiteexplorer.org/dotbot; help@moz.com)"
jomarlogistica.com.br:80 216.244.66.226 - - [12/Sep/2025:16:50:32 -0300] "GET /2022/11/15/finding-a-wife-online/ HTTP/1.1" 200 81173 "-" "Mozilla/5.0 (compatible; DotBot/1.2; +https://opensiteexplorer.org/dotbot; help@moz.com)"
jomarlogistica.com.br:80 114.119.128.158 - - [12/Sep/2025:16:51:45 -0300] "GET /2023/04/19/70-finest-chat-lines-with-100-percent-free-trials-the-top-numbers-to-call-for-adult-telephone-chat-all-the-adult-chat-line-numbers-obtainable-occasions/ HTTP/1.1" 200 18204 "https://jomarlogistica.com.br/2023/04/page/3/" "Mozilla/5.0 (Linux; Android 7.0;) AppleWebKit/537.36 (KHTML, like Gecko) Mobile Safari/537.36 (compatible; PetalBot;+https://webmaster.petalsearch.com/site/petalbot)"
jomarlogistica.com.br:80 172.20.1.117 - - [12/Sep/2025:16:54:54 -0300] "POST /wp-cron.php?doing_wp_cron=1757706894.5443720817565917968750 HTTP/1.1" 200 389 "https://jomarlogistica.com.br/wp-cron.php?doing_wp_cron=1757706894.5443720817565917968750" "WordPress/5.8.10; https://jomarlogistica.com.br"
jomarlogistica.com.br:80 114.119.134.192 - - [12/Sep/2025:16:54:54 -0300] "GET /2023/06/07/mail-order-brides-happen-to-be-an-actual-factor/ HTTP/1.1" 200 19870 "https://jomarlogistica.com.br/2023/06/05/cookware-wedding-customer-etiquette/" "Mozilla/5.0 (Linux; Android 7.0;) AppleWebKit/537.36 (KHTML, like Gecko) Mobile Safari/537.36 (compatible; PetalBot;+https://webmaster.petalsearch.com/site/petalbot)"
jomarlogistica.com.br:80 127.0.0.1 - - [12/Sep/2025:16:55:00 -0300] "OPTIONS * HTTP/1.0" 200 110 "-" "Apache/2.4.65 (Ubuntu) (internal dummy connection)"
jomarlogistica.com.br:80 114.119.135.84 - - [12/Sep/2025:16:55:23 -0300] "GET /2023/04/16/how-to-handle-first-night-out-nerves/ HTTP/1.1" 200 17482 "https://jomarlogistica.com.br/2023/04/page/3/" "Mozilla/5.0 (Linux; Android 7.0;) AppleWebKit/537.36 (KHTML, like Gecko) Mobile Safari/537.36 (compatible; PetalBot;+https://webmaster.petalsearch.com/site/petalbot)"
jomarlogistica.com.br:80 114.119.128.158 - - [12/Sep/2025:16:56:41 -0300] "GET /2023/06/17/avast-password-extendable-for-silver/ HTTP/1.1" 200 17174 "https://jomarlogistica.com.br/2023/06/page/2/" "Mozilla/5.0 (Linux; Android 7.0;) AppleWebKit/537.36 (KHTML, like Gecko) Mobile Safari/537.36 (compatible; PetalBot;+https://webmaster.petalsearch.com/site/petalbot)"
jomarlogistica.com.br:80 172.20.1.117 - - [12/Sep/2025:16:58:03 -0300] "POST /wp-cron.php?doing_wp_cron=1757707083.1466169357299804687500 HTTP/1.1" 200 389 "https://jomarlogistica.com.br/wp-cron.php?doing_wp_cron=1757707083.1466169357299804687500" "WordPress/5.8.10; https://jomarlogistica.com.br"
jomarlogistica.com.br:80 114.119.128.158 - - [12/Sep/2025:16:58:02 -0300] "GET /2023/04/page/5/ HTTP/1.1" 200 16699 "https://jomarlogistica.com.br/2023/04/page/3/" "Mozilla/5.0 (Linux; Android 7.0;) AppleWebKit/537.36 (KHTML, like Gecko) Mobile Safari/537.36 (compatible; PetalBot;+https://webmaster.petalsearch.com/site/petalbot)"
jomarlogistica.com.br:80 127.0.0.1 - - [12/Sep/2025:16:58:08 -0300] "OPTIONS * HTTP/1.0" 200 110 "-" "Apache/2.4.65 (Ubuntu) (internal dummy connection)"
jomarlogistica.com.br:80 114.119.158.0 - - [12/Sep/2025:16:59:23 -0300] "GET /2023/03/03/hsbc-market-data-display-services-agreement-legal-guidelines/ HTTP/1.1" 200 14561 "https://jomarlogistica.com.br/2023/02/26/getting-married-at-the-courthouse-in-alberta-everything-you-need-to-know/" "Mozilla/5.0 (Linux; Android 7.0;) AppleWebKit/537.36 (KHTML, like Gecko) Mobile Safari/537.36 (compatible; PetalBot;+https://webmaster.petalsearch.com/site/petalbot)"
jomarlogistica.com.br:80 52.159.227.47 - - [12/Sep/2025:17:00:31 -0300] "GET /2024/01/16/is-owning-pet-squirrels-legal-in-florida-laws-regulations/ HTTP/1.1" 200 13815 "-" "Mozilla/5.0 AppleWebKit/537.36 (KHTML, like Gecko); compatible; ChatGPT-User/1.0; +https://openai.com/bot"
jomarlogistica.com.br:80 216.73.216.134 - - [12/Sep/2025:17:00:43 -0300] "GET /2023/05/11/mail-order-bride-wikipedia HTTP/1.1" 301 487 "-" "Mozilla/5.0 AppleWebKit/537.36 (KHTML, like Gecko; compatible; ClaudeBot/1.0; +claudebot@anthropic.com)"
jomarlogistica.com.br:80 216.73.216.134 - - [12/Sep/2025:17:00:43 -0300] "GET /2023/05/11/mail-order-bride-wikipedia/ HTTP/1.1" 200 19002 "https://jomarlogistica.com.br/2023/05/11/mail-order-bride-wikipedia" "Mozilla/5.0 AppleWebKit/537.36 (KHTML, like Gecko; compatible; ClaudeBot/1.0; +claudebot@anthropic.com)"
jomarlogistica.com.br:80 114.119.138.207 - - [12/Sep/2025:17:00:48 -0300] "GET /2023/02/11/meet-the-women-of-ukraine/ HTTP/1.1" 200 18246 "https://jomarlogistica.com.br/category/jomar/page/38/" "Mozilla/5.0 (Linux; Android 7.0;) AppleWebKit/537.36 (KHTML, like Gecko) Mobile Safari/537.36 (compatible; PetalBot;+https://webmaster.petalsearch.com/site/petalbot)"
jomarlogistica.com.br:80 172.20.1.117 - - [12/Sep/2025:17:02:12 -0300] "POST /wp-cron.php?doing_wp_cron=1757707332.4298870563507080078125 HTTP/1.1" 200 389 "https://jomarlogistica.com.br/wp-cron.php?doing_wp_cron=1757707332.4298870563507080078125" "WordPress/5.8.10; https://jomarlogistica.com.br"
jomarlogistica.com.br:80 114.119.134.192 - - [12/Sep/2025:17:02:12 -0300] "GET /2023/01/14/what-is-a-mail-order-wife/ HTTP/1.1" 200 17431 "https://jomarlogistica.com.br/author/jomar/page/41/" "Mozilla/5.0 (Linux; Android 7.0;) AppleWebKit/537.36 (KHTML, like Gecko) Mobile Safari/537.36 (compatible; PetalBot;+https://webmaster.petalsearch.com/site/petalbot)"
jomarlogistica.com.br:80 127.0.0.1 - - [12/Sep/2025:17:02:17 -0300] "OPTIONS * HTTP/1.0" 200 110 "-" "Apache/2.4.65 (Ubuntu) (internal dummy connection)"
jomarlogistica.com.br:80 216.73.216.134 - - [12/Sep/2025:17:02:38 -0300] "GET /2023/05/10/35-greatest-porn-games-together-with-free-porn-video-games-for-2023 HTTP/1.1" 301 528 "-" "Mozilla/5.0 AppleWebKit/537.36 (KHTML, like Gecko; compatible; ClaudeBot/1.0; +claudebot@anthropic.com)"
jomarlogistica.com.br:80 216.73.216.134 - - [12/Sep/2025:17:02:39 -0300] "GET /2023/05/10/35-greatest-porn-games-together-with-free-porn-video-games-for-2023/ HTTP/1.1" 200 17575 "https://jomarlogistica.com.br/2023/05/10/35-greatest-porn-games-together-with-free-porn-video-games-for-2023" "Mozilla/5.0 AppleWebKit/537.36 (KHTML, like Gecko; compatible; ClaudeBot/1.0; +claudebot@anthropic.com)"
jomarlogistica.com.br:80 216.73.216.134 - - [12/Sep/2025:17:03:09 -0300] "GET /2023/05/10/how-to-fix-a-relationship HTTP/1.1" 301 486 "-" "Mozilla/5.0 AppleWebKit/537.36 (KHTML, like Gecko; compatible; ClaudeBot/1.0; +claudebot@anthropic.com)"
jomarlogistica.com.br:80 216.73.216.134 - - [12/Sep/2025:17:03:09 -0300] "GET /2023/05/10/how-to-fix-a-relationship/ HTTP/1.1" 200 18689 "https://jomarlogistica.com.br/2023/05/10/how-to-fix-a-relationship" "Mozilla/5.0 AppleWebKit/537.36 (KHTML, like Gecko; compatible; ClaudeBot/1.0; +claudebot@anthropic.com)"
jomarlogistica.com.br:80 114.119.135.84 - - [12/Sep/2025:17:03:35 -0300] "GET /2022/page/2/ HTTP/1.1" 200 18744 "https://jomarlogistica.com.br/2022/page/3/" "Mozilla/5.0 (Linux; Android 7.0;) AppleWebKit/537.36 (KHTML, like Gecko) Mobile Safari/537.36 (compatible; PetalBot;+https://webmaster.petalsearch.com/site/petalbot)"
jomarlogistica.com.br:80 216.73.216.134 - - [12/Sep/2025:17:04:13 -0300] "GET /2023/05/12/asian-long-distance-human-relationships HTTP/1.1" 301 500 "-" "Mozilla/5.0 AppleWebKit/537.36 (KHTML, like Gecko; compatible; ClaudeBot/1.0; +claudebot@anthropic.com)"
jomarlogistica.com.br:80 216.73.216.134 - - [12/Sep/2025:17:04:13 -0300] "GET /2023/05/10/bitdefender-threat-scanner-review HTTP/1.1" 301 494 "-" "Mozilla/5.0 AppleWebKit/537.36 (KHTML, like Gecko; compatible; ClaudeBot/1.0; +claudebot@anthropic.com)"
jomarlogistica.com.br:80 216.73.216.134 - - [12/Sep/2025:17:04:14 -0300] "GET /2023/05/12/asian-long-distance-human-relationships/ HTTP/1.1" 200 17297 "https://jomarlogistica.com.br/2023/05/12/asian-long-distance-human-relationships" "Mozilla/5.0 AppleWebKit/537.36 (KHTML, like Gecko; compatible; ClaudeBot/1.0; +claudebot@anthropic.com)"
jomarlogistica.com.br:80 216.73.216.134 - - [12/Sep/2025:17:04:14 -0300] "GET /2023/05/10/bitdefender-threat-scanner-review/ HTTP/1.1" 200 17264 "https://jomarlogistica.com.br/2023/05/10/bitdefender-threat-scanner-review" "Mozilla/5.0 AppleWebKit/537.36 (KHTML, like Gecko; compatible; ClaudeBot/1.0; +claudebot@anthropic.com)"
jomarlogistica.com.br:80 216.73.216.134 - - [12/Sep/2025:17:04:15 -0300] "GET /category/jomar/page/27 HTTP/1.1" 301 414 "-" "Mozilla/5.0 AppleWebKit/537.36 (KHTML, like Gecko; compatible; ClaudeBot/1.0; +claudebot@anthropic.com)"
jomarlogistica.com.br:80 216.73.216.134 - - [12/Sep/2025:17:04:16 -0300] "GET /category/jomar/page/27/ HTTP/1.1" 200 18966 "https://jomarlogistica.com.br/category/jomar/page/27" "Mozilla/5.0 AppleWebKit/537.36 (KHTML, like Gecko; compatible; ClaudeBot/1.0; +claudebot@anthropic.com)"
jomarlogistica.com.br:80 127.0.0.1 - - [12/Sep/2025:17:04:22 -0300] "OPTIONS * HTTP/1.0" 200 110 "-" "Apache/2.4.65 (Ubuntu) (internal dummy connection)"
jomarlogistica.com.br:80 114.119.128.158 - - [12/Sep/2025:17:04:57 -0300] "GET /2022/12/26/where-to-find-a-russian-woman-online/ HTTP/1.1" 200 18216 "https://jomarlogistica.com.br/category/jomar/page/43/" "Mozilla/5.0 (Linux; Android 7.0;) AppleWebKit/537.36 (KHTML, like Gecko) Mobile Safari/537.36 (compatible; PetalBot;+https://webmaster.petalsearch.com/site/petalbot)"
jomarlogistica.com.br:80 172.20.1.117 - - [12/Sep/2025:17:06:26 -0300] "POST /wp-cron.php?doing_wp_cron=1757707586.1879711151123046875000 HTTP/1.1" 200 389 "https://jomarlogistica.com.br/wp-cron.php?doing_wp_cron=1757707586.1879711151123046875000" "WordPress/5.8.10; https://jomarlogistica.com.br"
jomarlogistica.com.br:80 114.119.134.192 - - [12/Sep/2025:17:06:25 -0300] "GET /2022/12/20/ways-to-date-gorgeous-european-females/ HTTP/1.1" 200 18337 "https://jomarlogistica.com.br/category/jomar/page/44/" "Mozilla/5.0 (Linux; Android 7.0;) AppleWebKit/537.36 (KHTML, like Gecko) Mobile Safari/537.36 (compatible; PetalBot;+https://webmaster.petalsearch.com/site/petalbot)"
jomarlogistica.com.br:80 127.0.0.1 - - [12/Sep/2025:17:06:32 -0300] "OPTIONS * HTTP/1.0" 200 110 "-" "Apache/2.4.65 (Ubuntu) (internal dummy connection)"
jomarlogistica.com.br:80 57.141.0.62 - - [12/Sep/2025:17:06:47 -0300] "GET /2023/01/09/best-evidence-rule-understanding-digital-evidence/ HTTP/1.1" 200 63187 "-" "meta-externalagent/1.1 (+https://developers.facebook.com/docs/sharing/webmasters/crawler)"
jomarlogistica.com.br:80 216.73.216.134 - - [12/Sep/2025:17:06:49 -0300] "GET /2023/05/10/greatest-antivirus-review-how-you-can-find-the-best-ant-virus-software-pertaining-to-mac HTTP/1.1" 301 549 "-" "Mozilla/5.0 AppleWebKit/537.36 (KHTML, like Gecko; compatible; ClaudeBot/1.0; +claudebot@anthropic.com)"
jomarlogistica.com.br:80 216.73.216.134 - - [12/Sep/2025:17:06:50 -0300] "GET /2023/05/10/greatest-antivirus-review-how-you-can-find-the-best-ant-virus-software-pertaining-to-mac/ HTTP/1.1" 200 17339 "https://jomarlogistica.com.br/2023/05/10/greatest-antivirus-review-how-you-can-find-the-best-ant-virus-software-pertaining-to-mac" "Mozilla/5.0 AppleWebKit/537.36 (KHTML, like Gecko; compatible; ClaudeBot/1.0; +claudebot@anthropic.com)"
jomarlogistica.com.br:80 172.20.1.117 - - [12/Sep/2025:17:07:12 -0300] "POST /wp-cron.php?doing_wp_cron=1757707632.2409338951110839843750 HTTP/1.1" 200 389 "https://jomarlogistica.com.br/wp-cron.php?doing_wp_cron=1757707632.2409338951110839843750" "WordPress/5.8.10; https://jomarlogistica.com.br"
jomarlogistica.com.br:80 57.141.0.27 - - [12/Sep/2025:17:07:11 -0300] "GET /2024/03/09/are-50-caliber-guns-legal-in-canada-rules-and-regulations-explained/ HTTP/1.1" 200 62457 "-" "meta-externalagent/1.1 (+https://developers.facebook.com/docs/sharing/webmasters/crawler)"
jomarlogistica.com.br:80 127.0.0.1 - - [12/Sep/2025:17:07:17 -0300] "OPTIONS * HTTP/1.0" 200 110 "-" "Apache/2.4.65 (Ubuntu) (internal dummy connection)"
jomarlogistica.com.br:80 216.73.216.134 - - [12/Sep/2025:17:07:41 -0300] "GET /2023/05/11/asian-wedding-ceremony-rituals HTTP/1.1" 301 491 "-" "Mozilla/5.0 AppleWebKit/537.36 (KHTML, like Gecko; compatible; ClaudeBot/1.0; +claudebot@anthropic.com)"
jomarlogistica.com.br:80 216.73.216.134 - - [12/Sep/2025:17:07:41 -0300] "GET /2023/05/11/asian-wedding-ceremony-rituals/ HTTP/1.1" 200 17350 "https://jomarlogistica.com.br/2023/05/11/asian-wedding-ceremony-rituals" "Mozilla/5.0 AppleWebKit/537.36 (KHTML, like Gecko; compatible; ClaudeBot/1.0; +claudebot@anthropic.com)"
jomarlogistica.com.br:80 114.119.159.76 - - [12/Sep/2025:17:07:47 -0300] "GET /2022/12/20/frauen-zum-kennenlernen-10-tipps-die-ihnen-helfen-erfolgreich-qua-einer-alte-derb-zu-liebeln-und-sie-fur-sich-abgeschlossen-gewinnen/ HTTP/1.1" 200 18965 "https://jomarlogistica.com.br/category/jomar/page/44/" "Mozilla/5.0 (Linux; Android 7.0;) AppleWebKit/537.36 (KHTML, like Gecko) Mobile Safari/537.36 (compatible; PetalBot;+https://webmaster.petalsearch.com/site/petalbot)"
jomarlogistica.com.br:80 216.73.216.134 - - [12/Sep/2025:17:08:24 -0300] "GET /2023/05/13/by-using-a-data-bedroom-for-expenditure-due-diligence HTTP/1.1" 301 514 "-" "Mozilla/5.0 AppleWebKit/537.36 (KHTML, like Gecko; compatible; ClaudeBot/1.0; +claudebot@anthropic.com)"
jomarlogistica.com.br:80 216.73.216.134 - - [12/Sep/2025:17:08:25 -0300] "GET /2023/05/13/by-using-a-data-bedroom-for-expenditure-due-diligence/ HTTP/1.1" 200 17205 "https://jomarlogistica.com.br/2023/05/13/by-using-a-data-bedroom-for-expenditure-due-diligence" "Mozilla/5.0 AppleWebKit/537.36 (KHTML, like Gecko; compatible; ClaudeBot/1.0; +claudebot@anthropic.com)"
jomarlogistica.com.br:80 114.119.136.72 - - [12/Sep/2025:17:09:09 -0300] "GET /2022/12/14/exactly-what-is-a-soulmate/ HTTP/1.1" 200 17857 "https://jomarlogistica.com.br/2022/page/4/" "Mozilla/5.0 (Linux; Android 7.0;) AppleWebKit/537.36 (KHTML, like Gecko) Mobile Safari/537.36 (compatible; PetalBot;+https://webmaster.petalsearch.com/site/petalbot)"
jomarlogistica.com.br:80 216.73.216.134 - - [12/Sep/2025:17:09:44 -0300] "GET /2023/05/10/dating-chat-for-those-looking-for-hooking-up-or-settling-down-2 HTTP/1.1" 301 524 "-" "Mozilla/5.0 AppleWebKit/537.36 (KHTML, like Gecko; compatible; ClaudeBot/1.0; +claudebot@anthropic.com)"
jomarlogistica.com.br:80 216.73.216.134 - - [12/Sep/2025:17:09:44 -0300] "GET /2023/05/10/dating-chat-for-those-looking-for-hooking-up-or-settling-down-2/ HTTP/1.1" 200 17216 "https://jomarlogistica.com.br/2023/05/10/dating-chat-for-those-looking-for-hooking-up-or-settling-down-2" "Mozilla/5.0 AppleWebKit/537.36 (KHTML, like Gecko; compatible; ClaudeBot/1.0; +claudebot@anthropic.com)"
jomarlogistica.com.br:80 17.241.219.70 - - [12/Sep/2025:17:10:21 -0300] "GET /blog-standard-left-sidebar/ HTTP/1.1" 200 19378 "-" "Mozilla/5.0 (Macintosh; Intel Mac OS X 10_15_7) AppleWebKit/605.1.15 (KHTML, like Gecko) Version/17.4 Safari/605.1.15 (Applebot/0.1; +http://www.apple.com/go/applebot)"
jomarlogistica.com.br:80 216.73.216.134 - - [12/Sep/2025:17:10:36 -0300] "GET /2023/05/10/kellie-chauvin-and-a-history-of-asian-females-being-judged-for-to-whom-they-get-married-to HTTP/1.1" 301 551 "-" "Mozilla/5.0 AppleWebKit/537.36 (KHTML, like Gecko; compatible; ClaudeBot/1.0; +claudebot@anthropic.com)"
jomarlogistica.com.br:80 216.73.216.134 - - [12/Sep/2025:17:10:37 -0300] "GET /2023/05/10/kellie-chauvin-and-a-history-of-asian-females-being-judged-for-to-whom-they-get-married-to/ HTTP/1.1" 200 49769 "https://jomarlogistica.com.br/2023/05/10/kellie-chauvin-and-a-history-of-asian-females-being-judged-for-to-whom-they-get-married-to" "Mozilla/5.0 AppleWebKit/537.36 (KHTML, like Gecko; compatible; ClaudeBot/1.0; +claudebot@anthropic.com)"
jomarlogistica.com.br:80 114.119.158.0 - - [12/Sep/2025:17:10:37 -0300] "GET /2022/12/12/tips-on-how-to-ask-sugardaddy-for-money/ HTTP/1.1" 200 17261 "https://jomarlogistica.com.br/2022/page/4/" "Mozilla/5.0 (Linux; Android 7.0;) AppleWebKit/537.36 (KHTML, like Gecko) Mobile Safari/537.36 (compatible; PetalBot;+https://webmaster.petalsearch.com/site/petalbot)"
jomarlogistica.com.br:80 127.0.0.1 - - [12/Sep/2025:17:10:43 -0300] "OPTIONS * HTTP/1.0" 200 110 "-" "Apache/2.4.65 (Ubuntu) (internal dummy connection)"
jomarlogistica.com.br:80 18.234.117.151 - - [12/Sep/2025:17:11:54 -0300] "GET /robots.txt HTTP/1.1" 200 584 "-" "Go-http-client/2.0"
jomarlogistica.com.br:80 114.119.158.0 - - [12/Sep/2025:17:11:54 -0300] "GET /2022/12/06/feeling-ugly-about-love-online-practitioners-can-help/ HTTP/1.1" 200 17453 "https://jomarlogistica.com.br/author/jomar/page/46/" "Mozilla/5.0 (Linux; Android 7.0;) AppleWebKit/537.36 (KHTML, like Gecko) Mobile Safari/537.36 (compatible; PetalBot;+https://webmaster.petalsearch.com/site/petalbot)"
jomarlogistica.com.br:80 18.234.117.151 - - [12/Sep/2025:17:11:55 -0300] "GET /2024/03/06/economic-complementation-agreement-definition-understanding-its-impact/ HTTP/1.1" 200 14169 "-" "TerraCotta https://github.com/CeramicTeam/CeramicTerracotta"
jomarlogistica.com.br:80 127.0.0.1 - - [12/Sep/2025:17:12:00 -0300] "OPTIONS * HTTP/1.0" 200 110 "-" "Apache/2.4.65 (Ubuntu) (internal dummy connection)"
jomarlogistica.com.br:80 172.20.1.117 - - [12/Sep/2025:17:13:21 -0300] "POST /wp-cron.php?doing_wp_cron=1757708001.0198419094085693359375 HTTP/1.1" 200 389 "https://jomarlogistica.com.br/wp-cron.php?doing_wp_cron=1757708001.0198419094085693359375" "WordPress/5.8.10; https://jomarlogistica.com.br"
jomarlogistica.com.br:80 114.119.158.0 - - [12/Sep/2025:17:13:20 -0300] "GET /2022/12/03/how-to-ask-sugardaddy-for-money/ HTTP/1.1" 200 17294 "https://jomarlogistica.com.br/2022/12/02/mutually-beneficial-marriage-sugar-daddy/" "Mozilla/5.0 (Linux; Android 7.0;) AppleWebKit/537.36 (KHTML, like Gecko) Mobile Safari/537.36 (compatible; PetalBot;+https://webmaster.petalsearch.com/site/petalbot)"
jomarlogistica.com.br:80 127.0.0.1 - - [12/Sep/2025:17:13:26 -0300] "OPTIONS * HTTP/1.0" 200 110 "-" "Apache/2.4.65 (Ubuntu) (internal dummy connection)"
jomarlogistica.com.br:80 114.119.134.192 - - [12/Sep/2025:17:14:47 -0300] "GET /2022/11/11/the-right-way-to-ask-sugar-daddy-for-money/ HTTP/1.1" 200 17303 "https://jomarlogistica.com.br/author/jomar/page/51/" "Mozilla/5.0 (Linux; Android 7.0;) AppleWebKit/537.36 (KHTML, like Gecko) Mobile Safari/537.36 (compatible; PetalBot;+https://webmaster.petalsearch.com/site/petalbot)"
jomarlogistica.com.br:80 114.119.158.0 - - [12/Sep/2025:17:16:07 -0300] "GET /2022/11/09/what-do-girls-find-attractive-in-guys/ HTTP/1.1" 200 17941 "https://jomarlogistica.com.br/2022/11/11/passionate-things-to-do-in-france/" "Mozilla/5.0 (Linux; Android 7.0;) AppleWebKit/537.36 (KHTML, like Gecko) Mobile Safari/537.36 (compatible; PetalBot;+https://webmaster.petalsearch.com/site/petalbot)"
jomarlogistica.com.br:80 172.20.1.117 - - [12/Sep/2025:17:17:35 -0300] "POST /wp-cron.php?doing_wp_cron=1757708255.5711319446563720703125 HTTP/1.1" 200 389 "https://jomarlogistica.com.br/wp-cron.php?doing_wp_cron=1757708255.5711319446563720703125" "WordPress/5.8.10; https://jomarlogistica.com.br"
jomarlogistica.com.br:80 114.119.138.130 - - [12/Sep/2025:17:17:35 -0300] "GET /2022/10/page/2/ HTTP/1.1" 200 18524 "https://jomarlogistica.com.br/2022/10/page/3/" "Mozilla/5.0 (Linux; Android 7.0;) AppleWebKit/537.36 (KHTML, like Gecko) Mobile Safari/537.36 (compatible; PetalBot;+https://webmaster.petalsearch.com/site/petalbot)"
jomarlogistica.com.br:80 127.0.0.1 - - [12/Sep/2025:17:17:40 -0300] "OPTIONS * HTTP/1.0" 200 110 "-" "Apache/2.4.65 (Ubuntu) (internal dummy connection)"
jomarlogistica.com.br:80 114.119.159.76 - - [12/Sep/2025:17:19:00 -0300] "GET /2022/09/10/pretty-ways-to-ask-someone-to-become-your-girlfriend/ HTTP/1.1" 200 17976 "https://jomarlogistica.com.br/2022/page/15/" "Mozilla/5.0 (Linux; Android 7.0;) AppleWebKit/537.36 (KHTML, like Gecko) Mobile Safari/537.36 (compatible; PetalBot;+https://webmaster.petalsearch.com/site/petalbot)"
jomarlogistica.com.br:80 114.119.136.72 - - [12/Sep/2025:17:20:22 -0300] "GET /2022/07/10/bar-council-find-a-law-firm-near-you/ HTTP/1.1" 200 14444 "https://jomarlogistica.com.br/2022/07/10/bar-council-find-a-law-firm-near-you/" "Mozilla/5.0 (Linux; Android 7.0;) AppleWebKit/537.36 (KHTML, like Gecko) Mobile Safari/537.36 (compatible; PetalBot;+https://webmaster.petalsearch.com/site/petalbot)"
jomarlogistica.com.br:80 85.208.96.206 - - [12/Sep/2025:17:20:39 -0300] "GET /robots.txt HTTP/1.1" 200 584 "-" "Mozilla/5.0 (compatible; SemrushBot/7~bl; +http://www.semrush.com/bot.html)"
jomarlogistica.com.br:80 85.208.96.197 - - [12/Sep/2025:17:20:39 -0300] "GET /2023/07/19/mother-board-software-pertaining-to-holding-on-the-net-meetings/ HTTP/1.1" 200 17448 "-" "Mozilla/5.0 (compatible; SemrushBot/7~bl; +http://www.semrush.com/bot.html)"
jomarlogistica.com.br:80 18.234.117.151 - - [12/Sep/2025:17:21:39 -0300] "GET /robots.txt HTTP/1.1" 200 584 "-" "Go-http-client/2.0"
jomarlogistica.com.br:80 18.234.117.151 - - [12/Sep/2025:17:21:39 -0300] "GET /2024/02/22/ac-thor-injury-law-group-expert-legal-representation-for-personal-injury-cases/ HTTP/1.1" 200 14180 "-" "TerraCotta https://github.com/CeramicTeam/CeramicTerracotta"
jomarlogistica.com.br:80 114.119.158.0 - - [12/Sep/2025:17:21:41 -0300] "GET /2022/06/02/understanding-independent-contractor-case-laws-what-you-need-to-know/ HTTP/1.1" 200 14887 "https://jomarlogistica.com.br/2022/06/" "Mozilla/5.0 (Linux; Android 7.0;) AppleWebKit/537.36 (KHTML, like Gecko) Mobile Safari/537.36 (compatible; PetalBot;+https://webmaster.petalsearch.com/site/petalbot)"
jomarlogistica.com.br:80 172.20.1.117 - - [12/Sep/2025:17:23:01 -0300] "POST /wp-cron.php?doing_wp_cron=1757708581.8256289958953857421875 HTTP/1.1" 200 389 "https://jomarlogistica.com.br/wp-cron.php?doing_wp_cron=1757708581.8256289958953857421875" "WordPress/5.8.10; https://jomarlogistica.com.br"
jomarlogistica.com.br:80 114.119.138.130 - - [12/Sep/2025:17:23:01 -0300] "GET /2022/04/20/alabama-suboxone-laws-what-you-need-to-know/ HTTP/1.1" 200 14012 "https://jomarlogistica.com.br/2022/04/20/alabama-suboxone-laws-what-you-need-to-know/" "Mozilla/5.0 (Linux; Android 7.0;) AppleWebKit/537.36 (KHTML, like Gecko) Mobile Safari/537.36 (compatible; PetalBot;+https://webmaster.petalsearch.com/site/petalbot)"
jomarlogistica.com.br:80 127.0.0.1 - - [12/Sep/2025:17:23:07 -0300] "OPTIONS * HTTP/1.0" 200 110 "-" "Apache/2.4.65 (Ubuntu) (internal dummy connection)"
jomarlogistica.com.br:80 85.208.96.201 - - [12/Sep/2025:17:24:25 -0300] "GET /2023/09/05/headjack-link-oculus-app-content-plus-the-oculus-iphone-app-lab/ HTTP/1.1" 200 17372 "-" "Mozilla/5.0 (compatible; SemrushBot/7~bl; +http://www.semrush.com/bot.html)"
jomarlogistica.com.br:80 45.55.37.106 - - [12/Sep/2025:17:27:45 -0300] "GET /wp-admin/css/ HTTP/1.1" 403 2493 "binance.com" "Mozilla/5.0 (Windows NT 10.0; Win64; x64) AppleWebKit/537.36 (KHTML, like Gecko) Chrome/90.0.4430.85 Safari/537.36"
jomarlogistica.com.br:80 172.20.1.117 - - [12/Sep/2025:17:30:06 -0300] "POST /wp-cron.php?doing_wp_cron=1757709006.2479169368743896484375 HTTP/1.1" 200 389 "https://jomarlogistica.com.br/wp-cron.php?doing_wp_cron=1757709006.2479169368743896484375" "WordPress/5.8.10; https://jomarlogistica.com.br"
jomarlogistica.com.br:80 20.97.189.96 - - [12/Sep/2025:17:30:05 -0300] "GET /2024/03/09/are-50-caliber-guns-legal-in-canada-rules-and-regulations-explained/ HTTP/1.1" 200 14364 "-" "Mozilla/5.0 AppleWebKit/537.36 (KHTML, like Gecko); compatible; ChatGPT-User/1.0; +https://openai.com/bot"
jomarlogistica.com.br:80 127.0.0.1 - - [12/Sep/2025:17:30:11 -0300] "OPTIONS * HTTP/1.0" 200 110 "-" "Apache/2.4.65 (Ubuntu) (internal dummy connection)"
jomarlogistica.com.br:80 172.20.1.117 - - [12/Sep/2025:17:53:07 -0300] "POST /wp-cron.php?doing_wp_cron=1757710387.5237720012664794921875 HTTP/1.1" 200 389 "https://jomarlogistica.com.br/wp-cron.php?doing_wp_cron=1757710387.5237720012664794921875" "WordPress/5.8.10; https://jomarlogistica.com.br"
jomarlogistica.com.br:80 57.141.0.14 - - [12/Sep/2025:17:53:07 -0300] "GET /2023/09/20/universal-life-church-marriages-in-ohio-legal-status-explained/ HTTP/1.1" 200 60894 "-" "meta-externalagent/1.1 (+https://developers.facebook.com/docs/sharing/webmasters/crawler)"
jomarlogistica.com.br:80 127.0.0.1 - - [12/Sep/2025:17:53:12 -0300] "OPTIONS * HTTP/1.0" 200 110 "-" "Apache/2.4.65 (Ubuntu) (internal dummy connection)"
jomarlogistica.com.br:80 172.20.1.117 - - [12/Sep/2025:17:57:39 -0300] "POST /wp-cron.php?doing_wp_cron=1757710659.4509921073913574218750 HTTP/1.1" 200 389 "https://jomarlogistica.com.br/wp-cron.php?doing_wp_cron=1757710659.4509921073913574218750" "WordPress/5.8.10; https://jomarlogistica.com.br"
jomarlogistica.com.br:80 177.116.188.98 - - [12/Sep/2025:17:57:39 -0300] "POST /autodiscover/autodiscover.xml HTTP/1.1" 404 448 "-" "AppleExchangeWebServices/833 accountsd/113"
jomarlogistica.com.br:80 127.0.0.1 - - [12/Sep/2025:17:57:44 -0300] "OPTIONS * HTTP/1.0" 200 110 "-" "Apache/2.4.65 (Ubuntu) (internal dummy connection)"
jomarlogistica.com.br:80 57.141.0.2 - - [12/Sep/2025:17:59:44 -0300] "GET /2023/12/10/e-law-resources-donoghue-v-stevenson-case-analysis-legal-resources/ HTTP/1.1" 200 61904 "-" "meta-externalagent/1.1 (+https://developers.facebook.com/docs/sharing/webmasters/crawler)"
jomarlogistica.com.br:80 177.116.188.98 - - [12/Sep/2025:18:00:18 -0300] "POST /autodiscover/autodiscover.xml HTTP/1.1" 404 448 "-" "AppleExchangeWebServices/833 accountsd/113"
jomarlogistica.com.br:80 172.20.1.117 - - [12/Sep/2025:18:11:23 -0300] "POST /wp-cron.php?doing_wp_cron=1757711483.9477460384368896484375 HTTP/1.1" 200 389 "https://jomarlogistica.com.br/wp-cron.php?doing_wp_cron=1757711483.9477460384368896484375" "WordPress/5.8.10; https://jomarlogistica.com.br"
jomarlogistica.com.br:80 57.141.0.43 - - [12/Sep/2025:18:11:23 -0300] "GET /2023/05/10/how-to-fix-a-relationship/ HTTP/1.1" 200 82654 "-" "meta-externalagent/1.1 (+https://developers.facebook.com/docs/sharing/webmasters/crawler)"
jomarlogistica.com.br:80 127.0.0.1 - - [12/Sep/2025:18:11:30 -0300] "OPTIONS * HTTP/1.0" 200 110 "-" "Apache/2.4.65 (Ubuntu) (internal dummy connection)"
jomarlogistica.com.br:80 172.20.1.117 - - [12/Sep/2025:18:14:36 -0300] "POST /wp-cron.php?doing_wp_cron=1757711676.0098330974578857421875 HTTP/1.1" 200 389 "https://jomarlogistica.com.br/wp-cron.php?doing_wp_cron=1757711676.0098330974578857421875" "WordPress/5.8.10; https://jomarlogistica.com.br"
jomarlogistica.com.br:80 149.102.232.4 - - [12/Sep/2025:18:14:35 -0300] "GET /wp-login.php HTTP/1.1" 200 2993 "-" "Mozilla/5.0 (X11; Linux x86_64; rv:128.0) Gecko/20100101 Firefox/128.0"
jomarlogistica.com.br:80 149.102.232.4 - - [12/Sep/2025:18:14:36 -0300] "POST /wp-login.php HTTP/1.1" 403 2493 "-" "Mozilla/5.0 (X11; Linux x86_64; rv:128.0) Gecko/20100101 Firefox/128.0"
jomarlogistica.com.br:80 149.102.232.4 - - [12/Sep/2025:18:14:37 -0300] "GET /wp-admin HTTP/1.1" 301 515 "-" "Mozilla/5.0 (X11; Linux x86_64; rv:128.0) Gecko/20100101 Firefox/128.0"
jomarlogistica.com.br:80 149.102.232.4 - - [12/Sep/2025:18:14:39 -0300] "GET /wp-admin/ HTTP/1.1" 302 463 "-" "Mozilla/5.0 (X11; Linux x86_64; rv:128.0) Gecko/20100101 Firefox/128.0"
jomarlogistica.com.br:80 149.102.232.4 - - [12/Sep/2025:18:14:40 -0300] "GET /wp-login.php?redirect_to=https://jomarlogistica.com.br/wp-admin/&reauth=1 HTTP/1.1" 200 5013 "-" "Mozilla/5.0 (X11; Linux x86_64; rv:128.0) Gecko/20100101 Firefox/128.0"
jomarlogistica.com.br:80 127.0.0.1 - - [12/Sep/2025:18:14:41 -0300] "OPTIONS * HTTP/1.0" 200 110 "-" "Apache/2.4.65 (Ubuntu) (internal dummy connection)"
jomarlogistica.com.br:80 57.141.0.61 - - [12/Sep/2025:18:15:57 -0300] "GET /2024/02/05/anti-terrorism-laws-in-america-understanding-the-legal-framework/ HTTP/1.1" 200 63552 "-" "meta-externalagent/1.1 (+https://developers.facebook.com/docs/sharing/webmasters/crawler)"
jomarlogistica.com.br:80 172.20.1.117 - - [12/Sep/2025:18:19:12 -0300] "POST /wp-cron.php?doing_wp_cron=1757711952.0425889492034912109375 HTTP/1.1" 200 389 "https://jomarlogistica.com.br/wp-cron.php?doing_wp_cron=1757711952.0425889492034912109375" "WordPress/5.8.10; https://jomarlogistica.com.br"
jomarlogistica.com.br:80 222.79.104.23 - - [12/Sep/2025:18:19:11 -0300] "GET / HTTP/1.1" 200 23930 "http://jomarlogistica.com.br" "Mozilla/5.0 (iPhone; CPU iPhone OS 13_2_3 like Mac OS X) AppleWebKit/605.1.15 (KHTML, like Gecko) Version/13.0.3 Mobile/15E148 Safari/604.1"
jomarlogistica.com.br:80 127.0.0.1 - - [12/Sep/2025:18:19:17 -0300] "OPTIONS * HTTP/1.0" 200 110 "-" "Apache/2.4.65 (Ubuntu) (internal dummy connection)"
jomarlogistica.com.br:80 57.141.0.53 - - [12/Sep/2025:18:19:42 -0300] "GET /2023/02/15/wedding-ceremony-traditions-inside-the-balkans/ HTTP/1.1" 200 81290 "-" "meta-externalagent/1.1 (+https://developers.facebook.com/docs/sharing/webmasters/crawler)"
jomarlogistica.com.br:80 57.141.0.17 - - [12/Sep/2025:18:20:07 -0300] "GET /2023/01/25/important-things-to-know-have-a-good-marry-another-girl/ HTTP/1.1" 200 80631 "-" "meta-externalagent/1.1 (+https://developers.facebook.com/docs/sharing/webmasters/crawler)"
jomarlogistica.com.br:80 172.20.1.117 - - [12/Sep/2025:18:35:11 -0300] "POST /wp-cron.php?doing_wp_cron=1757712911.5111100673675537109375 HTTP/1.1" 200 389 "https://jomarlogistica.com.br/wp-cron.php?doing_wp_cron=1757712911.5111100673675537109375" "WordPress/5.8.10; https://jomarlogistica.com.br"
jomarlogistica.com.br:80 142.44.233.13 - - [12/Sep/2025:18:35:11 -0300] "GET /wp-sitemap.xml HTTP/1.1" 200 643 "-" "Mozilla/5.0 (compatible; AhrefsBot/7.0; +http://ahrefs.com/robot/)"
