jomarlogistica.com.br:80 20.171.207.3 - - [12/Sep/2025:00:50:30 -0300] "GET /?p=53149 HTTP/1.1" 301 494 "-" "Mozilla/5.0 AppleWebKit/537.36 (KHTML, like Gecko; compatible; GPTBot/1.2; +https://openai.com/gptbot)"
jomarlogistica.com.br:80 20.171.207.3 - - [12/Sep/2025:00:50:30 -0300] "GET /2022/07/10/bar-council-find-a-law-firm-near-you/ HTTP/1.1" 200 14386 "-" "Mozilla/5.0 AppleWebKit/537.36 (KHTML, like Gecko; compatible; GPTBot/1.2; +https://openai.com/gptbot)"
jomarlogistica.com.br:80 20.171.207.3 - - [12/Sep/2025:00:50:33 -0300] "GET /wp-json/wp/v2/posts/53213 HTTP/1.1" 404 777 "-" "Mozilla/5.0 AppleWebKit/537.36 (KHTML, like Gecko; compatible; GPTBot/1.2; +https://openai.com/gptbot)"
jomarlogistica.com.br:80 20.171.207.3 - - [12/Sep/2025:00:50:35 -0300] "GET /2022/07/10/understanding-agreement-by-contract-law-key-principles-and-considerations/ HTTP/1.1" 200 14763 "-" "Mozilla/5.0 AppleWebKit/537.36 (KHTML, like Gecko; compatible; GPTBot/1.2; +https://openai.com/gptbot)"
jomarlogistica.com.br:80 20.171.207.3 - - [12/Sep/2025:00:50:38 -0300] "GET /?a7b529c=7258360 HTTP/1.1" 200 287 "-" "Mozilla/5.0 AppleWebKit/537.36 (KHTML, like Gecko; compatible; GPTBot/1.2; +https://openai.com/gptbot)"
jomarlogistica.com.br:80 20.171.207.3 - - [12/Sep/2025:00:50:50 -0300] "GET /2022/07/10/bar-council-find-a-law-firm-near-you/feed/ HTTP/1.1" 200 930 "-" "Mozilla/5.0 AppleWebKit/537.36 (KHTML, like Gecko; compatible; GPTBot/1.2; +https://openai.com/gptbot)"
jomarlogistica.com.br:80 20.171.207.3 - - [12/Sep/2025:00:50:52 -0300] "GET /wp-json/wp/v2/posts/53149 HTTP/1.1" 404 758 "-" "Mozilla/5.0 AppleWebKit/537.36 (KHTML, like Gecko; compatible; GPTBot/1.2; +https://openai.com/gptbot)"
jomarlogistica.com.br:80 57.141.0.59 - - [12/Sep/2025:00:50:53 -0300] "GET /2023/11/04/company-branding-can-be-broader-than-product-logos/ HTTP/1.1" 200 79627 "-" "meta-externalagent/1.1 (+https://developers.facebook.com/docs/sharing/webmasters/crawler)"
jomarlogistica.com.br:80 20.171.207.3 - - [12/Sep/2025:00:50:54 -0300] "GET /wp-json/oembed/1.0/embed?url=https%3A%2F%2Fjomarlogistica.com.br%2F2022%2F06%2F18%2Fcharter-party-agreement-india-legal-guide-expert-advice%2F HTTP/1.1" 404 756 "-" "Mozilla/5.0 AppleWebKit/537.36 (KHTML, like Gecko; compatible; GPTBot/1.2; +https://openai.com/gptbot)"
jomarlogistica.com.br:80 20.171.207.3 - - [12/Sep/2025:00:50:57 -0300] "GET /wp-json/oembed/1.0/embed?url=https%3A%2F%2Fjomarlogistica.com.br%2F2022%2F07%2F10%2Fbar-council-find-a-law-firm-near-you%2F HTTP/1.1" 404 756 "-" "Mozilla/5.0 AppleWebKit/537.36 (KHTML, like Gecko; compatible; GPTBot/1.2; +https://openai.com/gptbot)"
jomarlogistica.com.br:80 20.171.207.3 - - [12/Sep/2025:00:50:59 -0300] "GET /?p=53064 HTTP/1.1" 301 531 "-" "Mozilla/5.0 AppleWebKit/537.36 (KHTML, like Gecko; compatible; GPTBot/1.2; +https://openai.com/gptbot)"
jomarlogistica.com.br:80 20.171.207.3 - - [12/Sep/2025:00:51:00 -0300] "GET /2022/07/10/understanding-agreement-by-contract-law-key-principles-and-considerations/ HTTP/1.1" 200 14763 "-" "Mozilla/5.0 AppleWebKit/537.36 (KHTML, like Gecko; compatible; GPTBot/1.2; +https://openai.com/gptbot)"
jomarlogistica.com.br:80 20.171.207.3 - - [12/Sep/2025:00:51:02 -0300] "GET /2022/07/24/bc-tenancy-agreement-move-out-time-important-guidelines-and-requirements/ HTTP/1.1" 200 13915 "-" "Mozilla/5.0 AppleWebKit/537.36 (KHTML, like Gecko; compatible; GPTBot/1.2; +https://openai.com/gptbot)"
jomarlogistica.com.br:80 20.171.207.3 - - [12/Sep/2025:00:51:05 -0300] "GET /?a7b529c=7074300 HTTP/1.1" 200 287 "-" "Mozilla/5.0 AppleWebKit/537.36 (KHTML, like Gecko; compatible; GPTBot/1.2; +https://openai.com/gptbot)"
jomarlogistica.com.br:80 20.171.207.3 - - [12/Sep/2025:00:51:16 -0300] "GET /2022/07/10/understanding-agreement-by-contract-law-key-principles-and-considerations/feed/ HTTP/1.1" 200 950 "-" "Mozilla/5.0 AppleWebKit/537.36 (KHTML, like Gecko; compatible; GPTBot/1.2; +https://openai.com/gptbot)"
jomarlogistica.com.br:80 20.171.207.3 - - [12/Sep/2025:00:51:18 -0300] "GET /wp-json/oembed/1.0/embed?url=https%3A%2F%2Fjomarlogistica.com.br%2F2022%2F07%2F10%2Funderstanding-agreement-by-contract-law-key-principles-and-considerations%2F HTTP/1.1" 404 756 "-" "Mozilla/5.0 AppleWebKit/537.36 (KHTML, like Gecko; compatible; GPTBot/1.2; +https://openai.com/gptbot)"
jomarlogistica.com.br:80 20.171.207.3 - - [12/Sep/2025:00:51:20 -0300] "GET /wp-json/wp/v2/posts/53064 HTTP/1.1" 404 758 "-" "Mozilla/5.0 AppleWebKit/537.36 (KHTML, like Gecko; compatible; GPTBot/1.2; +https://openai.com/gptbot)"
jomarlogistica.com.br:80 20.171.207.3 - - [12/Sep/2025:00:51:22 -0300] "GET /?p=53156 HTTP/1.1" 301 549 "-" "Mozilla/5.0 AppleWebKit/537.36 (KHTML, like Gecko; compatible; GPTBot/1.2; +https://openai.com/gptbot)"
jomarlogistica.com.br:80 20.171.207.3 - - [12/Sep/2025:00:51:23 -0300] "GET /2022/07/24/bc-tenancy-agreement-move-out-time-important-guidelines-and-requirements/ HTTP/1.1" 200 13896 "-" "Mozilla/5.0 AppleWebKit/537.36 (KHTML, like Gecko; compatible; GPTBot/1.2; +https://openai.com/gptbot)"
jomarlogistica.com.br:80 20.171.207.3 - - [12/Sep/2025:00:51:25 -0300] "GET /2022/07/24/bet-tzedek-tax-clinic-free-legal-assistance-for-tax-issues/ HTTP/1.1" 200 13566 "-" "Mozilla/5.0 AppleWebKit/537.36 (KHTML, like Gecko; compatible; GPTBot/1.2; +https://openai.com/gptbot)"
jomarlogistica.com.br:80 20.171.207.3 - - [12/Sep/2025:00:51:28 -0300] "GET /wp-json/oembed/1.0/embed?format=xml&url=https%3A%2F%2Fjomarlogistica.com.br%2F2022%2F07%2F10%2Funderstanding-agreement-by-contract-law-key-principles-and-considerations%2F HTTP/1.1" 404 782 "-" "Mozilla/5.0 AppleWebKit/537.36 (KHTML, like Gecko; compatible; GPTBot/1.2; +https://openai.com/gptbot)"
jomarlogistica.com.br:80 20.171.207.3 - - [12/Sep/2025:00:51:30 -0300] "GET /?a7b529c=7271069 HTTP/1.1" 200 287 "-" "Mozilla/5.0 AppleWebKit/537.36 (KHTML, like Gecko; compatible; GPTBot/1.2; +https://openai.com/gptbot)"
jomarlogistica.com.br:80 20.171.207.3 - - [12/Sep/2025:00:51:42 -0300] "GET /2022/07/24/bc-tenancy-agreement-move-out-time-important-guidelines-and-requirements/feed/ HTTP/1.1" 200 969 "-" "Mozilla/5.0 AppleWebKit/537.36 (KHTML, like Gecko; compatible; GPTBot/1.2; +https://openai.com/gptbot)"
jomarlogistica.com.br:80 20.171.207.3 - - [12/Sep/2025:00:51:44 -0300] "GET /?p=53259 HTTP/1.1" 301 509 "-" "Mozilla/5.0 AppleWebKit/537.36 (KHTML, like Gecko; compatible; GPTBot/1.2; +https://openai.com/gptbot)"
jomarlogistica.com.br:80 20.171.207.3 - - [12/Sep/2025:00:51:44 -0300] "GET /2022/06/24/eavesdropping-laws-in-georgia-what-you-need-to-know/ HTTP/1.1" 200 14349 "-" "Mozilla/5.0 AppleWebKit/537.36 (KHTML, like Gecko; compatible; GPTBot/1.2; +https://openai.com/gptbot)"
jomarlogistica.com.br:80 20.171.207.3 - - [12/Sep/2025:00:51:46 -0300] "GET /wp-json/wp/v2/posts/53156 HTTP/1.1" 404 758 "-" "Mozilla/5.0 AppleWebKit/537.36 (KHTML, like Gecko; compatible; GPTBot/1.2; +https://openai.com/gptbot)"
jomarlogistica.com.br:80 20.171.207.3 - - [12/Sep/2025:00:51:48 -0300] "GET /wp-json/oembed/1.0/embed?format=xml&url=https%3A%2F%2Fjomarlogistica.com.br%2F2022%2F07%2F05%2Fcertifying-documents-for-family-members-legal-guidelines%2F HTTP/1.1" 404 782 "-" "Mozilla/5.0 AppleWebKit/537.36 (KHTML, like Gecko; compatible; GPTBot/1.2; +https://openai.com/gptbot)"
jomarlogistica.com.br:80 20.171.207.3 - - [12/Sep/2025:00:51:50 -0300] "GET /2022/08/01/are-court-dates-being-delayed-understanding-the-impact-on-legal-proceedings/ HTTP/1.1" 200 14516 "-" "Mozilla/5.0 AppleWebKit/537.36 (KHTML, like Gecko; compatible; GPTBot/1.2; +https://openai.com/gptbot)"
jomarlogistica.com.br:80 20.171.207.3 - - [12/Sep/2025:00:51:53 -0300] "GET /?a7b529c=7290783 HTTP/1.1" 200 287 "-" "Mozilla/5.0 AppleWebKit/537.36 (KHTML, like Gecko; compatible; GPTBot/1.2; +https://openai.com/gptbot)"
jomarlogistica.com.br:80 20.171.207.3 - - [12/Sep/2025:00:52:05 -0300] "GET /?p=53164 HTTP/1.1" 301 516 "-" "Mozilla/5.0 AppleWebKit/537.36 (KHTML, like Gecko; compatible; GPTBot/1.2; +https://openai.com/gptbot)"
jomarlogistica.com.br:80 20.171.207.3 - - [12/Sep/2025:00:52:06 -0300] "GET /2022/07/24/bet-tzedek-tax-clinic-free-legal-assistance-for-tax-issues/ HTTP/1.1" 200 13566 "-" "Mozilla/5.0 AppleWebKit/537.36 (KHTML, like Gecko; compatible; GPTBot/1.2; +https://openai.com/gptbot)"
jomarlogistica.com.br:80 20.171.207.3 - - [12/Sep/2025:00:52:08 -0300] "GET /wp-json/oembed/1.0/embed?url=https%3A%2F%2Fjomarlogistica.com.br%2F2022%2F07%2F24%2Fbc-tenancy-agreement-move-out-time-important-guidelines-and-requirements%2F HTTP/1.1" 404 756 "-" "Mozilla/5.0 AppleWebKit/537.36 (KHTML, like Gecko; compatible; GPTBot/1.2; +https://openai.com/gptbot)"
jomarlogistica.com.br:80 20.171.207.3 - - [12/Sep/2025:00:52:10 -0300] "GET /2022/07/24/bet-tzedek-tax-clinic-free-legal-assistance-for-tax-issues/feed/ HTTP/1.1" 200 964 "-" "Mozilla/5.0 AppleWebKit/537.36 (KHTML, like Gecko; compatible; GPTBot/1.2; +https://openai.com/gptbot)"
jomarlogistica.com.br:80 172.20.1.117 - - [12/Sep/2025:00:52:12 -0300] "POST /wp-cron.php?doing_wp_cron=1757649132.6766529083251953125000 HTTP/1.1" 200 389 "https://jomarlogistica.com.br/wp-cron.php?doing_wp_cron=1757649132.6766529083251953125000" "WordPress/5.8.10; https://jomarlogistica.com.br"
jomarlogistica.com.br:80 20.171.207.3 - - [12/Sep/2025:00:52:12 -0300] "GET /wp-json/oembed/1.0/embed?url=https%3A%2F%2Fjomarlogistica.com.br%2F2022%2F07%2F24%2Fbet-tzedek-tax-clinic-free-legal-assistance-for-tax-issues%2F HTTP/1.1" 404 756 "-" "Mozilla/5.0 AppleWebKit/537.36 (KHTML, like Gecko; compatible; GPTBot/1.2; +https://openai.com/gptbot)"
jomarlogistica.com.br:80 20.171.207.3 - - [12/Sep/2025:00:52:14 -0300] "GET /?p=53107 HTTP/1.1" 301 533 "-" "Mozilla/5.0 AppleWebKit/537.36 (KHTML, like Gecko; compatible; GPTBot/1.2; +https://openai.com/gptbot)"
jomarlogistica.com.br:80 20.171.207.3 - - [12/Sep/2025:00:52:14 -0300] "GET /2022/08/01/are-court-dates-being-delayed-understanding-the-impact-on-legal-proceedings/ HTTP/1.1" 200 14497 "-" "Mozilla/5.0 AppleWebKit/537.36 (KHTML, like Gecko; compatible; GPTBot/1.2; +https://openai.com/gptbot)"
jomarlogistica.com.br:80 20.171.207.3 - - [12/Sep/2025:00:52:16 -0300] "GET /?a7b529c=7170661 HTTP/1.1" 200 287 "-" "Mozilla/5.0 AppleWebKit/537.36 (KHTML, like Gecko; compatible; GPTBot/1.2; +https://openai.com/gptbot)"
jomarlogistica.com.br:80 20.171.207.3 - - [12/Sep/2025:00:52:28 -0300] "GET /wp-json/wp/v2/posts/53164 HTTP/1.1" 404 777 "-" "Mozilla/5.0 AppleWebKit/537.36 (KHTML, like Gecko; compatible; GPTBot/1.2; +https://openai.com/gptbot)"
jomarlogistica.com.br:80 127.0.0.1 - - [12/Sep/2025:00:52:29 -0300] "OPTIONS * HTTP/1.0" 200 110 "-" "Apache/2.4.65 (Ubuntu) (internal dummy connection)"
jomarlogistica.com.br:80 20.171.207.3 - - [12/Sep/2025:00:52:30 -0300] "GET /2022/08/03/bhs-loan-agreement-template-free-legal-document-download/ HTTP/1.1" 200 14319 "-" "Mozilla/5.0 AppleWebKit/537.36 (KHTML, like Gecko; compatible; GPTBot/1.2; +https://openai.com/gptbot)"
jomarlogistica.com.br:80 20.171.207.3 - - [12/Sep/2025:00:52:32 -0300] "GET /2022/08/01/are-court-dates-being-delayed-understanding-the-impact-on-legal-proceedings/feed/ HTTP/1.1" 200 952 "-" "Mozilla/5.0 AppleWebKit/537.36 (KHTML, like Gecko; compatible; GPTBot/1.2; +https://openai.com/gptbot)"
jomarlogistica.com.br:80 20.171.207.3 - - [12/Sep/2025:00:52:34 -0300] "GET /wp-json/wp/v2/posts/53107 HTTP/1.1" 404 758 "-" "Mozilla/5.0 AppleWebKit/537.36 (KHTML, like Gecko; compatible; GPTBot/1.2; +https://openai.com/gptbot)"
jomarlogistica.com.br:80 20.171.207.3 - - [12/Sep/2025:00:52:36 -0300] "GET /wp-json/oembed/1.0/embed?format=xml&url=https%3A%2F%2Fjomarlogistica.com.br%2F2022%2F08%2F01%2Fare-court-dates-being-delayed-understanding-the-impact-on-legal-proceedings%2F HTTP/1.1" 404 782 "-" "Mozilla/5.0 AppleWebKit/537.36 (KHTML, like Gecko; compatible; GPTBot/1.2; +https://openai.com/gptbot)"
jomarlogistica.com.br:80 20.171.207.3 - - [12/Sep/2025:00:52:38 -0300] "GET /wp-json/oembed/1.0/embed?format=xml&url=https%3A%2F%2Fjomarlogistica.com.br%2F2022%2F07%2F24%2Fbet-tzedek-tax-clinic-free-legal-assistance-for-tax-issues%2F HTTP/1.1" 404 801 "-" "Mozilla/5.0 AppleWebKit/537.36 (KHTML, like Gecko; compatible; GPTBot/1.2; +https://openai.com/gptbot)"
jomarlogistica.com.br:80 20.171.207.3 - - [12/Sep/2025:00:52:40 -0300] "GET /wp-json/oembed/1.0/embed?format=xml&url=https%3A%2F%2Fjomarlogistica.com.br%2F2022%2F07%2F24%2Fbc-tenancy-agreement-move-out-time-important-guidelines-and-requirements%2F HTTP/1.1" 404 782 "-" "Mozilla/5.0 AppleWebKit/537.36 (KHTML, like Gecko; compatible; GPTBot/1.2; +https://openai.com/gptbot)"
jomarlogistica.com.br:80 20.171.207.3 - - [12/Sep/2025:00:52:42 -0300] "GET /wp-json/oembed/1.0/embed?format=xml&url=https%3A%2F%2Fjomarlogistica.com.br%2F2022%2F07%2F10%2Fbar-council-find-a-law-firm-near-you%2F HTTP/1.1" 404 782 "-" "Mozilla/5.0 AppleWebKit/537.36 (KHTML, like Gecko; compatible; GPTBot/1.2; +https://openai.com/gptbot)"
jomarlogistica.com.br:80 20.171.207.3 - - [12/Sep/2025:00:52:43 -0300] "GET /wp-json/oembed/1.0/embed?url=https%3A%2F%2Fjomarlogistica.com.br%2F2022%2F08%2F01%2Fare-court-dates-being-delayed-understanding-the-impact-on-legal-proceedings%2F HTTP/1.1" 404 756 "-" "Mozilla/5.0 AppleWebKit/537.36 (KHTML, like Gecko; compatible; GPTBot/1.2; +https://openai.com/gptbot)"
jomarlogistica.com.br:80 20.171.207.3 - - [12/Sep/2025:00:52:45 -0300] "GET /wp-json/oembed/1.0/embed?format=xml&url=https%3A%2F%2Fjomarlogistica.com.br%2F2022%2F06%2F18%2Fcharter-party-agreement-india-legal-guide-expert-advice%2F HTTP/1.1" 404 782 "-" "Mozilla/5.0 AppleWebKit/537.36 (KHTML, like Gecko; compatible; GPTBot/1.2; +https://openai.com/gptbot)"
jomarlogistica.com.br:80 20.171.207.3 - - [12/Sep/2025:00:52:47 -0300] "GET /2022/06/18/charter-party-agreement-india-legal-guide-expert-advice/feed/ HTTP/1.1" 200 961 "-" "Mozilla/5.0 AppleWebKit/537.36 (KHTML, like Gecko; compatible; GPTBot/1.2; +https://openai.com/gptbot)"
jomarlogistica.com.br:80 20.171.207.3 - - [12/Sep/2025:00:52:49 -0300] "GET /?p=53165 HTTP/1.1" 301 514 "-" "Mozilla/5.0 AppleWebKit/537.36 (KHTML, like Gecko; compatible; GPTBot/1.2; +https://openai.com/gptbot)"
jomarlogistica.com.br:80 20.171.207.3 - - [12/Sep/2025:00:52:49 -0300] "GET /2022/08/03/bhs-loan-agreement-template-free-legal-document-download/ HTTP/1.1" 200 14319 "-" "Mozilla/5.0 AppleWebKit/537.36 (KHTML, like Gecko; compatible; GPTBot/1.2; +https://openai.com/gptbot)"
jomarlogistica.com.br:80 20.171.207.3 - - [12/Sep/2025:00:52:51 -0300] "GET /?a7b529c=7292398 HTTP/1.1" 200 287 "-" "Mozilla/5.0 AppleWebKit/537.36 (KHTML, like Gecko; compatible; GPTBot/1.2; +https://openai.com/gptbot)"
jomarlogistica.com.br:80 20.171.207.3 - - [12/Sep/2025:00:53:03 -0300] "GET /2022/08/07/airtime-agreement-everything-you-need-to-know-legal-insights/ HTTP/1.1" 200 14224 "-" "Mozilla/5.0 AppleWebKit/537.36 (KHTML, like Gecko; compatible; GPTBot/1.2; +https://openai.com/gptbot)"
jomarlogistica.com.br:80 20.171.207.3 - - [12/Sep/2025:00:53:05 -0300] "GET /2022/08/03/bhs-loan-agreement-template-free-legal-document-download/feed/ HTTP/1.1" 200 959 "-" "Mozilla/5.0 AppleWebKit/537.36 (KHTML, like Gecko; compatible; GPTBot/1.2; +https://openai.com/gptbot)"
jomarlogistica.com.br:80 20.171.207.3 - - [12/Sep/2025:00:53:07 -0300] "GET /wp-json/wp/v2/posts/53165 HTTP/1.1" 404 758 "-" "Mozilla/5.0 AppleWebKit/537.36 (KHTML, like Gecko; compatible; GPTBot/1.2; +https://openai.com/gptbot)"
jomarlogistica.com.br:80 20.171.207.3 - - [12/Sep/2025:00:53:09 -0300] "GET /wp-json/oembed/1.0/embed?url=https%3A%2F%2Fjomarlogistica.com.br%2F2022%2F08%2F03%2Fbhs-loan-agreement-template-free-legal-document-download%2F HTTP/1.1" 404 756 "-" "Mozilla/5.0 AppleWebKit/537.36 (KHTML, like Gecko; compatible; GPTBot/1.2; +https://openai.com/gptbot)"
jomarlogistica.com.br:80 20.171.207.3 - - [12/Sep/2025:00:53:11 -0300] "GET /wp-json/oembed/1.0/embed?format=xml&url=https%3A%2F%2Fjomarlogistica.com.br%2F2022%2F08%2F03%2Fbhs-loan-agreement-template-free-legal-document-download%2F HTTP/1.1" 404 782 "-" "Mozilla/5.0 AppleWebKit/537.36 (KHTML, like Gecko; compatible; GPTBot/1.2; +https://openai.com/gptbot)"
jomarlogistica.com.br:80 20.171.207.3 - - [12/Sep/2025:00:53:14 -0300] "GET /wp-json/wp/v2/posts/53259 HTTP/1.1" 404 758 "-" "Mozilla/5.0 AppleWebKit/537.36 (KHTML, like Gecko; compatible; GPTBot/1.2; +https://openai.com/gptbot)"
jomarlogistica.com.br:80 20.171.207.3 - - [12/Sep/2025:00:53:16 -0300] "GET /wp-json/oembed/1.0/embed?format=xml&url=https%3A%2F%2Fjomarlogistica.com.br%2F2022%2F06%2F24%2Feavesdropping-laws-in-georgia-what-you-need-to-know%2F HTTP/1.1" 404 801 "-" "Mozilla/5.0 AppleWebKit/537.36 (KHTML, like Gecko; compatible; GPTBot/1.2; +https://openai.com/gptbot)"
jomarlogistica.com.br:80 20.171.207.3 - - [12/Sep/2025:00:53:18 -0300] "GET /?a7b529c=7454953 HTTP/1.1" 200 287 "-" "Mozilla/5.0 AppleWebKit/537.36 (KHTML, like Gecko; compatible; GPTBot/1.2; +https://openai.com/gptbot)"
jomarlogistica.com.br:80 20.171.207.3 - - [12/Sep/2025:00:53:29 -0300] "GET /2022/08/12/humanitarian-agreement-legal-insights-resources/ HTTP/1.1" 200 14596 "-" "Mozilla/5.0 AppleWebKit/537.36 (KHTML, like Gecko; compatible; GPTBot/1.2; +https://openai.com/gptbot)"
jomarlogistica.com.br:80 20.171.207.3 - - [12/Sep/2025:00:53:32 -0300] "GET /?p=53080 HTTP/1.1" 301 518 "-" "Mozilla/5.0 AppleWebKit/537.36 (KHTML, like Gecko; compatible; GPTBot/1.2; +https://openai.com/gptbot)"
jomarlogistica.com.br:80 20.171.207.3 - - [12/Sep/2025:00:53:32 -0300] "GET /2022/08/07/airtime-agreement-everything-you-need-to-know-legal-insights/ HTTP/1.1" 200 14224 "-" "Mozilla/5.0 AppleWebKit/537.36 (KHTML, like Gecko; compatible; GPTBot/1.2; +https://openai.com/gptbot)"
jomarlogistica.com.br:80 20.171.207.3 - - [12/Sep/2025:00:53:35 -0300] "GET /wp-json/oembed/1.0/embed?format=xml&url=https%3A%2F%2Fjomarlogistica.com.br%2F2022%2F08%2F07%2Fairtime-agreement-everything-you-need-to-know-legal-insights%2F HTTP/1.1" 404 801 "-" "Mozilla/5.0 AppleWebKit/537.36 (KHTML, like Gecko; compatible; GPTBot/1.2; +https://openai.com/gptbot)"
jomarlogistica.com.br:80 20.171.207.3 - - [12/Sep/2025:00:53:37 -0300] "GET /wp-json/wp/v2/posts/53080 HTTP/1.1" 404 758 "-" "Mozilla/5.0 AppleWebKit/537.36 (KHTML, like Gecko; compatible; GPTBot/1.2; +https://openai.com/gptbot)"
jomarlogistica.com.br:80 57.141.0.4 - - [12/Sep/2025:00:53:47 -0300] "GET /2022/12/24/how-to-construct-a-marriage-with-a-korean-woman/ HTTP/1.1" 200 80126 "-" "meta-externalagent/1.1 (+https://developers.facebook.com/docs/sharing/webmasters/crawler)"
jomarlogistica.com.br:80 20.171.207.3 - - [12/Sep/2025:00:53:38 -0300] "GET /?a7b529c=7109745 HTTP/1.1" 200 287 "-" "Mozilla/5.0 AppleWebKit/537.36 (KHTML, like Gecko; compatible; GPTBot/1.2; +https://openai.com/gptbot)"
jomarlogistica.com.br:80 20.171.207.3 - - [12/Sep/2025:00:53:50 -0300] "GET /wp-json/oembed/1.0/embed?url=https%3A%2F%2Fjomarlogistica.com.br%2F2022%2F08%2F07%2Fairtime-agreement-everything-you-need-to-know-legal-insights%2F HTTP/1.1" 404 756 "-" "Mozilla/5.0 AppleWebKit/537.36 (KHTML, like Gecko; compatible; GPTBot/1.2; +https://openai.com/gptbot)"
jomarlogistica.com.br:80 20.171.207.3 - - [12/Sep/2025:00:53:52 -0300] "GET /2022/08/07/airtime-agreement-everything-you-need-to-know-legal-insights/feed/ HTTP/1.1" 200 945 "-" "Mozilla/5.0 AppleWebKit/537.36 (KHTML, like Gecko; compatible; GPTBot/1.2; +https://openai.com/gptbot)"
jomarlogistica.com.br:80 20.171.207.3 - - [12/Sep/2025:00:53:54 -0300] "GET /?p=53071 HTTP/1.1" 301 524 "-" "Mozilla/5.0 AppleWebKit/537.36 (KHTML, like Gecko; compatible; GPTBot/1.2; +https://openai.com/gptbot)"
jomarlogistica.com.br:80 20.171.207.3 - - [12/Sep/2025:00:53:54 -0300] "GET /2022/08/12/humanitarian-agreement-legal-insights-resources/ HTTP/1.1" 200 14596 "-" "Mozilla/5.0 AppleWebKit/537.36 (KHTML, like Gecko; compatible; GPTBot/1.2; +https://openai.com/gptbot)"
jomarlogistica.com.br:80 20.171.207.3 - - [12/Sep/2025:00:53:56 -0300] "GET /?a7b529c=7090841 HTTP/1.1" 200 287 "-" "Mozilla/5.0 AppleWebKit/537.36 (KHTML, like Gecko; compatible; GPTBot/1.2; +https://openai.com/gptbot)"
jomarlogistica.com.br:80 20.171.207.3 - - [12/Sep/2025:00:54:08 -0300] "GET /wp-json/oembed/1.0/embed?url=https%3A%2F%2Fjomarlogistica.com.br%2F2022%2F08%2F12%2Fhumanitarian-agreement-legal-insights-resources%2F HTTP/1.1" 404 756 "-" "Mozilla/5.0 AppleWebKit/537.36 (KHTML, like Gecko; compatible; GPTBot/1.2; +https://openai.com/gptbot)"
jomarlogistica.com.br:80 20.171.207.3 - - [12/Sep/2025:00:54:09 -0300] "GET /2022/08/17/bargain-agreement-vertaling-services-professional-legal-translations/ HTTP/1.1" 200 14350 "-" "Mozilla/5.0 AppleWebKit/537.36 (KHTML, like Gecko; compatible; GPTBot/1.2; +https://openai.com/gptbot)"
jomarlogistica.com.br:80 20.171.207.3 - - [12/Sep/2025:00:54:11 -0300] "GET /wp-json/wp/v2/posts/53071 HTTP/1.1" 404 835 "-" "Mozilla/5.0 AppleWebKit/537.36 (KHTML, like Gecko; compatible; GPTBot/1.2; +https://openai.com/gptbot)"
jomarlogistica.com.br:80 127.0.0.1 - - [12/Sep/2025:00:54:13 -0300] "OPTIONS * HTTP/1.0" 200 110 "-" "Apache/2.4.65 (Ubuntu) (internal dummy connection)"
jomarlogistica.com.br:80 20.171.207.3 - - [12/Sep/2025:00:54:13 -0300] "GET /2022/08/12/humanitarian-agreement-legal-insights-resources/feed/ HTTP/1.1" 200 936 "-" "Mozilla/5.0 AppleWebKit/537.36 (KHTML, like Gecko; compatible; GPTBot/1.2; +https://openai.com/gptbot)"
jomarlogistica.com.br:80 20.171.207.3 - - [12/Sep/2025:00:54:14 -0300] "GET /wp-json/oembed/1.0/embed?format=xml&url=https%3A%2F%2Fjomarlogistica.com.br%2F2022%2F08%2F12%2Fhumanitarian-agreement-legal-insights-resources%2F HTTP/1.1" 404 782 "-" "Mozilla/5.0 AppleWebKit/537.36 (KHTML, like Gecko; compatible; GPTBot/1.2; +https://openai.com/gptbot)"
jomarlogistica.com.br:80 20.171.207.3 - - [12/Sep/2025:00:54:20 -0300] "GET /?a7b529c=7260027 HTTP/1.1" 200 287 "-" "Mozilla/5.0 AppleWebKit/537.36 (KHTML, like Gecko; compatible; GPTBot/1.2; +https://openai.com/gptbot)"
jomarlogistica.com.br:80 20.171.207.3 - - [12/Sep/2025:00:54:31 -0300] "GET /2022/08/18/apft-form-fillable-legal-guide-and-fillable-forms/ HTTP/1.1" 200 14467 "-" "Mozilla/5.0 AppleWebKit/537.36 (KHTML, like Gecko; compatible; GPTBot/1.2; +https://openai.com/gptbot)"
jomarlogistica.com.br:80 20.171.207.3 - - [12/Sep/2025:00:54:33 -0300] "GET /wp-json/oembed/1.0/embed?format=xml&url=https%3A%2F%2Fjomarlogistica.com.br%2F2022%2F08%2F17%2Fbargain-agreement-vertaling-services-professional-legal-translations%2F HTTP/1.1" 404 782 "-" "Mozilla/5.0 AppleWebKit/537.36 (KHTML, like Gecko; compatible; GPTBot/1.2; +https://openai.com/gptbot)"
jomarlogistica.com.br:80 20.171.207.3 - - [12/Sep/2025:00:54:35 -0300] "GET /wp-json/wp/v2/posts/53150 HTTP/1.1" 404 758 "-" "Mozilla/5.0 AppleWebKit/537.36 (KHTML, like Gecko; compatible; GPTBot/1.2; +https://openai.com/gptbot)"
jomarlogistica.com.br:80 20.171.207.3 - - [12/Sep/2025:00:54:36 -0300] "GET /?p=53150 HTTP/1.1" 301 545 "-" "Mozilla/5.0 AppleWebKit/537.36 (KHTML, like Gecko; compatible; GPTBot/1.2; +https://openai.com/gptbot)"
jomarlogistica.com.br:80 20.171.207.3 - - [12/Sep/2025:00:54:37 -0300] "GET /2022/08/17/bargain-agreement-vertaling-services-professional-legal-translations/ HTTP/1.1" 200 14350 "-" "Mozilla/5.0 AppleWebKit/537.36 (KHTML, like Gecko; compatible; GPTBot/1.2; +https://openai.com/gptbot)"
jomarlogistica.com.br:80 20.171.207.3 - - [12/Sep/2025:00:54:39 -0300] "GET /wp-json/oembed/1.0/embed?url=https%3A%2F%2Fjomarlogistica.com.br%2F2022%2F08%2F17%2Fbargain-agreement-vertaling-services-professional-legal-translations%2F HTTP/1.1" 404 756 "-" "Mozilla/5.0 AppleWebKit/537.36 (KHTML, like Gecko; compatible; GPTBot/1.2; +https://openai.com/gptbot)"
jomarlogistica.com.br:80 20.171.207.3 - - [12/Sep/2025:00:54:41 -0300] "GET /2022/08/17/bargain-agreement-vertaling-services-professional-legal-translations/feed/ HTTP/1.1" 200 947 "-" "Mozilla/5.0 AppleWebKit/537.36 (KHTML, like Gecko; compatible; GPTBot/1.2; +https://openai.com/gptbot)"
jomarlogistica.com.br:80 20.171.207.3 - - [12/Sep/2025:00:54:42 -0300] "GET /?a7b529c=7149323 HTTP/1.1" 200 287 "-" "Mozilla/5.0 AppleWebKit/537.36 (KHTML, like Gecko; compatible; GPTBot/1.2; +https://openai.com/gptbot)"
jomarlogistica.com.br:80 20.171.207.3 - - [12/Sep/2025:00:54:53 -0300] "GET /?p=53097 HTTP/1.1" 301 526 "-" "Mozilla/5.0 AppleWebKit/537.36 (KHTML, like Gecko; compatible; GPTBot/1.2; +https://openai.com/gptbot)"
jomarlogistica.com.br:80 20.171.207.3 - - [12/Sep/2025:00:54:54 -0300] "GET /2022/08/18/apft-form-fillable-legal-guide-and-fillable-forms/ HTTP/1.1" 200 14467 "-" "Mozilla/5.0 AppleWebKit/537.36 (KHTML, like Gecko; compatible; GPTBot/1.2; +https://openai.com/gptbot)"
jomarlogistica.com.br:80 20.171.207.3 - - [12/Sep/2025:00:54:56 -0300] "GET /2022/08/18/2022-aba-model-rules-key-updates-and-changes-for-legal-professionals/ HTTP/1.1" 200 7306 "-" "Mozilla/5.0 AppleWebKit/537.36 (KHTML, like Gecko; compatible; GPTBot/1.2; +https://openai.com/gptbot)"
jomarlogistica.com.br:80 20.171.207.3 - - [12/Sep/2025:00:54:57 -0300] "GET /2022/08/18/apft-form-fillable-legal-guide-and-fillable-forms/feed/ HTTP/1.1" 200 934 "-" "Mozilla/5.0 AppleWebKit/537.36 (KHTML, like Gecko; compatible; GPTBot/1.2; +https://openai.com/gptbot)"
jomarlogistica.com.br:80 20.171.207.3 - - [12/Sep/2025:00:54:59 -0300] "GET /wp-json/oembed/1.0/embed?format=xml&url=https%3A%2F%2Fjomarlogistica.com.br%2F2022%2F08%2F18%2Fapft-form-fillable-legal-guide-and-fillable-forms%2F HTTP/1.1" 404 782 "-" "Mozilla/5.0 AppleWebKit/537.36 (KHTML, like Gecko; compatible; GPTBot/1.2; +https://openai.com/gptbot)"
jomarlogistica.com.br:80 20.171.207.3 - - [12/Sep/2025:00:55:01 -0300] "GET /wp-json/oembed/1.0/embed?url=https%3A%2F%2Fjomarlogistica.com.br%2F2022%2F08%2F18%2Fapft-form-fillable-legal-guide-and-fillable-forms%2F HTTP/1.1" 404 775 "-" "Mozilla/5.0 AppleWebKit/537.36 (KHTML, like Gecko; compatible; GPTBot/1.2; +https://openai.com/gptbot)"
jomarlogistica.com.br:80 20.171.207.3 - - [12/Sep/2025:00:55:03 -0300] "GET /wp-json/wp/v2/posts/53097 HTTP/1.1" 404 758 "-" "Mozilla/5.0 AppleWebKit/537.36 (KHTML, like Gecko; compatible; GPTBot/1.2; +https://openai.com/gptbot)"
jomarlogistica.com.br:80 20.171.207.3 - - [12/Sep/2025:00:55:06 -0300] "GET /?p=53046 HTTP/1.1" 301 526 "-" "Mozilla/5.0 AppleWebKit/537.36 (KHTML, like Gecko; compatible; GPTBot/1.2; +https://openai.com/gptbot)"
jomarlogistica.com.br:80 20.171.207.3 - - [12/Sep/2025:00:55:07 -0300] "GET /2022/08/18/2022-aba-model-rules-key-updates-and-changes-for-legal-professionals/ HTTP/1.1" 200 7306 "-" "Mozilla/5.0 AppleWebKit/537.36 (KHTML, like Gecko; compatible; GPTBot/1.2; +https://openai.com/gptbot)"
jomarlogistica.com.br:80 20.171.207.3 - - [12/Sep/2025:00:55:09 -0300] "GET /2022/08/18/2022-aba-model-rules-key-updates-and-changes-for-legal-professionals/feed/ HTTP/1.1" 200 946 "-" "Mozilla/5.0 AppleWebKit/537.36 (KHTML, like Gecko; compatible; GPTBot/1.2; +https://openai.com/gptbot)"
jomarlogistica.com.br:80 20.171.207.3 - - [12/Sep/2025:00:55:11 -0300] "GET /wp-json/oembed/1.0/embed?format=xml&url=https%3A%2F%2Fjomarlogistica.com.br%2F2022%2F08%2F18%2F2022-aba-model-rules-key-updates-and-changes-for-legal-professionals%2F HTTP/1.1" 404 801 "-" "Mozilla/5.0 AppleWebKit/537.36 (KHTML, like Gecko; compatible; GPTBot/1.2; +https://openai.com/gptbot)"
jomarlogistica.com.br:80 20.171.207.3 - - [12/Sep/2025:00:55:12 -0300] "GET /wp-json/wp/v2/posts/53046 HTTP/1.1" 404 758 "-" "Mozilla/5.0 AppleWebKit/537.36 (KHTML, like Gecko; compatible; GPTBot/1.2; +https://openai.com/gptbot)"
jomarlogistica.com.br:80 20.171.207.3 - - [12/Sep/2025:00:55:14 -0300] "GET /wp-json/oembed/1.0/embed?url=https%3A%2F%2Fjomarlogistica.com.br%2F2022%2F08%2F18%2F2022-aba-model-rules-key-updates-and-changes-for-legal-professionals%2F HTTP/1.1" 404 756 "-" "Mozilla/5.0 AppleWebKit/537.36 (KHTML, like Gecko; compatible; GPTBot/1.2; +https://openai.com/gptbot)"
jomarlogistica.com.br:80 116.11.145.114 - - [12/Sep/2025:00:56:07 -0300] "POST /wp-comments-post.php HTTP/1.1" 403 2493 "-" "Mozilla/5.0 (Windows NT 10.0; Win64; x64) AppleWebKit/537.36 (KHTML, like Gecko) Chrome/108.0.0.0 Safari/537.36 Edg/108.0.1462.46"
jomarlogistica.com.br:80 172.20.1.117 - - [12/Sep/2025:00:58:19 -0300] "POST /wp-cron.php?doing_wp_cron=1757649499.4993278980255126953125 HTTP/1.1" 200 389 "https://jomarlogistica.com.br/wp-cron.php?doing_wp_cron=1757649499.4993278980255126953125" "WordPress/5.8.10; https://jomarlogistica.com.br"
jomarlogistica.com.br:80 57.141.0.56 - - [12/Sep/2025:00:58:19 -0300] "GET /2022/08/07/airtime-agreement-everything-you-need-to-know-legal-insights/ HTTP/1.1" 200 62135 "-" "meta-externalagent/1.1 (+https://developers.facebook.com/docs/sharing/webmasters/crawler)"
jomarlogistica.com.br:80 127.0.0.1 - - [12/Sep/2025:00:58:24 -0300] "OPTIONS * HTTP/1.0" 200 110 "-" "Apache/2.4.65 (Ubuntu) (internal dummy connection)"
jomarlogistica.com.br:80 172.20.1.117 - - [12/Sep/2025:01:02:46 -0300] "POST /wp-cron.php?doing_wp_cron=1757649766.6191840171813964843750 HTTP/1.1" 200 389 "https://jomarlogistica.com.br/wp-cron.php?doing_wp_cron=1757649766.6191840171813964843750" "WordPress/5.8.10; https://jomarlogistica.com.br"
jomarlogistica.com.br:80 185.191.171.18 - - [12/Sep/2025:01:02:46 -0300] "GET /2022/12/30/why-older-men-and-younger-females-are-seeing/ HTTP/1.1" 200 18196 "-" "Mozilla/5.0 (compatible; SemrushBot/7~bl; +http://www.semrush.com/bot.html)"
jomarlogistica.com.br:80 127.0.0.1 - - [12/Sep/2025:01:02:51 -0300] "OPTIONS * HTTP/1.0" 200 110 "-" "Apache/2.4.65 (Ubuntu) (internal dummy connection)"
jomarlogistica.com.br:80 57.141.0.2 - - [12/Sep/2025:01:03:21 -0300] "GET /2023/03/10/online-dating-services-safety-recommendations/ HTTP/1.1" 200 79322 "-" "meta-externalagent/1.1 (+https://developers.facebook.com/docs/sharing/webmasters/crawler)"
jomarlogistica.com.br:80 172.20.1.117 - - [12/Sep/2025:01:06:06 -0300] "POST /wp-cron.php?doing_wp_cron=1757649966.7946801185607910156250 HTTP/1.1" 200 389 "https://jomarlogistica.com.br/wp-cron.php?doing_wp_cron=1757649966.7946801185607910156250" "WordPress/5.8.10; https://jomarlogistica.com.br"
jomarlogistica.com.br:80 216.73.216.134 - - [12/Sep/2025:01:06:06 -0300] "GET /robots.txt HTTP/1.1" 200 584 "-" "Mozilla/5.0 AppleWebKit/537.36 (KHTML, like Gecko; compatible; ClaudeBot/1.0; +claudebot@anthropic.com)"
jomarlogistica.com.br:80 216.73.216.134 - - [12/Sep/2025:01:06:07 -0300] "GET /wp-sitemap.xml HTTP/1.1" 200 585 "-" "Mozilla/5.0 AppleWebKit/537.36 (KHTML, like Gecko; compatible; ClaudeBot/1.0; +claudebot@anthropic.com)"
jomarlogistica.com.br:80 127.0.0.1 - - [12/Sep/2025:01:06:11 -0300] "OPTIONS * HTTP/1.0" 200 110 "-" "Apache/2.4.65 (Ubuntu) (internal dummy connection)"
jomarlogistica.com.br:80 172.20.1.117 - - [12/Sep/2025:01:13:21 -0300] "POST /wp-cron.php?doing_wp_cron=1757650401.2224800586700439453125 HTTP/1.1" 200 389 "https://jomarlogistica.com.br/wp-cron.php?doing_wp_cron=1757650401.2224800586700439453125" "WordPress/5.8.10; https://jomarlogistica.com.br"
jomarlogistica.com.br:80 18.234.117.151 - - [12/Sep/2025:01:13:20 -0300] "GET /robots.txt HTTP/1.1" 200 584 "-" "Go-http-client/2.0"
jomarlogistica.com.br:80 18.234.117.151 - - [12/Sep/2025:01:13:21 -0300] "GET /contato/ HTTP/1.1" 200 16357 "-" "TerraCotta https://github.com/CeramicTeam/CeramicTerracotta"
jomarlogistica.com.br:80 127.0.0.1 - - [12/Sep/2025:01:13:27 -0300] "OPTIONS * HTTP/1.0" 200 110 "-" "Apache/2.4.65 (Ubuntu) (internal dummy connection)"
jomarlogistica.com.br:80 216.244.66.226 - - [12/Sep/2025:01:16:57 -0300] "GET /robots.txt HTTP/1.1" 200 565 "-" "Mozilla/5.0 (compatible; DotBot/1.2; +https://opensiteexplorer.org/dotbot; help@moz.com)"
jomarlogistica.com.br:80 172.20.1.117 - - [12/Sep/2025:01:24:15 -0300] "POST /wp-cron.php?doing_wp_cron=1757651055.5687971115112304687500 HTTP/1.1" 200 389 "https://jomarlogistica.com.br/wp-cron.php?doing_wp_cron=1757651055.5687971115112304687500" "WordPress/5.8.10; https://jomarlogistica.com.br"
jomarlogistica.com.br:80 85.208.96.211 - - [12/Sep/2025:01:24:15 -0300] "GET /robots.txt HTTP/1.1" 200 584 "-" "Mozilla/5.0 (compatible; SemrushBot/7~bl; +http://www.semrush.com/bot.html)"
jomarlogistica.com.br:80 185.191.171.17 - - [12/Sep/2025:01:24:16 -0300] "GET /2023/05/10/how-to-fix-a-relationship/ HTTP/1.1" 200 18747 "-" "Mozilla/5.0 (compatible; SemrushBot/7~bl; +http://www.semrush.com/bot.html)"
jomarlogistica.com.br:80 127.0.0.1 - - [12/Sep/2025:01:24:21 -0300] "OPTIONS * HTTP/1.0" 200 110 "-" "Apache/2.4.65 (Ubuntu) (internal dummy connection)"
jomarlogistica.com.br:80 124.226.225.216 - - [12/Sep/2025:01:24:48 -0300] "POST /wp-comments-post.php HTTP/1.1" 403 2493 "-" "Mozilla/5.0 (Windows NT 10.0; Win64; x64) AppleWebKit/537.36 (KHTML, like Gecko) Chrome/108.0.0.0 Safari/537.36 Edg/108.0.1462.46"
jomarlogistica.com.br:80 185.191.171.13 - - [12/Sep/2025:01:24:54 -0300] "GET /2022/11/24/the-benefits-of-overseas-internet-dating/ HTTP/1.1" 200 18045 "-" "Mozilla/5.0 (compatible; SemrushBot/7~bl; +http://www.semrush.com/bot.html)"
jomarlogistica.com.br:80 216.244.66.226 - - [12/Sep/2025:01:26:31 -0300] "GET /2022/09/08/mutually-beneficial-relationship-sugar-daddy/feed/ HTTP/1.1" 200 1573 "-" "Mozilla/5.0 (compatible; DotBot/1.2; +https://opensiteexplorer.org/dotbot; help@moz.com)"
jomarlogistica.com.br:80 172.20.1.117 - - [12/Sep/2025:01:27:18 -0300] "POST /wp-cron.php?doing_wp_cron=1757651238.6028978824615478515625 HTTP/1.1" 200 389 "https://jomarlogistica.com.br/wp-cron.php?doing_wp_cron=1757651238.6028978824615478515625" "WordPress/5.8.10; https://jomarlogistica.com.br"
jomarlogistica.com.br:80 156.239.208.229 - - [12/Sep/2025:01:27:18 -0300] "GET /wp-json/wp/v2/users HTTP/1.1" 200 1265 "https://jomarlogistica.com.br" "Mozilla/5.0 (Windows NT 10.0; Win64; x64) AppleWebKit/537.36 (KHTML, like Gecko) Chrome/126.0.0.0 Safari/537.36"
jomarlogistica.com.br:80 156.249.127.226 - - [12/Sep/2025:01:27:19 -0300] "POST /wp-login.php HTTP/1.1" 200 3160 "https://jomarlogistica.com.br/wp-login.php" "Mozilla/5.0 (Windows NT 10.0; Win64; x64) AppleWebKit/537.36 (KHTML, like Gecko) Chrome/126.0.0.0 Safari/537.36"
jomarlogistica.com.br:80 156.249.127.226 - - [12/Sep/2025:01:27:20 -0300] "GET /wp-admin/ HTTP/1.1" 302 463 "https://jomarlogistica.com.br/wp-login.php" "Mozilla/5.0 (Windows NT 10.0; Win64; x64) AppleWebKit/537.36 (KHTML, like Gecko) Chrome/126.0.0.0 Safari/537.36"
jomarlogistica.com.br:80 156.249.127.226 - - [12/Sep/2025:01:27:21 -0300] "GET /wp-login.php?redirect_to=https%3A%2F%2Fjomarlogistica.com.br%2Fwp-admin%2F&reauth=1 HTTP/1.1" 200 4995 "https://jomarlogistica.com.br/wp-login.php" "Mozilla/5.0 (Windows NT 10.0; Win64; x64) AppleWebKit/537.36 (KHTML, like Gecko) Chrome/126.0.0.0 Safari/537.36"
jomarlogistica.com.br:80 154.193.152.215 - - [12/Sep/2025:01:27:22 -0300] "POST /wp-login.php HTTP/1.1" 200 3117 "https://jomarlogistica.com.br/wp-login.php" "Mozilla/5.0 (Windows NT 10.0; Win64; x64) AppleWebKit/537.36 (KHTML, like Gecko) Chrome/126.0.0.0 Safari/537.36"
jomarlogistica.com.br:80 154.193.152.215 - - [12/Sep/2025:01:27:23 -0300] "GET /wp-admin/ HTTP/1.1" 302 463 "https://jomarlogistica.com.br/wp-login.php" "Mozilla/5.0 (Windows NT 10.0; Win64; x64) AppleWebKit/537.36 (KHTML, like Gecko) Chrome/126.0.0.0 Safari/537.36"
jomarlogistica.com.br:80 154.193.152.215 - - [12/Sep/2025:01:27:23 -0300] "GET /wp-login.php?redirect_to=https%3A%2F%2Fjomarlogistica.com.br%2Fwp-admin%2F&reauth=1 HTTP/1.1" 200 4995 "https://jomarlogistica.com.br/wp-login.php" "Mozilla/5.0 (Windows NT 10.0; Win64; x64) AppleWebKit/537.36 (KHTML, like Gecko) Chrome/126.0.0.0 Safari/537.36"
jomarlogistica.com.br:80 154.86.112.96 - - [12/Sep/2025:01:27:25 -0300] "POST /wp-login.php HTTP/1.1" 200 3161 "https://jomarlogistica.com.br/wp-login.php" "Mozilla/5.0 (Windows NT 10.0; Win64; x64) AppleWebKit/537.36 (KHTML, like Gecko) Chrome/126.0.0.0 Safari/537.36"
jomarlogistica.com.br:80 154.86.112.96 - - [12/Sep/2025:01:27:25 -0300] "GET /wp-admin/ HTTP/1.1" 302 463 "https://jomarlogistica.com.br/wp-login.php" "Mozilla/5.0 (Windows NT 10.0; Win64; x64) AppleWebKit/537.36 (KHTML, like Gecko) Chrome/126.0.0.0 Safari/537.36"
jomarlogistica.com.br:80 154.86.112.96 - - [12/Sep/2025:01:27:26 -0300] "GET /wp-login.php?redirect_to=https%3A%2F%2Fjomarlogistica.com.br%2Fwp-admin%2F&reauth=1 HTTP/1.1" 200 5014 "https://jomarlogistica.com.br/wp-login.php" "Mozilla/5.0 (Windows NT 10.0; Win64; x64) AppleWebKit/537.36 (KHTML, like Gecko) Chrome/126.0.0.0 Safari/537.36"
jomarlogistica.com.br:80 127.0.0.1 - - [12/Sep/2025:01:27:27 -0300] "OPTIONS * HTTP/1.0" 200 110 "-" "Apache/2.4.65 (Ubuntu) (internal dummy connection)"
jomarlogistica.com.br:80 154.86.113.217 - - [12/Sep/2025:01:27:27 -0300] "POST /wp-login.php HTTP/1.1" 200 3129 "https://jomarlogistica.com.br/wp-login.php" "Mozilla/5.0 (Windows NT 10.0; Win64; x64) AppleWebKit/537.36 (KHTML, like Gecko) Chrome/126.0.0.0 Safari/537.36"
jomarlogistica.com.br:80 154.86.113.217 - - [12/Sep/2025:01:27:28 -0300] "GET /wp-admin/ HTTP/1.1" 302 463 "https://jomarlogistica.com.br/wp-login.php" "Mozilla/5.0 (Windows NT 10.0; Win64; x64) AppleWebKit/537.36 (KHTML, like Gecko) Chrome/126.0.0.0 Safari/537.36"
jomarlogistica.com.br:80 154.86.113.217 - - [12/Sep/2025:01:27:28 -0300] "GET /wp-login.php?redirect_to=https%3A%2F%2Fjomarlogistica.com.br%2Fwp-admin%2F&reauth=1 HTTP/1.1" 200 4995 "https://jomarlogistica.com.br/wp-login.php" "Mozilla/5.0 (Windows NT 10.0; Win64; x64) AppleWebKit/537.36 (KHTML, like Gecko) Chrome/126.0.0.0 Safari/537.36"
jomarlogistica.com.br:80 156.249.126.211 - - [12/Sep/2025:01:27:29 -0300] "POST /wp-login.php HTTP/1.1" 200 3128 "https://jomarlogistica.com.br/wp-login.php" "Mozilla/5.0 (Windows NT 10.0; Win64; x64) AppleWebKit/537.36 (KHTML, like Gecko) Chrome/126.0.0.0 Safari/537.36"
jomarlogistica.com.br:80 156.249.126.211 - - [12/Sep/2025:01:27:30 -0300] "GET /wp-admin/ HTTP/1.1" 302 482 "https://jomarlogistica.com.br/wp-login.php" "Mozilla/5.0 (Windows NT 10.0; Win64; x64) AppleWebKit/537.36 (KHTML, like Gecko) Chrome/126.0.0.0 Safari/537.36"
jomarlogistica.com.br:80 156.249.126.211 - - [12/Sep/2025:01:27:31 -0300] "GET /wp-login.php?redirect_to=https%3A%2F%2Fjomarlogistica.com.br%2Fwp-admin%2F&reauth=1 HTTP/1.1" 200 4995 "https://jomarlogistica.com.br/wp-login.php" "Mozilla/5.0 (Windows NT 10.0; Win64; x64) AppleWebKit/537.36 (KHTML, like Gecko) Chrome/126.0.0.0 Safari/537.36"
jomarlogistica.com.br:80 216.73.216.134 - - [12/Sep/2025:01:30:00 -0300] "GET /2022/03/20/north-america-free-trade-agreement-everything-you-need-to-know HTTP/1.1" 301 578 "-" "Mozilla/5.0 AppleWebKit/537.36 (KHTML, like Gecko; compatible; ClaudeBot/1.0; +claudebot@anthropic.com)"
jomarlogistica.com.br:80 216.73.216.134 - - [12/Sep/2025:01:30:00 -0300] "GET /2022/03/20/north-america-free-trade-agreement-everything-you-need-to-know/ HTTP/1.1" 200 13366 "https://jomarlogistica.com.br/2022/03/20/north-america-free-trade-agreement-everything-you-need-to-know" "Mozilla/5.0 AppleWebKit/537.36 (KHTML, like Gecko; compatible; ClaudeBot/1.0; +claudebot@anthropic.com)"
jomarlogistica.com.br:80 172.20.1.117 - - [12/Sep/2025:01:32:14 -0300] "POST /wp-cron.php?doing_wp_cron=1757651534.8374218940734863281250 HTTP/1.1" 200 389 "https://jomarlogistica.com.br/wp-cron.php?doing_wp_cron=1757651534.8374218940734863281250" "WordPress/5.8.10; https://jomarlogistica.com.br"
jomarlogistica.com.br:80 85.208.96.199 - - [12/Sep/2025:01:32:14 -0300] "GET /2023/06/ HTTP/1.1" 200 18776 "-" "Mozilla/5.0 (compatible; SemrushBot/7~bl; +http://www.semrush.com/bot.html)"
jomarlogistica.com.br:80 127.0.0.1 - - [12/Sep/2025:01:32:20 -0300] "OPTIONS * HTTP/1.0" 200 110 "-" "Apache/2.4.65 (Ubuntu) (internal dummy connection)"
jomarlogistica.com.br:80 216.73.216.134 - - [12/Sep/2025:01:33:03 -0300] "GET /2022/03/29/13-rules-to-a-gunfight-usmc-poster-essential-tips-for-tactical-defense/feed HTTP/1.1" 301 592 "-" "Mozilla/5.0 AppleWebKit/537.36 (KHTML, like Gecko; compatible; ClaudeBot/1.0; +claudebot@anthropic.com)"
jomarlogistica.com.br:80 216.73.216.134 - - [12/Sep/2025:01:33:03 -0300] "GET /category/jomar/page/39 HTTP/1.1" 301 472 "-" "Mozilla/5.0 AppleWebKit/537.36 (KHTML, like Gecko; compatible; ClaudeBot/1.0; +claudebot@anthropic.com)"
jomarlogistica.com.br:80 216.73.216.134 - - [12/Sep/2025:01:33:03 -0300] "GET /2022/03/29/13-rules-to-a-gunfight-usmc-poster-essential-tips-for-tactical-defense/feed/ HTTP/1.1" 200 952 "https://jomarlogistica.com.br/2022/03/29/13-rules-to-a-gunfight-usmc-poster-essential-tips-for-tactical-defense/feed" "Mozilla/5.0 AppleWebKit/537.36 (KHTML, like Gecko; compatible; ClaudeBot/1.0; +claudebot@anthropic.com)"
jomarlogistica.com.br:80 216.73.216.134 - - [12/Sep/2025:01:33:03 -0300] "GET /category/jomar/page/39/ HTTP/1.1" 200 18963 "https://jomarlogistica.com.br/category/jomar/page/39" "Mozilla/5.0 AppleWebKit/537.36 (KHTML, like Gecko; compatible; ClaudeBot/1.0; +claudebot@anthropic.com)"
jomarlogistica.com.br:80 127.0.0.1 - - [12/Sep/2025:01:33:09 -0300] "OPTIONS * HTTP/1.0" 200 110 "-" "Apache/2.4.65 (Ubuntu) (internal dummy connection)"
jomarlogistica.com.br:80 172.20.1.117 - - [12/Sep/2025:01:38:54 -0300] "POST /wp-cron.php?doing_wp_cron=1757651934.8853859901428222656250 HTTP/1.1" 200 389 "https://jomarlogistica.com.br/wp-cron.php?doing_wp_cron=1757651934.8853859901428222656250" "WordPress/5.8.10; https://jomarlogistica.com.br"
jomarlogistica.com.br:80 216.73.216.134 - - [12/Sep/2025:01:38:54 -0300] "GET /2023/05/30/keeping-the-momentum-moving-in-an-ma-integration HTTP/1.1" 301 509 "-" "Mozilla/5.0 AppleWebKit/537.36 (KHTML, like Gecko; compatible; ClaudeBot/1.0; +claudebot@anthropic.com)"
jomarlogistica.com.br:80 216.73.216.134 - - [12/Sep/2025:01:38:55 -0300] "GET /2023/05/30/keeping-the-momentum-moving-in-an-ma-integration/ HTTP/1.1" 200 17388 "https://jomarlogistica.com.br/2023/05/30/keeping-the-momentum-moving-in-an-ma-integration" "Mozilla/5.0 AppleWebKit/537.36 (KHTML, like Gecko; compatible; ClaudeBot/1.0; +claudebot@anthropic.com)"
jomarlogistica.com.br:80 85.208.96.206 - - [12/Sep/2025:01:38:57 -0300] "GET /2022/10/ HTTP/1.1" 200 18563 "-" "Mozilla/5.0 (compatible; SemrushBot/7~bl; +http://www.semrush.com/bot.html)"
jomarlogistica.com.br:80 127.0.0.1 - - [12/Sep/2025:01:39:03 -0300] "OPTIONS * HTTP/1.0" 200 110 "-" "Apache/2.4.65 (Ubuntu) (internal dummy connection)"
jomarlogistica.com.br:80 114.119.138.130 - - [12/Sep/2025:01:39:16 -0300] "GET /2023/02/15/how-to-attract-mature-cambodian-women/ HTTP/1.1" 200 18143 "https://jomarlogistica.com.br/2023/02/15/how-to-attract-mature-cambodian-women/" "Mozilla/5.0 (Linux; Android 7.0;) AppleWebKit/537.36 (KHTML, like Gecko) Mobile Safari/537.36 (compatible; PetalBot;+https://webmaster.petalsearch.com/site/petalbot)"
jomarlogistica.com.br:80 18.234.117.151 - - [12/Sep/2025:01:39:39 -0300] "GET /robots.txt HTTP/1.1" 200 584 "-" "Go-http-client/2.0"
jomarlogistica.com.br:80 18.234.117.151 - - [12/Sep/2025:01:39:40 -0300] "GET /2024/03/09/auburn-hills-legal-services-expert-legal-advice-representation/ HTTP/1.1" 200 14169 "-" "TerraCotta https://github.com/CeramicTeam/CeramicTerracotta"
jomarlogistica.com.br:80 216.73.216.134 - - [12/Sep/2025:01:41:51 -0300] "GET /category/jomar/page/21 HTTP/1.1" 301 472 "-" "Mozilla/5.0 AppleWebKit/537.36 (KHTML, like Gecko; compatible; ClaudeBot/1.0; +claudebot@anthropic.com)"
jomarlogistica.com.br:80 216.73.216.134 - - [12/Sep/2025:01:41:52 -0300] "GET /category/jomar/page/21/ HTTP/1.1" 200 18994 "https://jomarlogistica.com.br/category/jomar/page/21" "Mozilla/5.0 AppleWebKit/537.36 (KHTML, like Gecko; compatible; ClaudeBot/1.0; +claudebot@anthropic.com)"
jomarlogistica.com.br:80 172.20.1.117 - - [12/Sep/2025:01:45:27 -0300] "POST /wp-cron.php?doing_wp_cron=1757652327.5756559371948242187500 HTTP/1.1" 200 389 "https://jomarlogistica.com.br/wp-cron.php?doing_wp_cron=1757652327.5756559371948242187500" "WordPress/5.8.10; https://jomarlogistica.com.br"
jomarlogistica.com.br:80 103.77.240.59 - - [12/Sep/2025:01:45:27 -0300] "GET /wp-login.php HTTP/1.1" 200 2994 "-" "GRequests/0.10"
jomarlogistica.com.br:80 103.77.240.59 - - [12/Sep/2025:01:45:29 -0300] "POST /wp-login.php HTTP/1.1" 403 2493 "-" "GRequests/0.10"
jomarlogistica.com.br:80 103.77.240.59 - - [12/Sep/2025:01:45:29 -0300] "GET /wp-admin/ HTTP/1.1" 302 463 "-" "GRequests/0.10"
jomarlogistica.com.br:80 103.77.240.59 - - [12/Sep/2025:01:45:30 -0300] "GET /wp-login.php?redirect_to=https%3A%2F%2Fjomarlogistica.com.br%2Fwp-admin%2F&reauth=1 HTTP/1.1" 200 4995 "https://jomarlogistica.com.br/wp-admin/" "GRequests/0.10"
jomarlogistica.com.br:80 127.0.0.1 - - [12/Sep/2025:01:45:32 -0300] "OPTIONS * HTTP/1.0" 200 110 "-" "Apache/2.4.65 (Ubuntu) (internal dummy connection)"
jomarlogistica.com.br:80 127.0.0.1 - - [12/Sep/2025:01:45:35 -0300] "OPTIONS * HTTP/1.0" 200 110 "-" "Apache/2.4.65 (Ubuntu) (internal dummy connection)"
jomarlogistica.com.br:80 57.141.0.31 - - [12/Sep/2025:01:47:01 -0300] "GET /2024/03/09/are-50-caliber-guns-legal-in-canada-rules-and-regulations-explained/ HTTP/1.1" 200 62457 "-" "meta-externalagent/1.1 (+https://developers.facebook.com/docs/sharing/webmasters/crawler)"
jomarlogistica.com.br:80 172.20.1.117 - - [12/Sep/2025:01:48:51 -0300] "POST /wp-cron.php?doing_wp_cron=1757652531.1707539558410644531250 HTTP/1.1" 200 389 "https://jomarlogistica.com.br/wp-cron.php?doing_wp_cron=1757652531.1707539558410644531250" "WordPress/5.8.10; https://jomarlogistica.com.br"
jomarlogistica.com.br:80 216.73.216.134 - - [12/Sep/2025:01:48:50 -0300] "GET /2023/05/31/finest-relationship-websites-big-apple-the-7-best-courting-apps-sites-in-ny-city HTTP/1.1" 301 541 "-" "Mozilla/5.0 AppleWebKit/537.36 (KHTML, like Gecko; compatible; ClaudeBot/1.0; +claudebot@anthropic.com)"
jomarlogistica.com.br:80 216.73.216.134 - - [12/Sep/2025:01:48:51 -0300] "GET /2023/05/31/finest-relationship-websites-big-apple-the-7-best-courting-apps-sites-in-ny-city/ HTTP/1.1" 200 17626 "https://jomarlogistica.com.br/2023/05/31/finest-relationship-websites-big-apple-the-7-best-courting-apps-sites-in-ny-city" "Mozilla/5.0 AppleWebKit/537.36 (KHTML, like Gecko; compatible; ClaudeBot/1.0; +claudebot@anthropic.com)"
jomarlogistica.com.br:80 127.0.0.1 - - [12/Sep/2025:01:48:57 -0300] "OPTIONS * HTTP/1.0" 200 110 "-" "Apache/2.4.65 (Ubuntu) (internal dummy connection)"
jomarlogistica.com.br:80 172.20.1.117 - - [12/Sep/2025:01:54:54 -0300] "POST /wp-cron.php?doing_wp_cron=1757652894.7520749568939208984375 HTTP/1.1" 200 389 "https://jomarlogistica.com.br/wp-cron.php?doing_wp_cron=1757652894.7520749568939208984375" "WordPress/5.8.10; https://jomarlogistica.com.br"
jomarlogistica.com.br:80 54.91.181.76 - - [12/Sep/2025:01:54:54 -0300] "GET / HTTP/1.1" 200 23930 "-" "Mozilla/5.0 (Windows NT 10.0; Win64; x64) AppleWebKit/537.36 (KHTML, like Gecko) Chrome/58.0.3029.110 Safari/537.3"
jomarlogistica.com.br:80 54.91.181.76 - - [12/Sep/2025:01:54:56 -0300] "GET /wp-includes/wlwmanifest.xml HTTP/1.1" 200 817 "-" "python-httpx/0.28.1"
jomarlogistica.com.br:80 127.0.0.1 - - [12/Sep/2025:01:55:00 -0300] "OPTIONS * HTTP/1.0" 200 110 "-" "Apache/2.4.65 (Ubuntu) (internal dummy connection)"
jomarlogistica.com.br:80 216.73.216.134 - - [12/Sep/2025:01:55:22 -0300] "GET /2023/11/06/are-tinted-plate-covers-legal-in-ohio-ohio-license-plate-laws/feed HTTP/1.1" 301 583 "-" "Mozilla/5.0 AppleWebKit/537.36 (KHTML, like Gecko; compatible; ClaudeBot/1.0; +claudebot@anthropic.com)"
jomarlogistica.com.br:80 216.73.216.134 - - [12/Sep/2025:01:55:22 -0300] "GET /2023/11/06/are-tinted-plate-covers-legal-in-ohio-ohio-license-plate-laws/feed/ HTTP/1.1" 200 943 "https://jomarlogistica.com.br/2023/11/06/are-tinted-plate-covers-legal-in-ohio-ohio-license-plate-laws/feed" "Mozilla/5.0 AppleWebKit/537.36 (KHTML, like Gecko; compatible; ClaudeBot/1.0; +claudebot@anthropic.com)"
jomarlogistica.com.br:80 216.73.216.134 - - [12/Sep/2025:01:55:22 -0300] "GET /?a7b529c=7204788 HTTP/1.1" 200 287 "-" "Mozilla/5.0 AppleWebKit/537.36 (KHTML, like Gecko; compatible; ClaudeBot/1.0; +claudebot@anthropic.com)"
jomarlogistica.com.br:80 127.0.0.1 - - [12/Sep/2025:01:55:32 -0300] "OPTIONS * HTTP/1.0" 200 110 "-" "Apache/2.4.65 (Ubuntu) (internal dummy connection)"
jomarlogistica.com.br:80 51.68.236.114 - - [12/Sep/2025:01:55:44 -0300] "GET /robots.txt HTTP/1.1" 200 584 "-" "Mozilla/5.0 (compatible; MJ12bot/v2.0.4; http://mj12bot.com/)"
jomarlogistica.com.br:80 51.68.236.114 - - [12/Sep/2025:01:55:45 -0300] "GET / HTTP/1.1" 200 23930 "-" "Mozilla/5.0 (compatible; MJ12bot/v2.0.4; http://mj12bot.com/)"
jomarlogistica.com.br:80 114.119.134.192 - - [12/Sep/2025:01:56:11 -0300] "GET /wp-sitemap-posts-ct-mega-menu-1.xml HTTP/1.1" 200 604 "-" "Mozilla/5.0 (Linux; Android 7.0;) AppleWebKit/537.36 (KHTML, like Gecko) Mobile Safari/537.36 (compatible; PetalBot;+https://webmaster.petalsearch.com/site/petalbot)"
jomarlogistica.com.br:80 216.73.216.134 - - [12/Sep/2025:01:56:17 -0300] "GET /2023/10/24/asic-media-release-unfair-contract-terms-2021 HTTP/1.1" 301 561 "-" "Mozilla/5.0 AppleWebKit/537.36 (KHTML, like Gecko; compatible; ClaudeBot/1.0; +claudebot@anthropic.com)"
jomarlogistica.com.br:80 216.73.216.134 - - [12/Sep/2025:01:56:18 -0300] "GET /2023/10/24/asic-media-release-unfair-contract-terms-2021/ HTTP/1.1" 200 14485 "https://jomarlogistica.com.br/2023/10/24/asic-media-release-unfair-contract-terms-2021" "Mozilla/5.0 AppleWebKit/537.36 (KHTML, like Gecko; compatible; ClaudeBot/1.0; +claudebot@anthropic.com)"
jomarlogistica.com.br:80 172.20.1.117 - - [12/Sep/2025:01:57:20 -0300] "POST /wp-cron.php?doing_wp_cron=1757653040.2596518993377685546875 HTTP/1.1" 200 389 "https://jomarlogistica.com.br/wp-cron.php?doing_wp_cron=1757653040.2596518993377685546875" "WordPress/5.8.10; https://jomarlogistica.com.br"
