jomarlogistica.com.br:80 172.20.1.117 - - [12/Sep/2025:13:40:09 -0300] "POST /wp-cron.php?doing_wp_cron=1757695209.2152280807495117187500 HTTP/1.1" 200 389 "https://jomarlogistica.com.br/wp-cron.php?doing_wp_cron=1757695209.2152280807495117187500" "WordPress/5.8.10; https://jomarlogistica.com.br"
jomarlogistica.com.br:80 35.171.117.160 - - [12/Sep/2025:13:40:08 -0300] "GET /2022/11/13/signals-that-you-are-in-love/ HTTP/1.1" 200 17362 "-" "Mozilla/5.0 AppleWebKit/537.36 (KHTML, like Gecko; compatible; Amazonbot/0.1; +https://developer.amazon.com/support/amazonbot) Chrome/119.0.6045.214 Safari/537.36"
jomarlogistica.com.br:80 54.235.172.96 - - [12/Sep/2025:13:40:11 -0300] "GET /2023/05/02/free-chat-rooms-for-everybody/ HTTP/1.1" 200 17578 "-" "Mozilla/5.0 AppleWebKit/537.36 (KHTML, like Gecko; compatible; Amazonbot/0.1; +https://developer.amazon.com/support/amazonbot) Chrome/119.0.6045.214 Safari/537.36"
jomarlogistica.com.br:80 34.231.156.59 - - [12/Sep/2025:13:40:15 -0300] "GET /2023/09/04/precisely-what-is-document-management/ HTTP/1.1" 200 17336 "-" "Mozilla/5.0 AppleWebKit/537.36 (KHTML, like Gecko; compatible; Amazonbot/0.1; +https://developer.amazon.com/support/amazonbot) Chrome/119.0.6045.214 Safari/537.36"
jomarlogistica.com.br:80 52.7.13.143 - - [12/Sep/2025:13:40:19 -0300] "GET /2022/11/05/appendix-loan-agreement-everything-you-need-to-know/ HTTP/1.1" 200 14599 "-" "Mozilla/5.0 AppleWebKit/537.36 (KHTML, like Gecko; compatible; Amazonbot/0.1; +https://developer.amazon.com/support/amazonbot) Chrome/119.0.6045.214 Safari/537.36"
jomarlogistica.com.br:80 3.227.180.70 - - [12/Sep/2025:13:40:24 -0300] "GET /2022/12/29/ukrainian-matchmaker-how-to-avoid-online-dating-scams/ HTTP/1.1" 200 18179 "-" "Mozilla/5.0 AppleWebKit/537.36 (KHTML, like Gecko; compatible; Amazonbot/0.1; +https://developer.amazon.com/support/amazonbot) Chrome/119.0.6045.214 Safari/537.36"
jomarlogistica.com.br:80 18.206.47.187 - - [12/Sep/2025:13:40:27 -0300] "GET /2023/01/19/top-good-marriage-questions-to-talk-to-your-partner/ HTTP/1.1" 200 18166 "-" "Mozilla/5.0 AppleWebKit/537.36 (KHTML, like Gecko; compatible; Amazonbot/0.1; +https://developer.amazon.com/support/amazonbot) Chrome/119.0.6045.214 Safari/537.36"
jomarlogistica.com.br:80 18.209.137.234 - - [12/Sep/2025:13:40:32 -0300] "GET /2024/03/06/economic-complementation-agreement-definition-understanding-its-impact/ HTTP/1.1" 200 14169 "-" "Mozilla/5.0 AppleWebKit/537.36 (KHTML, like Gecko; compatible; Amazonbot/0.1; +https://developer.amazon.com/support/amazonbot) Chrome/119.0.6045.214 Safari/537.36"
jomarlogistica.com.br:80 52.202.52.82 - - [12/Sep/2025:13:40:36 -0300] "GET /2022/12/11/the-culture-of-dating-a-latin-girl/ HTTP/1.1" 200 18216 "-" "Mozilla/5.0 AppleWebKit/537.36 (KHTML, like Gecko; compatible; Amazonbot/0.1; +https://developer.amazon.com/support/amazonbot) Chrome/119.0.6045.214 Safari/537.36"
jomarlogistica.com.br:80 3.218.35.239 - - [12/Sep/2025:13:40:39 -0300] "GET /2023/09/23/table-of-company-directors-software-helps-you-to-save-time-and-money/ HTTP/1.1" 200 17414 "-" "Mozilla/5.0 AppleWebKit/537.36 (KHTML, like Gecko; compatible; Amazonbot/0.1; +https://developer.amazon.com/support/amazonbot) Chrome/119.0.6045.214 Safari/537.36"
jomarlogistica.com.br:80 3.208.156.9 - - [12/Sep/2025:13:40:44 -0300] "GET /2023/08/05/impair-data-space-with-esignature/ HTTP/1.1" 200 17387 "-" "Mozilla/5.0 AppleWebKit/537.36 (KHTML, like Gecko; compatible; Amazonbot/0.1; +https://developer.amazon.com/support/amazonbot) Chrome/119.0.6045.214 Safari/537.36"
jomarlogistica.com.br:80 50.17.193.48 - - [12/Sep/2025:13:40:47 -0300] "GET /2023/09/04/how-to-use-nordvpn-to-unlock-netflix/ HTTP/1.1" 200 17385 "-" "Mozilla/5.0 AppleWebKit/537.36 (KHTML, like Gecko; compatible; Amazonbot/0.1; +https://developer.amazon.com/support/amazonbot) Chrome/119.0.6045.214 Safari/537.36"
jomarlogistica.com.br:80 52.204.71.8 - - [12/Sep/2025:13:40:51 -0300] "GET /2023/06/04/info-safety-for-people-who-do-buiness/ HTTP/1.1" 200 17503 "-" "Mozilla/5.0 AppleWebKit/537.36 (KHTML, like Gecko; compatible; Amazonbot/0.1; +https://developer.amazon.com/support/amazonbot) Chrome/119.0.6045.214 Safari/537.36"
jomarlogistica.com.br:80 34.231.156.59 - - [12/Sep/2025:13:40:56 -0300] "GET /2023/01/ HTTP/1.1" 200 18700 "-" "Mozilla/5.0 AppleWebKit/537.36 (KHTML, like Gecko; compatible; Amazonbot/0.1; +https://developer.amazon.com/support/amazonbot) Chrome/119.0.6045.214 Safari/537.36"
jomarlogistica.com.br:80 3.210.223.61 - - [12/Sep/2025:13:41:00 -0300] "GET /2023/10/02/asus-gaming-laptops-2/ HTTP/1.1" 200 17222 "-" "Mozilla/5.0 AppleWebKit/537.36 (KHTML, like Gecko; compatible; Amazonbot/0.1; +https://developer.amazon.com/support/amazonbot) Chrome/119.0.6045.214 Safari/537.36"
jomarlogistica.com.br:80 3.229.95.193 - - [12/Sep/2025:13:41:06 -0300] "GET /2023/04/26/talk-with-strangers-no-login-free-random-chatting/ HTTP/1.1" 200 20949 "-" "Mozilla/5.0 AppleWebKit/537.36 (KHTML, like Gecko; compatible; Amazonbot/0.1; +https://developer.amazon.com/support/amazonbot) Chrome/119.0.6045.214 Safari/537.36"
jomarlogistica.com.br:80 127.0.0.1 - - [12/Sep/2025:13:41:11 -0300] "OPTIONS * HTTP/1.0" 200 110 "-" "Apache/2.4.65 (Ubuntu) (internal dummy connection)"
jomarlogistica.com.br:80 172.20.1.117 - - [12/Sep/2025:13:42:33 -0300] "POST /wp-cron.php?doing_wp_cron=1757695353.1426498889923095703125 HTTP/1.1" 200 389 "https://jomarlogistica.com.br/wp-cron.php?doing_wp_cron=1757695353.1426498889923095703125" "WordPress/5.8.10; https://jomarlogistica.com.br"
jomarlogistica.com.br:80 222.253.48.28 - - [12/Sep/2025:13:42:32 -0300] "GET /wp-login.php HTTP/1.1" 200 2993 "-" "GRequests/0.10"
jomarlogistica.com.br:80 127.0.0.1 - - [12/Sep/2025:13:42:37 -0300] "OPTIONS * HTTP/1.0" 200 110 "-" "Apache/2.4.65 (Ubuntu) (internal dummy connection)"
jomarlogistica.com.br:80 222.253.48.28 - - [12/Sep/2025:13:42:41 -0300] "POST /wp-login.php HTTP/1.1" 403 2493 "-" "GRequests/0.10"
jomarlogistica.com.br:80 222.253.48.28 - - [12/Sep/2025:13:43:00 -0300] "GET /wp-admin/ HTTP/1.1" 302 463 "-" "GRequests/0.10"
jomarlogistica.com.br:80 222.253.48.28 - - [12/Sep/2025:13:43:01 -0300] "GET /wp-login.php?redirect_to=https%3A%2F%2Fjomarlogistica.com.br%2Fwp-admin%2F&reauth=1 HTTP/1.1" 200 4994 "https://jomarlogistica.com.br/wp-admin/" "GRequests/0.10"
jomarlogistica.com.br:80 172.20.1.117 - - [12/Sep/2025:13:48:14 -0300] "POST /wp-cron.php?doing_wp_cron=1757695694.6637420654296875000000 HTTP/1.1" 200 389 "https://jomarlogistica.com.br/wp-cron.php?doing_wp_cron=1757695694.6637420654296875000000" "WordPress/5.8.10; https://jomarlogistica.com.br"
jomarlogistica.com.br:80 177.116.188.98 - - [12/Sep/2025:13:48:14 -0300] "POST /autodiscover/autodiscover.xml HTTP/1.1" 404 448 "-" "AppleExchangeWebServices/833 accountsd/113"
jomarlogistica.com.br:80 127.0.0.1 - - [12/Sep/2025:13:48:19 -0300] "OPTIONS * HTTP/1.0" 200 110 "-" "Apache/2.4.65 (Ubuntu) (internal dummy connection)"
jomarlogistica.com.br:80 103.163.161.30 - - [12/Sep/2025:13:48:43 -0300] "POST /vendor/phpunit/phpunit/src/Util/PHP/eval-stdin.php HTTP/1.1" 404 448 "-" "python-requests/2.32.5"
jomarlogistica.com.br:80 103.163.161.30 - - [12/Sep/2025:13:48:45 -0300] "POST /vendor/phpunits/phpunit/src/Util/PHP/eval-stdin.php HTTP/1.1" 404 448 "-" "python-requests/2.32.5"
jomarlogistica.com.br:80 103.163.161.30 - - [12/Sep/2025:13:48:47 -0300] "POST /assets/vendor/phpunit/phpunit/src/Util/PHP/eval-stdin.php HTTP/1.1" 404 448 "-" "python-requests/2.32.5"
jomarlogistica.com.br:80 103.163.161.30 - - [12/Sep/2025:13:48:50 -0300] "POST /admin/vendor/phpunit/phpunit/src/Util/PHP/eval-stdin.php HTTP/1.1" 404 448 "-" "python-requests/2.32.5"
jomarlogistica.com.br:80 103.163.161.30 - - [12/Sep/2025:13:48:52 -0300] "POST /lib/vendor/phpunit/phpunit/src/Util/PHP/eval-stdin.php HTTP/1.1" 404 467 "-" "python-requests/2.32.5"
jomarlogistica.com.br:80 103.163.161.30 - - [12/Sep/2025:13:48:55 -0300] "POST /_vendor/phpunit/phpunit/src/Util/PHP/eval-stdin.php HTTP/1.1" 404 448 "-" "python-requests/2.32.5"
jomarlogistica.com.br:80 103.163.161.30 - - [12/Sep/2025:13:48:57 -0300] "POST /adminstrator/vendor/phpunit/phpunit/src/Util/PHP/eval-stdin.php HTTP/1.1" 404 448 "-" "python-requests/2.32.5"
jomarlogistica.com.br:80 103.163.161.30 - - [12/Sep/2025:13:48:59 -0300] "POST /plugins/vendor/phpunit/phpunit/src/Util/PHP/eval-stdin.php HTTP/1.1" 404 448 "-" "python-requests/2.32.5"
jomarlogistica.com.br:80 85.208.96.210 - - [12/Sep/2025:13:49:36 -0300] "GET /2023/10/02/top-antivirus-for-android/ HTTP/1.1" 200 17073 "-" "Mozilla/5.0 (compatible; SemrushBot/7~bl; +http://www.semrush.com/bot.html)"
jomarlogistica.com.br:80 172.20.1.117 - - [12/Sep/2025:13:58:17 -0300] "POST /wp-cron.php?doing_wp_cron=1757696297.0798048973083496093750 HTTP/1.1" 200 389 "https://jomarlogistica.com.br/wp-cron.php?doing_wp_cron=1757696297.0798048973083496093750" "WordPress/5.8.10; https://jomarlogistica.com.br"
jomarlogistica.com.br:80 20.77.178.244 - - [12/Sep/2025:13:58:16 -0300] "GET /2022/11/14/understanding-camper-van-rules-in-the-netherlands-what-you-need-to-know/ HTTP/1.1" 200 14453 "-" "Mozilla/5.0 AppleWebKit/537.36 (KHTML, like Gecko); compatible; ChatGPT-User/1.0; +https://openai.com/bot"
jomarlogistica.com.br:80 20.77.178.244 - - [12/Sep/2025:13:58:17 -0300] "GET / HTTP/1.1" 200 23930 "-" "Mozilla/5.0 AppleWebKit/537.36 (KHTML, like Gecko); compatible; ChatGPT-User/1.0; +https://openai.com/bot"
jomarlogistica.com.br:80 4.227.36.22 - - [12/Sep/2025:13:58:19 -0300] "GET /robots.txt HTTP/1.1" 200 584 "-" "Mozilla/5.0 AppleWebKit/537.36 (KHTML, like Gecko; compatible; GPTBot/1.2; +https://openai.com/gptbot)"
jomarlogistica.com.br:80 127.0.0.1 - - [12/Sep/2025:13:58:24 -0300] "OPTIONS * HTTP/1.0" 200 110 "-" "Apache/2.4.65 (Ubuntu) (internal dummy connection)"
jomarlogistica.com.br:80 172.20.1.117 - - [12/Sep/2025:14:04:58 -0300] "POST /wp-cron.php?doing_wp_cron=1757696697.9846959114074707031250 HTTP/1.1" 200 389 "https://jomarlogistica.com.br/wp-cron.php?doing_wp_cron=1757696697.9846959114074707031250" "WordPress/5.8.10; https://jomarlogistica.com.br"
jomarlogistica.com.br:80 216.73.216.134 - - [12/Sep/2025:14:04:57 -0300] "GET /robots.txt HTTP/1.1" 200 584 "-" "Mozilla/5.0 AppleWebKit/537.36 (KHTML, like Gecko; compatible; ClaudeBot/1.0; +claudebot@anthropic.com)"
jomarlogistica.com.br:80 216.73.216.134 - - [12/Sep/2025:14:04:58 -0300] "GET /category/jomar/page/34 HTTP/1.1" 301 414 "-" "Mozilla/5.0 AppleWebKit/537.36 (KHTML, like Gecko; compatible; ClaudeBot/1.0; +claudebot@anthropic.com)"
jomarlogistica.com.br:80 216.73.216.134 - - [12/Sep/2025:14:04:58 -0300] "GET /category/jomar/page/34/ HTTP/1.1" 200 18745 "https://jomarlogistica.com.br/category/jomar/page/34" "Mozilla/5.0 AppleWebKit/537.36 (KHTML, like Gecko; compatible; ClaudeBot/1.0; +claudebot@anthropic.com)"
jomarlogistica.com.br:80 127.0.0.1 - - [12/Sep/2025:14:05:04 -0300] "OPTIONS * HTTP/1.0" 200 110 "-" "Apache/2.4.65 (Ubuntu) (internal dummy connection)"
jomarlogistica.com.br:80 172.20.1.117 - - [12/Sep/2025:14:19:48 -0300] "POST /wp-cron.php?doing_wp_cron=1757697588.4161379337310791015625 HTTP/1.1" 200 389 "https://jomarlogistica.com.br/wp-cron.php?doing_wp_cron=1757697588.4161379337310791015625" "WordPress/5.8.10; https://jomarlogistica.com.br"
jomarlogistica.com.br:80 20.194.1.11 - - [12/Sep/2025:14:19:48 -0300] "GET /2022/11/14/understanding-camper-van-rules-in-the-netherlands-what-you-need-to-know/ HTTP/1.1" 200 14453 "-" "Mozilla/5.0 AppleWebKit/537.36 (KHTML, like Gecko); compatible; ChatGPT-User/1.0; +https://openai.com/bot"
jomarlogistica.com.br:80 127.0.0.1 - - [12/Sep/2025:14:19:54 -0300] "OPTIONS * HTTP/1.0" 200 110 "-" "Apache/2.4.65 (Ubuntu) (internal dummy connection)"
jomarlogistica.com.br:80 4.196.198.84 - - [12/Sep/2025:14:20:24 -0300] "GET /2024/03/04/quitting-contract-jobs-in-india-legalities-of-terminating-contracts-early/ HTTP/1.1" 200 14401 "-" "Mozilla/5.0 AppleWebKit/537.36 (KHTML, like Gecko); compatible; ChatGPT-User/1.0; +https://openai.com/bot"
jomarlogistica.com.br:80 172.20.1.117 - - [12/Sep/2025:14:23:17 -0300] "POST /wp-cron.php?doing_wp_cron=1757697797.7749910354614257812500 HTTP/1.1" 200 389 "https://jomarlogistica.com.br/wp-cron.php?doing_wp_cron=1757697797.7749910354614257812500" "WordPress/5.8.10; https://jomarlogistica.com.br"
jomarlogistica.com.br:80 200.189.29.135 - - [12/Sep/2025:14:23:17 -0300] "GET / HTTP/1.1" 200 23872 "https://www.google.com/" "Mozilla/5.0 (Windows NT 10.0; Win64; x64) AppleWebKit/537.36 (KHTML, like Gecko) Chrome/138.0.0.0 Safari/537.36"
jomarlogistica.com.br:80 127.0.0.1 - - [12/Sep/2025:14:23:23 -0300] "OPTIONS * HTTP/1.0" 200 110 "-" "Apache/2.4.65 (Ubuntu) (internal dummy connection)"
jomarlogistica.com.br:80 18.234.117.151 - - [12/Sep/2025:14:24:12 -0300] "GET /robots.txt HTTP/1.1" 200 584 "-" "Go-http-client/2.0"
jomarlogistica.com.br:80 18.234.117.151 - - [12/Sep/2025:14:24:13 -0300] "GET /2024/01/23/checkpoint-firewall-rules-export-best-practices-and-guidelines/ HTTP/1.1" 200 14455 "-" "TerraCotta https://github.com/CeramicTeam/CeramicTerracotta"
jomarlogistica.com.br:80 135.181.79.90 - - [12/Sep/2025:14:26:33 -0300] "GET /2023/05/02/test-title/ HTTP/1.1" 200 77241 "https://jomarlogistica.com.br/2023/05/02/test-title/" "Mozilla/5.0 (Windows NT 10.0; Win64; x64) AppleWebKit/537.36 (KHTML, like Gecko) Chrome/131.0.0.0 Safari/537.36 Avast/131.0.0.0"
jomarlogistica.com.br:80 135.181.79.90 - - [12/Sep/2025:14:26:35 -0300] "GET /2023/11/15/how-to-organise-the-board-records-with-boardpro/ HTTP/1.1" 200 79592 "https://jomarlogistica.com.br/2023/11/15/how-to-organise-the-board-records-with-boardpro/" "Mozilla/5.0 (Windows NT 10.0; Win64; x64) AppleWebKit/537.36 (KHTML, like Gecko) Chrome/131.0.0.0 Safari/537.36 Avast/131.0.0.0"
jomarlogistica.com.br:80 135.181.79.90 - - [12/Sep/2025:14:26:37 -0300] "GET /contato/ HTTP/1.1" 200 79977 "https://jomarlogistica.com.br/contato/" "Mozilla/5.0 (Windows NT 10.0; Win64; x64) AppleWebKit/537.36 (KHTML, like Gecko) Chrome/131.0.0.0 Safari/537.36 Avast/131.0.0.0"
jomarlogistica.com.br:80 135.181.79.90 - - [12/Sep/2025:14:26:40 -0300] "POST /wp-json/contact-form-7/v1/contact-forms/5005/feedback HTTP/1.1" 200 865 "https://jomarlogistica.com.br/contato/" "Mozilla/5.0 (Windows NT 10.0; Win64; x64) AppleWebKit/537.36 (KHTML, like Gecko) Chrome/131.0.0.0 Safari/537.36 Avast/131.0.0.0"
jomarlogistica.com.br:80 172.20.1.117 - - [12/Sep/2025:14:29:24 -0300] "POST /wp-cron.php?doing_wp_cron=1757698164.3140909671783447265625 HTTP/1.1" 200 389 "https://jomarlogistica.com.br/wp-cron.php?doing_wp_cron=1757698164.3140909671783447265625" "WordPress/5.8.10; https://jomarlogistica.com.br"
jomarlogistica.com.br:80 185.191.171.2 - - [12/Sep/2025:14:29:23 -0300] "GET /robots.txt HTTP/1.1" 200 584 "-" "Mozilla/5.0 (compatible; SemrushBot/7~bl; +http://www.semrush.com/bot.html)"
jomarlogistica.com.br:80 85.208.96.203 - - [12/Sep/2025:14:29:25 -0300] "GET /category/jomar/page/29/ HTTP/1.1" 200 18695 "-" "Mozilla/5.0 (compatible; SemrushBot/7~bl; +http://www.semrush.com/bot.html)"
jomarlogistica.com.br:80 127.0.0.1 - - [12/Sep/2025:14:29:30 -0300] "OPTIONS * HTTP/1.0" 200 110 "-" "Apache/2.4.65 (Ubuntu) (internal dummy connection)"
jomarlogistica.com.br:80 216.73.216.134 - - [12/Sep/2025:14:30:52 -0300] "GET /2023/05/15/which-usually-female-competition-is-the-best-to-marry HTTP/1.1" 301 514 "-" "Mozilla/5.0 AppleWebKit/537.36 (KHTML, like Gecko; compatible; ClaudeBot/1.0; +claudebot@anthropic.com)"
jomarlogistica.com.br:80 216.73.216.134 - - [12/Sep/2025:14:30:52 -0300] "GET /2023/05/15/which-usually-female-competition-is-the-best-to-marry/ HTTP/1.1" 200 18231 "https://jomarlogistica.com.br/2023/05/15/which-usually-female-competition-is-the-best-to-marry" "Mozilla/5.0 AppleWebKit/537.36 (KHTML, like Gecko; compatible; ClaudeBot/1.0; +claudebot@anthropic.com)"
jomarlogistica.com.br:80 57.141.0.48 - - [12/Sep/2025:14:31:18 -0300] "GET /2022/12/03/best-countries-for-dating/ HTTP/1.1" 200 80910 "-" "meta-externalagent/1.1 (+https://developers.facebook.com/docs/sharing/webmasters/crawler)"
jomarlogistica.com.br:80 172.20.1.117 - - [12/Sep/2025:14:37:02 -0300] "POST /wp-cron.php?doing_wp_cron=1757698622.6169290542602539062500 HTTP/1.1" 200 389 "https://jomarlogistica.com.br/wp-cron.php?doing_wp_cron=1757698622.6169290542602539062500" "WordPress/5.8.10; https://jomarlogistica.com.br"
jomarlogistica.com.br:80 177.116.188.98 - - [12/Sep/2025:14:37:02 -0300] "POST /autodiscover/autodiscover.xml HTTP/1.1" 404 448 "-" "AppleExchangeWebServices/833 accountsd/113"
jomarlogistica.com.br:80 127.0.0.1 - - [12/Sep/2025:14:37:07 -0300] "OPTIONS * HTTP/1.0" 200 110 "-" "Apache/2.4.65 (Ubuntu) (internal dummy connection)"
jomarlogistica.com.br:80 216.73.216.134 - - [12/Sep/2025:14:37:54 -0300] "GET /2023/05/14/avg-cleaner-pro-apk-assessment HTTP/1.1" 301 491 "-" "Mozilla/5.0 AppleWebKit/537.36 (KHTML, like Gecko; compatible; ClaudeBot/1.0; +claudebot@anthropic.com)"
jomarlogistica.com.br:80 172.20.1.117 - - [12/Sep/2025:14:37:55 -0300] "POST /wp-cron.php?doing_wp_cron=1757698674.8750679492950439453125 HTTP/1.1" 200 389 "https://jomarlogistica.com.br/wp-cron.php?doing_wp_cron=1757698674.8750679492950439453125" "WordPress/5.8.10; https://jomarlogistica.com.br"
jomarlogistica.com.br:80 216.73.216.134 - - [12/Sep/2025:14:37:54 -0300] "GET /2023/05/15/how-you-can-create-a-mutually-beneficial-relationship HTTP/1.1" 301 514 "-" "Mozilla/5.0 AppleWebKit/537.36 (KHTML, like Gecko; compatible; ClaudeBot/1.0; +claudebot@anthropic.com)"
jomarlogistica.com.br:80 216.73.216.134 - - [12/Sep/2025:14:37:55 -0300] "GET /2023/05/14/avg-cleaner-pro-apk-assessment/ HTTP/1.1" 200 17192 "https://jomarlogistica.com.br/2023/05/14/avg-cleaner-pro-apk-assessment" "Mozilla/5.0 AppleWebKit/537.36 (KHTML, like Gecko; compatible; ClaudeBot/1.0; +claudebot@anthropic.com)"
jomarlogistica.com.br:80 216.73.216.134 - - [12/Sep/2025:14:37:55 -0300] "GET /2023/05/15/how-you-can-create-a-mutually-beneficial-relationship/ HTTP/1.1" 200 17460 "https://jomarlogistica.com.br/2023/05/15/how-you-can-create-a-mutually-beneficial-relationship" "Mozilla/5.0 AppleWebKit/537.36 (KHTML, like Gecko; compatible; ClaudeBot/1.0; +claudebot@anthropic.com)"
jomarlogistica.com.br:80 127.0.0.1 - - [12/Sep/2025:14:37:57 -0300] "OPTIONS * HTTP/1.0" 200 110 "-" "Apache/2.4.65 (Ubuntu) (internal dummy connection)"
jomarlogistica.com.br:80 127.0.0.1 - - [12/Sep/2025:14:38:01 -0300] "OPTIONS * HTTP/1.0" 200 110 "-" "Apache/2.4.65 (Ubuntu) (internal dummy connection)"
jomarlogistica.com.br:80 127.0.0.1 - - [12/Sep/2025:14:38:02 -0300] "OPTIONS * HTTP/1.0" 200 110 "-" "Apache/2.4.65 (Ubuntu) (internal dummy connection)"
jomarlogistica.com.br:80 114.119.138.130 - - [12/Sep/2025:14:38:33 -0300] "GET /2022/03/18/are-bearded-dragons-legal-in-new-york-laws-regulations-explained/ HTTP/1.1" 200 13921 "-" "Mozilla/5.0 (Linux; Android 7.0;) AppleWebKit/537.36 (KHTML, like Gecko) Mobile Safari/537.36 (compatible; PetalBot;+https://webmaster.petalsearch.com/site/petalbot)"
jomarlogistica.com.br:80 34.231.156.59 - - [12/Sep/2025:14:38:42 -0300] "GET /2022/11/02/the-very-best-countries-to-find-beautiful-girls/ HTTP/1.1" 200 18282 "-" "Mozilla/5.0 AppleWebKit/537.36 (KHTML, like Gecko; compatible; Amazonbot/0.1; +https://developer.amazon.com/support/amazonbot) Chrome/119.0.6045.214 Safari/537.36"
jomarlogistica.com.br:80 50.19.79.213 - - [12/Sep/2025:14:38:45 -0300] "GET /2022/12/31/5-various-signs-that-youre-in-like/ HTTP/1.1" 200 17487 "-" "Mozilla/5.0 AppleWebKit/537.36 (KHTML, like Gecko; compatible; Amazonbot/0.1; +https://developer.amazon.com/support/amazonbot) Chrome/119.0.6045.214 Safari/537.36"
jomarlogistica.com.br:80 52.44.229.124 - - [12/Sep/2025:14:38:47 -0300] "GET /2023/09/04/innovating-with-impressive-technologies-with-regards-to-audit/ HTTP/1.1" 200 17484 "-" "Mozilla/5.0 AppleWebKit/537.36 (KHTML, like Gecko; compatible; Amazonbot/0.1; +https://developer.amazon.com/support/amazonbot) Chrome/119.0.6045.214 Safari/537.36"
jomarlogistica.com.br:80 216.73.216.134 - - [12/Sep/2025:14:38:49 -0300] "GET /2023/05/14/being-unfaithful-greatest-overseas-relationship-websites-2023-sites-that-really-work HTTP/1.1" 301 545 "-" "Mozilla/5.0 AppleWebKit/537.36 (KHTML, like Gecko; compatible; ClaudeBot/1.0; +claudebot@anthropic.com)"
jomarlogistica.com.br:80 216.73.216.134 - - [12/Sep/2025:14:38:49 -0300] "GET /category/jomar/page/26 HTTP/1.1" 301 472 "-" "Mozilla/5.0 AppleWebKit/537.36 (KHTML, like Gecko; compatible; ClaudeBot/1.0; +claudebot@anthropic.com)"
jomarlogistica.com.br:80 216.73.216.134 - - [12/Sep/2025:14:38:49 -0300] "GET /2023/05/14/being-unfaithful-greatest-overseas-relationship-websites-2023-sites-that-really-work/ HTTP/1.1" 200 19918 "https://jomarlogistica.com.br/2023/05/14/being-unfaithful-greatest-overseas-relationship-websites-2023-sites-that-really-work" "Mozilla/5.0 AppleWebKit/537.36 (KHTML, like Gecko; compatible; ClaudeBot/1.0; +claudebot@anthropic.com)"
jomarlogistica.com.br:80 216.73.216.134 - - [12/Sep/2025:14:38:49 -0300] "GET /category/jomar/page/26/ HTTP/1.1" 200 19112 "https://jomarlogistica.com.br/category/jomar/page/26" "Mozilla/5.0 AppleWebKit/537.36 (KHTML, like Gecko; compatible; ClaudeBot/1.0; +claudebot@anthropic.com)"
jomarlogistica.com.br:80 127.0.0.1 - - [12/Sep/2025:14:38:55 -0300] "OPTIONS * HTTP/1.0" 200 110 "-" "Apache/2.4.65 (Ubuntu) (internal dummy connection)"
jomarlogistica.com.br:80 14.215.163.132 - - [12/Sep/2025:14:39:41 -0300] "GET / HTTP/1.1" 301 449 "http://www.jomarlogistica.com.br" "Mozilla/5.0 (iPhone; CPU iPhone OS 13_2_3 like Mac OS X) AppleWebKit/605.1.15 (KHTML, like Gecko) Version/13.0.3 Mobile/15E148 Safari/604.1"
jomarlogistica.com.br:80 14.215.163.132 - - [12/Sep/2025:14:39:43 -0300] "GET / HTTP/1.1" 200 23930 "https://www.jomarlogistica.com.br/" "Mozilla/5.0 (iPhone; CPU iPhone OS 13_2_3 like Mac OS X) AppleWebKit/605.1.15 (KHTML, like Gecko) Version/13.0.3 Mobile/15E148 Safari/604.1"
jomarlogistica.com.br:80 127.0.0.1 - - [12/Sep/2025:14:39:49 -0300] "OPTIONS * HTTP/1.0" 200 110 "-" "Apache/2.4.65 (Ubuntu) (internal dummy connection)"
jomarlogistica.com.br:80 216.73.216.134 - - [12/Sep/2025:14:40:05 -0300] "GET /2023/05/13/vdr-software-for-people-who-do-buiness HTTP/1.1" 301 499 "-" "Mozilla/5.0 AppleWebKit/537.36 (KHTML, like Gecko; compatible; ClaudeBot/1.0; +claudebot@anthropic.com)"
jomarlogistica.com.br:80 216.73.216.134 - - [12/Sep/2025:14:40:05 -0300] "GET /?p=6731 HTTP/1.1" 301 508 "-" "Mozilla/5.0 AppleWebKit/537.36 (KHTML, like Gecko; compatible; ClaudeBot/1.0; +claudebot@anthropic.com)"
jomarlogistica.com.br:80 216.73.216.134 - - [12/Sep/2025:14:40:07 -0300] "GET /2023/05/19/when-to-talk-about-exemption-in-internet-dating/ HTTP/1.1" 200 17439 "https://jomarlogistica.com.br/?p=6731" "Mozilla/5.0 AppleWebKit/537.36 (KHTML, like Gecko; compatible; ClaudeBot/1.0; +claudebot@anthropic.com)"
jomarlogistica.com.br:80 216.73.216.134 - - [12/Sep/2025:14:40:07 -0300] "GET /2023/05/13/vdr-software-for-people-who-do-buiness/ HTTP/1.1" 200 17267 "https://jomarlogistica.com.br/2023/05/13/vdr-software-for-people-who-do-buiness" "Mozilla/5.0 AppleWebKit/537.36 (KHTML, like Gecko; compatible; ClaudeBot/1.0; +claudebot@anthropic.com)"
jomarlogistica.com.br:80 216.73.216.134 - - [12/Sep/2025:14:40:12 -0300] "GET /2023/05/13/indications-of-a-healthy-relationship HTTP/1.1" 301 440 "-" "Mozilla/5.0 AppleWebKit/537.36 (KHTML, like Gecko; compatible; ClaudeBot/1.0; +claudebot@anthropic.com)"
jomarlogistica.com.br:80 127.0.0.1 - - [12/Sep/2025:14:40:17 -0300] "OPTIONS * HTTP/1.0" 200 110 "-" "Apache/2.4.65 (Ubuntu) (internal dummy connection)"
jomarlogistica.com.br:80 216.73.216.134 - - [12/Sep/2025:14:40:17 -0300] "GET /2023/05/13/indications-of-a-healthy-relationship/ HTTP/1.1" 200 17306 "https://jomarlogistica.com.br/2023/05/13/indications-of-a-healthy-relationship" "Mozilla/5.0 AppleWebKit/537.36 (KHTML, like Gecko; compatible; ClaudeBot/1.0; +claudebot@anthropic.com)"
jomarlogistica.com.br:80 114.119.134.192 - - [12/Sep/2025:14:40:25 -0300] "GET /2023/05/03/gay-and-lesbian-horoscope-indicators-and-curiosities/ HTTP/1.1" 200 20047 "https://jomarlogistica.com.br/2023/05/page/9/" "Mozilla/5.0 (Linux; Android 7.0;) AppleWebKit/537.36 (KHTML, like Gecko) Mobile Safari/537.36 (compatible; PetalBot;+https://webmaster.petalsearch.com/site/petalbot)"
jomarlogistica.com.br:80 216.73.216.134 - - [12/Sep/2025:14:41:25 -0300] "GET /2023/05/14/sugar-daddy-chat-room-sugar-daddy-chat-online-free HTTP/1.1" 301 511 "-" "Mozilla/5.0 AppleWebKit/537.36 (KHTML, like Gecko; compatible; ClaudeBot/1.0; +claudebot@anthropic.com)"
jomarlogistica.com.br:80 216.73.216.134 - - [12/Sep/2025:14:41:25 -0300] "GET /2023/05/14/sugar-daddy-chat-room-sugar-daddy-chat-online-free/ HTTP/1.1" 200 19791 "https://jomarlogistica.com.br/2023/05/14/sugar-daddy-chat-room-sugar-daddy-chat-online-free" "Mozilla/5.0 AppleWebKit/537.36 (KHTML, like Gecko; compatible; ClaudeBot/1.0; +claudebot@anthropic.com)"
jomarlogistica.com.br:80 18.234.117.151 - - [12/Sep/2025:14:41:41 -0300] "GET /robots.txt HTTP/1.1" 200 584 "-" "Go-http-client/2.0"
jomarlogistica.com.br:80 18.234.117.151 - - [12/Sep/2025:14:41:42 -0300] "GET /2024/03/08/ccpa-non-disclosure-agreement-protect-your-data/ HTTP/1.1" 200 14367 "-" "TerraCotta https://github.com/CeramicTeam/CeramicTerracotta"
jomarlogistica.com.br:80 185.191.171.12 - - [12/Sep/2025:14:42:04 -0300] "GET /2023/03/31/different-online-dating-taglines/ HTTP/1.1" 200 18644 "-" "Mozilla/5.0 (compatible; SemrushBot/7~bl; +http://www.semrush.com/bot.html)"
jomarlogistica.com.br:80 172.20.1.117 - - [12/Sep/2025:14:42:14 -0300] "POST /wp-cron.php?doing_wp_cron=1757698934.4552459716796875000000 HTTP/1.1" 200 389 "https://jomarlogistica.com.br/wp-cron.php?doing_wp_cron=1757698934.4552459716796875000000" "WordPress/5.8.10; https://jomarlogistica.com.br"
jomarlogistica.com.br:80 216.73.216.134 - - [12/Sep/2025:14:42:14 -0300] "GET /2023/05/14/euro-brides-pertaining-to-marriage HTTP/1.1" 301 495 "-" "Mozilla/5.0 AppleWebKit/537.36 (KHTML, like Gecko; compatible; ClaudeBot/1.0; +claudebot@anthropic.com)"
jomarlogistica.com.br:80 216.73.216.134 - - [12/Sep/2025:14:42:14 -0300] "GET /2023/05/14/euro-brides-pertaining-to-marriage/ HTTP/1.1" 200 39815 "https://jomarlogistica.com.br/2023/05/14/euro-brides-pertaining-to-marriage" "Mozilla/5.0 AppleWebKit/537.36 (KHTML, like Gecko; compatible; ClaudeBot/1.0; +claudebot@anthropic.com)"
jomarlogistica.com.br:80 127.0.0.1 - - [12/Sep/2025:14:42:20 -0300] "OPTIONS * HTTP/1.0" 200 110 "-" "Apache/2.4.65 (Ubuntu) (internal dummy connection)"
jomarlogistica.com.br:80 114.119.135.84 - - [12/Sep/2025:14:42:23 -0300] "GET /2024/01/08/legal-fireworks-can-you-make-your-own-laws-regulations/ HTTP/1.1" 200 14671 "https://jomarlogistica.com.br/2024/01/03/in-accordance-legal-synonym-for-in-agreement-with/" "Mozilla/5.0 (Linux; Android 7.0;) AppleWebKit/537.36 (KHTML, like Gecko) Mobile Safari/537.36 (compatible; PetalBot;+https://webmaster.petalsearch.com/site/petalbot)"
jomarlogistica.com.br:80 57.141.0.63 - - [12/Sep/2025:14:42:32 -0300] "GET /2022/05/20/understanding-laws-a-comprehensive-guide-for-legal-matters/ HTTP/1.1" 200 61890 "-" "meta-externalagent/1.1 (+https://developers.facebook.com/docs/sharing/webmasters/crawler)"
jomarlogistica.com.br:80 149.50.211.79 - - [12/Sep/2025:14:43:53 -0300] "GET /wp-login.php HTTP/1.1" 200 2993 "-" "Mozilla/5.0 (X11; Linux x86_64; rv:128.0) Gecko/20100101 Firefox/128.0"
jomarlogistica.com.br:80 149.50.211.79 - - [12/Sep/2025:14:43:55 -0300] "POST /wp-login.php HTTP/1.1" 403 2493 "-" "Mozilla/5.0 (X11; Linux x86_64; rv:128.0) Gecko/20100101 Firefox/128.0"
jomarlogistica.com.br:80 149.50.211.79 - - [12/Sep/2025:14:43:55 -0300] "GET /wp-admin HTTP/1.1" 301 515 "-" "Mozilla/5.0 (X11; Linux x86_64; rv:128.0) Gecko/20100101 Firefox/128.0"
jomarlogistica.com.br:80 114.119.158.0 - - [12/Sep/2025:14:43:59 -0300] "GET /2023/page/8/ HTTP/1.1" 200 18460 "https://jomarlogistica.com.br/2023/page/9/" "Mozilla/5.0 (Linux; Android 7.0;) AppleWebKit/537.36 (KHTML, like Gecko) Mobile Safari/537.36 (compatible; PetalBot;+https://webmaster.petalsearch.com/site/petalbot)"
jomarlogistica.com.br:80 149.50.211.79 - - [12/Sep/2025:14:44:00 -0300] "GET /wp-admin/ HTTP/1.1" 302 463 "-" "Mozilla/5.0 (X11; Linux x86_64; rv:128.0) Gecko/20100101 Firefox/128.0"
jomarlogistica.com.br:80 149.50.211.79 - - [12/Sep/2025:14:44:01 -0300] "GET /wp-login.php?redirect_to=https://jomarlogistica.com.br/wp-admin/&reauth=1 HTTP/1.1" 200 4994 "-" "Mozilla/5.0 (X11; Linux x86_64; rv:128.0) Gecko/20100101 Firefox/128.0"
jomarlogistica.com.br:80 127.0.0.1 - - [12/Sep/2025:14:44:06 -0300] "OPTIONS * HTTP/1.0" 200 110 "-" "Apache/2.4.65 (Ubuntu) (internal dummy connection)"
jomarlogistica.com.br:80 216.73.216.134 - - [12/Sep/2025:14:46:55 -0300] "GET /2023/05/13/top20-countries-to-identify-a-foreign-partner-and-so-why HTTP/1.1" 301 517 "-" "Mozilla/5.0 AppleWebKit/537.36 (KHTML, like Gecko; compatible; ClaudeBot/1.0; +claudebot@anthropic.com)"
jomarlogistica.com.br:80 216.73.216.134 - - [12/Sep/2025:14:46:56 -0300] "GET /2023/05/13/top20-countries-to-identify-a-foreign-partner-and-so-why/ HTTP/1.1" 200 36746 "https://jomarlogistica.com.br/2023/05/13/top20-countries-to-identify-a-foreign-partner-and-so-why" "Mozilla/5.0 AppleWebKit/537.36 (KHTML, like Gecko; compatible; ClaudeBot/1.0; +claudebot@anthropic.com)"
jomarlogistica.com.br:80 114.119.134.192 - - [12/Sep/2025:14:47:09 -0300] "GET /2022/12/04/how-to-locate-millionaire-via-the-internet/ HTTP/1.1" 200 17430 "https://jomarlogistica.com.br/2022/12/03/best-countries-for-dating/" "Mozilla/5.0 (Linux; Android 7.0;) AppleWebKit/537.36 (KHTML, like Gecko) Mobile Safari/537.36 (compatible; PetalBot;+https://webmaster.petalsearch.com/site/petalbot)"
jomarlogistica.com.br:80 172.20.1.117 - - [12/Sep/2025:14:49:14 -0300] "POST /wp-cron.php?doing_wp_cron=1757699354.2822868824005126953125 HTTP/1.1" 200 389 "https://jomarlogistica.com.br/wp-cron.php?doing_wp_cron=1757699354.2822868824005126953125" "WordPress/5.8.10; https://jomarlogistica.com.br"
jomarlogistica.com.br:80 216.73.216.134 - - [12/Sep/2025:14:49:13 -0300] "GET /2023/05/14/ukrainian-brides-hot-ukrainian-women-online-order-mail-gifts-on-findbride-com HTTP/1.1" 301 538 "-" "Mozilla/5.0 AppleWebKit/537.36 (KHTML, like Gecko; compatible; ClaudeBot/1.0; +claudebot@anthropic.com)"
jomarlogistica.com.br:80 216.73.216.134 - - [12/Sep/2025:14:49:14 -0300] "GET /2023/05/14/ukrainian-brides-hot-ukrainian-women-online-order-mail-gifts-on-findbride-com/ HTTP/1.1" 200 20100 "https://jomarlogistica.com.br/2023/05/14/ukrainian-brides-hot-ukrainian-women-online-order-mail-gifts-on-findbride-com" "Mozilla/5.0 AppleWebKit/537.36 (KHTML, like Gecko; compatible; ClaudeBot/1.0; +claudebot@anthropic.com)"
jomarlogistica.com.br:80 127.0.0.1 - - [12/Sep/2025:14:49:20 -0300] "OPTIONS * HTTP/1.0" 200 110 "-" "Apache/2.4.65 (Ubuntu) (internal dummy connection)"
jomarlogistica.com.br:80 172.20.1.117 - - [12/Sep/2025:14:54:43 -0300] "POST /wp-cron.php?doing_wp_cron=1757699683.5765490531921386718750 HTTP/1.1" 200 389 "https://jomarlogistica.com.br/wp-cron.php?doing_wp_cron=1757699683.5765490531921386718750" "WordPress/5.8.10; https://jomarlogistica.com.br"
jomarlogistica.com.br:80 57.141.0.4 - - [12/Sep/2025:14:54:43 -0300] "GET /2023/01/02/interracial-relationships-superstars/ HTTP/1.1" 200 79941 "-" "meta-externalagent/1.1 (+https://developers.facebook.com/docs/sharing/webmasters/crawler)"
jomarlogistica.com.br:80 127.0.0.1 - - [12/Sep/2025:14:54:49 -0300] "OPTIONS * HTTP/1.0" 200 110 "-" "Apache/2.4.65 (Ubuntu) (internal dummy connection)"
jomarlogistica.com.br:80 172.20.1.117 - - [12/Sep/2025:14:59:06 -0300] "POST /wp-cron.php?doing_wp_cron=1757699946.9032580852508544921875 HTTP/1.1" 200 389 "https://jomarlogistica.com.br/wp-cron.php?doing_wp_cron=1757699946.9032580852508544921875" "WordPress/5.8.10; https://jomarlogistica.com.br"
jomarlogistica.com.br:80 114.119.136.72 - - [12/Sep/2025:14:59:06 -0300] "GET /2023/10/02/4-common-uses-for-a-virtual-data-room/ HTTP/1.1" 200 16976 "https://jomarlogistica.com.br/author/jomar/page/6/" "Mozilla/5.0 (Linux; Android 7.0;) AppleWebKit/537.36 (KHTML, like Gecko) Mobile Safari/537.36 (compatible; PetalBot;+https://webmaster.petalsearch.com/site/petalbot)"
jomarlogistica.com.br:80 185.191.171.1 - - [12/Sep/2025:14:59:09 -0300] "GET /2023/06/11/choosing-a-data-bedroom-provider-for-people-who-do-buiness/ HTTP/1.1" 200 17387 "-" "Mozilla/5.0 (compatible; SemrushBot/7~bl; +http://www.semrush.com/bot.html)"
jomarlogistica.com.br:80 127.0.0.1 - - [12/Sep/2025:14:59:14 -0300] "OPTIONS * HTTP/1.0" 200 110 "-" "Apache/2.4.65 (Ubuntu) (internal dummy connection)"
jomarlogistica.com.br:80 114.119.136.72 - - [12/Sep/2025:15:01:57 -0300] "GET /2023/05/20/online-data-areas-for-fund-collecting/ HTTP/1.1" 200 17346 "https://jomarlogistica.com.br/author/jomar/page/23/" "Mozilla/5.0 (Linux; Android 7.0;) AppleWebKit/537.36 (KHTML, like Gecko) Mobile Safari/537.36 (compatible; PetalBot;+https://webmaster.petalsearch.com/site/petalbot)"
jomarlogistica.com.br:80 172.20.1.117 - - [12/Sep/2025:15:03:04 -0300] "POST /wp-cron.php?doing_wp_cron=1757700184.2986929416656494140625 HTTP/1.1" 200 389 "https://jomarlogistica.com.br/wp-cron.php?doing_wp_cron=1757700184.2986929416656494140625" "WordPress/5.8.10; https://jomarlogistica.com.br"
jomarlogistica.com.br:80 185.196.220.39 - - [12/Sep/2025:15:03:03 -0300] "GET /wp-login.php HTTP/1.1" 200 2993 "-" "Mozilla/5.0 (X11; Linux x86_64; rv:128.0) Gecko/20100101 Firefox/128.0"
jomarlogistica.com.br:80 185.196.220.39 - - [12/Sep/2025:15:03:05 -0300] "POST /wp-login.php HTTP/1.1" 403 2493 "-" "Mozilla/5.0 (X11; Linux x86_64; rv:128.0) Gecko/20100101 Firefox/128.0"
jomarlogistica.com.br:80 185.196.220.39 - - [12/Sep/2025:15:03:05 -0300] "GET /wp-admin HTTP/1.1" 301 515 "-" "Mozilla/5.0 (X11; Linux x86_64; rv:128.0) Gecko/20100101 Firefox/128.0"
jomarlogistica.com.br:80 185.196.220.39 - - [12/Sep/2025:15:03:08 -0300] "GET /wp-admin/ HTTP/1.1" 302 463 "-" "Mozilla/5.0 (X11; Linux x86_64; rv:128.0) Gecko/20100101 Firefox/128.0"
jomarlogistica.com.br:80 185.196.220.39 - - [12/Sep/2025:15:03:09 -0300] "GET /wp-login.php?redirect_to=https://jomarlogistica.com.br/wp-admin/&reauth=1 HTTP/1.1" 200 4994 "-" "Mozilla/5.0 (X11; Linux x86_64; rv:128.0) Gecko/20100101 Firefox/128.0"
jomarlogistica.com.br:80 127.0.0.1 - - [12/Sep/2025:15:03:13 -0300] "OPTIONS * HTTP/1.0" 200 110 "-" "Apache/2.4.65 (Ubuntu) (internal dummy connection)"
jomarlogistica.com.br:80 114.119.135.84 - - [12/Sep/2025:15:04:13 -0300] "GET /2023/05/07/best-international-dating-websites-linking-folks-throughout-the-world/ HTTP/1.1" 200 19955 "https://jomarlogistica.com.br/2023/page/27/" "Mozilla/5.0 (Linux; Android 7.0;) AppleWebKit/537.36 (KHTML, like Gecko) Mobile Safari/537.36 (compatible; PetalBot;+https://webmaster.petalsearch.com/site/petalbot)"
jomarlogistica.com.br:80 172.20.1.117 - - [12/Sep/2025:15:05:52 -0300] "POST /wp-cron.php?doing_wp_cron=1757700351.9786040782928466796875 HTTP/1.1" 200 389 "https://jomarlogistica.com.br/wp-cron.php?doing_wp_cron=1757700351.9786040782928466796875" "WordPress/5.8.10; https://jomarlogistica.com.br"
jomarlogistica.com.br:80 114.119.135.84 - - [12/Sep/2025:15:05:51 -0300] "GET /2022/06/02/understanding-independent-contractor-case-laws-what-you-need-to-know/ HTTP/1.1" 200 14887 "https://jomarlogistica.com.br/2022/06/" "Mozilla/5.0 (Linux; Android 7.0;) AppleWebKit/537.36 (KHTML, like Gecko) Mobile Safari/537.36 (compatible; PetalBot;+https://webmaster.petalsearch.com/site/petalbot)"
jomarlogistica.com.br:80 127.0.0.1 - - [12/Sep/2025:15:05:56 -0300] "OPTIONS * HTTP/1.0" 200 110 "-" "Apache/2.4.65 (Ubuntu) (internal dummy connection)"
jomarlogistica.com.br:80 172.20.1.117 - - [12/Sep/2025:15:14:15 -0300] "POST /wp-cron.php?doing_wp_cron=1757700855.6176819801330566406250 HTTP/1.1" 200 389 "https://jomarlogistica.com.br/wp-cron.php?doing_wp_cron=1757700855.6176819801330566406250" "WordPress/5.8.10; https://jomarlogistica.com.br"
jomarlogistica.com.br:80 216.244.66.226 - - [12/Sep/2025:15:14:15 -0300] "GET /robots.txt HTTP/1.1" 200 565 "-" "Mozilla/5.0 (compatible; DotBot/1.2; +https://opensiteexplorer.org/dotbot; help@moz.com)"
jomarlogistica.com.br:80 127.0.0.1 - - [12/Sep/2025:15:14:20 -0300] "OPTIONS * HTTP/1.0" 200 110 "-" "Apache/2.4.65 (Ubuntu) (internal dummy connection)"
jomarlogistica.com.br:80 172.20.1.117 - - [12/Sep/2025:15:20:59 -0300] "POST /wp-cron.php?doing_wp_cron=1757701259.8986120223999023437500 HTTP/1.1" 200 389 "https://jomarlogistica.com.br/wp-cron.php?doing_wp_cron=1757701259.8986120223999023437500" "WordPress/5.8.10; https://jomarlogistica.com.br"
jomarlogistica.com.br:80 57.141.0.23 - - [12/Sep/2025:15:20:59 -0300] "GET /2023/03/30/the-right-way-to-talk-to-quite-girls/ HTTP/1.1" 200 80732 "-" "meta-externalagent/1.1 (+https://developers.facebook.com/docs/sharing/webmasters/crawler)"
jomarlogistica.com.br:80 127.0.0.1 - - [12/Sep/2025:15:21:05 -0300] "OPTIONS * HTTP/1.0" 200 110 "-" "Apache/2.4.65 (Ubuntu) (internal dummy connection)"
jomarlogistica.com.br:80 57.141.0.58 - - [12/Sep/2025:15:21:48 -0300] "GET /2023/03/16/asian-family-prospects/ HTTP/1.1" 200 79754 "-" "meta-externalagent/1.1 (+https://developers.facebook.com/docs/sharing/webmasters/crawler)"
jomarlogistica.com.br:80 51.75.236.151 - - [12/Sep/2025:15:21:52 -0300] "GET /robots.txt HTTP/1.1" 200 584 "-" "Mozilla/5.0 (compatible; AhrefsBot/7.0; +http://ahrefs.com/robot/)"
jomarlogistica.com.br:80 167.114.139.83 - - [12/Sep/2025:15:21:54 -0300] "GET / HTTP/1.1" 200 23930 "-" "Mozilla/5.0 (compatible; AhrefsBot/7.0; +http://ahrefs.com/robot/)"
jomarlogistica.com.br:80 185.191.171.13 - - [12/Sep/2025:15:22:10 -0300] "GET /2022/11/15/realizing-love-how-to-express-love/ HTTP/1.1" 200 17494 "-" "Mozilla/5.0 (compatible; SemrushBot/7~bl; +http://www.semrush.com/bot.html)"
jomarlogistica.com.br:80 172.20.1.117 - - [12/Sep/2025:15:22:27 -0300] "POST /wp-cron.php?doing_wp_cron=1757701347.4538519382476806640625 HTTP/1.1" 200 389 "https://jomarlogistica.com.br/wp-cron.php?doing_wp_cron=1757701347.4538519382476806640625" "WordPress/5.8.10; https://jomarlogistica.com.br"
jomarlogistica.com.br:80 85.208.96.209 - - [12/Sep/2025:15:22:27 -0300] "GET /2023/10/03/best-avast-settings-for-performance/ HTTP/1.1" 200 17219 "-" "Mozilla/5.0 (compatible; SemrushBot/7~bl; +http://www.semrush.com/bot.html)"
jomarlogistica.com.br:80 127.0.0.1 - - [12/Sep/2025:15:22:32 -0300] "OPTIONS * HTTP/1.0" 200 110 "-" "Apache/2.4.65 (Ubuntu) (internal dummy connection)"
jomarlogistica.com.br:80 216.244.66.226 - - [12/Sep/2025:15:23:09 -0300] "GET /2022/12/18/greatest-places-to-honeymoon/ HTTP/1.1" 200 81391 "-" "Mozilla/5.0 (compatible; DotBot/1.2; +https://opensiteexplorer.org/dotbot; help@moz.com)"
jomarlogistica.com.br:80 74.7.35.120 - - [12/Sep/2025:15:24:19 -0300] "GET /2022/11/14/understanding-camper-van-rules-in-the-netherlands-what-you-need-to-know/ HTTP/1.1" 200 14453 "-" "Mozilla/5.0 AppleWebKit/537.36 (KHTML, like Gecko); compatible; ChatGPT-User/1.0; +https://openai.com/bot"
jomarlogistica.com.br:80 57.141.0.33 - - [12/Sep/2025:15:26:15 -0300] "GET /2023/03/12/as-to-why-asian-young-ladies-like-old-men/ HTTP/1.1" 200 80781 "-" "meta-externalagent/1.1 (+https://developers.facebook.com/docs/sharing/webmasters/crawler)"
jomarlogistica.com.br:80 172.20.1.117 - - [12/Sep/2025:15:32:47 -0300] "POST /wp-cron.php?doing_wp_cron=1757701967.4078149795532226562500 HTTP/1.1" 200 389 "https://jomarlogistica.com.br/wp-cron.php?doing_wp_cron=1757701967.4078149795532226562500" "WordPress/5.8.10; https://jomarlogistica.com.br"
jomarlogistica.com.br:80 57.141.0.3 - - [12/Sep/2025:15:32:46 -0300] "GET /category/jomar/page/7/ HTTP/1.1" 200 94618 "-" "meta-externalagent/1.1 (+https://developers.facebook.com/docs/sharing/webmasters/crawler)"
jomarlogistica.com.br:80 127.0.0.1 - - [12/Sep/2025:15:32:52 -0300] "OPTIONS * HTTP/1.0" 200 110 "-" "Apache/2.4.65 (Ubuntu) (internal dummy connection)"
jomarlogistica.com.br:80 172.20.1.117 - - [12/Sep/2025:15:37:48 -0300] "POST /wp-cron.php?doing_wp_cron=1757702268.2532219886779785156250 HTTP/1.1" 200 389 "https://jomarlogistica.com.br/wp-cron.php?doing_wp_cron=1757702268.2532219886779785156250" "WordPress/5.8.10; https://jomarlogistica.com.br"
jomarlogistica.com.br:80 196.251.85.228 - - [12/Sep/2025:15:37:47 -0300] "POST /wp-login.php HTTP/1.1" 200 3117 "https://jomarlogistica.com.br/wp-admin/" "Mozilla/5.0 (Windows NT 10.0; Win64; x64) AppleWebKit/537.36 (KHTML, like Gecko) Chrome/90.0.4430.85 Safari/537.36"
jomarlogistica.com.br:80 196.251.85.228 - - [12/Sep/2025:15:37:48 -0300] "GET /wp-admin/ HTTP/1.1" 302 463 "www.google.com" "Mozilla/5.0 (Windows NT 10.0; Win64; x64) AppleWebKit/537.36 (KHTML, like Gecko) Chrome/90.0.4430.85 Safari/537.36"
jomarlogistica.com.br:80 196.251.85.228 - - [12/Sep/2025:15:37:49 -0300] "GET /wp-login.php?redirect_to=https%3A%2F%2Fjomarlogistica.com.br%2Fwp-admin%2F&reauth=1 HTTP/1.1" 200 4994 "www.google.com" "Mozilla/5.0 (Windows NT 10.0; Win64; x64) AppleWebKit/537.36 (KHTML, like Gecko) Chrome/90.0.4430.85 Safari/537.36"
jomarlogistica.com.br:80 127.0.0.1 - - [12/Sep/2025:15:37:54 -0300] "OPTIONS * HTTP/1.0" 200 110 "-" "Apache/2.4.65 (Ubuntu) (internal dummy connection)"
jomarlogistica.com.br:80 114.119.159.76 - - [12/Sep/2025:15:40:33 -0300] "GET /category/jomar/page/38/ HTTP/1.1" 200 18759 "https://jomarlogistica.com.br/category/jomar/page/38/" "Mozilla/5.0 (Linux; Android 7.0;) AppleWebKit/537.36 (KHTML, like Gecko) Mobile Safari/537.36 (compatible; PetalBot;+https://webmaster.petalsearch.com/site/petalbot)"
jomarlogistica.com.br:80 57.141.0.13 - - [12/Sep/2025:15:41:22 -0300] "GET /2023/04/04/are-suzuki-carry-street-legal-in-texas-legal-guide/ HTTP/1.1" 200 60153 "-" "meta-externalagent/1.1 (+https://developers.facebook.com/docs/sharing/webmasters/crawler)"
jomarlogistica.com.br:80 114.119.138.207 - - [12/Sep/2025:15:41:58 -0300] "GET /2023/10/02/top-antivirus-for-android/ HTTP/1.1" 200 17073 "https://jomarlogistica.com.br/2023/page/5/" "Mozilla/5.0 (Linux; Android 7.0;) AppleWebKit/537.36 (KHTML, like Gecko) Mobile Safari/537.36 (compatible; PetalBot;+https://webmaster.petalsearch.com/site/petalbot)"
jomarlogistica.com.br:80 172.20.1.117 - - [12/Sep/2025:15:43:23 -0300] "POST /wp-cron.php?doing_wp_cron=1757702603.5776300430297851562500 HTTP/1.1" 200 389 "https://jomarlogistica.com.br/wp-cron.php?doing_wp_cron=1757702603.5776300430297851562500" "WordPress/5.8.10; https://jomarlogistica.com.br"
jomarlogistica.com.br:80 114.119.159.76 - - [12/Sep/2025:15:43:23 -0300] "GET /2023/03/02/fun-first-particular-date-ideas-to-present-youre-imaginative-and-playful/ HTTP/1.1" 200 17455 "https://jomarlogistica.com.br/2023/page/36/" "Mozilla/5.0 (Linux; Android 7.0;) AppleWebKit/537.36 (KHTML, like Gecko) Mobile Safari/537.36 (compatible; PetalBot;+https://webmaster.petalsearch.com/site/petalbot)"
jomarlogistica.com.br:80 127.0.0.1 - - [12/Sep/2025:15:43:29 -0300] "OPTIONS * HTTP/1.0" 200 110 "-" "Apache/2.4.65 (Ubuntu) (internal dummy connection)"
jomarlogistica.com.br:80 114.119.128.158 - - [12/Sep/2025:15:44:41 -0300] "GET /2022/11/17/where-to-locate-a-sugar-daddy/ HTTP/1.1" 200 17841 "https://jomarlogistica.com.br/author/jomar/page/50/" "Mozilla/5.0 (Linux; Android 7.0;) AppleWebKit/537.36 (KHTML, like Gecko) Mobile Safari/537.36 (compatible; PetalBot;+https://webmaster.petalsearch.com/site/petalbot)"
jomarlogistica.com.br:80 172.20.1.117 - - [12/Sep/2025:15:47:22 -0300] "POST /wp-cron.php?doing_wp_cron=1757702842.2243030071258544921875 HTTP/1.1" 200 389 "https://jomarlogistica.com.br/wp-cron.php?doing_wp_cron=1757702842.2243030071258544921875" "WordPress/5.8.10; https://jomarlogistica.com.br"
jomarlogistica.com.br:80 95.181.232.20 - - [12/Sep/2025:15:47:21 -0300] "GET /wp-login.php HTTP/1.1" 200 2993 "-" "Mozilla/5.0 (X11; Linux x86_64; rv:128.0) Gecko/20100101 Firefox/128.0"
jomarlogistica.com.br:80 95.181.232.20 - - [12/Sep/2025:15:47:23 -0300] "POST /wp-login.php HTTP/1.1" 403 2493 "-" "Mozilla/5.0 (X11; Linux x86_64; rv:128.0) Gecko/20100101 Firefox/128.0"
jomarlogistica.com.br:80 95.181.232.20 - - [12/Sep/2025:15:47:23 -0300] "GET /wp-admin HTTP/1.1" 301 515 "-" "Mozilla/5.0 (X11; Linux x86_64; rv:128.0) Gecko/20100101 Firefox/128.0"
jomarlogistica.com.br:80 95.181.232.20 - - [12/Sep/2025:15:47:25 -0300] "GET /wp-admin/ HTTP/1.1" 302 463 "-" "Mozilla/5.0 (X11; Linux x86_64; rv:128.0) Gecko/20100101 Firefox/128.0"
jomarlogistica.com.br:80 95.181.232.20 - - [12/Sep/2025:15:47:26 -0300] "GET /wp-login.php?redirect_to=https://jomarlogistica.com.br/wp-admin/&reauth=1 HTTP/1.1" 200 4994 "-" "Mozilla/5.0 (X11; Linux x86_64; rv:128.0) Gecko/20100101 Firefox/128.0"
jomarlogistica.com.br:80 127.0.0.1 - - [12/Sep/2025:15:47:28 -0300] "OPTIONS * HTTP/1.0" 200 110 "-" "Apache/2.4.65 (Ubuntu) (internal dummy connection)"
jomarlogistica.com.br:80 127.0.0.1 - - [12/Sep/2025:15:47:31 -0300] "OPTIONS * HTTP/1.0" 200 110 "-" "Apache/2.4.65 (Ubuntu) (internal dummy connection)"
jomarlogistica.com.br:80 172.20.1.117 - - [12/Sep/2025:15:53:08 -0300] "POST /wp-cron.php?doing_wp_cron=1757703188.2996759414672851562500 HTTP/1.1" 200 389 "https://jomarlogistica.com.br/wp-cron.php?doing_wp_cron=1757703188.2996759414672851562500" "WordPress/5.8.10; https://jomarlogistica.com.br"
jomarlogistica.com.br:80 185.220.101.180 - - [12/Sep/2025:15:53:07 -0300] "GET /wp-login.php HTTP/1.1" 200 2993 "-" "Mozilla/5.0 (X11; Linux x86_64; rv:128.0) Gecko/20100101 Firefox/128.0"
jomarlogistica.com.br:80 185.220.101.180 - - [12/Sep/2025:15:53:08 -0300] "POST /wp-login.php HTTP/1.1" 403 2493 "-" "Mozilla/5.0 (X11; Linux x86_64; rv:128.0) Gecko/20100101 Firefox/128.0"
jomarlogistica.com.br:80 185.220.101.180 - - [12/Sep/2025:15:53:09 -0300] "GET /wp-admin HTTP/1.1" 301 515 "-" "Mozilla/5.0 (X11; Linux x86_64; rv:128.0) Gecko/20100101 Firefox/128.0"
jomarlogistica.com.br:80 127.0.0.1 - - [12/Sep/2025:15:53:13 -0300] "OPTIONS * HTTP/1.0" 200 110 "-" "Apache/2.4.65 (Ubuntu) (internal dummy connection)"
jomarlogistica.com.br:80 185.220.101.180 - - [12/Sep/2025:15:53:25 -0300] "GET /wp-admin/ HTTP/1.1" 302 463 "-" "Mozilla/5.0 (X11; Linux x86_64; rv:128.0) Gecko/20100101 Firefox/128.0"
jomarlogistica.com.br:80 185.220.101.180 - - [12/Sep/2025:15:53:26 -0300] "GET /wp-login.php?redirect_to=https://jomarlogistica.com.br/wp-admin/&reauth=1 HTTP/1.1" 200 4994 "-" "Mozilla/5.0 (X11; Linux x86_64; rv:128.0) Gecko/20100101 Firefox/128.0"
jomarlogistica.com.br:80 114.119.135.84 - - [12/Sep/2025:15:54:47 -0300] "GET /wp-sitemap-posts-page-1.xml HTTP/1.1" 200 686 "-" "Mozilla/5.0 (Linux; Android 7.0;) AppleWebKit/537.36 (KHTML, like Gecko) Mobile Safari/537.36 (compatible; PetalBot;+https://webmaster.petalsearch.com/site/petalbot)"
jomarlogistica.com.br:80 114.119.159.76 - - [12/Sep/2025:15:56:15 -0300] "GET /category/jomar/page/53/ HTTP/1.1" 200 18773 "https://jomarlogistica.com.br/category/jomar/page/54/" "Mozilla/5.0 (Linux; Android 7.0;) AppleWebKit/537.36 (KHTML, like Gecko) Mobile Safari/537.36 (compatible; PetalBot;+https://webmaster.petalsearch.com/site/petalbot)"
jomarlogistica.com.br:80 172.20.1.117 - - [12/Sep/2025:15:57:31 -0300] "POST /wp-cron.php?doing_wp_cron=1757703451.4199159145355224609375 HTTP/1.1" 200 389 "https://jomarlogistica.com.br/wp-cron.php?doing_wp_cron=1757703451.4199159145355224609375" "WordPress/5.8.10; https://jomarlogistica.com.br"
jomarlogistica.com.br:80 216.244.66.226 - - [12/Sep/2025:15:57:31 -0300] "GET /robots.txt HTTP/1.1" 200 565 "-" "Mozilla/5.0 (compatible; DotBot/1.2; +https://opensiteexplorer.org/dotbot; help@moz.com)"
jomarlogistica.com.br:80 127.0.0.1 - - [12/Sep/2025:15:57:35 -0300] "OPTIONS * HTTP/1.0" 200 110 "-" "Apache/2.4.65 (Ubuntu) (internal dummy connection)"
jomarlogistica.com.br:80 114.119.134.192 - - [12/Sep/2025:15:57:47 -0300] "GET /category/jomar/page/45/ HTTP/1.1" 200 18845 "https://jomarlogistica.com.br/category/jomar/page/44/" "Mozilla/5.0 (Linux; Android 7.0;) AppleWebKit/537.36 (KHTML, like Gecko) Mobile Safari/537.36 (compatible; PetalBot;+https://webmaster.petalsearch.com/site/petalbot)"
jomarlogistica.com.br:80 114.119.134.192 - - [12/Sep/2025:15:58:59 -0300] "GET /category/jomar/page/38/ HTTP/1.1" 200 18759 "https://jomarlogistica.com.br/category/jomar/page/38/" "Mozilla/5.0 (Linux; Android 7.0;) AppleWebKit/537.36 (KHTML, like Gecko) Mobile Safari/537.36 (compatible; PetalBot;+https://webmaster.petalsearch.com/site/petalbot)"
jomarlogistica.com.br:80 114.119.138.207 - - [12/Sep/2025:16:00:17 -0300] "GET /author/jomar/page/8/ HTTP/1.1" 200 18600 "https://jomarlogistica.com.br/author/jomar/page/9/" "Mozilla/5.0 (Linux; Android 7.0;) AppleWebKit/537.36 (KHTML, like Gecko) Mobile Safari/537.36 (compatible; PetalBot;+https://webmaster.petalsearch.com/site/petalbot)"
jomarlogistica.com.br:80 114.119.138.207 - - [12/Sep/2025:16:01:42 -0300] "GET /author/jomar/page/57/ HTTP/1.1" 200 17961 "https://jomarlogistica.com.br/author/jomar/page/16/" "Mozilla/5.0 (Linux; Android 7.0;) AppleWebKit/537.36 (KHTML, like Gecko) Mobile Safari/537.36 (compatible; PetalBot;+https://webmaster.petalsearch.com/site/petalbot)"
jomarlogistica.com.br:80 177.116.188.98 - - [12/Sep/2025:16:02:04 -0300] "POST /autodiscover/autodiscover.xml HTTP/1.1" 404 448 "-" "AppleExchangeWebServices/833 accountsd/113"
jomarlogistica.com.br:80 172.20.1.117 - - [12/Sep/2025:16:02:58 -0300] "POST /wp-cron.php?doing_wp_cron=1757703778.6895780563354492187500 HTTP/1.1" 200 389 "https://jomarlogistica.com.br/wp-cron.php?doing_wp_cron=1757703778.6895780563354492187500" "WordPress/5.8.10; https://jomarlogistica.com.br"
