jomarlogistica.com.br:80 114.119.138.207 - - [12/Sep/2025:01:57:19 -0300] "GET /author/jomar/page/18/ HTTP/1.1" 200 18872 "https://jomarlogistica.com.br/author/jomar/page/19/" "Mozilla/5.0 (Linux; Android 7.0;) AppleWebKit/537.36 (KHTML, like Gecko) Mobile Safari/537.36 (compatible; PetalBot;+https://webmaster.petalsearch.com/site/petalbot)"
jomarlogistica.com.br:80 127.0.0.1 - - [12/Sep/2025:01:57:25 -0300] "OPTIONS * HTTP/1.0" 200 110 "-" "Apache/2.4.65 (Ubuntu) (internal dummy connection)"
jomarlogistica.com.br:80 216.73.216.134 - - [12/Sep/2025:01:57:42 -0300] "GET /?p=53122 HTTP/1.1" 301 577 "-" "Mozilla/5.0 AppleWebKit/537.36 (KHTML, like Gecko; compatible; ClaudeBot/1.0; +claudebot@anthropic.com)"
jomarlogistica.com.br:80 216.73.216.134 - - [12/Sep/2025:01:57:43 -0300] "GET /2023/11/06/are-tinted-plate-covers-legal-in-ohio-ohio-license-plate-laws/ HTTP/1.1" 200 13957 "https://jomarlogistica.com.br/?p=53122" "Mozilla/5.0 AppleWebKit/537.36 (KHTML, like Gecko; compatible; ClaudeBot/1.0; +claudebot@anthropic.com)"
jomarlogistica.com.br:80 114.119.138.130 - - [12/Sep/2025:01:58:42 -0300] "GET /2024/03/ HTTP/1.1" 200 12094 "https://jomarlogistica.com.br/2024/02/07/can-usps-serve-court-papers-legal-process-requirements-explained/" "Mozilla/5.0 (Linux; Android 7.0;) AppleWebKit/537.36 (KHTML, like Gecko) Mobile Safari/537.36 (compatible; PetalBot;+https://webmaster.petalsearch.com/site/petalbot)"
jomarlogistica.com.br:80 114.119.136.72 - - [12/Sep/2025:02:00:08 -0300] "GET /2023/page/34/ HTTP/1.1" 200 18680 "https://jomarlogistica.com.br/2023/page/35/" "Mozilla/5.0 (Linux; Android 7.0;) AppleWebKit/537.36 (KHTML, like Gecko) Mobile Safari/537.36 (compatible; PetalBot;+https://webmaster.petalsearch.com/site/petalbot)"
jomarlogistica.com.br:80 114.119.134.192 - - [12/Sep/2025:02:01:29 -0300] "GET /2023/02/01/the-best-latin-singers-of-all-time/ HTTP/1.1" 200 18079 "https://jomarlogistica.com.br/category/jomar/page/39/" "Mozilla/5.0 (Linux; Android 7.0;) AppleWebKit/537.36 (KHTML, like Gecko) Mobile Safari/537.36 (compatible; PetalBot;+https://webmaster.petalsearch.com/site/petalbot)"
jomarlogistica.com.br:80 216.244.66.226 - - [12/Sep/2025:02:01:35 -0300] "GET /robots.txt HTTP/1.1" 200 565 "-" "Mozilla/5.0 (compatible; DotBot/1.2; +https://opensiteexplorer.org/dotbot; help@moz.com)"
jomarlogistica.com.br:80 172.20.1.117 - - [12/Sep/2025:02:02:55 -0300] "POST /wp-cron.php?doing_wp_cron=1757653375.8681499958038330078125 HTTP/1.1" 200 389 "https://jomarlogistica.com.br/wp-cron.php?doing_wp_cron=1757653375.8681499958038330078125" "WordPress/5.8.10; https://jomarlogistica.com.br"
jomarlogistica.com.br:80 114.119.136.72 - - [12/Sep/2025:02:02:55 -0300] "GET /2023/09/04/vdr-technologies-and-their-uses/ HTTP/1.1" 200 17277 "https://jomarlogistica.com.br/2023/09/04/vdr-technologies-and-their-uses/" "Mozilla/5.0 (Linux; Android 7.0;) AppleWebKit/537.36 (KHTML, like Gecko) Mobile Safari/537.36 (compatible; PetalBot;+https://webmaster.petalsearch.com/site/petalbot)"
jomarlogistica.com.br:80 127.0.0.1 - - [12/Sep/2025:02:03:01 -0300] "OPTIONS * HTTP/1.0" 200 110 "-" "Apache/2.4.65 (Ubuntu) (internal dummy connection)"
jomarlogistica.com.br:80 57.141.0.44 - - [12/Sep/2025:02:03:49 -0300] "GET /2023/01/24/can-relationships-for-cash-be-a-good-choice/ HTTP/1.1" 200 81058 "-" "meta-externalagent/1.1 (+https://developers.facebook.com/docs/sharing/webmasters/crawler)"
jomarlogistica.com.br:80 114.119.135.84 - - [12/Sep/2025:02:04:18 -0300] "GET /2022/page/15/ HTTP/1.1" 200 18600 "https://jomarlogistica.com.br/2022/page/16/" "Mozilla/5.0 (Linux; Android 7.0;) AppleWebKit/537.36 (KHTML, like Gecko) Mobile Safari/537.36 (compatible; PetalBot;+https://webmaster.petalsearch.com/site/petalbot)"
jomarlogistica.com.br:80 172.20.1.117 - - [12/Sep/2025:02:05:39 -0300] "POST /wp-cron.php?doing_wp_cron=1757653539.7796599864959716796875 HTTP/1.1" 200 389 "https://jomarlogistica.com.br/wp-cron.php?doing_wp_cron=1757653539.7796599864959716796875" "WordPress/5.8.10; https://jomarlogistica.com.br"
jomarlogistica.com.br:80 114.119.138.207 - - [12/Sep/2025:02:05:39 -0300] "GET /2022/05/08/california-school-start-time-law-impact-on-education/ HTTP/1.1" 200 13653 "https://jomarlogistica.com.br/2022/05/09/top-legal-headhunters-in-boston-find-the-best-legal-recruiters/" "Mozilla/5.0 (Linux; Android 7.0;) AppleWebKit/537.36 (KHTML, like Gecko) Mobile Safari/537.36 (compatible; PetalBot;+https://webmaster.petalsearch.com/site/petalbot)"
jomarlogistica.com.br:80 127.0.0.1 - - [12/Sep/2025:02:05:44 -0300] "OPTIONS * HTTP/1.0" 200 110 "-" "Apache/2.4.65 (Ubuntu) (internal dummy connection)"
jomarlogistica.com.br:80 114.119.138.207 - - [12/Sep/2025:02:07:03 -0300] "GET /2023/05/21/slavic-brides-%EF%B8%8F-guide-to-carry-out-slavic-females-for-marriage/ HTTP/1.1" 200 19789 "https://jomarlogistica.com.br/2023/05/21/slavic-brides-%EF%B8%8F-guide-to-carry-out-slavic-females-for-marriage/" "Mozilla/5.0 (Linux; Android 7.0;) AppleWebKit/537.36 (KHTML, like Gecko) Mobile Safari/537.36 (compatible; PetalBot;+https://webmaster.petalsearch.com/site/petalbot)"
jomarlogistica.com.br:80 172.20.1.117 - - [12/Sep/2025:02:07:42 -0300] "POST /wp-cron.php?doing_wp_cron=1757653662.1157600879669189453125 HTTP/1.1" 200 389 "https://jomarlogistica.com.br/wp-cron.php?doing_wp_cron=1757653662.1157600879669189453125" "WordPress/5.8.10; https://jomarlogistica.com.br"
jomarlogistica.com.br:80 85.208.96.210 - - [12/Sep/2025:02:07:41 -0300] "GET /2023/05/23/virtual-data-room-features/ HTTP/1.1" 200 17282 "-" "Mozilla/5.0 (compatible; SemrushBot/7~bl; +http://www.semrush.com/bot.html)"
jomarlogistica.com.br:80 127.0.0.1 - - [12/Sep/2025:02:07:47 -0300] "OPTIONS * HTTP/1.0" 200 110 "-" "Apache/2.4.65 (Ubuntu) (internal dummy connection)"
jomarlogistica.com.br:80 114.119.159.76 - - [12/Sep/2025:02:08:30 -0300] "GET /2023/01/29/why-russian-ship-order-wife-has-become-the-stylish-option-for-west-gentlemen/ HTTP/1.1" 200 18318 "https://jomarlogistica.com.br/2023/01/29/why-russian-ship-order-wife-has-become-the-stylish-option-for-west-gentlemen/" "Mozilla/5.0 (Linux; Android 7.0;) AppleWebKit/537.36 (KHTML, like Gecko) Mobile Safari/537.36 (compatible; PetalBot;+https://webmaster.petalsearch.com/site/petalbot)"
jomarlogistica.com.br:80 216.244.66.226 - - [12/Sep/2025:02:09:37 -0300] "GET /2023/01/18/what-exactly-mutually-useful-relationship/feed/ HTTP/1.1" 200 1565 "-" "Mozilla/5.0 (compatible; DotBot/1.2; +https://opensiteexplorer.org/dotbot; help@moz.com)"
jomarlogistica.com.br:80 216.244.66.226 - - [12/Sep/2025:02:09:43 -0300] "GET /2023/07/04/the-very-best-free-vpn-application/feed/ HTTP/1.1" 200 1543 "-" "Mozilla/5.0 (compatible; DotBot/1.2; +https://opensiteexplorer.org/dotbot; help@moz.com)"
jomarlogistica.com.br:80 114.119.135.84 - - [12/Sep/2025:02:09:54 -0300] "GET /category/jomar/page/30/ HTTP/1.1" 200 18992 "https://jomarlogistica.com.br/category/jomar/page/30/" "Mozilla/5.0 (Linux; Android 7.0;) AppleWebKit/537.36 (KHTML, like Gecko) Mobile Safari/537.36 (compatible; PetalBot;+https://webmaster.petalsearch.com/site/petalbot)"
jomarlogistica.com.br:80 185.191.171.11 - - [12/Sep/2025:02:10:14 -0300] "GET /2023/06/17/avast-password-extendable-for-silver/ HTTP/1.1" 200 17174 "-" "Mozilla/5.0 (compatible; SemrushBot/7~bl; +http://www.semrush.com/bot.html)"
jomarlogistica.com.br:80 114.119.138.207 - - [12/Sep/2025:02:11:15 -0300] "GET /2024/03/08/ccpa-non-disclosure-agreement-protect-your-data/ HTTP/1.1" 200 14367 "https://jomarlogistica.com.br/2022/page/16/" "Mozilla/5.0 (Linux; Android 7.0;) AppleWebKit/537.36 (KHTML, like Gecko) Mobile Safari/537.36 (compatible; PetalBot;+https://webmaster.petalsearch.com/site/petalbot)"
jomarlogistica.com.br:80 172.20.1.117 - - [12/Sep/2025:02:12:40 -0300] "POST /wp-cron.php?doing_wp_cron=1757653960.8387289047241210937500 HTTP/1.1" 200 389 "https://jomarlogistica.com.br/wp-cron.php?doing_wp_cron=1757653960.8387289047241210937500" "WordPress/5.8.10; https://jomarlogistica.com.br"
jomarlogistica.com.br:80 114.119.136.72 - - [12/Sep/2025:02:12:40 -0300] "GET /2023/10/08/the-advantages-of-a-digital-data-area-for-expenditure-bankers/ HTTP/1.1" 200 17403 "https://jomarlogistica.com.br/author/jomar/page/3/" "Mozilla/5.0 (Linux; Android 7.0;) AppleWebKit/537.36 (KHTML, like Gecko) Mobile Safari/537.36 (compatible; PetalBot;+https://webmaster.petalsearch.com/site/petalbot)"
jomarlogistica.com.br:80 127.0.0.1 - - [12/Sep/2025:02:12:46 -0300] "OPTIONS * HTTP/1.0" 200 110 "-" "Apache/2.4.65 (Ubuntu) (internal dummy connection)"
jomarlogistica.com.br:80 114.119.159.76 - - [12/Sep/2025:02:14:04 -0300] "GET /2023/12/10/e-law-resources-donoghue-v-stevenson-case-analysis-legal-resources/ HTTP/1.1" 200 14361 "https://jomarlogistica.com.br/2023/12/page/2/" "Mozilla/5.0 (Linux; Android 7.0;) AppleWebKit/537.36 (KHTML, like Gecko) Mobile Safari/537.36 (compatible; PetalBot;+https://webmaster.petalsearch.com/site/petalbot)"
jomarlogistica.com.br:80 114.119.134.192 - - [12/Sep/2025:02:15:28 -0300] "GET /2023/04/page/4/ HTTP/1.1" 200 18744 "https://jomarlogistica.com.br/2023/04/page/4/" "Mozilla/5.0 (Linux; Android 7.0;) AppleWebKit/537.36 (KHTML, like Gecko) Mobile Safari/537.36 (compatible; PetalBot;+https://webmaster.petalsearch.com/site/petalbot)"
jomarlogistica.com.br:80 57.141.0.66 - - [12/Sep/2025:02:16:22 -0300] "GET /2022/11/02/the-very-best-countries-to-find-beautiful-girls/ HTTP/1.1" 200 81496 "-" "meta-externalagent/1.1 (+https://developers.facebook.com/docs/sharing/webmasters/crawler)"
jomarlogistica.com.br:80 85.208.96.194 - - [12/Sep/2025:02:16:45 -0300] "GET /2022/09/10/the-best-way-to-find-overseas-woman-via-the-internet/ HTTP/1.1" 200 18203 "-" "Mozilla/5.0 (compatible; SemrushBot/7~bl; +http://www.semrush.com/bot.html)"
jomarlogistica.com.br:80 54.198.33.233 - - [12/Sep/2025:02:16:48 -0300] "GET /2023/page/12/ HTTP/1.1" 200 18540 "-" "Mozilla/5.0 AppleWebKit/537.36 (KHTML, like Gecko; compatible; Amazonbot/0.1; +https://developer.amazon.com/support/amazonbot) Chrome/119.0.6045.214 Safari/537.36"
jomarlogistica.com.br:80 18.97.9.97 - - [12/Sep/2025:02:17:01 -0300] "GET /robots.txt HTTP/1.1" 200 565 "-" "Mozilla/5.0 AppleWebKit/537.36 (KHTML, like Gecko; compatible; PerplexityBot/1.0; +https://perplexity.ai/perplexitybot)"
jomarlogistica.com.br:80 18.97.9.99 - - [12/Sep/2025:02:17:02 -0300] "GET /2024/01/23/checkpoint-firewall-rules-export-best-practices-and-guidelines/ HTTP/1.1" 200 14455 "-" "Mozilla/5.0 AppleWebKit/537.36 (KHTML, like Gecko; compatible; PerplexityBot/1.0; +https://perplexity.ai/perplexitybot)"
jomarlogistica.com.br:80 172.20.1.117 - - [12/Sep/2025:02:19:15 -0300] "POST /wp-cron.php?doing_wp_cron=1757654354.9841349124908447265625 HTTP/1.1" 200 389 "https://jomarlogistica.com.br/wp-cron.php?doing_wp_cron=1757654354.9841349124908447265625" "WordPress/5.8.10; https://jomarlogistica.com.br"
jomarlogistica.com.br:80 18.234.117.151 - - [12/Sep/2025:02:19:14 -0300] "GET /robots.txt HTTP/1.1" 200 584 "-" "Go-http-client/2.0"
jomarlogistica.com.br:80 18.234.117.151 - - [12/Sep/2025:02:19:15 -0300] "GET /2024/02/19/chk-restructuring-support-agreement-legal-assistance-and-guidance/ HTTP/1.1" 200 14213 "-" "TerraCotta https://github.com/CeramicTeam/CeramicTerracotta"
jomarlogistica.com.br:80 127.0.0.1 - - [12/Sep/2025:02:19:21 -0300] "OPTIONS * HTTP/1.0" 200 110 "-" "Apache/2.4.65 (Ubuntu) (internal dummy connection)"
jomarlogistica.com.br:80 57.141.0.6 - - [12/Sep/2025:02:22:10 -0300] "GET /2023/04/20/carry-out-latina-girls-like-white-colored-guys/ HTTP/1.1" 200 83181 "-" "meta-externalagent/1.1 (+https://developers.facebook.com/docs/sharing/webmasters/crawler)"
jomarlogistica.com.br:80 172.20.1.117 - - [12/Sep/2025:02:25:13 -0300] "POST /wp-cron.php?doing_wp_cron=1757654713.8364551067352294921875 HTTP/1.1" 200 389 "https://jomarlogistica.com.br/wp-cron.php?doing_wp_cron=1757654713.8364551067352294921875" "WordPress/5.8.10; https://jomarlogistica.com.br"
jomarlogistica.com.br:80 57.141.0.28 - - [12/Sep/2025:02:25:13 -0300] "GET /2023/12/13/are-otf-knives-legal-in-the-uk-uk-knife-laws-explained/ HTTP/1.1" 200 60696 "-" "meta-externalagent/1.1 (+https://developers.facebook.com/docs/sharing/webmasters/crawler)"
jomarlogistica.com.br:80 127.0.0.1 - - [12/Sep/2025:02:25:19 -0300] "OPTIONS * HTTP/1.0" 200 110 "-" "Apache/2.4.65 (Ubuntu) (internal dummy connection)"
jomarlogistica.com.br:80 85.208.96.198 - - [12/Sep/2025:02:26:46 -0300] "GET /robots.txt HTTP/1.1" 200 584 "-" "Mozilla/5.0 (compatible; SemrushBot/7~bl; +http://www.semrush.com/bot.html)"
jomarlogistica.com.br:80 185.191.171.8 - - [12/Sep/2025:02:26:46 -0300] "GET /2023/09/23/table-of-company-directors-software-helps-you-to-save-time-and-money/ HTTP/1.1" 200 17413 "-" "Mozilla/5.0 (compatible; SemrushBot/7~bl; +http://www.semrush.com/bot.html)"
jomarlogistica.com.br:80 127.0.0.1 - - [12/Sep/2025:02:26:52 -0300] "OPTIONS * HTTP/1.0" 200 110 "-" "Apache/2.4.65 (Ubuntu) (internal dummy connection)"
jomarlogistica.com.br:80 172.20.1.117 - - [12/Sep/2025:02:28:49 -0300] "POST /wp-cron.php?doing_wp_cron=1757654929.4428238868713378906250 HTTP/1.1" 200 389 "https://jomarlogistica.com.br/wp-cron.php?doing_wp_cron=1757654929.4428238868713378906250" "WordPress/5.8.10; https://jomarlogistica.com.br"
jomarlogistica.com.br:80 57.141.0.45 - - [12/Sep/2025:02:28:49 -0300] "GET /2023/10/20/10-hour-rule-trucking-compliance-and-regulations-explained/ HTTP/1.1" 200 61501 "-" "meta-externalagent/1.1 (+https://developers.facebook.com/docs/sharing/webmasters/crawler)"
jomarlogistica.com.br:80 127.0.0.1 - - [12/Sep/2025:02:28:54 -0300] "OPTIONS * HTTP/1.0" 200 110 "-" "Apache/2.4.65 (Ubuntu) (internal dummy connection)"
jomarlogistica.com.br:80 114.119.158.0 - - [12/Sep/2025:02:31:37 -0300] "GET /2023/07/04/advantage-and-risikomanagement/ HTTP/1.1" 200 17406 "https://jomarlogistica.com.br/2023/07/05/types-of-organization-software/" "Mozilla/5.0 (Linux; Android 7.0;) AppleWebKit/537.36 (KHTML, like Gecko) Mobile Safari/537.36 (compatible; PetalBot;+https://webmaster.petalsearch.com/site/petalbot)"
jomarlogistica.com.br:80 172.20.1.117 - - [12/Sep/2025:02:32:54 -0300] "POST /wp-cron.php?doing_wp_cron=1757655174.1136898994445800781250 HTTP/1.1" 200 389 "https://jomarlogistica.com.br/wp-cron.php?doing_wp_cron=1757655174.1136898994445800781250" "WordPress/5.8.10; https://jomarlogistica.com.br"
jomarlogistica.com.br:80 114.119.159.76 - - [12/Sep/2025:02:32:53 -0300] "GET /2023/05/page/3/ HTTP/1.1" 200 18606 "https://jomarlogistica.com.br/2023/05/page/3/" "Mozilla/5.0 (Linux; Android 7.0;) AppleWebKit/537.36 (KHTML, like Gecko) Mobile Safari/537.36 (compatible; PetalBot;+https://webmaster.petalsearch.com/site/petalbot)"
jomarlogistica.com.br:80 127.0.0.1 - - [12/Sep/2025:02:32:59 -0300] "OPTIONS * HTTP/1.0" 200 110 "-" "Apache/2.4.65 (Ubuntu) (internal dummy connection)"
jomarlogistica.com.br:80 18.234.117.151 - - [12/Sep/2025:02:32:59 -0300] "GET /robots.txt HTTP/1.1" 200 584 "-" "Go-http-client/2.0"
jomarlogistica.com.br:80 18.234.117.151 - - [12/Sep/2025:02:33:00 -0300] "GET / HTTP/1.1" 200 23930 "http://jomarlogistica.com.br" "TerraCotta https://github.com/CeramicTeam/CeramicTerracotta"
jomarlogistica.com.br:80 114.119.138.207 - - [12/Sep/2025:02:34:15 -0300] "GET /2023/05/03/types-of-purposes-of-a-digital-data-room/ HTTP/1.1" 200 17501 "https://jomarlogistica.com.br/2023/05/03/types-of-purposes-of-a-digital-data-room/" "Mozilla/5.0 (Linux; Android 7.0;) AppleWebKit/537.36 (KHTML, like Gecko) Mobile Safari/537.36 (compatible; PetalBot;+https://webmaster.petalsearch.com/site/petalbot)"
jomarlogistica.com.br:80 114.119.135.84 - - [12/Sep/2025:02:35:40 -0300] "GET /2023/03/page/3/ HTTP/1.1" 200 16765 "https://jomarlogistica.com.br/2023/03/page/3/" "Mozilla/5.0 (Linux; Android 7.0;) AppleWebKit/537.36 (KHTML, like Gecko) Mobile Safari/537.36 (compatible; PetalBot;+https://webmaster.petalsearch.com/site/petalbot)"
jomarlogistica.com.br:80 114.119.134.192 - - [12/Sep/2025:02:37:03 -0300] "GET /2023/03/ HTTP/1.1" 200 18560 "https://jomarlogistica.com.br/2022/page/16/" "Mozilla/5.0 (Linux; Android 7.0;) AppleWebKit/537.36 (KHTML, like Gecko) Mobile Safari/537.36 (compatible; PetalBot;+https://webmaster.petalsearch.com/site/petalbot)"
jomarlogistica.com.br:80 172.20.1.117 - - [12/Sep/2025:02:38:27 -0300] "POST /wp-cron.php?doing_wp_cron=1757655507.0920629501342773437500 HTTP/1.1" 200 389 "https://jomarlogistica.com.br/wp-cron.php?doing_wp_cron=1757655507.0920629501342773437500" "WordPress/5.8.10; https://jomarlogistica.com.br"
jomarlogistica.com.br:80 114.119.128.158 - - [12/Sep/2025:02:38:26 -0300] "GET /2022/12/01/some-signs-you-happen-to-be-in-appreciate/ HTTP/1.1" 200 17491 "https://jomarlogistica.com.br/2022/page/6/" "Mozilla/5.0 (Linux; Android 7.0;) AppleWebKit/537.36 (KHTML, like Gecko) Mobile Safari/537.36 (compatible; PetalBot;+https://webmaster.petalsearch.com/site/petalbot)"
jomarlogistica.com.br:80 127.0.0.1 - - [12/Sep/2025:02:38:32 -0300] "OPTIONS * HTTP/1.0" 200 110 "-" "Apache/2.4.65 (Ubuntu) (internal dummy connection)"
jomarlogistica.com.br:80 172.20.1.117 - - [12/Sep/2025:02:45:34 -0300] "POST /wp-cron.php?doing_wp_cron=1757655934.0991599559783935546875 HTTP/1.1" 200 389 "https://jomarlogistica.com.br/wp-cron.php?doing_wp_cron=1757655934.0991599559783935546875" "WordPress/5.8.10; https://jomarlogistica.com.br"
jomarlogistica.com.br:80 57.141.0.54 - - [12/Sep/2025:02:45:33 -0300] "GET /2024/02/05/anti-terrorism-laws-in-america-understanding-the-legal-framework/ HTTP/1.1" 200 63552 "-" "meta-externalagent/1.1 (+https://developers.facebook.com/docs/sharing/webmasters/crawler)"
jomarlogistica.com.br:80 127.0.0.1 - - [12/Sep/2025:02:45:38 -0300] "OPTIONS * HTTP/1.0" 200 110 "-" "Apache/2.4.65 (Ubuntu) (internal dummy connection)"
jomarlogistica.com.br:80 114.119.138.130 - - [12/Sep/2025:02:45:56 -0300] "GET /2024/01/23/checkpoint-firewall-rules-export-best-practices-and-guidelines/ HTTP/1.1" 200 14455 "https://jomarlogistica.com.br/2022/page/16/" "Mozilla/5.0 (Linux; Android 7.0;) AppleWebKit/537.36 (KHTML, like Gecko) Mobile Safari/537.36 (compatible; PetalBot;+https://webmaster.petalsearch.com/site/petalbot)"
jomarlogistica.com.br:80 216.244.66.226 - - [12/Sep/2025:02:46:16 -0300] "GET /robots.txt HTTP/1.1" 200 565 "-" "Mozilla/5.0 (compatible; DotBot/1.2; +https://opensiteexplorer.org/dotbot; help@moz.com)"
jomarlogistica.com.br:80 172.20.1.117 - - [12/Sep/2025:02:49:35 -0300] "POST /wp-cron.php?doing_wp_cron=1757656175.7194039821624755859375 HTTP/1.1" 200 389 "https://jomarlogistica.com.br/wp-cron.php?doing_wp_cron=1757656175.7194039821624755859375" "WordPress/5.8.10; https://jomarlogistica.com.br"
jomarlogistica.com.br:80 185.191.171.8 - - [12/Sep/2025:02:49:35 -0300] "GET /2023/page/36/ HTTP/1.1" 200 18794 "-" "Mozilla/5.0 (compatible; SemrushBot/7~bl; +http://www.semrush.com/bot.html)"
jomarlogistica.com.br:80 127.0.0.1 - - [12/Sep/2025:02:49:41 -0300] "OPTIONS * HTTP/1.0" 200 110 "-" "Apache/2.4.65 (Ubuntu) (internal dummy connection)"
jomarlogistica.com.br:80 124.226.224.31 - - [12/Sep/2025:02:49:45 -0300] "POST /wp-comments-post.php HTTP/1.1" 403 2493 "-" "Mozilla/5.0 (Windows NT 10.0; Win64; x64) AppleWebKit/537.36 (KHTML, like Gecko) Chrome/108.0.0.0 Safari/537.36 Edg/108.0.1462.46"
jomarlogistica.com.br:80 172.20.1.117 - - [12/Sep/2025:02:52:43 -0300] "POST /wp-cron.php?doing_wp_cron=1757656363.6185679435729980468750 HTTP/1.1" 200 389 "https://jomarlogistica.com.br/wp-cron.php?doing_wp_cron=1757656363.6185679435729980468750" "WordPress/5.8.10; https://jomarlogistica.com.br"
jomarlogistica.com.br:80 18.234.117.151 - - [12/Sep/2025:02:52:43 -0300] "GET /robots.txt HTTP/1.1" 200 584 "-" "Go-http-client/2.0"
jomarlogistica.com.br:80 18.234.117.151 - - [12/Sep/2025:02:52:44 -0300] "GET /2024/01/23/are-led-headlights-legal-in-ct-ct-headlight-laws-explained/ HTTP/1.1" 200 13727 "-" "TerraCotta https://github.com/CeramicTeam/CeramicTerracotta"
jomarlogistica.com.br:80 127.0.0.1 - - [12/Sep/2025:02:52:49 -0300] "OPTIONS * HTTP/1.0" 200 110 "-" "Apache/2.4.65 (Ubuntu) (internal dummy connection)"
jomarlogistica.com.br:80 216.244.66.226 - - [12/Sep/2025:02:55:08 -0300] "GET /2022/12/12/sweets-dating-stereotypes-several-types-of-sugar-connections/feed/ HTTP/1.1" 200 1629 "-" "Mozilla/5.0 (compatible; DotBot/1.2; +https://opensiteexplorer.org/dotbot; help@moz.com)"
jomarlogistica.com.br:80 43.167.239.66 - - [12/Sep/2025:02:56:02 -0300] "GET / HTTP/1.1" 200 23930 "http://jomarlogistica.com.br" "Mozilla/5.0 (iPhone; CPU iPhone OS 13_2_3 like Mac OS X) AppleWebKit/605.1.15 (KHTML, like Gecko) Version/13.0.3 Mobile/15E148 Safari/604.1"
jomarlogistica.com.br:80 172.20.1.117 - - [12/Sep/2025:02:57:55 -0300] "POST /wp-cron.php?doing_wp_cron=1757656675.3476378917694091796875 HTTP/1.1" 200 389 "https://jomarlogistica.com.br/wp-cron.php?doing_wp_cron=1757656675.3476378917694091796875" "WordPress/5.8.10; https://jomarlogistica.com.br"
jomarlogistica.com.br:80 52.159.249.106 - - [12/Sep/2025:02:57:54 -0300] "GET /2022/06/04/generator-interlock-kits-legal-in-washington-state-expert-analysis/ HTTP/1.1" 200 14093 "-" "Mozilla/5.0 AppleWebKit/537.36 (KHTML, like Gecko); compatible; ChatGPT-User/1.0; +https://openai.com/bot"
jomarlogistica.com.br:80 127.0.0.1 - - [12/Sep/2025:02:58:00 -0300] "OPTIONS * HTTP/1.0" 200 110 "-" "Apache/2.4.65 (Ubuntu) (internal dummy connection)"
jomarlogistica.com.br:80 57.141.0.72 - - [12/Sep/2025:02:58:56 -0300] "GET /2023/12/15/are-fire-pits-legal-in-florida-regulations-laws-explained/ HTTP/1.1" 200 60540 "-" "meta-externalagent/1.1 (+https://developers.facebook.com/docs/sharing/webmasters/crawler)"
jomarlogistica.com.br:80 194.26.192.121 - - [12/Sep/2025:03:04:12 -0300] "POST /wp-plain.php HTTP/1.1" 404 448 "www.google.com" "Mozilla/5.0 (Linux; Android 7.0; SM-G892A Bulid/NRD90M; wv) AppleWebKit/537.36 (KHTML, like Gecko) Version/4.0 Chrome/60.0.3112.107 Moblie Safari/537.36"
jomarlogistica.com.br:80 194.26.192.121 - - [12/Sep/2025:03:04:13 -0300] "GET /wp-content/themes/seotheme/db.php?u HTTP/1.1" 404 448 "www.google.com" "Mozlila/5.0 (Linux; Android 7.0; SM-G892A Bulid/NRD90M; wv) AppleWebKit/537.36 (KHTML, like Gecko) Version/4.0 Chrome/60.0.3112.107 Moblie Safari/537.36"
jomarlogistica.com.br:80 194.26.192.121 - - [12/Sep/2025:03:04:13 -0300] "GET /vnuopnoc.php?Fox=d3wL7 HTTP/1.1" 404 448 "www.google.com" "Mozilla/5.0 (Linux; Android 7.0; SM-G892A Bulid/NRD90M; wv) AppleWebKit/537.36 (KHTML, like Gecko) Version/4.0 Chrome/60.0.3112.107 Moblie Safari/537.36"
jomarlogistica.com.br:80 194.26.192.121 - - [12/Sep/2025:03:04:12 -0300] "GET /wp-content/plugins/fix/up.php HTTP/1.1" 404 448 "-" "Mozilla/5.0 (Windows NT 10.0; Win64; x64) AppleWebKit/537.36 (KHTML, like Gecko) Chrome/85.0.4183.102 Safari/537.36"
jomarlogistica.com.br:80 194.26.192.121 - - [12/Sep/2025:03:04:13 -0300] "GET /wp-content/themes/seotheme/db.php?u HTTP/1.1" 404 448 "www.google.com" "Mozlila/5.0 (Linux; Android 7.0; SM-G892A Bulid/NRD90M; wv) AppleWebKit/537.36 (KHTML, like Gecko) Version/4.0 Chrome/60.0.3112.107 Moblie Safari/537.36"
jomarlogistica.com.br:80 194.26.192.121 - - [12/Sep/2025:03:04:14 -0300] "POST /ALFA_DATA/alfacgiapi/perl.alfa HTTP/1.1" 404 448 "www.google.com" "Mozlila/5.0 (Linux; Android 7.0; SM-G892A Bulid/NRD90M; wv) AppleWebKit/537.36 (KHTML, like Gecko) Version/4.0 Chrome/60.0.3112.107 Moblie Safari/537.36"
jomarlogistica.com.br:80 194.26.192.121 - - [12/Sep/2025:03:04:14 -0300] "POST /alfacgiapi/perl.alfa HTTP/1.1" 404 448 "www.google.com" "Mozlila/5.0 (Linux; Android 7.0; SM-G892A Bulid/NRD90M; wv) AppleWebKit/537.36 (KHTML, like Gecko) Version/4.0 Chrome/60.0.3112.107 Moblie Safari/537.36"
jomarlogistica.com.br:80 172.20.1.117 - - [12/Sep/2025:03:04:15 -0300] "POST /wp-cron.php?doing_wp_cron=1757657052.9137990474700927734375 HTTP/1.1" 200 389 "https://jomarlogistica.com.br/wp-cron.php?doing_wp_cron=1757657052.9137990474700927734375" "WordPress/5.8.10; https://jomarlogistica.com.br"
jomarlogistica.com.br:80 194.26.192.121 - - [12/Sep/2025:03:04:14 -0300] "GET / HTTP/1.1" 200 134115 "-" "Mozlila/5.0 (Linux; Android 7.0; SM-G892A Bulid/NRD90M; wv) AppleWebKit/537.36 (KHTML, like Gecko) Version/4.0 Chrome/60.0.3112.107 Moblie Safari/537.36"
jomarlogistica.com.br:80 194.26.192.121 - - [12/Sep/2025:03:04:15 -0300] "GET /wp-content/plugins/apikey/apikey.php?test=hello HTTP/1.1" 404 448 "-" "Mozlila/5.0 (Linux; Android 7.0; SM-G892A Bulid/NRD90M; wv) AppleWebKit/537.36 (KHTML, like Gecko) Version/4.0 Chrome/60.0.3112.107 Moblie Safari/537.36"
jomarlogistica.com.br:80 194.26.192.121 - - [12/Sep/2025:03:04:16 -0300] "GET /plugins/content/apismtp/apismtp.php?test=hello HTTP/1.1" 404 448 "-" "Mozlila/5.0 (Linux; Android 7.0; SM-G892A Bulid/NRD90M; wv) AppleWebKit/537.36 (KHTML, like Gecko) Version/4.0 Chrome/60.0.3112.107 Moblie Safari/537.36"
jomarlogistica.com.br:80 194.26.192.121 - - [12/Sep/2025:03:04:17 -0300] "GET /wp-content/plugins/apikey/apikey.php.suspected?test=hello HTTP/1.1" 404 448 "-" "Mozlila/5.0 (Linux; Android 7.0; SM-G892A Bulid/NRD90M; wv) AppleWebKit/537.36 (KHTML, like Gecko) Version/4.0 Chrome/60.0.3112.107 Moblie Safari/537.36"
jomarlogistica.com.br:80 194.26.192.121 - - [12/Sep/2025:03:04:17 -0300] "GET /plugins/content/apismtp/apismtp.php.suspected?test=hello HTTP/1.1" 404 448 "-" "Mozlila/5.0 (Linux; Android 7.0; SM-G892A Bulid/NRD90M; wv) AppleWebKit/537.36 (KHTML, like Gecko) Version/4.0 Chrome/60.0.3112.107 Moblie Safari/537.36"
jomarlogistica.com.br:80 127.0.0.1 - - [12/Sep/2025:03:04:18 -0300] "OPTIONS * HTTP/1.0" 200 110 "-" "Apache/2.4.65 (Ubuntu) (internal dummy connection)"
jomarlogistica.com.br:80 127.0.0.1 - - [12/Sep/2025:03:04:19 -0300] "OPTIONS * HTTP/1.0" 200 110 "-" "Apache/2.4.65 (Ubuntu) (internal dummy connection)"
jomarlogistica.com.br:80 127.0.0.1 - - [12/Sep/2025:03:04:21 -0300] "OPTIONS * HTTP/1.0" 200 110 "-" "Apache/2.4.65 (Ubuntu) (internal dummy connection)"
jomarlogistica.com.br:80 127.0.0.1 - - [12/Sep/2025:03:04:22 -0300] "OPTIONS * HTTP/1.0" 200 110 "-" "Apache/2.4.65 (Ubuntu) (internal dummy connection)"
jomarlogistica.com.br:80 172.20.1.117 - - [12/Sep/2025:03:08:09 -0300] "POST /wp-cron.php?doing_wp_cron=1757657289.6037518978118896484375 HTTP/1.1" 200 389 "https://jomarlogistica.com.br/wp-cron.php?doing_wp_cron=1757657289.6037518978118896484375" "WordPress/5.8.10; https://jomarlogistica.com.br"
jomarlogistica.com.br:80 18.234.117.151 - - [12/Sep/2025:03:08:09 -0300] "GET /robots.txt HTTP/1.1" 200 584 "-" "Go-http-client/2.0"
jomarlogistica.com.br:80 18.234.117.151 - - [12/Sep/2025:03:08:10 -0300] "GET /sobre/ HTTP/1.1" 200 15895 "-" "TerraCotta https://github.com/CeramicTeam/CeramicTerracotta"
jomarlogistica.com.br:80 127.0.0.1 - - [12/Sep/2025:03:08:16 -0300] "OPTIONS * HTTP/1.0" 200 110 "-" "Apache/2.4.65 (Ubuntu) (internal dummy connection)"
jomarlogistica.com.br:80 57.141.0.37 - - [12/Sep/2025:03:10:50 -0300] "GET /2023/02/01/the-best-latin-singers-of-all-time/ HTTP/1.1" 200 81170 "-" "meta-externalagent/1.1 (+https://developers.facebook.com/docs/sharing/webmasters/crawler)"
jomarlogistica.com.br:80 172.20.1.117 - - [12/Sep/2025:03:14:20 -0300] "POST /wp-cron.php?doing_wp_cron=1757657660.5961630344390869140625 HTTP/1.1" 200 389 "https://jomarlogistica.com.br/wp-cron.php?doing_wp_cron=1757657660.5961630344390869140625" "WordPress/5.8.10; https://jomarlogistica.com.br"
jomarlogistica.com.br:80 114.119.138.207 - - [12/Sep/2025:03:14:20 -0300] "GET /2023/09/25/avast-antitrack-premium-review-2/ HTTP/1.1" 200 17305 "https://jomarlogistica.com.br/category/jomar/page/9/" "Mozilla/5.0 (Linux; Android 7.0;) AppleWebKit/537.36 (KHTML, like Gecko) Mobile Safari/537.36 (compatible; PetalBot;+https://webmaster.petalsearch.com/site/petalbot)"
jomarlogistica.com.br:80 127.0.0.1 - - [12/Sep/2025:03:14:26 -0300] "OPTIONS * HTTP/1.0" 200 110 "-" "Apache/2.4.65 (Ubuntu) (internal dummy connection)"
jomarlogistica.com.br:80 114.119.135.84 - - [12/Sep/2025:03:15:45 -0300] "GET /2023/06/12/avast-secureline-vpn-license-vital/ HTTP/1.1" 200 17253 "https://jomarlogistica.com.br/2023/06/page/2/" "Mozilla/5.0 (Linux; Android 7.0;) AppleWebKit/537.36 (KHTML, like Gecko) Mobile Safari/537.36 (compatible; PetalBot;+https://webmaster.petalsearch.com/site/petalbot)"
jomarlogistica.com.br:80 85.208.96.195 - - [12/Sep/2025:03:15:59 -0300] "GET /2023/10/07/browsing-through-the-digital-realm-of-solutions/ HTTP/1.1" 200 17545 "-" "Mozilla/5.0 (compatible; SemrushBot/7~bl; +http://www.semrush.com/bot.html)"
jomarlogistica.com.br:80 114.119.158.0 - - [12/Sep/2025:03:17:05 -0300] "GET /2022/10/08/the-qualities-of-perfect-associations/ HTTP/1.1" 200 18094 "https://jomarlogistica.com.br/category/jomar/page/55/" "Mozilla/5.0 (Linux; Android 7.0;) AppleWebKit/537.36 (KHTML, like Gecko) Mobile Safari/537.36 (compatible; PetalBot;+https://webmaster.petalsearch.com/site/petalbot)"
jomarlogistica.com.br:80 107.20.236.150 - - [12/Sep/2025:03:17:07 -0300] "GET /robots.txt HTTP/1.1" 200 584 "-" "Mozilla/5.0 AppleWebKit/537.36 (KHTML, like Gecko; compatible; PerplexityBot/1.0; +https://perplexity.ai/perplexitybot)"
jomarlogistica.com.br:80 127.0.0.1 - - [12/Sep/2025:03:17:11 -0300] "OPTIONS * HTTP/1.0" 200 110 "-" "Apache/2.4.65 (Ubuntu) (internal dummy connection)"
jomarlogistica.com.br:80 172.20.1.117 - - [12/Sep/2025:03:18:45 -0300] "POST /wp-cron.php?doing_wp_cron=1757657925.8536689281463623046875 HTTP/1.1" 200 389 "https://jomarlogistica.com.br/wp-cron.php?doing_wp_cron=1757657925.8536689281463623046875" "WordPress/5.8.10; https://jomarlogistica.com.br"
jomarlogistica.com.br:80 66.249.66.70 - - [12/Sep/2025:03:18:45 -0300] "GET /robots.txt HTTP/1.1" 200 584 "-" "Mozilla/5.0 (compatible; Googlebot/2.1; +http://www.google.com/bot.html)"
jomarlogistica.com.br:80 66.249.66.38 - - [12/Sep/2025:03:18:46 -0300] "GET /2022/06/23/are-cherry-bomb-mufflers-legal-legal-information-and-regulations/ HTTP/1.1" 200 14188 "-" "Mozilla/5.0 (Linux; Android 6.0.1; Nexus 5X Build/MMB29P) AppleWebKit/537.36 (KHTML, like Gecko) Chrome/140.0.7339.127 Mobile Safari/537.36 (compatible; Googlebot/2.1; +http://www.google.com/bot.html)"
jomarlogistica.com.br:80 66.249.66.38 - - [12/Sep/2025:03:18:49 -0300] "GET /wp-content/plugins/booked/assets/js/tooltipster/css/tooltipster.css?ver=3.3.0 HTTP/1.1" 200 2174 "https://jomarlogistica.com.br/2022/06/23/are-cherry-bomb-mufflers-legal-legal-information-and-regulations/" "Mozilla/5.0 (Linux; Android 6.0.1; Nexus 5X Build/MMB29P) AppleWebKit/537.36 (KHTML, like Gecko) Chrome/139.0.7258.127 Mobile Safari/537.36 (compatible; Googlebot/2.1; +http://www.google.com/bot.html)"
jomarlogistica.com.br:80 66.249.66.169 - - [12/Sep/2025:03:18:50 -0300] "GET /?a7b529c=7168835 HTTP/1.1" 200 287 "https://jomarlogistica.com.br/2022/06/23/are-cherry-bomb-mufflers-legal-legal-information-and-regulations/" "Mozilla/5.0 (Linux; Android 6.0.1; Nexus 5X Build/MMB29P) AppleWebKit/537.36 (KHTML, like Gecko) Chrome/139.0.7258.127 Mobile Safari/537.36 (compatible; Googlebot/2.1; +http://www.google.com/bot.html)"
jomarlogistica.com.br:80 127.0.0.1 - - [12/Sep/2025:03:19:04 -0300] "OPTIONS * HTTP/1.0" 200 110 "-" "Apache/2.4.65 (Ubuntu) (internal dummy connection)"
jomarlogistica.com.br:80 66.249.66.37 - - [12/Sep/2025:03:19:41 -0300] "GET /2022/06/ HTTP/1.1" 200 13475 "-" "Mozilla/5.0 (Linux; Android 6.0.1; Nexus 5X Build/MMB29P) AppleWebKit/537.36 (KHTML, like Gecko) Chrome/140.0.7339.127 Mobile Safari/537.36 (compatible; Googlebot/2.1; +http://www.google.com/bot.html)"
jomarlogistica.com.br:80 66.249.66.193 - - [12/Sep/2025:03:21:15 -0300] "GET /wp-content/themes/consultio/assets/css/magnific-popup.css?ver=1.0.0 HTTP/1.1" 200 2198 "https://jomarlogistica.com.br/2022/06/" "Mozilla/5.0 (Linux; Android 6.0.1; Nexus 5X Build/MMB29P) AppleWebKit/537.36 (KHTML, like Gecko) Chrome/139.0.7258.127 Mobile Safari/537.36 (compatible; Googlebot/2.1; +http://www.google.com/bot.html)"
jomarlogistica.com.br:80 172.20.1.117 - - [12/Sep/2025:03:25:50 -0300] "POST /wp-cron.php?doing_wp_cron=1757658350.9067809581756591796875 HTTP/1.1" 200 389 "https://jomarlogistica.com.br/wp-cron.php?doing_wp_cron=1757658350.9067809581756591796875" "WordPress/5.8.10; https://jomarlogistica.com.br"
jomarlogistica.com.br:80 185.191.171.19 - - [12/Sep/2025:03:25:50 -0300] "GET /2022/12/20/exactly-what-are-mail-purchase-brides/ HTTP/1.1" 200 17999 "-" "Mozilla/5.0 (compatible; SemrushBot/7~bl; +http://www.semrush.com/bot.html)"
jomarlogistica.com.br:80 127.0.0.1 - - [12/Sep/2025:03:25:56 -0300] "OPTIONS * HTTP/1.0" 200 110 "-" "Apache/2.4.65 (Ubuntu) (internal dummy connection)"
jomarlogistica.com.br:80 172.20.1.117 - - [12/Sep/2025:03:29:20 -0300] "POST /wp-cron.php?doing_wp_cron=1757658560.3178369998931884765625 HTTP/1.1" 200 389 "https://jomarlogistica.com.br/wp-cron.php?doing_wp_cron=1757658560.3178369998931884765625" "WordPress/5.8.10; https://jomarlogistica.com.br"
jomarlogistica.com.br:80 216.244.66.226 - - [12/Sep/2025:03:29:19 -0300] "GET /robots.txt HTTP/1.1" 200 565 "-" "Mozilla/5.0 (compatible; DotBot/1.2; +https://opensiteexplorer.org/dotbot; help@moz.com)"
jomarlogistica.com.br:80 127.0.0.1 - - [12/Sep/2025:03:29:25 -0300] "OPTIONS * HTTP/1.0" 200 110 "-" "Apache/2.4.65 (Ubuntu) (internal dummy connection)"
jomarlogistica.com.br:80 114.119.134.192 - - [12/Sep/2025:03:29:43 -0300] "GET /2023/page/21/ HTTP/1.1" 200 18748 "https://jomarlogistica.com.br/2023/page/21/" "Mozilla/5.0 (Linux; Android 7.0;) AppleWebKit/537.36 (KHTML, like Gecko) Mobile Safari/537.36 (compatible; PetalBot;+https://webmaster.petalsearch.com/site/petalbot)"
jomarlogistica.com.br:80 114.119.138.207 - - [12/Sep/2025:03:31:10 -0300] "GET /2023/05/13/vdr-software-for-people-who-do-buiness/ HTTP/1.1" 200 17326 "https://jomarlogistica.com.br/2023/05/page/6/" "Mozilla/5.0 (Linux; Android 7.0;) AppleWebKit/537.36 (KHTML, like Gecko) Mobile Safari/537.36 (compatible; PetalBot;+https://webmaster.petalsearch.com/site/petalbot)"
jomarlogistica.com.br:80 172.20.1.117 - - [12/Sep/2025:03:32:16 -0300] "POST /wp-cron.php?doing_wp_cron=1757658736.2104439735412597656250 HTTP/1.1" 200 389 "https://jomarlogistica.com.br/wp-cron.php?doing_wp_cron=1757658736.2104439735412597656250" "WordPress/5.8.10; https://jomarlogistica.com.br"
jomarlogistica.com.br:80 57.141.0.37 - - [12/Sep/2025:03:32:15 -0300] "GET /2023/04/12/asian-american-friends-and-family-expectations/ HTTP/1.1" 200 80061 "-" "meta-externalagent/1.1 (+https://developers.facebook.com/docs/sharing/webmasters/crawler)"
jomarlogistica.com.br:80 127.0.0.1 - - [12/Sep/2025:03:32:21 -0300] "OPTIONS * HTTP/1.0" 200 110 "-" "Apache/2.4.65 (Ubuntu) (internal dummy connection)"
jomarlogistica.com.br:80 114.119.158.0 - - [12/Sep/2025:03:32:30 -0300] "GET /2023/04/29/the-best-female-contest-to-get-married-to/ HTTP/1.1" 200 17519 "https://jomarlogistica.com.br/2023/04/" "Mozilla/5.0 (Linux; Android 7.0;) AppleWebKit/537.36 (KHTML, like Gecko) Mobile Safari/537.36 (compatible; PetalBot;+https://webmaster.petalsearch.com/site/petalbot)"
jomarlogistica.com.br:80 114.119.128.158 - - [12/Sep/2025:03:33:55 -0300] "GET /2023/05/24/betcris-opinie-zaklady-bukmacherskie-typy-bonus-szyfr-promocyjny-dzieki-start/ HTTP/1.1" 200 18448 "https://jomarlogistica.com.br/2023/05/25/the-way-to-date-a-ukrainian-lady-high-secrets-and-techniques-of-ukraine-girls-courting/" "Mozilla/5.0 (Linux; Android 7.0;) AppleWebKit/537.36 (KHTML, like Gecko) Mobile Safari/537.36 (compatible; PetalBot;+https://webmaster.petalsearch.com/site/petalbot)"
jomarlogistica.com.br:80 185.191.171.13 - - [12/Sep/2025:03:34:36 -0300] "GET /robots.txt HTTP/1.1" 200 584 "-" "Mozilla/5.0 (compatible; SemrushBot/7~bl; +http://www.semrush.com/bot.html)"
jomarlogistica.com.br:80 85.208.96.199 - - [12/Sep/2025:03:34:37 -0300] "GET /2023/05/24/betcris-opinie-zaklady-bukmacherskie-typy-bonus-szyfr-promocyjny-dzieki-start/ HTTP/1.1" 200 18448 "-" "Mozilla/5.0 (compatible; SemrushBot/7~bl; +http://www.semrush.com/bot.html)"
jomarlogistica.com.br:80 114.119.158.0 - - [12/Sep/2025:03:35:16 -0300] "GET /2023/01/14/get-a-bride-via-the-internet/ HTTP/1.1" 200 17284 "https://jomarlogistica.com.br/2023/01/13/advice-for-more-youthful-women-seeking-older-men/" "Mozilla/5.0 (Linux; Android 7.0;) AppleWebKit/537.36 (KHTML, like Gecko) Mobile Safari/537.36 (compatible; PetalBot;+https://webmaster.petalsearch.com/site/petalbot)"
jomarlogistica.com.br:80 185.191.171.7 - - [12/Sep/2025:03:36:30 -0300] "GET /2023/04/17/seeing-a-guy-right-from-another-nation/ HTTP/1.1" 200 17236 "-" "Mozilla/5.0 (compatible; SemrushBot/7~bl; +http://www.semrush.com/bot.html)"
jomarlogistica.com.br:80 114.119.135.84 - - [12/Sep/2025:03:36:40 -0300] "GET /2022/07/ HTTP/1.1" 200 12061 "https://jomarlogistica.com.br/2022/05/page/2/" "Mozilla/5.0 (Linux; Android 7.0;) AppleWebKit/537.36 (KHTML, like Gecko) Mobile Safari/537.36 (compatible; PetalBot;+https://webmaster.petalsearch.com/site/petalbot)"
jomarlogistica.com.br:80 172.20.1.117 - - [12/Sep/2025:03:37:30 -0300] "POST /wp-cron.php?doing_wp_cron=1757659050.1689310073852539062500 HTTP/1.1" 200 389 "https://jomarlogistica.com.br/wp-cron.php?doing_wp_cron=1757659050.1689310073852539062500" "WordPress/5.8.10; https://jomarlogistica.com.br"
jomarlogistica.com.br:80 216.73.216.134 - - [12/Sep/2025:03:37:29 -0300] "GET /robots.txt HTTP/1.1" 200 584 "-" "Mozilla/5.0 AppleWebKit/537.36 (KHTML, like Gecko; compatible; ClaudeBot/1.0; +claudebot@anthropic.com)"
jomarlogistica.com.br:80 216.73.216.134 - - [12/Sep/2025:03:37:30 -0300] "GET /wp-sitemap.xml HTTP/1.1" 200 585 "-" "Mozilla/5.0 AppleWebKit/537.36 (KHTML, like Gecko; compatible; ClaudeBot/1.0; +claudebot@anthropic.com)"
jomarlogistica.com.br:80 127.0.0.1 - - [12/Sep/2025:03:37:35 -0300] "OPTIONS * HTTP/1.0" 200 110 "-" "Apache/2.4.65 (Ubuntu) (internal dummy connection)"
jomarlogistica.com.br:80 103.77.240.59 - - [12/Sep/2025:03:37:38 -0300] "GET /wp-login.php HTTP/1.1" 200 2994 "-" "GRequests/0.10"
jomarlogistica.com.br:80 103.77.240.59 - - [12/Sep/2025:03:37:40 -0300] "POST /wp-login.php HTTP/1.1" 403 2493 "-" "GRequests/0.10"
jomarlogistica.com.br:80 103.77.240.59 - - [12/Sep/2025:03:37:40 -0300] "GET /wp-admin/ HTTP/1.1" 302 463 "-" "GRequests/0.10"
jomarlogistica.com.br:80 103.77.240.59 - - [12/Sep/2025:03:37:41 -0300] "GET /wp-login.php?redirect_to=https%3A%2F%2Fjomarlogistica.com.br%2Fwp-admin%2F&reauth=1 HTTP/1.1" 200 4995 "https://jomarlogistica.com.br/wp-admin/" "GRequests/0.10"
jomarlogistica.com.br:80 4.233.19.146 - - [12/Sep/2025:03:37:47 -0300] "GET /wp-login.php HTTP/1.1" 200 2994 "-" "GRequests/0.10"
jomarlogistica.com.br:80 4.233.19.146 - - [12/Sep/2025:03:37:48 -0300] "POST /wp-login.php HTTP/1.1" 403 2493 "-" "GRequests/0.10"
jomarlogistica.com.br:80 4.233.19.146 - - [12/Sep/2025:03:37:48 -0300] "GET /wp-admin/ HTTP/1.1" 302 463 "-" "GRequests/0.10"
jomarlogistica.com.br:80 4.233.19.146 - - [12/Sep/2025:03:37:49 -0300] "GET /wp-login.php?redirect_to=https%3A%2F%2Fjomarlogistica.com.br%2Fwp-admin%2F&reauth=1 HTTP/1.1" 200 4995 "https://jomarlogistica.com.br/wp-admin/" "GRequests/0.10"
jomarlogistica.com.br:80 177.116.188.98 - - [12/Sep/2025:03:38:01 -0300] "POST /autodiscover/autodiscover.xml HTTP/1.1" 404 448 "-" "AppleExchangeWebServices/833 accountsd/113"
jomarlogistica.com.br:80 177.116.188.98 - - [12/Sep/2025:03:38:02 -0300] "POST /autodiscover/autodiscover.xml HTTP/1.1" 404 448 "-" "AppleExchangeWebServices/833 accountsd/113"
jomarlogistica.com.br:80 114.119.134.192 - - [12/Sep/2025:03:38:02 -0300] "GET /2022/12/20/realizing-love-how-to-manifest-love/ HTTP/1.1" 200 17504 "https://jomarlogistica.com.br/category/jomar/page/44/" "Mozilla/5.0 (Linux; Android 7.0;) AppleWebKit/537.36 (KHTML, like Gecko) Mobile Safari/537.36 (compatible; PetalBot;+https://webmaster.petalsearch.com/site/petalbot)"
jomarlogistica.com.br:80 127.0.0.1 - - [12/Sep/2025:03:38:08 -0300] "OPTIONS * HTTP/1.0" 200 110 "-" "Apache/2.4.65 (Ubuntu) (internal dummy connection)"
jomarlogistica.com.br:80 114.119.138.207 - - [12/Sep/2025:03:39:26 -0300] "GET /2023/10/15/a-few-board-reaching-tips/ HTTP/1.1" 200 17315 "https://jomarlogistica.com.br/2023/page/2/" "Mozilla/5.0 (Linux; Android 7.0;) AppleWebKit/537.36 (KHTML, like Gecko) Mobile Safari/537.36 (compatible; PetalBot;+https://webmaster.petalsearch.com/site/petalbot)"
jomarlogistica.com.br:80 216.244.66.226 - - [12/Sep/2025:03:40:25 -0300] "GET /2022/11/17/are-you-able-to-get-married-prolonged-distance/feed/ HTTP/1.1" 200 1580 "-" "Mozilla/5.0 (compatible; DotBot/1.2; +https://opensiteexplorer.org/dotbot; help@moz.com)"
jomarlogistica.com.br:80 114.119.134.192 - - [12/Sep/2025:03:40:49 -0300] "GET /2022/08/ HTTP/1.1" 200 16896 "https://jomarlogistica.com.br/2022/05/page/2/" "Mozilla/5.0 (Linux; Android 7.0;) AppleWebKit/537.36 (KHTML, like Gecko) Mobile Safari/537.36 (compatible; PetalBot;+https://webmaster.petalsearch.com/site/petalbot)"
jomarlogistica.com.br:80 172.20.1.117 - - [12/Sep/2025:03:42:13 -0300] "POST /wp-cron.php?doing_wp_cron=1757659333.4068329334259033203125 HTTP/1.1" 200 389 "https://jomarlogistica.com.br/wp-cron.php?doing_wp_cron=1757659333.4068329334259033203125" "WordPress/5.8.10; https://jomarlogistica.com.br"
jomarlogistica.com.br:80 114.119.158.0 - - [12/Sep/2025:03:42:13 -0300] "GET /2023/05/01/positives-and-negatives-of-dating-outside-your-culture/ HTTP/1.1" 200 17821 "https://jomarlogistica.com.br/author/jomar/page/29/" "Mozilla/5.0 (Linux; Android 7.0;) AppleWebKit/537.36 (KHTML, like Gecko) Mobile Safari/537.36 (compatible; PetalBot;+https://webmaster.petalsearch.com/site/petalbot)"
jomarlogistica.com.br:80 127.0.0.1 - - [12/Sep/2025:03:42:19 -0300] "OPTIONS * HTTP/1.0" 200 110 "-" "Apache/2.4.65 (Ubuntu) (internal dummy connection)"
jomarlogistica.com.br:80 216.244.66.226 - - [12/Sep/2025:03:43:11 -0300] "GET /2023/04/25/tips-on-how-to-find-a-mailbox-order-new-bride-in-2023-get-yourself-a-significant-other-online/feed/ HTTP/1.1" 200 1721 "-" "Mozilla/5.0 (compatible; DotBot/1.2; +https://opensiteexplorer.org/dotbot; help@moz.com)"
jomarlogistica.com.br:80 57.141.0.36 - - [12/Sep/2025:03:44:20 -0300] "GET /2024/02/29/law-order-organized-crime-s3e3-cast-meet-the-characters/ HTTP/1.1" 200 33976 "-" "meta-externalagent/1.1 (+https://developers.facebook.com/docs/sharing/webmasters/crawler)"
jomarlogistica.com.br:80 172.20.1.117 - - [12/Sep/2025:03:50:55 -0300] "POST /wp-cron.php?doing_wp_cron=1757659855.4546470642089843750000 HTTP/1.1" 200 389 "https://jomarlogistica.com.br/wp-cron.php?doing_wp_cron=1757659855.4546470642089843750000" "WordPress/5.8.10; https://jomarlogistica.com.br"
jomarlogistica.com.br:80 57.141.0.31 - - [12/Sep/2025:03:50:55 -0300] "GET /2023/03/21/broken-contract-film-legal-implications-contract-disputes-explained/ HTTP/1.1" 200 60953 "-" "meta-externalagent/1.1 (+https://developers.facebook.com/docs/sharing/webmasters/crawler)"
jomarlogistica.com.br:80 127.0.0.1 - - [12/Sep/2025:03:51:00 -0300] "OPTIONS * HTTP/1.0" 200 110 "-" "Apache/2.4.65 (Ubuntu) (internal dummy connection)"
jomarlogistica.com.br:80 172.20.1.117 - - [12/Sep/2025:03:55:03 -0300] "POST /wp-cron.php?doing_wp_cron=1757660103.2935869693756103515625 HTTP/1.1" 200 389 "https://jomarlogistica.com.br/wp-cron.php?doing_wp_cron=1757660103.2935869693756103515625" "WordPress/5.8.10; https://jomarlogistica.com.br"
jomarlogistica.com.br:80 216.73.216.134 - - [12/Sep/2025:03:55:02 -0300] "GET /category/jomar/page/38 HTTP/1.1" 301 472 "-" "Mozilla/5.0 AppleWebKit/537.36 (KHTML, like Gecko; compatible; ClaudeBot/1.0; +claudebot@anthropic.com)"
jomarlogistica.com.br:80 216.73.216.134 - - [12/Sep/2025:03:55:03 -0300] "GET /category/jomar/page/38/ HTTP/1.1" 200 18701 "https://jomarlogistica.com.br/category/jomar/page/38" "Mozilla/5.0 AppleWebKit/537.36 (KHTML, like Gecko; compatible; ClaudeBot/1.0; +claudebot@anthropic.com)"
jomarlogistica.com.br:80 127.0.0.1 - - [12/Sep/2025:03:55:09 -0300] "OPTIONS * HTTP/1.0" 200 110 "-" "Apache/2.4.65 (Ubuntu) (internal dummy connection)"
jomarlogistica.com.br:80 172.20.1.117 - - [12/Sep/2025:03:58:14 -0300] "POST /wp-cron.php?doing_wp_cron=1757660294.0471909046173095703125 HTTP/1.1" 200 389 "https://jomarlogistica.com.br/wp-cron.php?doing_wp_cron=1757660294.0471909046173095703125" "WordPress/5.8.10; https://jomarlogistica.com.br"
jomarlogistica.com.br:80 66.249.66.68 - - [12/Sep/2025:03:58:13 -0300] "GET /home.html HTTP/1.1" 404 448 "-" "Mozilla/5.0 (Linux; Android 6.0.1; Nexus 5X Build/MMB29P) AppleWebKit/537.36 (KHTML, like Gecko) Chrome/140.0.7339.127 Mobile Safari/537.36 (compatible; Googlebot/2.1; +http://www.google.com/bot.html)"
jomarlogistica.com.br:80 127.0.0.1 - - [12/Sep/2025:03:58:19 -0300] "OPTIONS * HTTP/1.0" 200 110 "-" "Apache/2.4.65 (Ubuntu) (internal dummy connection)"
jomarlogistica.com.br:80 216.73.216.134 - - [12/Sep/2025:04:00:09 -0300] "GET /?p=53048 HTTP/1.1" 301 578 "-" "Mozilla/5.0 AppleWebKit/537.36 (KHTML, like Gecko; compatible; ClaudeBot/1.0; +claudebot@anthropic.com)"
jomarlogistica.com.br:80 216.73.216.134 - - [12/Sep/2025:04:00:10 -0300] "GET /2022/03/20/north-america-free-trade-agreement-everything-you-need-to-know/ HTTP/1.1" 200 13366 "https://jomarlogistica.com.br/?p=53048" "Mozilla/5.0 AppleWebKit/537.36 (KHTML, like Gecko; compatible; ClaudeBot/1.0; +claudebot@anthropic.com)"
jomarlogistica.com.br:80 216.73.216.134 - - [12/Sep/2025:04:02:06 -0300] "GET /2022/03/18/are-bearded-dragons-legal-in-new-york-laws-regulations-explained HTTP/1.1" 301 580 "-" "Mozilla/5.0 AppleWebKit/537.36 (KHTML, like Gecko; compatible; ClaudeBot/1.0; +claudebot@anthropic.com)"
jomarlogistica.com.br:80 216.73.216.134 - - [12/Sep/2025:04:02:07 -0300] "GET /2022/03/18/are-bearded-dragons-legal-in-new-york-laws-regulations-explained/ HTTP/1.1" 200 13863 "https://jomarlogistica.com.br/2022/03/18/are-bearded-dragons-legal-in-new-york-laws-regulations-explained" "Mozilla/5.0 AppleWebKit/537.36 (KHTML, like Gecko; compatible; ClaudeBot/1.0; +claudebot@anthropic.com)"
jomarlogistica.com.br:80 172.20.1.117 - - [12/Sep/2025:04:02:21 -0300] "POST /wp-cron.php?doing_wp_cron=1757660541.9503118991851806640625 HTTP/1.1" 200 389 "https://jomarlogistica.com.br/wp-cron.php?doing_wp_cron=1757660541.9503118991851806640625" "WordPress/5.8.10; https://jomarlogistica.com.br"
jomarlogistica.com.br:80 216.73.216.134 - - [12/Sep/2025:04:02:21 -0300] "GET /2022/03/20/north-america-free-trade-agreement-everything-you-need-to-know/feed HTTP/1.1" 301 584 "-" "Mozilla/5.0 AppleWebKit/537.36 (KHTML, like Gecko; compatible; ClaudeBot/1.0; +claudebot@anthropic.com)"
jomarlogistica.com.br:80 216.73.216.134 - - [12/Sep/2025:04:02:22 -0300] "GET /2022/03/20/north-america-free-trade-agreement-everything-you-need-to-know/feed/ HTTP/1.1" 200 944 "https://jomarlogistica.com.br/2022/03/20/north-america-free-trade-agreement-everything-you-need-to-know/feed" "Mozilla/5.0 AppleWebKit/537.36 (KHTML, like Gecko; compatible; ClaudeBot/1.0; +claudebot@anthropic.com)"
jomarlogistica.com.br:80 127.0.0.1 - - [12/Sep/2025:04:02:27 -0300] "OPTIONS * HTTP/1.0" 200 110 "-" "Apache/2.4.65 (Ubuntu) (internal dummy connection)"
jomarlogistica.com.br:80 172.20.1.117 - - [12/Sep/2025:04:06:27 -0300] "POST /wp-cron.php?doing_wp_cron=1757660787.6489670276641845703125 HTTP/1.1" 200 389 "https://jomarlogistica.com.br/wp-cron.php?doing_wp_cron=1757660787.6489670276641845703125" "WordPress/5.8.10; https://jomarlogistica.com.br"
jomarlogistica.com.br:80 57.141.0.26 - - [12/Sep/2025:04:06:27 -0300] "GET /2022/04/30/a-cooperative-a-popular-form-of-business-ownership/ HTTP/1.1" 200 61855 "-" "meta-externalagent/1.1 (+https://developers.facebook.com/docs/sharing/webmasters/crawler)"
jomarlogistica.com.br:80 127.0.0.1 - - [12/Sep/2025:04:06:32 -0300] "OPTIONS * HTTP/1.0" 200 110 "-" "Apache/2.4.65 (Ubuntu) (internal dummy connection)"
jomarlogistica.com.br:80 216.73.216.134 - - [12/Sep/2025:04:06:59 -0300] "GET /2023/05/30/impair-services-the-advantages-of-virtualization HTTP/1.1" 301 509 "-" "Mozilla/5.0 AppleWebKit/537.36 (KHTML, like Gecko; compatible; ClaudeBot/1.0; +claudebot@anthropic.com)"
jomarlogistica.com.br:80 216.73.216.134 - - [12/Sep/2025:04:07:00 -0300] "GET /2023/05/30/impair-services-the-advantages-of-virtualization/ HTTP/1.1" 200 17326 "https://jomarlogistica.com.br/2023/05/30/impair-services-the-advantages-of-virtualization" "Mozilla/5.0 AppleWebKit/537.36 (KHTML, like Gecko; compatible; ClaudeBot/1.0; +claudebot@anthropic.com)"
jomarlogistica.com.br:80 172.20.1.117 - - [12/Sep/2025:04:07:17 -0300] "POST /wp-cron.php?doing_wp_cron=1757660837.6743960380554199218750 HTTP/1.1" 200 389 "https://jomarlogistica.com.br/wp-cron.php?doing_wp_cron=1757660837.6743960380554199218750" "WordPress/5.8.10; https://jomarlogistica.com.br"
jomarlogistica.com.br:80 186.202.163.107 - - [12/Sep/2025:04:07:17 -0300] "GET / HTTP/1.1" 200 23930 "-" "Mozilla/5.0 (Windows NT 10.0; Win64; x64) AppleWebKit/537.36 (KHTML, like Gecko) Chrome/90.0 Safari/537.36"
jomarlogistica.com.br:80 127.0.0.1 - - [12/Sep/2025:04:07:22 -0300] "OPTIONS * HTTP/1.0" 200 110 "-" "Apache/2.4.65 (Ubuntu) (internal dummy connection)"
jomarlogistica.com.br:80 216.73.216.134 - - [12/Sep/2025:04:08:54 -0300] "GET /2023/05/30/how-you-can-calculate-intrinsic-value HTTP/1.1" 301 498 "-" "Mozilla/5.0 AppleWebKit/537.36 (KHTML, like Gecko; compatible; ClaudeBot/1.0; +claudebot@anthropic.com)"
jomarlogistica.com.br:80 216.73.216.134 - - [12/Sep/2025:04:08:55 -0300] "GET /2023/05/30/how-you-can-calculate-intrinsic-value/ HTTP/1.1" 200 17260 "https://jomarlogistica.com.br/2023/05/30/how-you-can-calculate-intrinsic-value" "Mozilla/5.0 AppleWebKit/537.36 (KHTML, like Gecko; compatible; ClaudeBot/1.0; +claudebot@anthropic.com)"
jomarlogistica.com.br:80 114.119.158.0 - - [12/Sep/2025:04:09:07 -0300] "GET /2023/page/36/ HTTP/1.1" 200 18794 "https://jomarlogistica.com.br/2023/page/35/" "Mozilla/5.0 (Linux; Android 7.0;) AppleWebKit/537.36 (KHTML, like Gecko) Mobile Safari/537.36 (compatible; PetalBot;+https://webmaster.petalsearch.com/site/petalbot)"
