jomarlogistica.com.br:80 27.147.200.14 - - [20/Sep/2025:09:43:57 -0300] "GET /wp-content/themes/consultio/assets/css/flaticon-v4.css?ver=2.8.0 HTTP/1.1" 200 795 "https://jomarlogistica.com.br/" "Mozilla/5.0 (Windows NT 10.0; Win64; x64) AppleWebKit/537.36 (KHTML, like Gecko) Chrome/140.0.0.0 Safari/537.36"
jomarlogistica.com.br:80 27.147.200.14 - - [20/Sep/2025:09:43:57 -0300] "GET /wp-content/themes/consultio/assets/css/flaticon-v5.css?ver=2.8.0 HTTP/1.1" 200 1337 "https://jomarlogistica.com.br/" "Mozilla/5.0 (Windows NT 10.0; Win64; x64) AppleWebKit/537.36 (KHTML, like Gecko) Chrome/140.0.0.0 Safari/537.36"
jomarlogistica.com.br:80 27.147.200.14 - - [20/Sep/2025:09:43:57 -0300] "GET /wp-content/themes/consultio/assets/css/flaticon-v6.css?ver=2.8.0 HTTP/1.1" 200 998 "https://jomarlogistica.com.br/" "Mozilla/5.0 (Windows NT 10.0; Win64; x64) AppleWebKit/537.36 (KHTML, like Gecko) Chrome/140.0.0.0 Safari/537.36"
jomarlogistica.com.br:80 27.147.200.14 - - [20/Sep/2025:09:43:57 -0300] "GET /wp-content/themes/consultio/assets/css/flaticon-v7.css?ver=2.8.0 HTTP/1.1" 200 990 "https://jomarlogistica.com.br/" "Mozilla/5.0 (Windows NT 10.0; Win64; x64) AppleWebKit/537.36 (KHTML, like Gecko) Chrome/140.0.0.0 Safari/537.36"
jomarlogistica.com.br:80 27.147.200.14 - - [20/Sep/2025:09:43:57 -0300] "GET /wp-content/themes/consultio/assets/css/material-design-iconic-font.min.css?ver=2.2.0 HTTP/1.1" 200 8981 "https://jomarlogistica.com.br/" "Mozilla/5.0 (Windows NT 10.0; Win64; x64) AppleWebKit/537.36 (KHTML, like Gecko) Chrome/140.0.0.0 Safari/537.36"
jomarlogistica.com.br:80 27.147.200.14 - - [20/Sep/2025:09:43:57 -0300] "GET /wp-content/themes/consultio/assets/css/magnific-popup.css?ver=1.0.0 HTTP/1.1" 200 2198 "https://jomarlogistica.com.br/" "Mozilla/5.0 (Windows NT 10.0; Win64; x64) AppleWebKit/537.36 (KHTML, like Gecko) Chrome/140.0.0.0 Safari/537.36"
jomarlogistica.com.br:80 27.147.200.14 - - [20/Sep/2025:09:43:57 -0300] "GET /wp-content/themes/consultio/assets/css/animate.css?ver=1.0.0 HTTP/1.1" 200 5563 "https://jomarlogistica.com.br/" "Mozilla/5.0 (Windows NT 10.0; Win64; x64) AppleWebKit/537.36 (KHTML, like Gecko) Chrome/140.0.0.0 Safari/537.36"
jomarlogistica.com.br:80 27.147.200.14 - - [20/Sep/2025:09:43:57 -0300] "GET /wp-content/themes/consultio/assets/css/theme.css?ver=2.8.0 HTTP/1.1" 200 195072 "https://jomarlogistica.com.br/" "Mozilla/5.0 (Windows NT 10.0; Win64; x64) AppleWebKit/537.36 (KHTML, like Gecko) Chrome/140.0.0.0 Safari/537.36"
jomarlogistica.com.br:80 27.147.200.14 - - [20/Sep/2025:09:43:58 -0300] "GET /wp-content/themes/consultio/style.css?ver=5.8.10 HTTP/1.1" 200 866 "https://jomarlogistica.com.br/" "Mozilla/5.0 (Windows NT 10.0; Win64; x64) AppleWebKit/537.36 (KHTML, like Gecko) Chrome/140.0.0.0 Safari/537.36"
jomarlogistica.com.br:80 27.147.200.14 - - [20/Sep/2025:09:43:58 -0300] "GET /wp-content/plugins/meks-simple-flickr-widget/css/style.css?ver=1.2 HTTP/1.1" 200 577 "https://jomarlogistica.com.br/" "Mozilla/5.0 (Windows NT 10.0; Win64; x64) AppleWebKit/537.36 (KHTML, like Gecko) Chrome/140.0.0.0 Safari/537.36"
jomarlogistica.com.br:80 27.147.200.14 - - [20/Sep/2025:09:43:58 -0300] "GET /wp-content/plugins/newsletter/style.css?ver=7.3.3 HTTP/1.1" 200 1636 "https://jomarlogistica.com.br/" "Mozilla/5.0 (Windows NT 10.0; Win64; x64) AppleWebKit/537.36 (KHTML, like Gecko) Chrome/140.0.0.0 Safari/537.36"
jomarlogistica.com.br:80 27.147.200.14 - - [20/Sep/2025:09:43:58 -0300] "GET /wp-content/plugins/elementor/assets/lib/eicons/css/elementor-icons.min.css?ver=5.13.0 HTTP/1.1" 200 4378 "https://jomarlogistica.com.br/" "Mozilla/5.0 (Windows NT 10.0; Win64; x64) AppleWebKit/537.36 (KHTML, like Gecko) Chrome/140.0.0.0 Safari/537.36"
jomarlogistica.com.br:80 27.147.200.14 - - [20/Sep/2025:09:43:58 -0300] "GET /wp-content/plugins/elementor/assets/css/frontend.min.css?ver=3.4.8 HTTP/1.1" 200 19721 "https://jomarlogistica.com.br/" "Mozilla/5.0 (Windows NT 10.0; Win64; x64) AppleWebKit/537.36 (KHTML, like Gecko) Chrome/140.0.0.0 Safari/537.36"
jomarlogistica.com.br:80 27.147.200.14 - - [20/Sep/2025:09:43:58 -0300] "GET /wp-content/uploads/elementor/css/post-5765.css?ver=1638451937 HTTP/1.1" 200 707 "https://jomarlogistica.com.br/" "Mozilla/5.0 (Windows NT 10.0; Win64; x64) AppleWebKit/537.36 (KHTML, like Gecko) Chrome/140.0.0.0 Safari/537.36"
jomarlogistica.com.br:80 27.147.200.14 - - [20/Sep/2025:09:43:58 -0300] "GET /wp-content/uploads/elementor/css/global.css?ver=1638452033 HTTP/1.1" 200 1265 "https://jomarlogistica.com.br/" "Mozilla/5.0 (Windows NT 10.0; Win64; x64) AppleWebKit/537.36 (KHTML, like Gecko) Chrome/140.0.0.0 Safari/537.36"
jomarlogistica.com.br:80 27.147.200.14 - - [20/Sep/2025:09:43:58 -0300] "GET /wp-content/uploads/elementor/css/post-5147.css?ver=1692608776 HTTP/1.1" 200 2059 "https://jomarlogistica.com.br/" "Mozilla/5.0 (Windows NT 10.0; Win64; x64) AppleWebKit/537.36 (KHTML, like Gecko) Chrome/140.0.0.0 Safari/537.36"
jomarlogistica.com.br:80 27.147.200.14 - - [20/Sep/2025:09:43:58 -0300] "GET /wp-content/plugins/elementor/assets/lib/font-awesome/css/fontawesome.min.css?ver=5.15.3 HTTP/1.1" 200 13797 "https://jomarlogistica.com.br/" "Mozilla/5.0 (Windows NT 10.0; Win64; x64) AppleWebKit/537.36 (KHTML, like Gecko) Chrome/140.0.0.0 Safari/537.36"
jomarlogistica.com.br:80 27.147.200.14 - - [20/Sep/2025:09:43:58 -0300] "GET /wp-content/plugins/elementor/assets/lib/font-awesome/css/solid.min.css?ver=5.15.3 HTTP/1.1" 200 680 "https://jomarlogistica.com.br/" "Mozilla/5.0 (Windows NT 10.0; Win64; x64) AppleWebKit/537.36 (KHTML, like Gecko) Chrome/140.0.0.0 Safari/537.36"
jomarlogistica.com.br:80 27.147.200.14 - - [20/Sep/2025:09:43:58 -0300] "GET /wp-includes/js/jquery/jquery.min.js?ver=3.6.0 HTTP/1.1" 200 32444 "https://jomarlogistica.com.br/" "Mozilla/5.0 (Windows NT 10.0; Win64; x64) AppleWebKit/537.36 (KHTML, like Gecko) Chrome/140.0.0.0 Safari/537.36"
jomarlogistica.com.br:80 27.147.200.14 - - [20/Sep/2025:09:43:58 -0300] "GET /wp-includes/js/jquery/jquery-migrate.min.js?ver=3.3.2 HTTP/1.1" 200 4613 "https://jomarlogistica.com.br/" "Mozilla/5.0 (Windows NT 10.0; Win64; x64) AppleWebKit/537.36 (KHTML, like Gecko) Chrome/140.0.0.0 Safari/537.36"
jomarlogistica.com.br:80 27.147.200.14 - - [20/Sep/2025:09:43:58 -0300] "GET /wp-content/plugins/case-theme-core/assets/js/main.js?ver=1.0.0 HTTP/1.1" 200 570 "https://jomarlogistica.com.br/" "Mozilla/5.0 (Windows NT 10.0; Win64; x64) AppleWebKit/537.36 (KHTML, like Gecko) Chrome/140.0.0.0 Safari/537.36"
jomarlogistica.com.br:80 27.147.200.14 - - [20/Sep/2025:09:43:58 -0300] "GET /wp-content/themes/consultio/elementor/js/ct-inline-css.js?ver=2.8.0 HTTP/1.1" 200 864 "https://jomarlogistica.com.br/" "Mozilla/5.0 (Windows NT 10.0; Win64; x64) AppleWebKit/537.36 (KHTML, like Gecko) Chrome/140.0.0.0 Safari/537.36"
jomarlogistica.com.br:80 27.147.200.14 - - [20/Sep/2025:09:43:58 -0300] "GET /wp-content/uploads/elementor/css/post-20.css?ver=1692608754 HTTP/1.1" 200 1249 "https://jomarlogistica.com.br/" "Mozilla/5.0 (Windows NT 10.0; Win64; x64) AppleWebKit/537.36 (KHTML, like Gecko) Chrome/140.0.0.0 Safari/537.36"
jomarlogistica.com.br:80 27.147.200.14 - - [20/Sep/2025:09:43:59 -0300] "GET /wp-content/plugins/elementor/assets/lib/animations/animations.min.css?ver=3.4.8 HTTP/1.1" 200 3089 "https://jomarlogistica.com.br/" "Mozilla/5.0 (Windows NT 10.0; Win64; x64) AppleWebKit/537.36 (KHTML, like Gecko) Chrome/140.0.0.0 Safari/537.36"
jomarlogistica.com.br:80 27.147.200.14 - - [20/Sep/2025:09:43:59 -0300] "GET /wp-content/plugins/elementor/assets/lib/font-awesome/css/brands.min.css?ver=5.15.3 HTTP/1.1" 200 679 "https://jomarlogistica.com.br/" "Mozilla/5.0 (Windows NT 10.0; Win64; x64) AppleWebKit/537.36 (KHTML, like Gecko) Chrome/140.0.0.0 Safari/537.36"
jomarlogistica.com.br:80 27.147.200.14 - - [20/Sep/2025:09:43:59 -0300] "GET /wp-content/plugins/revslider/public/assets/css/rs6.css?ver=6.5.11 HTTP/1.1" 200 13321 "https://jomarlogistica.com.br/" "Mozilla/5.0 (Windows NT 10.0; Win64; x64) AppleWebKit/537.36 (KHTML, like Gecko) Chrome/140.0.0.0 Safari/537.36"
jomarlogistica.com.br:80 27.147.200.14 - - [20/Sep/2025:09:43:59 -0300] "GET /wp-includes/js/jquery/ui/core.min.js?ver=1.12.1 HTTP/1.1" 200 7437 "https://jomarlogistica.com.br/" "Mozilla/5.0 (Windows NT 10.0; Win64; x64) AppleWebKit/537.36 (KHTML, like Gecko) Chrome/140.0.0.0 Safari/537.36"
jomarlogistica.com.br:80 27.147.200.14 - - [20/Sep/2025:09:44:00 -0300] "GET /wp-includes/js/jquery/ui/datepicker.min.js?ver=1.12.1 HTTP/1.1" 200 11555 "https://jomarlogistica.com.br/" "Mozilla/5.0 (Windows NT 10.0; Win64; x64) AppleWebKit/537.36 (KHTML, like Gecko) Chrome/140.0.0.0 Safari/537.36"
jomarlogistica.com.br:80 27.147.200.14 - - [20/Sep/2025:09:44:01 -0300] "GET /wp-content/plugins/booked/assets/js/spin.min.js?ver=2.0.1 HTTP/1.1" 200 2463 "https://jomarlogistica.com.br/" "Mozilla/5.0 (Windows NT 10.0; Win64; x64) AppleWebKit/537.36 (KHTML, like Gecko) Chrome/140.0.0.0 Safari/537.36"
jomarlogistica.com.br:80 27.147.200.14 - - [20/Sep/2025:09:44:01 -0300] "GET /wp-content/plugins/booked/assets/js/spin.jquery.js?ver=2.0.1 HTTP/1.1" 200 1167 "https://jomarlogistica.com.br/" "Mozilla/5.0 (Windows NT 10.0; Win64; x64) AppleWebKit/537.36 (KHTML, like Gecko) Chrome/140.0.0.0 Safari/537.36"
jomarlogistica.com.br:80 27.147.200.14 - - [20/Sep/2025:09:44:01 -0300] "GET /wp-content/plugins/booked/assets/js/tooltipster/js/jquery.tooltipster.min.js?ver=3.3.0 HTTP/1.1" 200 5373 "https://jomarlogistica.com.br/" "Mozilla/5.0 (Windows NT 10.0; Win64; x64) AppleWebKit/537.36 (KHTML, like Gecko) Chrome/140.0.0.0 Safari/537.36"
jomarlogistica.com.br:80 27.147.200.14 - - [20/Sep/2025:09:44:01 -0300] "GET /wp-content/plugins/case-theme-user/acess/js/notify.min.js?ver=1.0.0 HTTP/1.1" 200 7826 "https://jomarlogistica.com.br/" "Mozilla/5.0 (Windows NT 10.0; Win64; x64) AppleWebKit/537.36 (KHTML, like Gecko) Chrome/140.0.0.0 Safari/537.36"
jomarlogistica.com.br:80 27.147.200.14 - - [20/Sep/2025:09:44:01 -0300] "GET /wp-content/plugins/booked/assets/js/functions.js?ver=2.3.5 HTTP/1.1" 200 10029 "https://jomarlogistica.com.br/" "Mozilla/5.0 (Windows NT 10.0; Win64; x64) AppleWebKit/537.36 (KHTML, like Gecko) Chrome/140.0.0.0 Safari/537.36"
jomarlogistica.com.br:80 27.147.200.14 - - [20/Sep/2025:09:44:01 -0300] "GET /wp-content/themes/consultio/assets/js/match-height-min.js?ver=1.0.0 HTTP/1.1" 200 3557 "https://jomarlogistica.com.br/" "Mozilla/5.0 (Windows NT 10.0; Win64; x64) AppleWebKit/537.36 (KHTML, like Gecko) Chrome/140.0.0.0 Safari/537.36"
jomarlogistica.com.br:80 27.147.200.14 - - [20/Sep/2025:09:44:01 -0300] "GET /wp-content/themes/consultio/assets/js/magnific-popup.min.js?ver=1.0.0 HTTP/1.1" 200 14914 "https://jomarlogistica.com.br/" "Mozilla/5.0 (Windows NT 10.0; Win64; x64) AppleWebKit/537.36 (KHTML, like Gecko) Chrome/140.0.0.0 Safari/537.36"
jomarlogistica.com.br:80 27.147.200.14 - - [20/Sep/2025:09:44:01 -0300] "GET /wp-content/plugins/case-theme-user/acess/js/remodal.min.js?ver=1.0.0 HTTP/1.1" 200 3045 "https://jomarlogistica.com.br/" "Mozilla/5.0 (Windows NT 10.0; Win64; x64) AppleWebKit/537.36 (KHTML, like Gecko) Chrome/140.0.0.0 Safari/537.36"
jomarlogistica.com.br:80 27.147.200.14 - - [20/Sep/2025:09:44:01 -0300] "GET /wp-content/plugins/elementor/assets/lib/jquery-numerator/jquery-numerator.min.js?ver=0.2.1 HTTP/1.1" 200 1116 "https://jomarlogistica.com.br/" "Mozilla/5.0 (Windows NT 10.0; Win64; x64) AppleWebKit/537.36 (KHTML, like Gecko) Chrome/140.0.0.0 Safari/537.36"
jomarlogistica.com.br:80 27.147.200.14 - - [20/Sep/2025:09:44:01 -0300] "GET /wp-content/themes/consultio/elementor/js/ct-counter-widget.js?ver=2.8.0 HTTP/1.1" 200 845 "https://jomarlogistica.com.br/" "Mozilla/5.0 (Windows NT 10.0; Win64; x64) AppleWebKit/537.36 (KHTML, like Gecko) Chrome/140.0.0.0 Safari/537.36"
jomarlogistica.com.br:80 27.147.200.14 - - [20/Sep/2025:09:44:01 -0300] "GET /wp-content/plugins/elementor/assets/lib/dialog/dialog.min.js?ver=4.8.1 HTTP/1.1" 200 3986 "https://jomarlogistica.com.br/" "Mozilla/5.0 (Windows NT 10.0; Win64; x64) AppleWebKit/537.36 (KHTML, like Gecko) Chrome/140.0.0.0 Safari/537.36"
jomarlogistica.com.br:80 27.147.200.14 - - [20/Sep/2025:09:44:01 -0300] "GET /wp-content/plugins/elementor/assets/js/frontend.min.js?ver=3.4.8 HTTP/1.1" 200 11432 "https://jomarlogistica.com.br/" "Mozilla/5.0 (Windows NT 10.0; Win64; x64) AppleWebKit/537.36 (KHTML, like Gecko) Chrome/140.0.0.0 Safari/537.36"
jomarlogistica.com.br:80 27.147.200.14 - - [20/Sep/2025:09:44:01 -0300] "GET /wp-content/plugins/case-theme-user/acess/js/ct-user-form.js?ver=1.0.0 HTTP/1.1" 200 2307 "https://jomarlogistica.com.br/" "Mozilla/5.0 (Windows NT 10.0; Win64; x64) AppleWebKit/537.36 (KHTML, like Gecko) Chrome/140.0.0.0 Safari/537.36"
jomarlogistica.com.br:80 27.147.200.14 - - [20/Sep/2025:09:44:01 -0300] "GET /wp-content/uploads/2021/12/3.jpg HTTP/1.1" 200 4856 "https://jomarlogistica.com.br/" "Mozilla/5.0 (Windows NT 10.0; Win64; x64) AppleWebKit/537.36 (KHTML, like Gecko) Chrome/140.0.0.0 Safari/537.36"
jomarlogistica.com.br:80 27.147.200.14 - - [20/Sep/2025:09:44:01 -0300] "GET /wp-content/uploads/2021/12/4.jpg HTTP/1.1" 200 6795 "https://jomarlogistica.com.br/" "Mozilla/5.0 (Windows NT 10.0; Win64; x64) AppleWebKit/537.36 (KHTML, like Gecko) Chrome/140.0.0.0 Safari/537.36"
jomarlogistica.com.br:80 27.147.200.14 - - [20/Sep/2025:09:44:01 -0300] "GET /wp-content/themes/consultio/assets/fonts/fontawesome/fa-brands-400.woff2 HTTP/1.1" 200 75129 "https://jomarlogistica.com.br/wp-content/themes/consultio/assets/css/font-awesome5.min.css?ver=5.8.0" "Mozilla/5.0 (Windows NT 10.0; Win64; x64) AppleWebKit/537.36 (KHTML, like Gecko) Chrome/140.0.0.0 Safari/537.36"
jomarlogistica.com.br:80 27.147.200.14 - - [20/Sep/2025:09:44:01 -0300] "GET /wp-content/plugins/contact-form-7-multi-step/assets/frontend/js/cf7mls.js?ver=2.5.4 HTTP/1.1" 200 7286 "https://jomarlogistica.com.br/" "Mozilla/5.0 (Windows NT 10.0; Win64; x64) AppleWebKit/537.36 (KHTML, like Gecko) Chrome/140.0.0.0 Safari/537.36"
jomarlogistica.com.br:80 27.147.200.14 - - [20/Sep/2025:09:44:01 -0300] "GET /wp-content/themes/consultio/assets/fonts/fontawesome/fa-solid-900.woff2 HTTP/1.1" 200 117654 "https://jomarlogistica.com.br/wp-content/themes/consultio/assets/css/font-awesome5.min.css?ver=5.8.0" "Mozilla/5.0 (Windows NT 10.0; Win64; x64) AppleWebKit/537.36 (KHTML, like Gecko) Chrome/140.0.0.0 Safari/537.36"
jomarlogistica.com.br:80 27.147.200.14 - - [20/Sep/2025:09:44:01 -0300] "GET /wp-content/uploads/2020/10/bg-section-03.jpg HTTP/1.1" 200 23413 "https://jomarlogistica.com.br/wp-content/uploads/elementor/css/post-5147.css?ver=1692608776" "Mozilla/5.0 (Windows NT 10.0; Win64; x64) AppleWebKit/537.36 (KHTML, like Gecko) Chrome/140.0.0.0 Safari/537.36"
jomarlogistica.com.br:80 27.147.200.14 - - [20/Sep/2025:09:44:01 -0300] "GET /wp-content/uploads/2021/12/1.jpg HTTP/1.1" 200 106270 "https://jomarlogistica.com.br/wp-content/uploads/elementor/css/post-5147.css?ver=1692608776" "Mozilla/5.0 (Windows NT 10.0; Win64; x64) AppleWebKit/537.36 (KHTML, like Gecko) Chrome/140.0.0.0 Safari/537.36"
jomarlogistica.com.br:80 27.147.200.14 - - [20/Sep/2025:09:44:01 -0300] "GET /wp-content/themes/consultio/assets/images/bg-cta-01.png HTTP/1.1" 200 6896 "https://jomarlogistica.com.br/wp-content/themes/consultio/assets/css/theme.css?ver=2.8.0" "Mozilla/5.0 (Windows NT 10.0; Win64; x64) AppleWebKit/537.36 (KHTML, like Gecko) Chrome/140.0.0.0 Safari/537.36"
jomarlogistica.com.br:80 27.147.200.14 - - [20/Sep/2025:09:44:01 -0300] "GET /wp-content/themes/consultio/assets/fonts/Material-Design-Iconic-Font.woff2?v=2.2.0 HTTP/1.1" 200 38424 "https://jomarlogistica.com.br/wp-content/themes/consultio/assets/css/material-design-iconic-font.min.css?ver=2.2.0" "Mozilla/5.0 (Windows NT 10.0; Win64; x64) AppleWebKit/537.36 (KHTML, like Gecko) Chrome/140.0.0.0 Safari/537.36"
jomarlogistica.com.br:80 27.147.200.14 - - [20/Sep/2025:09:44:01 -0300] "GET /wp-content/plugins/elementor/assets/lib/font-awesome/webfonts/fa-solid-900.woff2 HTTP/1.1" 200 78476 "https://jomarlogistica.com.br/wp-content/plugins/elementor/assets/lib/font-awesome/css/solid.min.css?ver=5.15.3" "Mozilla/5.0 (Windows NT 10.0; Win64; x64) AppleWebKit/537.36 (KHTML, like Gecko) Chrome/140.0.0.0 Safari/537.36"
jomarlogistica.com.br:80 27.147.200.14 - - [20/Sep/2025:09:44:01 -0300] "GET /wp-includes/js/dist/vendor/regenerator-runtime.min.js?ver=0.13.7 HTTP/1.1" 200 2798 "https://jomarlogistica.com.br/" "Mozilla/5.0 (Windows NT 10.0; Win64; x64) AppleWebKit/537.36 (KHTML, like Gecko) Chrome/140.0.0.0 Safari/537.36"
jomarlogistica.com.br:80 27.147.200.14 - - [20/Sep/2025:09:44:01 -0300] "GET /wp-content/themes/consultio/assets/fonts/Flaticon-v5.woff HTTP/1.1" 200 15644 "https://jomarlogistica.com.br/wp-content/themes/consultio/assets/css/flaticon-v5.css?ver=2.8.0" "Mozilla/5.0 (Windows NT 10.0; Win64; x64) AppleWebKit/537.36 (KHTML, like Gecko) Chrome/140.0.0.0 Safari/537.36"
jomarlogistica.com.br:80 27.147.200.14 - - [20/Sep/2025:09:44:01 -0300] "GET /wp-content/themes/consultio/assets/images/pointer.png HTTP/1.1" 200 998 "https://jomarlogistica.com.br/wp-content/themes/consultio/assets/css/theme.css?ver=2.8.0" "Mozilla/5.0 (Windows NT 10.0; Win64; x64) AppleWebKit/537.36 (KHTML, like Gecko) Chrome/140.0.0.0 Safari/537.36"
jomarlogistica.com.br:80 27.147.200.14 - - [20/Sep/2025:09:44:01 -0300] "GET /wp-content/plugins/elementor/assets/lib/font-awesome/webfonts/fa-brands-400.woff2 HTTP/1.1" 200 77174 "https://jomarlogistica.com.br/wp-content/plugins/elementor/assets/lib/font-awesome/css/brands.min.css?ver=5.15.3" "Mozilla/5.0 (Windows NT 10.0; Win64; x64) AppleWebKit/537.36 (KHTML, like Gecko) Chrome/140.0.0.0 Safari/537.36"
jomarlogistica.com.br:80 27.147.200.14 - - [20/Sep/2025:09:44:02 -0300] "GET /wp-content/plugins/contact-form-7/includes/js/index.js?ver=5.5.3 HTTP/1.1" 200 4245 "https://jomarlogistica.com.br/" "Mozilla/5.0 (Windows NT 10.0; Win64; x64) AppleWebKit/537.36 (KHTML, like Gecko) Chrome/140.0.0.0 Safari/537.36"
jomarlogistica.com.br:80 27.147.200.14 - - [20/Sep/2025:09:44:02 -0300] "GET /wp-includes/js/dist/vendor/wp-polyfill.min.js?ver=3.15.0 HTTP/1.1" 200 6572 "https://jomarlogistica.com.br/" "Mozilla/5.0 (Windows NT 10.0; Win64; x64) AppleWebKit/537.36 (KHTML, like Gecko) Chrome/140.0.0.0 Safari/537.36"
jomarlogistica.com.br:80 27.147.200.14 - - [20/Sep/2025:09:44:02 -0300] "GET /wp-content/plugins/booked/includes/add-ons/frontend-agents/js/functions.js?ver=2.3.5 HTTP/1.1" 200 1592 "https://jomarlogistica.com.br/" "Mozilla/5.0 (Windows NT 10.0; Win64; x64) AppleWebKit/537.36 (KHTML, like Gecko) Chrome/140.0.0.0 Safari/537.36"
jomarlogistica.com.br:80 27.147.200.14 - - [20/Sep/2025:09:44:02 -0300] "GET /wp-content/themes/consultio/assets/js/nice-select.min.js?ver=all HTTP/1.1" 200 1420 "https://jomarlogistica.com.br/" "Mozilla/5.0 (Windows NT 10.0; Win64; x64) AppleWebKit/537.36 (KHTML, like Gecko) Chrome/140.0.0.0 Safari/537.36"
jomarlogistica.com.br:80 27.147.200.14 - - [20/Sep/2025:09:44:02 -0300] "GET /wp-content/themes/consultio/assets/js/bootstrap.min.js?ver=4.0.0 HTTP/1.1" 200 14168 "https://jomarlogistica.com.br/" "Mozilla/5.0 (Windows NT 10.0; Win64; x64) AppleWebKit/537.36 (KHTML, like Gecko) Chrome/140.0.0.0 Safari/537.36"
jomarlogistica.com.br:80 27.147.200.14 - - [20/Sep/2025:09:44:02 -0300] "GET /wp-content/themes/consultio/assets/js/progressbar.min.js?ver=1.0.0 HTTP/1.1" 200 1327 "https://jomarlogistica.com.br/" "Mozilla/5.0 (Windows NT 10.0; Win64; x64) AppleWebKit/537.36 (KHTML, like Gecko) Chrome/140.0.0.0 Safari/537.36"
jomarlogistica.com.br:80 27.147.200.14 - - [20/Sep/2025:09:44:02 -0300] "GET /wp-content/themes/consultio/assets/js/wow.min.js?ver=1.0.0 HTTP/1.1" 200 3260 "https://jomarlogistica.com.br/" "Mozilla/5.0 (Windows NT 10.0; Win64; x64) AppleWebKit/537.36 (KHTML, like Gecko) Chrome/140.0.0.0 Safari/537.36"
jomarlogistica.com.br:80 27.147.200.14 - - [20/Sep/2025:09:44:02 -0300] "GET /wp-includes/js/jquery/ui/mouse.min.js?ver=1.12.1 HTTP/1.1" 200 1479 "https://jomarlogistica.com.br/" "Mozilla/5.0 (Windows NT 10.0; Win64; x64) AppleWebKit/537.36 (KHTML, like Gecko) Chrome/140.0.0.0 Safari/537.36"
jomarlogistica.com.br:80 27.147.200.14 - - [20/Sep/2025:09:44:02 -0300] "GET /wp-includes/js/jquery/ui/slider.min.js?ver=1.12.1 HTTP/1.1" 200 3602 "https://jomarlogistica.com.br/" "Mozilla/5.0 (Windows NT 10.0; Win64; x64) AppleWebKit/537.36 (KHTML, like Gecko) Chrome/140.0.0.0 Safari/537.36"
jomarlogistica.com.br:80 27.147.200.14 - - [20/Sep/2025:09:44:02 -0300] "GET /wp-includes/js/wp-embed.min.js?ver=5.8.10 HTTP/1.1" 200 1177 "https://jomarlogistica.com.br/" "Mozilla/5.0 (Windows NT 10.0; Win64; x64) AppleWebKit/537.36 (KHTML, like Gecko) Chrome/140.0.0.0 Safari/537.36"
jomarlogistica.com.br:80 27.147.200.14 - - [20/Sep/2025:09:44:02 -0300] "GET /wp-content/themes/consultio/assets/js/main.js?ver=2.8.0 HTTP/1.1" 200 6455 "https://jomarlogistica.com.br/" "Mozilla/5.0 (Windows NT 10.0; Win64; x64) AppleWebKit/537.36 (KHTML, like Gecko) Chrome/140.0.0.0 Safari/537.36"
jomarlogistica.com.br:80 27.147.200.14 - - [20/Sep/2025:09:44:02 -0300] "GET /wp-includes/js/imagesloaded.min.js?ver=4.1.4 HTTP/1.1" 200 2251 "https://jomarlogistica.com.br/" "Mozilla/5.0 (Windows NT 10.0; Win64; x64) AppleWebKit/537.36 (KHTML, like Gecko) Chrome/140.0.0.0 Safari/537.36"
jomarlogistica.com.br:80 27.147.200.14 - - [20/Sep/2025:09:44:02 -0300] "GET /wp-content/themes/consultio/elementor/js/ct-post-masonry-widget.js?ver=2.8.0 HTTP/1.1" 200 1706 "https://jomarlogistica.com.br/" "Mozilla/5.0 (Windows NT 10.0; Win64; x64) AppleWebKit/537.36 (KHTML, like Gecko) Chrome/140.0.0.0 Safari/537.36"
jomarlogistica.com.br:80 27.147.200.14 - - [20/Sep/2025:09:44:02 -0300] "GET /wp-content/plugins/case-theme-core/assets/js/lib/isotope.pkgd.min.js?ver=3.0.5 HTTP/1.1" 200 10708 "https://jomarlogistica.com.br/" "Mozilla/5.0 (Windows NT 10.0; Win64; x64) AppleWebKit/537.36 (KHTML, like Gecko) Chrome/140.0.0.0 Safari/537.36"
jomarlogistica.com.br:80 27.147.200.14 - - [20/Sep/2025:09:44:02 -0300] "GET /wp-content/themes/consultio/elementor/js/ct-post-grid-widget.js?ver=2.8.0 HTTP/1.1" 200 760 "https://jomarlogistica.com.br/" "Mozilla/5.0 (Windows NT 10.0; Win64; x64) AppleWebKit/537.36 (KHTML, like Gecko) Chrome/140.0.0.0 Safari/537.36"
jomarlogistica.com.br:80 27.147.200.14 - - [20/Sep/2025:09:44:02 -0300] "GET /wp-content/themes/consultio/elementor/js/ct-post-carousel-widget.js?ver=2.8.0 HTTP/1.1" 200 1609 "https://jomarlogistica.com.br/" "Mozilla/5.0 (Windows NT 10.0; Win64; x64) AppleWebKit/537.36 (KHTML, like Gecko) Chrome/140.0.0.0 Safari/537.36"
jomarlogistica.com.br:80 27.147.200.14 - - [20/Sep/2025:09:44:02 -0300] "GET /wp-content/plugins/elementor/assets/lib/slick/slick.min.js?ver=1.8.1 HTTP/1.1" 200 11405 "https://jomarlogistica.com.br/" "Mozilla/5.0 (Windows NT 10.0; Win64; x64) AppleWebKit/537.36 (KHTML, like Gecko) Chrome/140.0.0.0 Safari/537.36"
jomarlogistica.com.br:80 27.147.200.14 - - [20/Sep/2025:09:44:02 -0300] "GET /wp-content/plugins/elementor/assets/js/webpack.runtime.min.js?ver=3.4.8 HTTP/1.1" 200 2544 "https://jomarlogistica.com.br/" "Mozilla/5.0 (Windows NT 10.0; Win64; x64) AppleWebKit/537.36 (KHTML, like Gecko) Chrome/140.0.0.0 Safari/537.36"
jomarlogistica.com.br:80 27.147.200.14 - - [20/Sep/2025:09:44:02 -0300] "GET /wp-content/plugins/elementor/assets/js/frontend-modules.min.js?ver=3.4.8 HTTP/1.1" 200 5016 "https://jomarlogistica.com.br/" "Mozilla/5.0 (Windows NT 10.0; Win64; x64) AppleWebKit/537.36 (KHTML, like Gecko) Chrome/140.0.0.0 Safari/537.36"
jomarlogistica.com.br:80 27.147.200.14 - - [20/Sep/2025:09:44:02 -0300] "GET /wp-content/plugins/elementor/assets/lib/waypoints/waypoints.min.js?ver=4.0.2 HTTP/1.1" 200 3464 "https://jomarlogistica.com.br/" "Mozilla/5.0 (Windows NT 10.0; Win64; x64) AppleWebKit/537.36 (KHTML, like Gecko) Chrome/140.0.0.0 Safari/537.36"
jomarlogistica.com.br:80 27.147.200.14 - - [20/Sep/2025:09:44:02 -0300] "GET /wp-content/plugins/elementor/assets/lib/share-link/share-link.min.js?ver=3.4.8 HTTP/1.1" 200 1484 "https://jomarlogistica.com.br/" "Mozilla/5.0 (Windows NT 10.0; Win64; x64) AppleWebKit/537.36 (KHTML, like Gecko) Chrome/140.0.0.0 Safari/537.36"
jomarlogistica.com.br:80 27.147.200.14 - - [20/Sep/2025:09:44:02 -0300] "GET /wp-content/plugins/elementor/assets/js/preloaded-modules.min.js?ver=3.4.8 HTTP/1.1" 200 9744 "https://jomarlogistica.com.br/" "Mozilla/5.0 (Windows NT 10.0; Win64; x64) AppleWebKit/537.36 (KHTML, like Gecko) Chrome/140.0.0.0 Safari/537.36"
jomarlogistica.com.br:80 27.147.200.14 - - [20/Sep/2025:09:44:02 -0300] "GET /wp-content/plugins/revslider/public/assets/assets/dummy.png HTTP/1.1" 200 383 "https://jomarlogistica.com.br/" "Mozilla/5.0 (Windows NT 10.0; Win64; x64) AppleWebKit/537.36 (KHTML, like Gecko) Chrome/140.0.0.0 Safari/537.36"
jomarlogistica.com.br:80 27.147.200.14 - - [20/Sep/2025:09:44:02 -0300] "GET /wp-content/uploads/2020/02/h4-about1.png HTTP/1.1" 200 296854 "https://jomarlogistica.com.br/" "Mozilla/5.0 (Windows NT 10.0; Win64; x64) AppleWebKit/537.36 (KHTML, like Gecko) Chrome/140.0.0.0 Safari/537.36"
jomarlogistica.com.br:80 27.147.200.14 - - [20/Sep/2025:09:44:02 -0300] "GET /wp-content/uploads/2020/10/women-01.png HTTP/1.1" 200 166675 "https://jomarlogistica.com.br/" "Mozilla/5.0 (Windows NT 10.0; Win64; x64) AppleWebKit/537.36 (KHTML, like Gecko) Chrome/140.0.0.0 Safari/537.36"
jomarlogistica.com.br:80 27.147.200.14 - - [20/Sep/2025:09:44:02 -0300] "GET /wp-content/uploads/2021/12/5.jpg HTTP/1.1" 200 4416 "https://jomarlogistica.com.br/" "Mozilla/5.0 (Windows NT 10.0; Win64; x64) AppleWebKit/537.36 (KHTML, like Gecko) Chrome/140.0.0.0 Safari/537.36"
jomarlogistica.com.br:80 27.147.200.14 - - [20/Sep/2025:09:44:02 -0300] "GET /wp-content/plugins/elementor/assets/lib/swiper/swiper.min.js?ver=5.3.6 HTTP/1.1" 200 37913 "https://jomarlogistica.com.br/" "Mozilla/5.0 (Windows NT 10.0; Win64; x64) AppleWebKit/537.36 (KHTML, like Gecko) Chrome/140.0.0.0 Safari/537.36"
jomarlogistica.com.br:80 27.147.200.14 - - [20/Sep/2025:09:44:02 -0300] "GET /wp-content/uploads/2021/12/6.jpg HTTP/1.1" 200 4987 "https://jomarlogistica.com.br/" "Mozilla/5.0 (Windows NT 10.0; Win64; x64) AppleWebKit/537.36 (KHTML, like Gecko) Chrome/140.0.0.0 Safari/537.36"
jomarlogistica.com.br:80 27.147.200.14 - - [20/Sep/2025:09:44:02 -0300] "GET /wp-content/uploads/2021/12/7.jpg HTTP/1.1" 200 5872 "https://jomarlogistica.com.br/" "Mozilla/5.0 (Windows NT 10.0; Win64; x64) AppleWebKit/537.36 (KHTML, like Gecko) Chrome/140.0.0.0 Safari/537.36"
jomarlogistica.com.br:80 27.147.200.14 - - [20/Sep/2025:09:44:02 -0300] "GET /wp-content/uploads/2021/12/8.jpg HTTP/1.1" 200 3819 "https://jomarlogistica.com.br/" "Mozilla/5.0 (Windows NT 10.0; Win64; x64) AppleWebKit/537.36 (KHTML, like Gecko) Chrome/140.0.0.0 Safari/537.36"
jomarlogistica.com.br:80 27.147.200.14 - - [20/Sep/2025:09:44:02 -0300] "GET /wp-content/uploads/2019/10/ic2.png HTTP/1.1" 200 5321 "https://jomarlogistica.com.br/" "Mozilla/5.0 (Windows NT 10.0; Win64; x64) AppleWebKit/537.36 (KHTML, like Gecko) Chrome/140.0.0.0 Safari/537.36"
jomarlogistica.com.br:80 27.147.200.14 - - [20/Sep/2025:09:44:02 -0300] "GET /wp-content/plugins/revslider/public/assets/js/rbtools.min.js?ver=6.5.11 HTTP/1.1" 200 48787 "https://jomarlogistica.com.br/" "Mozilla/5.0 (Windows NT 10.0; Win64; x64) AppleWebKit/537.36 (KHTML, like Gecko) Chrome/140.0.0.0 Safari/537.36"
jomarlogistica.com.br:80 27.147.200.14 - - [20/Sep/2025:09:44:02 -0300] "GET /wp-includes/js/wp-emoji-release.min.js?ver=5.8.10 HTTP/1.1" 200 5577 "https://jomarlogistica.com.br/" "Mozilla/5.0 (Windows NT 10.0; Win64; x64) AppleWebKit/537.36 (KHTML, like Gecko) Chrome/140.0.0.0 Safari/537.36"
jomarlogistica.com.br:80 27.147.200.14 - - [20/Sep/2025:09:44:02 -0300] "GET /wp-content/themes/consultio/assets/fonts/Flaticon.woff2 HTTP/1.1" 200 12814 "https://jomarlogistica.com.br/wp-content/themes/consultio/assets/css/flaticon.css?ver=2.8.0" "Mozilla/5.0 (Windows NT 10.0; Win64; x64) AppleWebKit/537.36 (KHTML, like Gecko) Chrome/140.0.0.0 Safari/537.36"
jomarlogistica.com.br:80 27.147.200.14 - - [20/Sep/2025:09:44:02 -0300] "GET /wp-content/themes/consultio/assets/fonts/Flaticon-v3.woff2 HTTP/1.1" 200 8049 "https://jomarlogistica.com.br/wp-content/themes/consultio/assets/css/flaticon-v3.css?ver=2.8.0" "Mozilla/5.0 (Windows NT 10.0; Win64; x64) AppleWebKit/537.36 (KHTML, like Gecko) Chrome/140.0.0.0 Safari/537.36"
jomarlogistica.com.br:80 27.147.200.14 - - [20/Sep/2025:09:44:02 -0300] "GET /wp-content/themes/consultio/assets/fonts/flaticon-v7.woff HTTP/1.1" 200 8849 "https://jomarlogistica.com.br/wp-content/themes/consultio/assets/css/flaticon-v7.css?ver=2.8.0" "Mozilla/5.0 (Windows NT 10.0; Win64; x64) AppleWebKit/537.36 (KHTML, like Gecko) Chrome/140.0.0.0 Safari/537.36"
jomarlogistica.com.br:80 27.147.200.14 - - [20/Sep/2025:09:44:02 -0300] "GET /wp-content/plugins/revslider/public/assets/js/rs6.min.js?ver=6.5.11 HTTP/1.1" 200 104993 "https://jomarlogistica.com.br/" "Mozilla/5.0 (Windows NT 10.0; Win64; x64) AppleWebKit/537.36 (KHTML, like Gecko) Chrome/140.0.0.0 Safari/537.36"
jomarlogistica.com.br:80 127.0.0.1 - - [20/Sep/2025:09:44:06 -0300] "OPTIONS * HTTP/1.0" 200 110 "-" "Apache/2.4.65 (Ubuntu) (internal dummy connection)"
jomarlogistica.com.br:80 127.0.0.1 - - [20/Sep/2025:09:44:07 -0300] "OPTIONS * HTTP/1.0" 200 110 "-" "Apache/2.4.65 (Ubuntu) (internal dummy connection)"
jomarlogistica.com.br:80 27.147.200.14 - - [20/Sep/2025:09:44:10 -0300] "GET /wp-content/plugins/revslider/public/assets/assets/loader.gif HTTP/1.1" 200 2862 "https://jomarlogistica.com.br/wp-content/plugins/revslider/public/assets/css/rs6.css?ver=6.5.11" "Mozilla/5.0 (Windows NT 10.0; Win64; x64) AppleWebKit/537.36 (KHTML, like Gecko) Chrome/140.0.0.0 Safari/537.36"
jomarlogistica.com.br:80 27.147.200.14 - - [20/Sep/2025:09:44:10 -0300] "GET /wp-content/uploads/2021/12/slide.jpg HTTP/1.1" 200 98182 "https://jomarlogistica.com.br/" "Mozilla/5.0 (Windows NT 10.0; Win64; x64) AppleWebKit/537.36 (KHTML, like Gecko) Chrome/140.0.0.0 Safari/537.36"
jomarlogistica.com.br:80 27.147.200.14 - - [20/Sep/2025:09:44:11 -0300] "GET /wp-content/uploads/2021/12/icone.jpg HTTP/1.1" 200 2901 "https://jomarlogistica.com.br/" "Mozilla/5.0 (Windows NT 10.0; Win64; x64) AppleWebKit/537.36 (KHTML, like Gecko) Chrome/140.0.0.0 Safari/537.36"
jomarlogistica.com.br:80 194.38.135.180 - - [20/Sep/2025:09:45:17 -0300] "POST /xmlrpc.php HTTP/1.1" 403 2493 "https://jomarlogistica.com.br" "Mozilla/5.0 (Macintosh; Intel Mac OS X 10.15; rv:126.0) Gecko/20100101 Firefox/126.0"
jomarlogistica.com.br:80 147.182.171.230 - - [20/Sep/2025:09:45:40 -0300] "POST /xmlrpc.php HTTP/1.1" 403 2493 "https://jomarlogistica.com.br" "Mozilla/5.0 (Windows NT 10.0; Win64; x64) AppleWebKit/537.36 (KHTML, like Gecko) Chrome/113.0.5672.126 Safari/537.36 Edg/113.0.1774.50"
jomarlogistica.com.br:80 172.20.1.117 - - [20/Sep/2025:09:48:43 -0300] "POST /wp-cron.php?doing_wp_cron=1758372523.3005480766296386718750 HTTP/1.1" 200 389 "https://jomarlogistica.com.br/wp-cron.php?doing_wp_cron=1758372523.3005480766296386718750" "WordPress/5.8.10; https://jomarlogistica.com.br"
jomarlogistica.com.br:80 34.238.45.183 - - [20/Sep/2025:09:48:42 -0300] "GET /2023/10/17/submit-uif-forms-online-application-process-and-requirements/ HTTP/1.1" 200 14478 "-" "Mozilla/5.0 AppleWebKit/537.36 (KHTML, like Gecko; compatible; Amazonbot/0.1; +https://developer.amazon.com/support/amazonbot) Chrome/119.0.6045.214 Safari/537.36"
jomarlogistica.com.br:80 3.90.73.206 - - [20/Sep/2025:09:48:46 -0300] "GET /2023/04/19/top-22-hottest-online-grownup-video-games-of-2021/ HTTP/1.1" 200 17444 "-" "Mozilla/5.0 AppleWebKit/537.36 (KHTML, like Gecko; compatible; Amazonbot/0.1; +https://developer.amazon.com/support/amazonbot) Chrome/119.0.6045.214 Safari/537.36"
jomarlogistica.com.br:80 50.19.102.70 - - [20/Sep/2025:09:48:50 -0300] "GET /2022/09/27/ayers-law-office-expert-legal-representation-and-counsel/ HTTP/1.1" 200 14076 "-" "Mozilla/5.0 AppleWebKit/537.36 (KHTML, like Gecko; compatible; Amazonbot/0.1; +https://developer.amazon.com/support/amazonbot) Chrome/119.0.6045.214 Safari/537.36"
jomarlogistica.com.br:80 44.208.223.68 - - [20/Sep/2025:09:48:54 -0300] "GET /2023/09/16/best-vpn-for-phone-and-computer/ HTTP/1.1" 200 17244 "-" "Mozilla/5.0 AppleWebKit/537.36 (KHTML, like Gecko; compatible; Amazonbot/0.1; +https://developer.amazon.com/support/amazonbot) Chrome/119.0.6045.214 Safari/537.36"
jomarlogistica.com.br:80 3.210.223.61 - - [20/Sep/2025:09:48:58 -0300] "GET /2022/12/02/realizing-love-signs-you-are-in-love-4/ HTTP/1.1" 200 17527 "-" "Mozilla/5.0 AppleWebKit/537.36 (KHTML, like Gecko; compatible; Amazonbot/0.1; +https://developer.amazon.com/support/amazonbot) Chrome/119.0.6045.214 Safari/537.36"
jomarlogistica.com.br:80 127.0.0.1 - - [20/Sep/2025:09:49:00 -0300] "OPTIONS * HTTP/1.0" 200 110 "-" "Apache/2.4.65 (Ubuntu) (internal dummy connection)"
jomarlogistica.com.br:80 52.45.15.233 - - [20/Sep/2025:09:49:02 -0300] "GET /2022/09/02/can-a-minor-sue-their-parent-legal-rights-explained/ HTTP/1.1" 200 14036 "-" "Mozilla/5.0 AppleWebKit/537.36 (KHTML, like Gecko; compatible; Amazonbot/0.1; +https://developer.amazon.com/support/amazonbot) Chrome/119.0.6045.214 Safari/537.36"
jomarlogistica.com.br:80 34.233.114.237 - - [20/Sep/2025:09:49:06 -0300] "GET /2023/04/20/free-courting-hookups-made-easy/ HTTP/1.1" 200 17529 "-" "Mozilla/5.0 AppleWebKit/537.36 (KHTML, like Gecko; compatible; Amazonbot/0.1; +https://developer.amazon.com/support/amazonbot) Chrome/119.0.6045.214 Safari/537.36"
jomarlogistica.com.br:80 3.89.170.186 - - [20/Sep/2025:09:49:10 -0300] "GET /2023/11/13/arazy-legal-advisory-services-expert-legal-advice-representation/ HTTP/1.1" 200 16212 "-" "Mozilla/5.0 AppleWebKit/537.36 (KHTML, like Gecko; compatible; Amazonbot/0.1; +https://developer.amazon.com/support/amazonbot) Chrome/119.0.6045.214 Safari/537.36"
jomarlogistica.com.br:80 54.225.181.161 - - [20/Sep/2025:09:49:15 -0300] "GET /2023/08/29/very-best-data-rooms-review/ HTTP/1.1" 200 17352 "-" "Mozilla/5.0 AppleWebKit/537.36 (KHTML, like Gecko; compatible; Amazonbot/0.1; +https://developer.amazon.com/support/amazonbot) Chrome/119.0.6045.214 Safari/537.36"
jomarlogistica.com.br:80 3.208.146.193 - - [20/Sep/2025:09:49:18 -0300] "GET /2022/07/24/bet-tzedek-tax-clinic-free-legal-assistance-for-tax-issues/ HTTP/1.1" 200 13642 "-" "Mozilla/5.0 AppleWebKit/537.36 (KHTML, like Gecko; compatible; Amazonbot/0.1; +https://developer.amazon.com/support/amazonbot) Chrome/119.0.6045.214 Safari/537.36"
jomarlogistica.com.br:80 52.70.209.13 - - [20/Sep/2025:09:49:22 -0300] "GET /2023/09/27/5-specialized-virtual-data-room-vdr-use-cases-for-mission-critical-processes/ HTTP/1.1" 200 17428 "-" "Mozilla/5.0 AppleWebKit/537.36 (KHTML, like Gecko; compatible; Amazonbot/0.1; +https://developer.amazon.com/support/amazonbot) Chrome/119.0.6045.214 Safari/537.36"
jomarlogistica.com.br:80 54.86.59.155 - - [20/Sep/2025:09:49:26 -0300] "GET /2023/03/03/b-razil-marriage-customs/ HTTP/1.1" 200 17388 "-" "Mozilla/5.0 AppleWebKit/537.36 (KHTML, like Gecko; compatible; Amazonbot/0.1; +https://developer.amazon.com/support/amazonbot) Chrome/119.0.6045.214 Safari/537.36"
jomarlogistica.com.br:80 3.221.222.168 - - [20/Sep/2025:09:49:30 -0300] "GET /2023/09/27/types-of-data-security/ HTTP/1.1" 200 17158 "-" "Mozilla/5.0 AppleWebKit/537.36 (KHTML, like Gecko; compatible; Amazonbot/0.1; +https://developer.amazon.com/support/amazonbot) Chrome/119.0.6045.214 Safari/537.36"
jomarlogistica.com.br:80 35.169.119.108 - - [20/Sep/2025:09:49:34 -0300] "GET /2023/08/28/choosing-the-right-board-management-tool/ HTTP/1.1" 200 17218 "-" "Mozilla/5.0 AppleWebKit/537.36 (KHTML, like Gecko; compatible; Amazonbot/0.1; +https://developer.amazon.com/support/amazonbot) Chrome/119.0.6045.214 Safari/537.36"
jomarlogistica.com.br:80 34.205.163.103 - - [20/Sep/2025:09:49:38 -0300] "GET /2023/08/01/basic-antivirus-software-for-pc/ HTTP/1.1" 200 17335 "-" "Mozilla/5.0 AppleWebKit/537.36 (KHTML, like Gecko; compatible; Amazonbot/0.1; +https://developer.amazon.com/support/amazonbot) Chrome/119.0.6045.214 Safari/537.36"
jomarlogistica.com.br:80 52.4.229.9 - - [20/Sep/2025:09:49:42 -0300] "GET /2022/10/26/understanding-mutually-useful-sugar-interactions/ HTTP/1.1" 200 17394 "-" "Mozilla/5.0 AppleWebKit/537.36 (KHTML, like Gecko; compatible; Amazonbot/0.1; +https://developer.amazon.com/support/amazonbot) Chrome/119.0.6045.214 Safari/537.36"
jomarlogistica.com.br:80 3.212.219.113 - - [20/Sep/2025:09:49:46 -0300] "GET /2023/09/27/the-board-meeting-schedule/ HTTP/1.1" 200 17154 "-" "Mozilla/5.0 AppleWebKit/537.36 (KHTML, like Gecko; compatible; Amazonbot/0.1; +https://developer.amazon.com/support/amazonbot) Chrome/119.0.6045.214 Safari/537.36"
jomarlogistica.com.br:80 52.203.237.170 - - [20/Sep/2025:09:49:50 -0300] "GET /2022/09/14/manifesting-love-signs-you-will-be-in-take-pleasure-in/ HTTP/1.1" 200 18197 "-" "Mozilla/5.0 AppleWebKit/537.36 (KHTML, like Gecko; compatible; Amazonbot/0.1; +https://developer.amazon.com/support/amazonbot) Chrome/119.0.6045.214 Safari/537.36"
jomarlogistica.com.br:80 200.27.101.245 - - [20/Sep/2025:09:50:59 -0300] "POST /xmlrpc.php HTTP/1.1" 403 2493 "https://jomarlogistica.com.br" "Mozilla/5.0 (Macintosh; Intel Mac OS X 10_15_7; rv:127.0) Gecko/20100101 Firefox/127.0"
jomarlogistica.com.br:80 54.37.151.241 - - [20/Sep/2025:09:51:22 -0300] "POST /xmlrpc.php HTTP/1.1" 403 2493 "https://jomarlogistica.com.br" "Mozilla/5.0 (Windows NT 10.0; Win64; x64) AppleWebKit/537.36 (KHTML, like Gecko) Chrome/114.0.5735.134 Safari/537.36"
jomarlogistica.com.br:80 172.20.1.117 - - [20/Sep/2025:09:55:37 -0300] "POST /wp-cron.php?doing_wp_cron=1758372937.6745378971099853515625 HTTP/1.1" 200 389 "https://jomarlogistica.com.br/wp-cron.php?doing_wp_cron=1758372937.6745378971099853515625" "WordPress/5.8.10; https://jomarlogistica.com.br"
jomarlogistica.com.br:80 74.7.36.77 - - [20/Sep/2025:09:55:37 -0300] "GET /2024/03/09/are-50-caliber-guns-legal-in-canada-rules-and-regulations-explained/ HTTP/1.1" 200 14365 "-" "Mozilla/5.0 AppleWebKit/537.36 (KHTML, like Gecko); compatible; ChatGPT-User/1.0; +https://openai.com/bot"
jomarlogistica.com.br:80 127.0.0.1 - - [20/Sep/2025:09:55:43 -0300] "OPTIONS * HTTP/1.0" 200 110 "-" "Apache/2.4.65 (Ubuntu) (internal dummy connection)"
jomarlogistica.com.br:80 114.119.158.0 - - [20/Sep/2025:09:56:42 -0300] "GET /2023/05/page/9/ HTTP/1.1" 200 18625 "https://jomarlogistica.com.br/2023/05/page/8/" "Mozilla/5.0 (Linux; Android 7.0;) AppleWebKit/537.36 (KHTML, like Gecko) Mobile Safari/537.36 (compatible; PetalBot;+https://webmaster.petalsearch.com/site/petalbot)"
jomarlogistica.com.br:80 50.62.183.174 - - [20/Sep/2025:09:56:59 -0300] "POST /xmlrpc.php HTTP/1.1" 403 2493 "https://jomarlogistica.com.br" "Mozilla/5.0 (Windows NT 10.0; Win64; x64) AppleWebKit/537.36 (KHTML, like Gecko) Chrome/113.0.5672.93 Safari/537.36"
jomarlogistica.com.br:80 172.20.1.117 - - [20/Sep/2025:09:58:12 -0300] "POST /wp-cron.php?doing_wp_cron=1758373092.7275280952453613281250 HTTP/1.1" 200 389 "https://jomarlogistica.com.br/wp-cron.php?doing_wp_cron=1758373092.7275280952453613281250" "WordPress/5.8.10; https://jomarlogistica.com.br"
jomarlogistica.com.br:80 114.119.136.72 - - [20/Sep/2025:09:58:12 -0300] "GET /category/jomar/page/28/ HTTP/1.1" 200 19063 "https://jomarlogistica.com.br/category/jomar/page/29/" "Mozilla/5.0 (Linux; Android 7.0;) AppleWebKit/537.36 (KHTML, like Gecko) Mobile Safari/537.36 (compatible; PetalBot;+https://webmaster.petalsearch.com/site/petalbot)"
jomarlogistica.com.br:80 127.0.0.1 - - [20/Sep/2025:09:58:18 -0300] "OPTIONS * HTTP/1.0" 200 110 "-" "Apache/2.4.65 (Ubuntu) (internal dummy connection)"
jomarlogistica.com.br:80 114.119.135.84 - - [20/Sep/2025:09:59:27 -0300] "GET /2023/05/18/submit-order-woman-find-a-foreign-wife-on-the-web-free-with-jetbride-com/ HTTP/1.1" 200 69847 "https://jomarlogistica.com.br/author/jomar/page/24/" "Mozilla/5.0 (Linux; Android 7.0;) AppleWebKit/537.36 (KHTML, like Gecko) Mobile Safari/537.36 (compatible; PetalBot;+https://webmaster.petalsearch.com/site/petalbot)"
jomarlogistica.com.br:80 114.119.128.158 - - [20/Sep/2025:10:01:05 -0300] "GET /2022/page/5/ HTTP/1.1" 200 18585 "https://jomarlogistica.com.br/2022/page/4/" "Mozilla/5.0 (Linux; Android 7.0;) AppleWebKit/537.36 (KHTML, like Gecko) Mobile Safari/537.36 (compatible; PetalBot;+https://webmaster.petalsearch.com/site/petalbot)"
jomarlogistica.com.br:80 185.191.171.10 - - [20/Sep/2025:10:01:52 -0300] "GET /robots.txt HTTP/1.1" 200 584 "-" "Mozilla/5.0 (compatible; SemrushBot/7~bl; +http://www.semrush.com/bot.html)"
jomarlogistica.com.br:80 185.191.171.7 - - [20/Sep/2025:10:01:53 -0300] "GET /2023/page/40/ HTTP/1.1" 200 18700 "-" "Mozilla/5.0 (compatible; SemrushBot/7~bl; +http://www.semrush.com/bot.html)"
jomarlogistica.com.br:80 147.182.255.27 - - [20/Sep/2025:10:02:17 -0300] "POST /xmlrpc.php HTTP/1.1" 403 2493 "https://jomarlogistica.com.br" "Mozilla/5.0 (Windows NT 10.0; Win64; x64) AppleWebKit/537.36 (KHTML, like Gecko) Chrome/126.0.0.0 Safari/537.36 Edg/126.0.0.0"
jomarlogistica.com.br:80 194.48.217.67 - - [20/Sep/2025:10:02:41 -0300] "POST /xmlrpc.php HTTP/1.1" 403 2493 "https://jomarlogistica.com.br" "Mozilla/5.0 (Windows NT 10.0; Win64; x64; rv:126.0) Gecko/20100101 Firefox/126.0"
jomarlogistica.com.br:80 103.155.64.175 - - [20/Sep/2025:10:04:49 -0300] "POST /wp-login.php HTTP/1.1" 403 2493 "-" "Mozilla"
jomarlogistica.com.br:80 103.155.64.175 - - [20/Sep/2025:10:06:17 -0300] "POST /wp-login.php HTTP/1.1" 403 2493 "-" "Mozilla"
jomarlogistica.com.br:80 192.241.179.13 - - [20/Sep/2025:10:07:56 -0300] "POST /xmlrpc.php HTTP/1.1" 403 2493 "https://jomarlogistica.com.br" "Mozilla/5.0 (Macintosh; Intel Mac OS X 14_6) AppleWebKit/605.1.15 (KHTML, like Gecko) Version/17.5 Safari/605.1.15"
jomarlogistica.com.br:80 103.173.66.134 - - [20/Sep/2025:10:08:21 -0300] "POST /xmlrpc.php HTTP/1.1" 403 2493 "https://jomarlogistica.com.br" "Mozilla/5.0 (Macintosh; Intel Mac OS X 13.3; rv:126.0) Gecko/20100101 Firefox/126.0"
jomarlogistica.com.br:80 47.79.95.148 - - [20/Sep/2025:10:10:31 -0300] "GET /?rest_route=/wp/v2/users/ HTTP/1.1" 200 1095 "-" "python-requests/2.28.1"
jomarlogistica.com.br:80 172.20.1.117 - - [20/Sep/2025:10:10:33 -0300] "GET / HTTP/1.1" 200 23930 "https://jomarlogistica.com.br/" "WordPress/5.8.10; https://jomarlogistica.com.br"
jomarlogistica.com.br:80 47.79.95.148 - - [20/Sep/2025:10:10:35 -0300] "GET /?rest_route=/wp/v2/users/ HTTP/1.1" 200 1095 "-" "python-requests/2.28.1"
jomarlogistica.com.br:80 172.20.1.117 - - [20/Sep/2025:10:10:32 -0300] "POST /wp-cron.php?doing_wp_cron=1758373832.2130429744720458984375 HTTP/1.1" 200 389 "https://jomarlogistica.com.br/wp-cron.php?doing_wp_cron=1758373832.2130429744720458984375" "WordPress/5.8.10; https://jomarlogistica.com.br"
jomarlogistica.com.br:80 127.0.0.1 - - [20/Sep/2025:10:10:38 -0300] "OPTIONS * HTTP/1.0" 200 110 "-" "Apache/2.4.65 (Ubuntu) (internal dummy connection)"
jomarlogistica.com.br:80 47.79.95.148 - - [20/Sep/2025:10:10:37 -0300] "GET /?author=1 HTTP/1.1" 301 462 "-" "python-requests/2.28.1"
jomarlogistica.com.br:80 127.0.0.1 - - [20/Sep/2025:10:10:39 -0300] "OPTIONS * HTTP/1.0" 200 110 "-" "Apache/2.4.65 (Ubuntu) (internal dummy connection)"
jomarlogistica.com.br:80 47.79.95.148 - - [20/Sep/2025:10:10:38 -0300] "GET /author/jomar/ HTTP/1.1" 200 18625 "-" "python-requests/2.28.1"
jomarlogistica.com.br:80 47.79.95.148 - - [20/Sep/2025:10:10:41 -0300] "GET /?author=2 HTTP/1.1" 301 483 "-" "python-requests/2.28.1"
jomarlogistica.com.br:80 47.79.95.148 - - [20/Sep/2025:10:10:42 -0300] "GET /author/wadminw/ HTTP/1.1" 200 15901 "-" "python-requests/2.28.1"
jomarlogistica.com.br:80 47.79.95.148 - - [20/Sep/2025:10:10:45 -0300] "GET /?author=3 HTTP/1.1" 404 448 "-" "python-requests/2.28.1"
jomarlogistica.com.br:80 47.79.95.148 - - [20/Sep/2025:10:10:48 -0300] "GET /?author=4 HTTP/1.1" 404 448 "-" "python-requests/2.28.1"
jomarlogistica.com.br:80 47.79.95.148 - - [20/Sep/2025:10:10:50 -0300] "GET /?author=5 HTTP/1.1" 404 448 "-" "python-requests/2.28.1"
jomarlogistica.com.br:80 47.79.95.148 - - [20/Sep/2025:10:10:53 -0300] "GET /xmlrpc.php HTTP/1.1" 403 2512 "-" "python-requests/2.28.1"
jomarlogistica.com.br:80 127.0.0.1 - - [20/Sep/2025:10:10:53 -0300] "OPTIONS * HTTP/1.0" 200 110 "-" "Apache/2.4.65 (Ubuntu) (internal dummy connection)"
jomarlogistica.com.br:80 47.79.95.148 - - [20/Sep/2025:10:10:54 -0300] "GET /xmlrpc.php HTTP/1.1" 403 2493 "-" "python-requests/2.28.1"
jomarlogistica.com.br:80 47.79.95.148 - - [20/Sep/2025:10:10:55 -0300] "GET /xmlrpc.php HTTP/1.1" 403 2493 "-" "python-requests/2.28.1"
jomarlogistica.com.br:80 47.79.95.148 - - [20/Sep/2025:10:10:57 -0300] "GET /xmlrpc.php HTTP/1.1" 403 2493 "-" "python-requests/2.28.1"
jomarlogistica.com.br:80 47.79.95.148 - - [20/Sep/2025:10:10:58 -0300] "GET /xmlrpc.php HTTP/1.1" 403 2493 "-" "python-requests/2.28.1"
jomarlogistica.com.br:80 47.79.95.148 - - [20/Sep/2025:10:11:00 -0300] "GET /xmlrpc.php HTTP/1.1" 403 2493 "-" "python-requests/2.28.1"
jomarlogistica.com.br:80 47.79.95.148 - - [20/Sep/2025:10:11:02 -0300] "GET /xmlrpc.php HTTP/1.1" 403 2493 "-" "python-requests/2.28.1"
jomarlogistica.com.br:80 47.79.95.148 - - [20/Sep/2025:10:11:03 -0300] "GET /xmlrpc.php HTTP/1.1" 403 2493 "-" "python-requests/2.28.1"
jomarlogistica.com.br:80 47.79.95.148 - - [20/Sep/2025:10:11:05 -0300] "GET /xmlrpc.php HTTP/1.1" 403 2512 "-" "python-requests/2.28.1"
jomarlogistica.com.br:80 47.79.95.148 - - [20/Sep/2025:10:11:06 -0300] "GET /xmlrpc.php HTTP/1.1" 403 2493 "-" "python-requests/2.28.1"
jomarlogistica.com.br:80 47.79.95.148 - - [20/Sep/2025:10:11:07 -0300] "GET /xmlrpc.php HTTP/1.1" 403 2493 "-" "python-requests/2.28.1"
jomarlogistica.com.br:80 47.79.95.148 - - [20/Sep/2025:10:11:09 -0300] "GET /xmlrpc.php HTTP/1.1" 403 2493 "-" "python-requests/2.28.1"
jomarlogistica.com.br:80 47.79.95.148 - - [20/Sep/2025:10:11:10 -0300] "GET /xmlrpc.php HTTP/1.1" 403 2493 "-" "python-requests/2.28.1"
jomarlogistica.com.br:80 47.79.95.148 - - [20/Sep/2025:10:11:12 -0300] "GET /xmlrpc.php HTTP/1.1" 403 2512 "-" "python-requests/2.28.1"
jomarlogistica.com.br:80 127.0.0.1 - - [20/Sep/2025:10:11:13 -0300] "OPTIONS * HTTP/1.0" 200 110 "-" "Apache/2.4.65 (Ubuntu) (internal dummy connection)"
jomarlogistica.com.br:80 47.79.95.148 - - [20/Sep/2025:10:11:13 -0300] "GET /xmlrpc.php HTTP/1.1" 403 2493 "-" "python-requests/2.28.1"
jomarlogistica.com.br:80 172.20.1.117 - - [20/Sep/2025:10:13:02 -0300] "POST /wp-cron.php?doing_wp_cron=1758373982.6028380393981933593750 HTTP/1.1" 200 389 "https://jomarlogistica.com.br/wp-cron.php?doing_wp_cron=1758373982.6028380393981933593750" "WordPress/5.8.10; https://jomarlogistica.com.br"
jomarlogistica.com.br:80 177.116.184.250 - - [20/Sep/2025:10:13:02 -0300] "POST /autodiscover/autodiscover.xml HTTP/1.1" 404 448 "-" "AppleExchangeWebServices/833 accountsd/113"
jomarlogistica.com.br:80 127.0.0.1 - - [20/Sep/2025:10:13:07 -0300] "OPTIONS * HTTP/1.0" 200 110 "-" "Apache/2.4.65 (Ubuntu) (internal dummy connection)"
jomarlogistica.com.br:80 159.75.154.150 - - [20/Sep/2025:10:19:12 -0300] "POST /xmlrpc.php HTTP/1.1" 403 2493 "https://jomarlogistica.com.br" "Mozilla/5.0 (Macintosh; Intel Mac OS X 13_3) AppleWebKit/537.36 (KHTML, like Gecko) Chrome/126.0.0.0 Safari/537.36"
jomarlogistica.com.br:80 172.20.1.117 - - [20/Sep/2025:10:19:22 -0300] "POST /wp-cron.php?doing_wp_cron=1758374362.0682439804077148437500 HTTP/1.1" 200 389 "https://jomarlogistica.com.br/wp-cron.php?doing_wp_cron=1758374362.0682439804077148437500" "WordPress/5.8.10; https://jomarlogistica.com.br"
jomarlogistica.com.br:80 135.181.79.90 - - [20/Sep/2025:10:19:21 -0300] "GET /2023/05/02/test-title/ HTTP/1.1" 200 77241 "https://jomarlogistica.com.br/2023/05/02/test-title/" "Mozilla/5.0 (Windows NT 10.0; Win64; x64) AppleWebKit/537.36 (KHTML, like Gecko) Chrome/131.0.0.0 Safari/537.36 Avast/131.0.0.0"
jomarlogistica.com.br:80 135.181.79.90 - - [20/Sep/2025:10:19:24 -0300] "GET /2023/11/15/how-to-organise-the-board-records-with-boardpro/ HTTP/1.1" 200 79592 "https://jomarlogistica.com.br/2023/11/15/how-to-organise-the-board-records-with-boardpro/" "Mozilla/5.0 (Windows NT 10.0; Win64; x64) AppleWebKit/537.36 (KHTML, like Gecko) Chrome/131.0.0.0 Safari/537.36 Avast/131.0.0.0"
jomarlogistica.com.br:80 135.181.79.90 - - [20/Sep/2025:10:19:26 -0300] "GET /contato/ HTTP/1.1" 200 79977 "https://jomarlogistica.com.br/contato/" "Mozilla/5.0 (Windows NT 10.0; Win64; x64) AppleWebKit/537.36 (KHTML, like Gecko) Chrome/131.0.0.0 Safari/537.36 Avast/131.0.0.0"
jomarlogistica.com.br:80 94.199.215.40 - - [20/Sep/2025:10:19:32 -0300] "POST /xmlrpc.php HTTP/1.1" 403 2493 "https://jomarlogistica.com.br" "Mozilla/5.0 (Macintosh; Intel Mac OS X 13_3) AppleWebKit/537.36 (KHTML, like Gecko) Chrome/126.0.0.0 Safari/537.36 Edg/126.0.0.0"
jomarlogistica.com.br:80 135.181.79.90 - - [20/Sep/2025:10:19:28 -0300] "POST /wp-json/contact-form-7/v1/contact-forms/5005/feedback HTTP/1.1" 200 865 "https://jomarlogistica.com.br/contato/" "Mozilla/5.0 (Windows NT 10.0; Win64; x64) AppleWebKit/537.36 (KHTML, like Gecko) Chrome/131.0.0.0 Safari/537.36 Avast/131.0.0.0"
jomarlogistica.com.br:80 127.0.0.1 - - [20/Sep/2025:10:19:39 -0300] "OPTIONS * HTTP/1.0" 200 110 "-" "Apache/2.4.65 (Ubuntu) (internal dummy connection)"
jomarlogistica.com.br:80 216.244.66.226 - - [20/Sep/2025:10:21:04 -0300] "GET /robots.txt HTTP/1.1" 200 565 "-" "Mozilla/5.0 (compatible; DotBot/1.2; +https://opensiteexplorer.org/dotbot; help@moz.com)"
jomarlogistica.com.br:80 172.20.1.117 - - [20/Sep/2025:10:23:25 -0300] "POST /wp-cron.php?doing_wp_cron=1758374605.6788918972015380859375 HTTP/1.1" 200 389 "https://jomarlogistica.com.br/wp-cron.php?doing_wp_cron=1758374605.6788918972015380859375" "WordPress/5.8.10; https://jomarlogistica.com.br"
