jomarlogistica.com.br:80 217.113.194.151 - - [20/Sep/2025:23:30:51 -0300] "GET /category/jomar/page/11/ HTTP/1.1" 200 18766 "-" "Mozilla/5.0 (compatible; Barkrowler/0.9; +https://babbar.tech/crawler)"
jomarlogistica.com.br:80 127.0.0.1 - - [20/Sep/2025:23:30:56 -0300] "OPTIONS * HTTP/1.0" 200 110 "-" "Apache/2.4.65 (Ubuntu) (internal dummy connection)"
jomarlogistica.com.br:80 217.113.194.149 - - [20/Sep/2025:23:31:09 -0300] "GET /category/jomar/page/10/ HTTP/1.1" 200 18731 "-" "Mozilla/5.0 (compatible; Barkrowler/0.9; +https://babbar.tech/crawler)"
jomarlogistica.com.br:80 217.113.194.146 - - [20/Sep/2025:23:31:27 -0300] "GET /category/jomar/page/4/ HTTP/1.1" 200 18589 "-" "Mozilla/5.0 (compatible; Barkrowler/0.9; +https://babbar.tech/crawler)"
jomarlogistica.com.br:80 217.113.194.143 - - [20/Sep/2025:23:31:44 -0300] "GET /category/jomar/page/6/ HTTP/1.1" 200 18600 "-" "Mozilla/5.0 (compatible; Barkrowler/0.9; +https://babbar.tech/crawler)"
jomarlogistica.com.br:80 217.113.194.147 - - [20/Sep/2025:23:32:01 -0300] "GET /category/jomar/page/8/ HTTP/1.1" 200 18466 "-" "Mozilla/5.0 (compatible; Barkrowler/0.9; +https://babbar.tech/crawler)"
jomarlogistica.com.br:80 114.119.136.72 - - [20/Sep/2025:23:32:05 -0300] "GET /2023/12/27/carr-legal-photos-high-quality-legal-photography-services/ HTTP/1.1" 200 14178 "https://jomarlogistica.com.br/2023/12/" "Mozilla/5.0 (Linux; Android 7.0;) AppleWebKit/537.36 (KHTML, like Gecko) Mobile Safari/537.36 (compatible; PetalBot;+https://webmaster.petalsearch.com/site/petalbot)"
jomarlogistica.com.br:80 172.20.1.117 - - [20/Sep/2025:23:32:19 -0300] "POST /wp-cron.php?doing_wp_cron=1758421939.0606479644775390625000 HTTP/1.1" 200 389 "https://jomarlogistica.com.br/wp-cron.php?doing_wp_cron=1758421939.0606479644775390625000" "WordPress/5.8.10; https://jomarlogistica.com.br"
jomarlogistica.com.br:80 217.113.194.249 - - [20/Sep/2025:23:32:18 -0300] "GET /author/jomar/page/14/ HTTP/1.1" 200 18762 "-" "Mozilla/5.0 (compatible; Barkrowler/0.9; +https://babbar.tech/crawler)"
jomarlogistica.com.br:80 127.0.0.1 - - [20/Sep/2025:23:32:24 -0300] "OPTIONS * HTTP/1.0" 200 110 "-" "Apache/2.4.65 (Ubuntu) (internal dummy connection)"
jomarlogistica.com.br:80 217.113.194.143 - - [20/Sep/2025:23:32:36 -0300] "GET /author/jomar/page/16/ HTTP/1.1" 200 18753 "-" "Mozilla/5.0 (compatible; Barkrowler/0.9; +https://babbar.tech/crawler)"
jomarlogistica.com.br:80 217.113.194.253 - - [20/Sep/2025:23:32:54 -0300] "GET /author/jomar/page/12/ HTTP/1.1" 200 18680 "-" "Mozilla/5.0 (compatible; Barkrowler/0.9; +https://babbar.tech/crawler)"
jomarlogistica.com.br:80 217.113.194.149 - - [20/Sep/2025:23:33:12 -0300] "GET /author/jomar/page/11/ HTTP/1.1" 200 18774 "-" "Mozilla/5.0 (compatible; Barkrowler/0.9; +https://babbar.tech/crawler)"
jomarlogistica.com.br:80 217.113.194.143 - - [20/Sep/2025:23:33:30 -0300] "GET /author/jomar/page/9/ HTTP/1.1" 200 18770 "-" "Mozilla/5.0 (compatible; Barkrowler/0.9; +https://babbar.tech/crawler)"
jomarlogistica.com.br:80 114.119.158.0 - - [20/Sep/2025:23:33:38 -0300] "GET /2023/09/30/bmo-medical-full-form-what-does-bmo-stand-for-in-the-legal-context/ HTTP/1.1" 200 14462 "https://jomarlogistica.com.br/2023/10/03/cds-full-form-age-limit-eligibility-criteria-for-cds-exam/" "Mozilla/5.0 (Linux; Android 7.0;) AppleWebKit/537.36 (KHTML, like Gecko) Mobile Safari/537.36 (compatible; PetalBot;+https://webmaster.petalsearch.com/site/petalbot)"
jomarlogistica.com.br:80 217.113.194.249 - - [20/Sep/2025:23:33:48 -0300] "GET /category/jomar/page/49/ HTTP/1.1" 200 18981 "-" "Mozilla/5.0 (compatible; Barkrowler/0.9; +https://babbar.tech/crawler)"
jomarlogistica.com.br:80 217.113.194.231 - - [20/Sep/2025:23:34:06 -0300] "GET /category/jomar/page/51/ HTTP/1.1" 200 18694 "-" "Mozilla/5.0 (compatible; Barkrowler/0.9; +https://babbar.tech/crawler)"
jomarlogistica.com.br:80 217.113.194.231 - - [20/Sep/2025:23:34:24 -0300] "GET /category/jomar/page/53/ HTTP/1.1" 200 18769 "-" "Mozilla/5.0 (compatible; Barkrowler/0.9; +https://babbar.tech/crawler)"
jomarlogistica.com.br:80 217.113.194.150 - - [20/Sep/2025:23:34:41 -0300] "GET /category/jomar/page/44/ HTTP/1.1" 200 18831 "-" "Mozilla/5.0 (compatible; Barkrowler/0.9; +https://babbar.tech/crawler)"
jomarlogistica.com.br:80 217.113.194.148 - - [20/Sep/2025:23:34:58 -0300] "GET /category/jomar/page/46/ HTTP/1.1" 200 18656 "-" "Mozilla/5.0 (compatible; Barkrowler/0.9; +https://babbar.tech/crawler)"
jomarlogistica.com.br:80 114.119.158.0 - - [20/Sep/2025:23:35:00 -0300] "GET /2023/09/22/attachment-definition-in-legal-terms-understanding-legal-attachment/ HTTP/1.1" 200 14928 "https://jomarlogistica.com.br/2023/09/20/universal-life-church-marriages-in-ohio-legal-status-explained/" "Mozilla/5.0 (Linux; Android 7.0;) AppleWebKit/537.36 (KHTML, like Gecko) Mobile Safari/537.36 (compatible; PetalBot;+https://webmaster.petalsearch.com/site/petalbot)"
jomarlogistica.com.br:80 57.141.0.15 - - [20/Sep/2025:23:35:04 -0300] "GET /2022/11/07/equality-of-rights-in-modern-day-marriages/ HTTP/1.1" 200 82437 "-" "meta-externalagent/1.1 (+https://developers.facebook.com/docs/sharing/webmasters/crawler)"
jomarlogistica.com.br:80 217.113.194.231 - - [20/Sep/2025:23:35:14 -0300] "GET /category/jomar/page/48/ HTTP/1.1" 200 18846 "-" "Mozilla/5.0 (compatible; Barkrowler/0.9; +https://babbar.tech/crawler)"
jomarlogistica.com.br:80 74.7.35.123 - - [20/Sep/2025:23:35:19 -0300] "GET /2024/03/09/are-50-caliber-guns-legal-in-canada-rules-and-regulations-explained/ HTTP/1.1" 200 14364 "-" "Mozilla/5.0 AppleWebKit/537.36 (KHTML, like Gecko); compatible; ChatGPT-User/1.0; +https://openai.com/bot"
jomarlogistica.com.br:80 217.113.194.145 - - [20/Sep/2025:23:35:31 -0300] "GET /category/jomar/page/55/ HTTP/1.1" 200 18655 "-" "Mozilla/5.0 (compatible; Barkrowler/0.9; +https://babbar.tech/crawler)"
jomarlogistica.com.br:80 217.113.194.151 - - [20/Sep/2025:23:35:48 -0300] "GET /author/jomar/page/42/ HTTP/1.1" 200 18946 "-" "Mozilla/5.0 (compatible; Barkrowler/0.9; +https://babbar.tech/crawler)"
jomarlogistica.com.br:80 217.113.194.144 - - [20/Sep/2025:23:36:05 -0300] "GET /author/jomar/page/49/ HTTP/1.1" 200 18933 "-" "Mozilla/5.0 (compatible; Barkrowler/0.9; +https://babbar.tech/crawler)"
jomarlogistica.com.br:80 217.113.194.253 - - [20/Sep/2025:23:36:23 -0300] "GET /author/jomar/page/47/ HTTP/1.1" 200 18693 "-" "Mozilla/5.0 (compatible; Barkrowler/0.9; +https://babbar.tech/crawler)"
jomarlogistica.com.br:80 114.119.138.130 - - [20/Sep/2025:23:36:25 -0300] "GET /2023/08/28/a-guide-to-virtual-data-rooms-for-ma-due-diligence/ HTTP/1.1" 200 17240 "https://jomarlogistica.com.br/category/jomar/page/13/" "Mozilla/5.0 (Linux; Android 7.0;) AppleWebKit/537.36 (KHTML, like Gecko) Mobile Safari/537.36 (compatible; PetalBot;+https://webmaster.petalsearch.com/site/petalbot)"
jomarlogistica.com.br:80 127.0.0.1 - - [20/Sep/2025:23:36:31 -0300] "OPTIONS * HTTP/1.0" 200 110 "-" "Apache/2.4.65 (Ubuntu) (internal dummy connection)"
jomarlogistica.com.br:80 217.113.194.148 - - [20/Sep/2025:23:36:40 -0300] "GET /author/jomar/page/44/ HTTP/1.1" 200 18893 "-" "Mozilla/5.0 (compatible; Barkrowler/0.9; +https://babbar.tech/crawler)"
jomarlogistica.com.br:80 217.113.194.151 - - [20/Sep/2025:23:36:57 -0300] "GET /author/jomar/page/46/ HTTP/1.1" 200 18687 "-" "Mozilla/5.0 (compatible; Barkrowler/0.9; +https://babbar.tech/crawler)"
jomarlogistica.com.br:80 172.20.1.117 - - [20/Sep/2025:23:37:16 -0300] "POST /wp-cron.php?doing_wp_cron=1758422236.6794428825378417968750 HTTP/1.1" 200 389 "https://jomarlogistica.com.br/wp-cron.php?doing_wp_cron=1758422236.6794428825378417968750" "WordPress/5.8.10; https://jomarlogistica.com.br"
jomarlogistica.com.br:80 217.113.194.253 - - [20/Sep/2025:23:37:16 -0300] "GET /2022/11/20/marriage-and-culture/ HTTP/1.1" 200 17496 "-" "Mozilla/5.0 (compatible; Barkrowler/0.9; +https://babbar.tech/crawler)"
jomarlogistica.com.br:80 127.0.0.1 - - [20/Sep/2025:23:37:22 -0300] "OPTIONS * HTTP/1.0" 200 110 "-" "Apache/2.4.65 (Ubuntu) (internal dummy connection)"
jomarlogistica.com.br:80 217.113.194.143 - - [20/Sep/2025:23:37:34 -0300] "GET /2023/10/15/ma-deals/feed/ HTTP/1.1" 200 1151 "-" "Mozilla/5.0 (compatible; Barkrowler/0.9; +https://babbar.tech/crawler)"
jomarlogistica.com.br:80 114.119.158.0 - - [20/Sep/2025:23:37:47 -0300] "GET /2023/08/01/basic-antivirus-software-for-pc/ HTTP/1.1" 200 17315 "https://jomarlogistica.com.br/2023/page/14/" "Mozilla/5.0 (Linux; Android 7.0;) AppleWebKit/537.36 (KHTML, like Gecko) Mobile Safari/537.36 (compatible; PetalBot;+https://webmaster.petalsearch.com/site/petalbot)"
jomarlogistica.com.br:80 217.113.194.144 - - [20/Sep/2025:23:37:51 -0300] "GET /2023/07/04/asus-gaming-laptops/ HTTP/1.1" 200 17396 "-" "Mozilla/5.0 (compatible; Barkrowler/0.9; +https://babbar.tech/crawler)"
jomarlogistica.com.br:80 217.113.194.146 - - [20/Sep/2025:23:38:08 -0300] "GET /2023/01/08/how-to-find-single-women/ HTTP/1.1" 200 18550 "-" "Mozilla/5.0 (compatible; Barkrowler/0.9; +https://babbar.tech/crawler)"
jomarlogistica.com.br:80 217.113.194.231 - - [20/Sep/2025:23:38:25 -0300] "GET /2023/03/16/asian-family-prospects/ HTTP/1.1" 200 17509 "-" "Mozilla/5.0 (compatible; Barkrowler/0.9; +https://babbar.tech/crawler)"
jomarlogistica.com.br:80 217.113.194.149 - - [20/Sep/2025:23:38:42 -0300] "GET /2023/10/02/what-is-a-data-room/ HTTP/1.1" 200 17275 "-" "Mozilla/5.0 (compatible; Barkrowler/0.9; +https://babbar.tech/crawler)"
jomarlogistica.com.br:80 217.113.194.231 - - [20/Sep/2025:23:38:59 -0300] "GET /2023/05/28/singles-meeting-place/ HTTP/1.1" 200 17483 "-" "Mozilla/5.0 (compatible; Barkrowler/0.9; +https://babbar.tech/crawler)"
jomarlogistica.com.br:80 114.119.138.130 - - [20/Sep/2025:23:39:13 -0300] "GET /2023/05/26/best-porn-games-hentai-video-games-xxx-grownup-sex-games/ HTTP/1.1" 200 17521 "https://jomarlogistica.com.br/author/jomar/page/22/" "Mozilla/5.0 (Linux; Android 7.0;) AppleWebKit/537.36 (KHTML, like Gecko) Mobile Safari/537.36 (compatible; PetalBot;+https://webmaster.petalsearch.com/site/petalbot)"
jomarlogistica.com.br:80 216.73.216.35 - - [20/Sep/2025:23:39:15 -0300] "GET /wp-sitemap.xml HTTP/1.1" 200 643 "-" "Mozilla/5.0 AppleWebKit/537.36 (KHTML, like Gecko; compatible; ClaudeBot/1.0; +claudebot@anthropic.com)"
jomarlogistica.com.br:80 217.113.194.151 - - [20/Sep/2025:23:39:17 -0300] "GET /2023/07/01/organization-management-jobs/ HTTP/1.1" 200 17223 "-" "Mozilla/5.0 (compatible; Barkrowler/0.9; +https://babbar.tech/crawler)"
jomarlogistica.com.br:80 127.0.0.1 - - [20/Sep/2025:23:39:22 -0300] "OPTIONS * HTTP/1.0" 200 110 "-" "Apache/2.4.65 (Ubuntu) (internal dummy connection)"
jomarlogistica.com.br:80 217.113.194.149 - - [20/Sep/2025:23:39:34 -0300] "GET /2023/07/01/organization-management-jobs/feed/ HTTP/1.1" 200 1162 "-" "Mozilla/5.0 (compatible; Barkrowler/0.9; +https://babbar.tech/crawler)"
jomarlogistica.com.br:80 217.113.194.144 - - [20/Sep/2025:23:39:50 -0300] "GET /2023/07/05/types-of-organization-software/ HTTP/1.1" 200 17263 "-" "Mozilla/5.0 (compatible; Barkrowler/0.9; +https://babbar.tech/crawler)"
jomarlogistica.com.br:80 217.113.194.149 - - [20/Sep/2025:23:40:07 -0300] "GET /2023/06/11/organising-data-supervision/ HTTP/1.1" 200 17446 "-" "Mozilla/5.0 (compatible; Barkrowler/0.9; +https://babbar.tech/crawler)"
jomarlogistica.com.br:80 154.54.249.207 - - [20/Sep/2025:23:40:24 -0300] "GET /2023/08/28/board-meeting-procedures/ HTTP/1.1" 200 17198 "-" "Mozilla/5.0 (compatible; Barkrowler/0.9; +https://babbar.tech/crawler)"
jomarlogistica.com.br:80 114.119.138.130 - - [20/Sep/2025:23:40:37 -0300] "GET /2023/05/03/gay-and-lesbian-horoscope-indicators-and-curiosities/ HTTP/1.1" 200 20047 "https://jomarlogistica.com.br/2023/page/28/" "Mozilla/5.0 (Linux; Android 7.0;) AppleWebKit/537.36 (KHTML, like Gecko) Mobile Safari/537.36 (compatible; PetalBot;+https://webmaster.petalsearch.com/site/petalbot)"
jomarlogistica.com.br:80 217.113.194.142 - - [20/Sep/2025:23:40:41 -0300] "GET /2022/11/06/one-latin-girls-dating/ HTTP/1.1" 200 18115 "-" "Mozilla/5.0 (compatible; Barkrowler/0.9; +https://babbar.tech/crawler)"
jomarlogistica.com.br:80 217.113.194.142 - - [20/Sep/2025:23:40:58 -0300] "GET /2022/12/05/mixte-relationships-stars/ HTTP/1.1" 200 17419 "-" "Mozilla/5.0 (compatible; Barkrowler/0.9; +https://babbar.tech/crawler)"
jomarlogistica.com.br:80 217.113.194.142 - - [20/Sep/2025:23:41:17 -0300] "GET /2023/10/03/avast-free-forum/feed/ HTTP/1.1" 200 1151 "-" "Mozilla/5.0 (compatible; Barkrowler/0.9; +https://babbar.tech/crawler)"
jomarlogistica.com.br:80 217.113.194.143 - - [20/Sep/2025:23:41:33 -0300] "GET /2023/05/10/what-is-datenraum-review/ HTTP/1.1" 200 17126 "-" "Mozilla/5.0 (compatible; Barkrowler/0.9; +https://babbar.tech/crawler)"
jomarlogistica.com.br:80 217.113.194.231 - - [20/Sep/2025:23:41:50 -0300] "GET /2023/03/01/gorgeous-interracial-lovers/ HTTP/1.1" 200 17533 "-" "Mozilla/5.0 (compatible; Barkrowler/0.9; +https://babbar.tech/crawler)"
jomarlogistica.com.br:80 114.119.135.84 - - [20/Sep/2025:23:42:01 -0300] "GET /2023/04/page/2/ HTTP/1.1" 200 21294 "https://jomarlogistica.com.br/2023/04/page/3/" "Mozilla/5.0 (Linux; Android 7.0;) AppleWebKit/537.36 (KHTML, like Gecko) Mobile Safari/537.36 (compatible; PetalBot;+https://webmaster.petalsearch.com/site/petalbot)"
jomarlogistica.com.br:80 217.113.194.146 - - [20/Sep/2025:23:42:07 -0300] "GET /2023/02/19/wedding-tradition-in-croatia/ HTTP/1.1" 200 18011 "-" "Mozilla/5.0 (compatible; Barkrowler/0.9; +https://babbar.tech/crawler)"
jomarlogistica.com.br:80 139.59.76.180 - - [20/Sep/2025:23:42:12 -0300] "GET /wp-admin/css/ HTTP/1.1" 403 2493 "binance.com" "Mozilla/5.0 (Windows NT 10.0; Win64; x64) AppleWebKit/537.36 (KHTML, like Gecko) Chrome/90.0.4430.85 Safari/537.36"
jomarlogistica.com.br:80 172.20.1.117 - - [20/Sep/2025:23:42:25 -0300] "POST /wp-cron.php?doing_wp_cron=1758422545.0666680335998535156250 HTTP/1.1" 200 389 "https://jomarlogistica.com.br/wp-cron.php?doing_wp_cron=1758422545.0666680335998535156250" "WordPress/5.8.10; https://jomarlogistica.com.br"
jomarlogistica.com.br:80 217.113.194.148 - - [20/Sep/2025:23:42:24 -0300] "GET /2023/08/28/board-meeting-procedures/feed/ HTTP/1.1" 200 1160 "-" "Mozilla/5.0 (compatible; Barkrowler/0.9; +https://babbar.tech/crawler)"
jomarlogistica.com.br:80 57.141.0.2 - - [20/Sep/2025:23:42:26 -0300] "GET /2023/03/21/broken-contract-film-legal-implications-contract-disputes-explained/ HTTP/1.1" 200 60953 "-" "meta-externalagent/1.1 (+https://developers.facebook.com/docs/sharing/webmasters/crawler)"
jomarlogistica.com.br:80 127.0.0.1 - - [20/Sep/2025:23:42:31 -0300] "OPTIONS * HTTP/1.0" 200 110 "-" "Apache/2.4.65 (Ubuntu) (internal dummy connection)"
jomarlogistica.com.br:80 217.113.194.253 - - [20/Sep/2025:23:42:41 -0300] "GET /2023/01/20/mixte-relationships-celebs/ HTTP/1.1" 200 17385 "-" "Mozilla/5.0 (compatible; Barkrowler/0.9; +https://babbar.tech/crawler)"
jomarlogistica.com.br:80 217.113.194.253 - - [20/Sep/2025:23:42:58 -0300] "GET /2023/08/29/very-best-data-rooms-review/ HTTP/1.1" 200 17351 "-" "Mozilla/5.0 (compatible; Barkrowler/0.9; +https://babbar.tech/crawler)"
jomarlogistica.com.br:80 217.113.194.253 - - [20/Sep/2025:23:43:15 -0300] "GET /2023/04/19/passionate-ideas-for-her/ HTTP/1.1" 200 19084 "-" "Mozilla/5.0 (compatible; Barkrowler/0.9; +https://babbar.tech/crawler)"
jomarlogistica.com.br:80 114.119.128.158 - - [20/Sep/2025:23:43:17 -0300] "GET /2023/02/21/marriage-tradition-in-korea/ HTTP/1.1" 200 18077 "https://jomarlogistica.com.br/2023/02/22/seeing-someone-right-from-a-different-region/" "Mozilla/5.0 (Linux; Android 7.0;) AppleWebKit/537.36 (KHTML, like Gecko) Mobile Safari/537.36 (compatible; PetalBot;+https://webmaster.petalsearch.com/site/petalbot)"
jomarlogistica.com.br:80 217.113.194.143 - - [20/Sep/2025:23:43:34 -0300] "GET /2023/03/07/internet-dating-safety-strategies/ HTTP/1.1" 200 17344 "-" "Mozilla/5.0 (compatible; Barkrowler/0.9; +https://babbar.tech/crawler)"
jomarlogistica.com.br:80 217.113.194.147 - - [20/Sep/2025:23:43:52 -0300] "GET /2022/11/15/finding-a-wife-online/ HTTP/1.1" 200 18109 "-" "Mozilla/5.0 (compatible; Barkrowler/0.9; +https://babbar.tech/crawler)"
jomarlogistica.com.br:80 217.113.194.146 - - [20/Sep/2025:23:44:09 -0300] "GET /2022/09/05/where-to-get-a-japan-girlfriend/ HTTP/1.1" 200 18245 "-" "Mozilla/5.0 (compatible; Barkrowler/0.9; +https://babbar.tech/crawler)"
jomarlogistica.com.br:80 217.113.194.145 - - [20/Sep/2025:23:44:26 -0300] "GET /2022/08/20/what-is-being-in-love/feed/ HTTP/1.1" 200 1161 "-" "Mozilla/5.0 (compatible; Barkrowler/0.9; +https://babbar.tech/crawler)"
jomarlogistica.com.br:80 57.141.0.73 - - [20/Sep/2025:23:44:42 -0300] "GET /2023/05/01/positives-and-negatives-of-dating-outside-your-culture/ HTTP/1.1" 200 80647 "-" "meta-externalagent/1.1 (+https://developers.facebook.com/docs/sharing/webmasters/crawler)"
jomarlogistica.com.br:80 217.113.194.149 - - [20/Sep/2025:23:44:43 -0300] "GET /2023/09/09/evaluating-a-data-place-service/ HTTP/1.1" 200 17408 "-" "Mozilla/5.0 (compatible; Barkrowler/0.9; +https://babbar.tech/crawler)"
jomarlogistica.com.br:80 114.119.159.76 - - [20/Sep/2025:23:44:48 -0300] "GET /2022/page/8/ HTTP/1.1" 200 18697 "https://jomarlogistica.com.br/2022/page/7/" "Mozilla/5.0 (Linux; Android 7.0;) AppleWebKit/537.36 (KHTML, like Gecko) Mobile Safari/537.36 (compatible; PetalBot;+https://webmaster.petalsearch.com/site/petalbot)"
jomarlogistica.com.br:80 127.0.0.1 - - [20/Sep/2025:23:44:54 -0300] "OPTIONS * HTTP/1.0" 200 110 "-" "Apache/2.4.65 (Ubuntu) (internal dummy connection)"
jomarlogistica.com.br:80 217.113.194.151 - - [20/Sep/2025:23:45:00 -0300] "GET /2023/05/02/free-chat-rooms-for-everybody/ HTTP/1.1" 200 17578 "-" "Mozilla/5.0 (compatible; Barkrowler/0.9; +https://babbar.tech/crawler)"
jomarlogistica.com.br:80 217.113.194.148 - - [20/Sep/2025:23:45:17 -0300] "GET /2022/10/23/ukrainian-women-internet-dating/ HTTP/1.1" 200 17912 "-" "Mozilla/5.0 (compatible; Barkrowler/0.9; +https://babbar.tech/crawler)"
jomarlogistica.com.br:80 217.113.194.249 - - [20/Sep/2025:23:45:36 -0300] "GET /2022/10/15/how-to-find-a-katalog-frauen/ HTTP/1.1" 200 17838 "-" "Mozilla/5.0 (compatible; Barkrowler/0.9; +https://babbar.tech/crawler)"
jomarlogistica.com.br:80 154.54.249.207 - - [20/Sep/2025:23:45:53 -0300] "GET /2023/08/01/basic-antivirus-software-for-pc/ HTTP/1.1" 200 17315 "-" "Mozilla/5.0 (compatible; Barkrowler/0.9; +https://babbar.tech/crawler)"
jomarlogistica.com.br:80 114.119.159.76 - - [20/Sep/2025:23:46:07 -0300] "GET /2022/page/14/ HTTP/1.1" 200 18615 "https://jomarlogistica.com.br/2022/page/15/" "Mozilla/5.0 (Linux; Android 7.0;) AppleWebKit/537.36 (KHTML, like Gecko) Mobile Safari/537.36 (compatible; PetalBot;+https://webmaster.petalsearch.com/site/petalbot)"
jomarlogistica.com.br:80 217.113.194.146 - - [20/Sep/2025:23:46:11 -0300] "GET /2023/07/03/email-voting-for-board-decisions/ HTTP/1.1" 200 17141 "-" "Mozilla/5.0 (compatible; Barkrowler/0.9; +https://babbar.tech/crawler)"
jomarlogistica.com.br:80 217.113.194.144 - - [20/Sep/2025:23:46:30 -0300] "GET /2022/11/13/signals-that-you-are-in-love/ HTTP/1.1" 200 17362 "-" "Mozilla/5.0 (compatible; Barkrowler/0.9; +https://babbar.tech/crawler)"
jomarlogistica.com.br:80 217.113.194.145 - - [20/Sep/2025:23:46:47 -0300] "GET /2023/10/02/top-antivirus-for-android/ HTTP/1.1" 200 17074 "-" "Mozilla/5.0 (compatible; Barkrowler/0.9; +https://babbar.tech/crawler)"
jomarlogistica.com.br:80 217.113.194.231 - - [20/Sep/2025:23:47:04 -0300] "GET /2023/09/09/avast-secureline-vpn-review/ HTTP/1.1" 200 17280 "-" "Mozilla/5.0 (compatible; Barkrowler/0.9; +https://babbar.tech/crawler)"
jomarlogistica.com.br:80 172.20.1.117 - - [20/Sep/2025:23:47:21 -0300] "POST /wp-cron.php?doing_wp_cron=1758422841.7571599483489990234375 HTTP/1.1" 200 389 "https://jomarlogistica.com.br/wp-cron.php?doing_wp_cron=1758422841.7571599483489990234375" "WordPress/5.8.10; https://jomarlogistica.com.br"
jomarlogistica.com.br:80 217.113.194.143 - - [20/Sep/2025:23:47:21 -0300] "GET /2023/08/26/how-to-choose-the-best-data-room-software/ HTTP/1.1" 200 17326 "-" "Mozilla/5.0 (compatible; Barkrowler/0.9; +https://babbar.tech/crawler)"
jomarlogistica.com.br:80 114.119.128.158 - - [20/Sep/2025:23:47:26 -0300] "GET /2022/10/ HTTP/1.1" 200 18562 "https://jomarlogistica.com.br/2022/08/03/bhs-loan-agreement-template-free-legal-document-download/" "Mozilla/5.0 (Linux; Android 7.0;) AppleWebKit/537.36 (KHTML, like Gecko) Mobile Safari/537.36 (compatible; PetalBot;+https://webmaster.petalsearch.com/site/petalbot)"
jomarlogistica.com.br:80 127.0.0.1 - - [20/Sep/2025:23:47:32 -0300] "OPTIONS * HTTP/1.0" 200 110 "-" "Apache/2.4.65 (Ubuntu) (internal dummy connection)"
jomarlogistica.com.br:80 217.113.194.148 - - [20/Sep/2025:23:47:43 -0300] "GET /2023/04/07/seeing-someone-by-a-different-nation/ HTTP/1.1" 200 18071 "-" "Mozilla/5.0 (compatible; Barkrowler/0.9; +https://babbar.tech/crawler)"
jomarlogistica.com.br:80 217.113.194.253 - - [20/Sep/2025:23:48:02 -0300] "GET /2023/09/13/the-best-iphone-antivirus-apps/ HTTP/1.1" 200 17350 "-" "Mozilla/5.0 (compatible; Barkrowler/0.9; +https://babbar.tech/crawler)"
jomarlogistica.com.br:80 217.113.194.148 - - [20/Sep/2025:23:48:20 -0300] "GET /2022/11/15/realizing-love-how-to-express-love/ HTTP/1.1" 200 17494 "-" "Mozilla/5.0 (compatible; Barkrowler/0.9; +https://babbar.tech/crawler)"
jomarlogistica.com.br:80 217.113.194.142 - - [20/Sep/2025:23:48:39 -0300] "GET /2023/09/09/legal-solutions-designed-for-small-businesses/ HTTP/1.1" 200 17386 "-" "Mozilla/5.0 (compatible; Barkrowler/0.9; +https://babbar.tech/crawler)"
jomarlogistica.com.br:80 217.113.194.150 - - [20/Sep/2025:23:48:56 -0300] "GET /2023/05/02/vdr-for-innovation-based-industries/ HTTP/1.1" 200 17141 "-" "Mozilla/5.0 (compatible; Barkrowler/0.9; +https://babbar.tech/crawler)"
jomarlogistica.com.br:80 217.113.194.149 - - [20/Sep/2025:23:49:13 -0300] "GET /2023/09/25/the-most-secure-vpn-for-android/ HTTP/1.1" 200 17150 "-" "Mozilla/5.0 (compatible; Barkrowler/0.9; +https://babbar.tech/crawler)"
jomarlogistica.com.br:80 217.113.194.253 - - [20/Sep/2025:23:49:32 -0300] "GET /2023/09/25/how-to-choose-a-secure-data-repository/ HTTP/1.1" 200 17251 "-" "Mozilla/5.0 (compatible; Barkrowler/0.9; +https://babbar.tech/crawler)"
jomarlogistica.com.br:80 44.223.116.149 - - [20/Sep/2025:23:49:34 -0300] "GET /author/jomar/page/7/ HTTP/1.1" 200 18505 "-" "Mozilla/5.0 AppleWebKit/537.36 (KHTML, like Gecko; compatible; Amazonbot/0.1; +https://developer.amazon.com/support/amazonbot) Chrome/119.0.6045.214 Safari/537.36"
jomarlogistica.com.br:80 127.0.0.1 - - [20/Sep/2025:23:49:39 -0300] "OPTIONS * HTTP/1.0" 200 110 "-" "Apache/2.4.65 (Ubuntu) (internal dummy connection)"
jomarlogistica.com.br:80 217.113.194.249 - - [20/Sep/2025:23:49:49 -0300] "GET /2022/10/01/why-you-should-avoid-overseas-dating-sites/ HTTP/1.1" 200 19012 "-" "Mozilla/5.0 (compatible; Barkrowler/0.9; +https://babbar.tech/crawler)"
jomarlogistica.com.br:80 217.113.194.142 - - [20/Sep/2025:23:50:06 -0300] "GET /2022/12/14/exactly-what-is-a-soulmate/ HTTP/1.1" 200 17857 "-" "Mozilla/5.0 (compatible; Barkrowler/0.9; +https://babbar.tech/crawler)"
jomarlogistica.com.br:80 217.113.194.147 - - [20/Sep/2025:23:50:24 -0300] "GET /2025/07/02/cool-kids-toys-youngsters-of-everyone/ HTTP/1.1" 200 19051 "-" "Mozilla/5.0 (compatible; Barkrowler/0.9; +https://babbar.tech/crawler)"
jomarlogistica.com.br:80 217.113.194.148 - - [20/Sep/2025:23:50:41 -0300] "GET /2023/08/01/precisely-what-is-an-online-data-room/ HTTP/1.1" 200 17409 "-" "Mozilla/5.0 (compatible; Barkrowler/0.9; +https://babbar.tech/crawler)"
jomarlogistica.com.br:80 217.113.194.150 - - [20/Sep/2025:23:50:59 -0300] "GET /2023/06/07/dating-someone-right-from-a-different-nation/ HTTP/1.1" 200 17307 "-" "Mozilla/5.0 (compatible; Barkrowler/0.9; +https://babbar.tech/crawler)"
jomarlogistica.com.br:80 154.54.249.207 - - [20/Sep/2025:23:51:18 -0300] "GET /2022/11/09/what-do-girls-find-attractive-in-guys/ HTTP/1.1" 200 17942 "-" "Mozilla/5.0 (compatible; Barkrowler/0.9; +https://babbar.tech/crawler)"
jomarlogistica.com.br:80 217.113.194.151 - - [20/Sep/2025:23:51:35 -0300] "GET /2022/11/14/social-media-red-flags-in-relationships/ HTTP/1.1" 200 17986 "-" "Mozilla/5.0 (compatible; Barkrowler/0.9; +https://babbar.tech/crawler)"
jomarlogistica.com.br:80 217.113.194.148 - - [20/Sep/2025:23:51:51 -0300] "GET /2023/10/03/best-free-antivirus-vpn-reviews/ HTTP/1.1" 200 17180 "-" "Mozilla/5.0 (compatible; Barkrowler/0.9; +https://babbar.tech/crawler)"
jomarlogistica.com.br:80 217.113.194.144 - - [20/Sep/2025:23:52:08 -0300] "GET /2022/09/10/taking-care-of-expectations-in-relationships/ HTTP/1.1" 200 18044 "-" "Mozilla/5.0 (compatible; Barkrowler/0.9; +https://babbar.tech/crawler)"
jomarlogistica.com.br:80 172.20.1.117 - - [20/Sep/2025:23:52:26 -0300] "POST /wp-cron.php?doing_wp_cron=1758423146.2967529296875000000000 HTTP/1.1" 200 389 "https://jomarlogistica.com.br/wp-cron.php?doing_wp_cron=1758423146.2967529296875000000000" "WordPress/5.8.10; https://jomarlogistica.com.br"
jomarlogistica.com.br:80 217.113.194.150 - - [20/Sep/2025:23:52:25 -0300] "GET /2023/09/04/how-to-use-nordvpn-to-unlock-netflix/ HTTP/1.1" 200 17385 "-" "Mozilla/5.0 (compatible; Barkrowler/0.9; +https://babbar.tech/crawler)"
jomarlogistica.com.br:80 127.0.0.1 - - [20/Sep/2025:23:52:32 -0300] "OPTIONS * HTTP/1.0" 200 110 "-" "Apache/2.4.65 (Ubuntu) (internal dummy connection)"
jomarlogistica.com.br:80 217.113.194.150 - - [20/Sep/2025:23:52:43 -0300] "GET /2023/02/02/how-you-can-meet-a-rich-gentleman-online/ HTTP/1.1" 200 18168 "-" "Mozilla/5.0 (compatible; Barkrowler/0.9; +https://babbar.tech/crawler)"
jomarlogistica.com.br:80 57.141.0.12 - - [20/Sep/2025:23:52:53 -0300] "GET /2022/05/20/understanding-laws-a-comprehensive-guide-for-legal-matters/ HTTP/1.1" 200 61890 "-" "meta-externalagent/1.1 (+https://developers.facebook.com/docs/sharing/webmasters/crawler)"
jomarlogistica.com.br:80 217.113.194.149 - - [20/Sep/2025:23:53:00 -0300] "GET /2022/11/14/manifesting-love-signs-you-are-in-love-2/ HTTP/1.1" 200 17395 "-" "Mozilla/5.0 (compatible; Barkrowler/0.9; +https://babbar.tech/crawler)"
jomarlogistica.com.br:80 217.113.194.249 - - [20/Sep/2025:23:53:16 -0300] "GET /2022/12/06/realizing-love-signs-you-are-in-love/ HTTP/1.1" 200 17417 "-" "Mozilla/5.0 (compatible; Barkrowler/0.9; +https://babbar.tech/crawler)"
jomarlogistica.com.br:80 217.113.194.249 - - [20/Sep/2025:23:53:33 -0300] "GET /2022/11/16/the-importance-of-relationship-and-traditions/ HTTP/1.1" 200 17879 "-" "Mozilla/5.0 (compatible; Barkrowler/0.9; +https://babbar.tech/crawler)"
jomarlogistica.com.br:80 154.54.249.207 - - [20/Sep/2025:23:53:51 -0300] "GET /2023/04/18/the-4-types-of-intimate-relationships/ HTTP/1.1" 200 18048 "-" "Mozilla/5.0 (compatible; Barkrowler/0.9; +https://babbar.tech/crawler)"
jomarlogistica.com.br:80 34.194.233.48 - - [20/Sep/2025:23:53:58 -0300] "GET /2023/12/16/air-france-covid-requirements-legal-guidelines-and-updates/ HTTP/1.1" 200 14230 "-" "Mozilla/5.0 AppleWebKit/537.36 (KHTML, like Gecko; compatible; Amazonbot/0.1; +https://developer.amazon.com/support/amazonbot) Chrome/119.0.6045.214 Safari/537.36"
jomarlogistica.com.br:80 3.209.174.110 - - [20/Sep/2025:23:54:02 -0300] "GET /2022/04/20/alabama-suboxone-laws-what-you-need-to-know/ HTTP/1.1" 200 14012 "-" "Mozilla/5.0 AppleWebKit/537.36 (KHTML, like Gecko; compatible; Amazonbot/0.1; +https://developer.amazon.com/support/amazonbot) Chrome/119.0.6045.214 Safari/537.36"
jomarlogistica.com.br:80 217.113.194.151 - - [20/Sep/2025:23:54:08 -0300] "GET /2023/09/09/the-way-to-select-the-best-vdr-providers/ HTTP/1.1" 200 17346 "-" "Mozilla/5.0 (compatible; Barkrowler/0.9; +https://babbar.tech/crawler)"
jomarlogistica.com.br:80 154.54.249.207 - - [20/Sep/2025:23:54:25 -0300] "GET /2023/09/09/the-best-mac-operating-system-antivirus-courses/ HTTP/1.1" 200 17444 "-" "Mozilla/5.0 (compatible; Barkrowler/0.9; +https://babbar.tech/crawler)"
jomarlogistica.com.br:80 217.113.194.253 - - [20/Sep/2025:23:54:42 -0300] "GET /2023/05/24/cost-free-anti-spyware-windows-12-software/ HTTP/1.1" 200 17600 "-" "Mozilla/5.0 (compatible; Barkrowler/0.9; +https://babbar.tech/crawler)"
jomarlogistica.com.br:80 217.113.194.149 - - [20/Sep/2025:23:54:59 -0300] "GET /2023/06/04/benefits-associated-with-business-method-optimization/ HTTP/1.1" 200 17393 "-" "Mozilla/5.0 (compatible; Barkrowler/0.9; +https://babbar.tech/crawler)"
jomarlogistica.com.br:80 217.113.194.150 - - [20/Sep/2025:23:55:17 -0300] "GET /2022/11/07/equality-of-rights-in-modern-day-marriages/ HTTP/1.1" 200 18658 "-" "Mozilla/5.0 (compatible; Barkrowler/0.9; +https://babbar.tech/crawler)"
jomarlogistica.com.br:80 217.113.194.253 - - [20/Sep/2025:23:55:34 -0300] "GET /2023/06/07/mail-order-brides-happen-to-be-an-actual-factor/ HTTP/1.1" 200 19870 "-" "Mozilla/5.0 (compatible; Barkrowler/0.9; +https://babbar.tech/crawler)"
jomarlogistica.com.br:80 217.113.194.145 - - [20/Sep/2025:23:55:51 -0300] "GET /2022/12/19/how-to-show-a-woman-that-you-appreciate-her/ HTTP/1.1" 200 17858 "-" "Mozilla/5.0 (compatible; Barkrowler/0.9; +https://babbar.tech/crawler)"
jomarlogistica.com.br:80 217.113.194.142 - - [20/Sep/2025:23:56:09 -0300] "GET /2023/09/03/tips-on-how-to-protect-the-private-data-of-the-customers/ HTTP/1.1" 200 17432 "-" "Mozilla/5.0 (compatible; Barkrowler/0.9; +https://babbar.tech/crawler)"
jomarlogistica.com.br:80 217.113.194.145 - - [20/Sep/2025:23:56:26 -0300] "GET /2022/12/05/how-to-find-a-beautiful-mailbox-order-brides-asia/ HTTP/1.1" 200 18100 "-" "Mozilla/5.0 (compatible; Barkrowler/0.9; +https://babbar.tech/crawler)"
jomarlogistica.com.br:80 216.73.216.35 - - [20/Sep/2025:23:56:42 -0300] "GET /robots.txt HTTP/1.1" 200 584 "-" "Mozilla/5.0 AppleWebKit/537.36 (KHTML, like Gecko; compatible; ClaudeBot/1.0; +claudebot@anthropic.com)"
jomarlogistica.com.br:80 216.73.216.35 - - [20/Sep/2025:23:56:42 -0300] "GET /wp-sitemap.xml HTTP/1.1" 200 585 "-" "Mozilla/5.0 AppleWebKit/537.36 (KHTML, like Gecko; compatible; ClaudeBot/1.0; +claudebot@anthropic.com)"
jomarlogistica.com.br:80 217.113.194.143 - - [20/Sep/2025:23:56:44 -0300] "GET /2022/09/10/pretty-ways-to-ask-someone-to-become-your-girlfriend/ HTTP/1.1" 200 17975 "-" "Mozilla/5.0 (compatible; Barkrowler/0.9; +https://babbar.tech/crawler)"
jomarlogistica.com.br:80 127.0.0.1 - - [20/Sep/2025:23:56:50 -0300] "OPTIONS * HTTP/1.0" 200 110 "-" "Apache/2.4.65 (Ubuntu) (internal dummy connection)"
jomarlogistica.com.br:80 217.113.194.149 - - [20/Sep/2025:23:57:04 -0300] "GET /2023/05/03/what-software-for-data-management-can-do-for-your-business/ HTTP/1.1" 200 17292 "-" "Mozilla/5.0 (compatible; Barkrowler/0.9; +https://babbar.tech/crawler)"
jomarlogistica.com.br:80 172.20.1.117 - - [20/Sep/2025:23:57:22 -0300] "POST /wp-cron.php?doing_wp_cron=1758423442.3144121170043945312500 HTTP/1.1" 200 389 "https://jomarlogistica.com.br/wp-cron.php?doing_wp_cron=1758423442.3144121170043945312500" "WordPress/5.8.10; https://jomarlogistica.com.br"
jomarlogistica.com.br:80 154.54.249.207 - - [20/Sep/2025:23:57:21 -0300] "GET /2023/02/11/in-the-event-you-kiss-your-date-on-the-first-night-out/ HTTP/1.1" 200 17439 "-" "Mozilla/5.0 (compatible; Barkrowler/0.9; +https://babbar.tech/crawler)"
jomarlogistica.com.br:80 127.0.0.1 - - [20/Sep/2025:23:57:27 -0300] "OPTIONS * HTTP/1.0" 200 110 "-" "Apache/2.4.65 (Ubuntu) (internal dummy connection)"
jomarlogistica.com.br:80 217.113.194.145 - - [20/Sep/2025:23:57:39 -0300] "GET /2023/05/23/aboard-meeting-guidelines-that-should-be-adopted/ HTTP/1.1" 200 17320 "-" "Mozilla/5.0 (compatible; Barkrowler/0.9; +https://babbar.tech/crawler)"
jomarlogistica.com.br:80 217.113.194.149 - - [20/Sep/2025:23:57:57 -0300] "GET /2023/09/09/potential-benefits-to-using-a-organization-data-bedroom/ HTTP/1.1" 200 17387 "-" "Mozilla/5.0 (compatible; Barkrowler/0.9; +https://babbar.tech/crawler)"
jomarlogistica.com.br:80 217.113.194.151 - - [20/Sep/2025:23:58:16 -0300] "GET /2023/06/04/man-dating-tips-to-help-you-_-design-your-primary-date/ HTTP/1.1" 200 19079 "-" "Mozilla/5.0 (compatible; Barkrowler/0.9; +https://babbar.tech/crawler)"
jomarlogistica.com.br:80 217.113.194.149 - - [20/Sep/2025:23:58:35 -0300] "GET /2022/12/05/five-tips-for-guys-who-fight-to-find-a-woman-to-date/ HTTP/1.1" 200 18226 "-" "Mozilla/5.0 (compatible; Barkrowler/0.9; +https://babbar.tech/crawler)"
jomarlogistica.com.br:80 57.141.0.60 - - [20/Sep/2025:23:58:49 -0300] "GET /2023/12/13/are-otf-knives-legal-in-the-uk-uk-knife-laws-explained/ HTTP/1.1" 200 60696 "-" "meta-externalagent/1.1 (+https://developers.facebook.com/docs/sharing/webmasters/crawler)"
jomarlogistica.com.br:80 217.113.194.143 - - [20/Sep/2025:23:58:52 -0300] "GET /2023/10/24/asic-media-release-unfair-contract-terms-2021/ HTTP/1.1" 200 14543 "-" "Mozilla/5.0 (compatible; Barkrowler/0.9; +https://babbar.tech/crawler)"
jomarlogistica.com.br:80 217.113.194.142 - - [20/Sep/2025:23:59:08 -0300] "GET /2022/11/03/the-between-requirements-and-anticipations-in-human-relationships/ HTTP/1.1" 200 18093 "-" "Mozilla/5.0 (compatible; Barkrowler/0.9; +https://babbar.tech/crawler)"
jomarlogistica.com.br:80 217.113.194.149 - - [20/Sep/2025:23:59:25 -0300] "GET /2023/10/24/asic-media-release-unfair-contract-terms-2021/feed/ HTTP/1.1" 200 992 "-" "Mozilla/5.0 (compatible; Barkrowler/0.9; +https://babbar.tech/crawler)"
jomarlogistica.com.br:80 217.113.194.145 - - [20/Sep/2025:23:59:41 -0300] "GET /2023/10/10/free-cause-marketing-agreement-sample-legal-templates-downloads/ HTTP/1.1" 200 14416 "-" "Mozilla/5.0 (compatible; Barkrowler/0.9; +https://babbar.tech/crawler)"
jomarlogistica.com.br:80 217.113.194.147 - - [20/Sep/2025:23:59:58 -0300] "GET /2023/10/16/best-builders-agreement-template-uk-legal-contract-samples/feed/ HTTP/1.1" 200 1000 "-" "Mozilla/5.0 (compatible; Barkrowler/0.9; +https://babbar.tech/crawler)"
jomarlogistica.com.br:80 217.113.194.253 - - [21/Sep/2025:00:00:15 -0300] "GET /2023/10/17/submit-uif-forms-online-application-process-and-requirements/ HTTP/1.1" 200 14478 "-" "Mozilla/5.0 (compatible; Barkrowler/0.9; +https://babbar.tech/crawler)"
jomarlogistica.com.br:80 154.54.249.207 - - [21/Sep/2025:00:00:31 -0300] "GET /2023/11/12/asda-new-employee-contract-understanding-the-legal-terms/feed/ HTTP/1.1" 200 1000 "-" "Mozilla/5.0 (compatible; Barkrowler/0.9; +https://babbar.tech/crawler)"
jomarlogistica.com.br:80 154.54.249.207 - - [21/Sep/2025:00:00:47 -0300] "GET /2023/10/20/10-hour-rule-trucking-compliance-and-regulations-explained/ HTTP/1.1" 200 14373 "-" "Mozilla/5.0 (compatible; Barkrowler/0.9; +https://babbar.tech/crawler)"
jomarlogistica.com.br:80 217.113.194.150 - - [21/Sep/2025:00:01:04 -0300] "GET /2022/12/01/a-few-tips-for-males-who-struggle-to-find-a-woman-to-date/ HTTP/1.1" 200 18266 "-" "Mozilla/5.0 (compatible; Barkrowler/0.9; +https://babbar.tech/crawler)"
jomarlogistica.com.br:80 217.113.194.149 - - [21/Sep/2025:00:01:24 -0300] "GET /2022/12/17/popular-cities-just-for-flirting-with-beautiful-women-of-all-ages/ HTTP/1.1" 200 17647 "-" "Mozilla/5.0 (compatible; Barkrowler/0.9; +https://babbar.tech/crawler)"
jomarlogistica.com.br:80 217.113.194.143 - - [21/Sep/2025:00:01:42 -0300] "GET /2023/10/08/the-advantages-of-a-digital-data-area-for-expenditure-bankers/ HTTP/1.1" 200 17402 "-" "Mozilla/5.0 (compatible; Barkrowler/0.9; +https://babbar.tech/crawler)"
jomarlogistica.com.br:80 217.113.194.146 - - [21/Sep/2025:00:02:00 -0300] "GET /2023/10/20/10-hour-rule-trucking-compliance-and-regulations-explained/feed/ HTTP/1.1" 200 1000 "-" "Mozilla/5.0 (compatible; Barkrowler/0.9; +https://babbar.tech/crawler)"
jomarlogistica.com.br:80 172.20.1.117 - - [21/Sep/2025:00:02:16 -0300] "POST /wp-cron.php?doing_wp_cron=1758423736.7908279895782470703125 HTTP/1.1" 200 389 "https://jomarlogistica.com.br/wp-cron.php?doing_wp_cron=1758423736.7908279895782470703125" "WordPress/5.8.10; https://jomarlogistica.com.br"
jomarlogistica.com.br:80 217.113.194.147 - - [21/Sep/2025:00:02:16 -0300] "GET /2023/10/14/legal-guide-to-changing-name-on-lease-agreement-step-by-step-process/ HTTP/1.1" 200 14438 "-" "Mozilla/5.0 (compatible; Barkrowler/0.9; +https://babbar.tech/crawler)"
jomarlogistica.com.br:80 127.0.0.1 - - [21/Sep/2025:00:02:21 -0300] "OPTIONS * HTTP/1.0" 200 110 "-" "Apache/2.4.65 (Ubuntu) (internal dummy connection)"
jomarlogistica.com.br:80 217.113.194.148 - - [21/Sep/2025:00:02:34 -0300] "GET /2023/10/31/ways-to-simplify-the-due-diligence-process-with-a-info-room/ HTTP/1.1" 200 17329 "-" "Mozilla/5.0 (compatible; Barkrowler/0.9; +https://babbar.tech/crawler)"
jomarlogistica.com.br:80 217.113.194.249 - - [21/Sep/2025:00:02:51 -0300] "GET /2023/05/28/submit-order-star-of-the-wedding-catalog-get-a-foreign-bride-to-be-online/ HTTP/1.1" 200 42690 "-" "Mozilla/5.0 (compatible; Barkrowler/0.9; +https://babbar.tech/crawler)"
jomarlogistica.com.br:80 154.54.249.207 - - [21/Sep/2025:00:03:08 -0300] "GET /2023/02/12/where-to-get-a-bride-right-from-a-ship-order-star-of-the-wedding-catalogue/ HTTP/1.1" 200 17404 "-" "Mozilla/5.0 (compatible; Barkrowler/0.9; +https://babbar.tech/crawler)"
jomarlogistica.com.br:80 216.244.66.226 - - [21/Sep/2025:00:03:17 -0300] "GET /robots.txt HTTP/1.1" 200 565 "-" "Mozilla/5.0 (compatible; DotBot/1.2; +https://opensiteexplorer.org/dotbot; help@moz.com)"
jomarlogistica.com.br:80 57.141.0.62 - - [21/Sep/2025:00:03:25 -0300] "GET /faq/ HTTP/1.1" 200 91937 "-" "meta-externalagent/1.1 (+https://developers.facebook.com/docs/sharing/webmasters/crawler)"
jomarlogistica.com.br:80 217.113.194.149 - - [21/Sep/2025:00:03:25 -0300] "GET /2023/06/12/how-online-dating-testimonials-can-help-you-pick-the-best-online-dating-platform/ HTTP/1.1" 200 18801 "-" "Mozilla/5.0 (compatible; Barkrowler/0.9; +https://babbar.tech/crawler)"
jomarlogistica.com.br:80 127.0.0.1 - - [21/Sep/2025:00:03:31 -0300] "OPTIONS * HTTP/1.0" 200 110 "-" "Apache/2.4.65 (Ubuntu) (internal dummy connection)"
jomarlogistica.com.br:80 217.113.194.148 - - [21/Sep/2025:00:03:43 -0300] "GET /2023/09/27/deal-management-software-how-it-can-accelerate-your-private-equity-deals/ HTTP/1.1" 200 17280 "-" "Mozilla/5.0 (compatible; Barkrowler/0.9; +https://babbar.tech/crawler)"
jomarlogistica.com.br:80 217.113.194.146 - - [21/Sep/2025:00:04:02 -0300] "GET /2023/09/05/headjack-link-oculus-app-content-plus-the-oculus-iphone-app-lab/ HTTP/1.1" 200 17373 "-" "Mozilla/5.0 (compatible; Barkrowler/0.9; +https://babbar.tech/crawler)"
jomarlogistica.com.br:80 217.113.194.151 - - [21/Sep/2025:00:04:20 -0300] "GET /2023/02/25/marriage-relationship-advice-how-to-keep-your-marriage-happy-healthy-and-strong/ HTTP/1.1" 200 18338 "-" "Mozilla/5.0 (compatible; Barkrowler/0.9; +https://babbar.tech/crawler)"
jomarlogistica.com.br:80 217.113.194.145 - - [21/Sep/2025:00:04:38 -0300] "GET /2024/02/07/can-usps-serve-court-papers-legal-process-requirements-explained/ HTTP/1.1" 200 13959 "-" "Mozilla/5.0 (compatible; Barkrowler/0.9; +https://babbar.tech/crawler)"
jomarlogistica.com.br:80 57.141.0.3 - - [21/Sep/2025:00:04:55 -0300] "GET /2023/05/01/alberta-power-disconnection-laws-what-you-need-to-know/ HTTP/1.1" 200 60422 "-" "meta-externalagent/1.1 (+https://developers.facebook.com/docs/sharing/webmasters/crawler)"
jomarlogistica.com.br:80 217.113.194.147 - - [21/Sep/2025:00:04:55 -0300] "GET /2024/02/17/understanding-bt-price-increase-in-contract-what-you-need-to-know/ HTTP/1.1" 200 14833 "-" "Mozilla/5.0 (compatible; Barkrowler/0.9; +https://babbar.tech/crawler)"
jomarlogistica.com.br:80 127.0.0.1 - - [21/Sep/2025:00:05:00 -0300] "OPTIONS * HTTP/1.0" 200 110 "-" "Apache/2.4.65 (Ubuntu) (internal dummy connection)"
jomarlogistica.com.br:80 217.113.194.231 - - [21/Sep/2025:00:05:13 -0300] "GET /2023/10/31/the-very-best-paper-management-systems-with-respect-to-small-businesses/ HTTP/1.1" 200 17654 "-" "Mozilla/5.0 (compatible; Barkrowler/0.9; +https://babbar.tech/crawler)"
jomarlogistica.com.br:80 172.20.1.117 - - [21/Sep/2025:00:05:31 -0300] "POST /wp-cron.php?doing_wp_cron=1758423931.1955649852752685546875 HTTP/1.1" 200 389 "https://jomarlogistica.com.br/wp-cron.php?doing_wp_cron=1758423931.1955649852752685546875" "WordPress/5.8.10; https://jomarlogistica.com.br"
jomarlogistica.com.br:80 217.113.194.231 - - [21/Sep/2025:00:05:30 -0300] "GET /2022/09/06/a-few-qualities-which-will-make-an-oriental-woman-a-very-good-wife/ HTTP/1.1" 200 18032 "-" "Mozilla/5.0 (compatible; Barkrowler/0.9; +https://babbar.tech/crawler)"
jomarlogistica.com.br:80 127.0.0.1 - - [21/Sep/2025:00:05:36 -0300] "OPTIONS * HTTP/1.0" 200 110 "-" "Apache/2.4.65 (Ubuntu) (internal dummy connection)"
jomarlogistica.com.br:80 217.113.194.142 - - [21/Sep/2025:00:05:48 -0300] "GET /2023/01/21/your-five-dating-stereotypes-you-should-steer-clear-of/ HTTP/1.1" 200 18193 "-" "Mozilla/5.0 (compatible; Barkrowler/0.9; +https://babbar.tech/crawler)"
jomarlogistica.com.br:80 217.113.194.150 - - [21/Sep/2025:00:06:06 -0300] "GET /2023/05/02/dating-chat-for-those-looking-for-hooking-up-or-settling-down/ HTTP/1.1" 200 17652 "-" "Mozilla/5.0 (compatible; Barkrowler/0.9; +https://babbar.tech/crawler)"
jomarlogistica.com.br:80 217.113.194.150 - - [21/Sep/2025:00:06:23 -0300] "GET /2023/06/26/korea-brides-ways-to-date-beautiful-philippines-young-women-for-matrimony/ HTTP/1.1" 200 48569 "-" "Mozilla/5.0 (compatible; Barkrowler/0.9; +https://babbar.tech/crawler)"
jomarlogistica.com.br:80 217.113.194.145 - - [21/Sep/2025:00:06:41 -0300] "GET /2023/05/04/english-chats-free-asian-on-line-chat-rooms-with-out-registration-asia-chat/ HTTP/1.1" 200 18646 "-" "Mozilla/5.0 (compatible; Barkrowler/0.9; +https://babbar.tech/crawler)"
jomarlogistica.com.br:80 154.54.249.207 - - [21/Sep/2025:00:06:58 -0300] "GET /2023/04/29/marriage-ceremony-budget-recommendations-from-florists-caterers-and-more/ HTTP/1.1" 200 17692 "-" "Mozilla/5.0 (compatible; Barkrowler/0.9; +https://babbar.tech/crawler)"
jomarlogistica.com.br:80 172.20.1.117 - - [21/Sep/2025:00:07:16 -0300] "POST /wp-cron.php?doing_wp_cron=1758424036.4305469989776611328125 HTTP/1.1" 200 389 "https://jomarlogistica.com.br/wp-cron.php?doing_wp_cron=1758424036.4305469989776611328125" "WordPress/5.8.10; https://jomarlogistica.com.br"
jomarlogistica.com.br:80 217.113.194.151 - - [21/Sep/2025:00:07:16 -0300] "GET /2023/05/26/best-porn-games-hentai-video-games-xxx-grownup-sex-games/ HTTP/1.1" 200 17521 "-" "Mozilla/5.0 (compatible; Barkrowler/0.9; +https://babbar.tech/crawler)"
jomarlogistica.com.br:80 127.0.0.1 - - [21/Sep/2025:00:07:22 -0300] "OPTIONS * HTTP/1.0" 200 110 "-" "Apache/2.4.65 (Ubuntu) (internal dummy connection)"
jomarlogistica.com.br:80 217.113.194.148 - - [21/Sep/2025:00:07:34 -0300] "GET /2023/09/23/table-of-company-directors-software-helps-you-to-save-time-and-money/ HTTP/1.1" 200 17412 "-" "Mozilla/5.0 (compatible; Barkrowler/0.9; +https://babbar.tech/crawler)"
jomarlogistica.com.br:80 217.113.194.249 - - [21/Sep/2025:00:07:51 -0300] "GET /2024/03/09/are-50-caliber-guns-legal-in-canada-rules-and-regulations-explained/ HTTP/1.1" 200 14364 "-" "Mozilla/5.0 (compatible; Barkrowler/0.9; +https://babbar.tech/crawler)"
jomarlogistica.com.br:80 217.113.194.148 - - [21/Sep/2025:00:08:07 -0300] "GET /2023/11/11/the-right-way-to-prepare-a-datenraum-review-meant-for-due-diligence/ HTTP/1.1" 200 17378 "-" "Mozilla/5.0 (compatible; Barkrowler/0.9; +https://babbar.tech/crawler)"
jomarlogistica.com.br:80 217.113.194.231 - - [21/Sep/2025:00:08:25 -0300] "GET /2023/05/03/chat-with-crossdressers-thinking-about-crossdressers-chat-crossdresser-chat-city/ HTTP/1.1" 200 17938 "-" "Mozilla/5.0 (compatible; Barkrowler/0.9; +https://babbar.tech/crawler)"
jomarlogistica.com.br:80 217.113.194.249 - - [21/Sep/2025:00:08:44 -0300] "GET /2023/05/23/package-management-software-how-to-choose-the-right-deal-software-for-your-company/ HTTP/1.1" 200 17391 "-" "Mozilla/5.0 (compatible; Barkrowler/0.9; +https://babbar.tech/crawler)"
jomarlogistica.com.br:80 217.113.194.150 - - [21/Sep/2025:00:09:03 -0300] "GET /2024/03/04/quitting-contract-jobs-in-india-legalities-of-terminating-contracts-early/ HTTP/1.1" 200 14401 "-" "Mozilla/5.0 (compatible; Barkrowler/0.9; +https://babbar.tech/crawler)"
jomarlogistica.com.br:80 217.113.194.144 - - [21/Sep/2025:00:09:20 -0300] "GET /2022/12/20/what-marriage-stereotypes-are-connected-with-inter-racial-relationships/ HTTP/1.1" 200 18327 "-" "Mozilla/5.0 (compatible; Barkrowler/0.9; +https://babbar.tech/crawler)"
jomarlogistica.com.br:80 217.113.194.148 - - [21/Sep/2025:00:09:38 -0300] "GET /2023/04/09/eleven-finest-hookup-sites-in-2023-top-web-sites-for-hook-ups/ HTTP/1.1" 200 17511 "-" "Mozilla/5.0 (compatible; Barkrowler/0.9; +https://babbar.tech/crawler)"
jomarlogistica.com.br:80 217.113.194.150 - - [21/Sep/2025:00:09:55 -0300] "GET /2023/03/02/fun-first-particular-date-ideas-to-present-youre-imaginative-and-playful/ HTTP/1.1" 200 17455 "-" "Mozilla/5.0 (compatible; Barkrowler/0.9; +https://babbar.tech/crawler)"
jomarlogistica.com.br:80 57.141.0.18 - - [21/Sep/2025:00:10:07 -0300] "GET /2023/12/15/are-fire-pits-legal-in-florida-regulations-laws-explained/ HTTP/1.1" 200 60540 "-" "meta-externalagent/1.1 (+https://developers.facebook.com/docs/sharing/webmasters/crawler)"
jomarlogistica.com.br:80 217.113.194.249 - - [21/Sep/2025:00:10:13 -0300] "GET /2023/04/30/tips-on-how-to-date-an-area-latino-daughter-that-want-to-marry-tourists/ HTTP/1.1" 200 18304 "-" "Mozilla/5.0 (compatible; Barkrowler/0.9; +https://babbar.tech/crawler)"
jomarlogistica.com.br:80 217.113.194.231 - - [21/Sep/2025:00:10:31 -0300] "GET /2024/02/22/ac-thor-injury-law-group-expert-legal-representation-for-personal-injury-cases/ HTTP/1.1" 200 14180 "-" "Mozilla/5.0 (compatible; Barkrowler/0.9; +https://babbar.tech/crawler)"
jomarlogistica.com.br:80 217.113.194.151 - - [21/Sep/2025:00:10:48 -0300] "GET /2023/10/31/using-a-lego-cheat-code-in-seglar-star-wars-the-skywalker-saga/ HTTP/1.1" 200 17302 "-" "Mozilla/5.0 (compatible; Barkrowler/0.9; +https://babbar.tech/crawler)"
jomarlogistica.com.br:80 217.113.194.148 - - [21/Sep/2025:00:11:06 -0300] "GET /2023/05/01/latina-women-latin-dating-latin-singles-latina-personals-match-latin-women-for-like/ HTTP/1.1" 200 59330 "-" "Mozilla/5.0 (compatible; Barkrowler/0.9; +https://babbar.tech/crawler)"
jomarlogistica.com.br:80 217.113.194.148 - - [21/Sep/2025:00:11:26 -0300] "GET /2023/01/27/special-relationship-that-means-when-should-you-move-into-a-special-relationship/ HTTP/1.1" 200 17589 "-" "Mozilla/5.0 (compatible; Barkrowler/0.9; +https://babbar.tech/crawler)"
jomarlogistica.com.br:80 217.113.194.149 - - [21/Sep/2025:00:11:46 -0300] "GET /2023/04/14/greatest-free-grownup-games-online-for-2023-cellular-compatible-free-tokens/ HTTP/1.1" 200 18061 "-" "Mozilla/5.0 (compatible; Barkrowler/0.9; +https://babbar.tech/crawler)"
jomarlogistica.com.br:80 217.113.194.151 - - [21/Sep/2025:00:12:03 -0300] "GET /2022/09/27/signs-or-symptoms-you-happen-to-be-in-take-pleasure-in-solo-ladies-site/ HTTP/1.1" 200 17557 "-" "Mozilla/5.0 (compatible; Barkrowler/0.9; +https://babbar.tech/crawler)"
jomarlogistica.com.br:80 172.20.1.117 - - [21/Sep/2025:00:12:22 -0300] "POST /wp-cron.php?doing_wp_cron=1758424342.2834160327911376953125 HTTP/1.1" 200 389 "https://jomarlogistica.com.br/wp-cron.php?doing_wp_cron=1758424342.2834160327911376953125" "WordPress/5.8.10; https://jomarlogistica.com.br"
jomarlogistica.com.br:80 154.54.249.207 - - [21/Sep/2025:00:12:21 -0300] "GET /2023/02/26/man-dating-suggestions-how-to-impress-your-date-and-get-her-asking-for-another-date/ HTTP/1.1" 200 17425 "-" "Mozilla/5.0 (compatible; Barkrowler/0.9; +https://babbar.tech/crawler)"
jomarlogistica.com.br:80 127.0.0.1 - - [21/Sep/2025:00:12:27 -0300] "OPTIONS * HTTP/1.0" 200 110 "-" "Apache/2.4.65 (Ubuntu) (internal dummy connection)"
jomarlogistica.com.br:80 217.113.194.144 - - [21/Sep/2025:00:12:40 -0300] "GET /2023/01/29/why-russian-ship-order-wife-has-become-the-stylish-option-for-west-gentlemen/ HTTP/1.1" 200 18318 "-" "Mozilla/5.0 (compatible; Barkrowler/0.9; +https://babbar.tech/crawler)"
jomarlogistica.com.br:80 217.113.194.150 - - [21/Sep/2025:00:12:57 -0300] "GET /2023/07/16/data-room-technology-and-their-uses-in-the-real-estate-manufacturing-and-fundraising-industries/ HTTP/1.1" 200 17635 "-" "Mozilla/5.0 (compatible; Barkrowler/0.9; +https://babbar.tech/crawler)"
jomarlogistica.com.br:80 217.113.194.231 - - [21/Sep/2025:00:13:16 -0300] "GET /2023/10/11/bristol-myers-celgene-merger-agreement-legal-implications-and-analysis/feed/ HTTP/1.1" 200 1005 "-" "Mozilla/5.0 (compatible; Barkrowler/0.9; +https://babbar.tech/crawler)"
jomarlogistica.com.br:80 217.113.194.249 - - [21/Sep/2025:00:13:32 -0300] "GET /2023/05/25/mail-order-brides-a-form-of-human-trafficking-anti-trafficking-international/ HTTP/1.1" 200 19914 "-" "Mozilla/5.0 (compatible; Barkrowler/0.9; +https://babbar.tech/crawler)"
jomarlogistica.com.br:80 217.113.194.148 - - [21/Sep/2025:00:13:49 -0300] "GET /2023/04/26/7-websites-like-craigslist-for-personal-advertisements-and-free-hookups-wild-app/ HTTP/1.1" 200 20857 "-" "Mozilla/5.0 (compatible; Barkrowler/0.9; +https://babbar.tech/crawler)"
jomarlogistica.com.br:80 217.113.194.149 - - [21/Sep/2025:00:14:06 -0300] "GET /2023/05/22/bbw-hookup-enables-you-to-meet-local-bbw-in-search-of-intercourse/ HTTP/1.1" 200 19263 "-" "Mozilla/5.0 (compatible; Barkrowler/0.9; +https://babbar.tech/crawler)"
jomarlogistica.com.br:80 217.113.194.142 - - [21/Sep/2025:00:14:24 -0300] "GET /2023/09/27/5-specialized-virtual-data-room-vdr-use-cases-for-mission-critical-processes/ HTTP/1.1" 200 17427 "-" "Mozilla/5.0 (compatible; Barkrowler/0.9; +https://babbar.tech/crawler)"
jomarlogistica.com.br:80 217.113.194.249 - - [21/Sep/2025:00:14:41 -0300] "GET /2023/05/31/finest-relationship-websites-big-apple-the-7-best-courting-apps-sites-in-ny-city/ HTTP/1.1" 200 17683 "-" "Mozilla/5.0 (compatible; Barkrowler/0.9; +https://babbar.tech/crawler)"
