jomarlogistica.com.br:80 114.119.138.207 - - [20/Sep/2025:10:23:25 -0300] "GET /2023/09/04/how-to-find-the-best-free-vpn/ HTTP/1.1" 200 17231 "https://jomarlogistica.com.br/2023/09/page/6/" "Mozilla/5.0 (Linux; Android 7.0;) AppleWebKit/537.36 (KHTML, like Gecko) Mobile Safari/537.36 (compatible; PetalBot;+https://webmaster.petalsearch.com/site/petalbot)"
jomarlogistica.com.br:80 127.0.0.1 - - [20/Sep/2025:10:23:30 -0300] "OPTIONS * HTTP/1.0" 200 110 "-" "Apache/2.4.65 (Ubuntu) (internal dummy connection)"
jomarlogistica.com.br:80 114.119.158.0 - - [20/Sep/2025:10:24:39 -0300] "GET /2023/08/28/books-about-programming-and-web-development/ HTTP/1.1" 200 17236 "https://jomarlogistica.com.br/2023/08/28/deciding-on-a-virtual-info-room/" "Mozilla/5.0 (Linux; Android 7.0;) AppleWebKit/537.36 (KHTML, like Gecko) Mobile Safari/537.36 (compatible; PetalBot;+https://webmaster.petalsearch.com/site/petalbot)"
jomarlogistica.com.br:80 104.236.5.222 - - [20/Sep/2025:10:24:45 -0300] "POST /xmlrpc.php HTTP/1.1" 403 2493 "https://jomarlogistica.com.br" "Mozilla/5.0 (Windows NT 10.0; Win64; x64; rv:125.0.1) Gecko/20100101 Firefox/125.0.1"
jomarlogistica.com.br:80 5.182.209.204 - - [20/Sep/2025:10:25:11 -0300] "POST /xmlrpc.php HTTP/1.1" 403 2493 "https://jomarlogistica.com.br" "Mozilla/5.0 (Windows NT 10.0; Win64; x64) AppleWebKit/537.36 (KHTML, like Gecko) Chrome/112.0.5615.138 Safari/537.36 Edg/112.0.1722.68"
jomarlogistica.com.br:80 114.119.128.158 - - [20/Sep/2025:10:26:08 -0300] "GET /2023/02/13/internet-dating-in-other-countries/ HTTP/1.1" 200 18128 "https://jomarlogistica.com.br/category/jomar/page/38/" "Mozilla/5.0 (Linux; Android 7.0;) AppleWebKit/537.36 (KHTML, like Gecko) Mobile Safari/537.36 (compatible; PetalBot;+https://webmaster.petalsearch.com/site/petalbot)"
jomarlogistica.com.br:80 172.20.1.117 - - [20/Sep/2025:10:27:32 -0300] "POST /wp-cron.php?doing_wp_cron=1758374852.6959159374237060546875 HTTP/1.1" 200 389 "https://jomarlogistica.com.br/wp-cron.php?doing_wp_cron=1758374852.6959159374237060546875" "WordPress/5.8.10; https://jomarlogistica.com.br"
jomarlogistica.com.br:80 114.119.128.158 - - [20/Sep/2025:10:27:32 -0300] "GET /2022/12/08/africa-girl-stereotypes/ HTTP/1.1" 200 18158 "https://jomarlogistica.com.br/2022/12/07/precisely-what-are-foreign-brides-to-be/" "Mozilla/5.0 (Linux; Android 7.0;) AppleWebKit/537.36 (KHTML, like Gecko) Mobile Safari/537.36 (compatible; PetalBot;+https://webmaster.petalsearch.com/site/petalbot)"
jomarlogistica.com.br:80 127.0.0.1 - - [20/Sep/2025:10:27:38 -0300] "OPTIONS * HTTP/1.0" 200 110 "-" "Apache/2.4.65 (Ubuntu) (internal dummy connection)"
jomarlogistica.com.br:80 185.191.171.13 - - [20/Sep/2025:10:30:13 -0300] "GET /2023/05/11/asian-wedding-ceremony-rituals/ HTTP/1.1" 200 17409 "-" "Mozilla/5.0 (compatible; SemrushBot/7~bl; +http://www.semrush.com/bot.html)"
jomarlogistica.com.br:80 68.221.75.18 - - [20/Sep/2025:10:30:21 -0300] "GET /2022/11/14/understanding-camper-van-rules-in-the-netherlands-what-you-need-to-know/ HTTP/1.1" 200 14453 "-" "Mozilla/5.0 AppleWebKit/537.36 (KHTML, like Gecko); compatible; ChatGPT-User/1.0; +https://openai.com/bot"
jomarlogistica.com.br:80 81.88.53.143 - - [20/Sep/2025:10:30:23 -0300] "POST /xmlrpc.php HTTP/1.1" 403 2493 "https://jomarlogistica.com.br" "Mozilla/5.0 (Macintosh; Intel Mac OS X 10_15_7) AppleWebKit/537.36 (KHTML, like Gecko) Chrome/116.0.5845.96 Safari/537.36"
jomarlogistica.com.br:80 127.0.0.1 - - [20/Sep/2025:10:30:28 -0300] "OPTIONS * HTTP/1.0" 200 110 "-" "Apache/2.4.65 (Ubuntu) (internal dummy connection)"
jomarlogistica.com.br:80 103.169.160.163 - - [20/Sep/2025:10:30:48 -0300] "POST /xmlrpc.php HTTP/1.1" 403 2493 "https://jomarlogistica.com.br" "Mozilla/5.0 (Macintosh; Intel Mac OS X 10_15_7; rv:129.0) Gecko/20100101 Firefox/129.0"
jomarlogistica.com.br:80 216.244.66.226 - - [20/Sep/2025:10:31:17 -0300] "GET /2023/05/24/valorant-betting/ HTTP/1.1" 200 84233 "-" "Mozilla/5.0 (compatible; DotBot/1.2; +https://opensiteexplorer.org/dotbot; help@moz.com)"
jomarlogistica.com.br:80 216.244.66.226 - - [20/Sep/2025:10:32:10 -0300] "GET /2023/05/10/dating-chat-for-those-looking-for-hooking-up-or-settling-down-2/ HTTP/1.1" 200 79413 "-" "Mozilla/5.0 (compatible; DotBot/1.2; +https://opensiteexplorer.org/dotbot; help@moz.com)"
jomarlogistica.com.br:80 172.20.1.117 - - [20/Sep/2025:10:39:34 -0300] "POST /wp-cron.php?doing_wp_cron=1758375574.8877110481262207031250 HTTP/1.1" 200 389 "https://jomarlogistica.com.br/wp-cron.php?doing_wp_cron=1758375574.8877110481262207031250" "WordPress/5.8.10; https://jomarlogistica.com.br"
jomarlogistica.com.br:80 114.119.128.158 - - [20/Sep/2025:10:39:34 -0300] "GET /2023/10/10/authorised-guarantee-agreement-lease-assignment-legal-guidance/ HTTP/1.1" 200 14650 "https://jomarlogistica.com.br/2023/10/10/free-cause-marketing-agreement-sample-legal-templates-downloads/" "Mozilla/5.0 (Linux; Android 7.0;) AppleWebKit/537.36 (KHTML, like Gecko) Mobile Safari/537.36 (compatible; PetalBot;+https://webmaster.petalsearch.com/site/petalbot)"
jomarlogistica.com.br:80 127.0.0.1 - - [20/Sep/2025:10:39:39 -0300] "OPTIONS * HTTP/1.0" 200 110 "-" "Apache/2.4.65 (Ubuntu) (internal dummy connection)"
jomarlogistica.com.br:80 114.119.135.84 - - [20/Sep/2025:10:40:41 -0300] "GET /2023/08/29/how-setting-up-a-vdr-can-speed-up-and-improve-processes/ HTTP/1.1" 200 17302 "https://jomarlogistica.com.br/category/jomar/page/13/" "Mozilla/5.0 (Linux; Android 7.0;) AppleWebKit/537.36 (KHTML, like Gecko) Mobile Safari/537.36 (compatible; PetalBot;+https://webmaster.petalsearch.com/site/petalbot)"
jomarlogistica.com.br:80 198.235.24.3 - - [20/Sep/2025:10:41:09 -0300] "GET / HTTP/1.1" 200 134115 "http://200.162.188.17:80/" "-"
jomarlogistica.com.br:80 195.248.241.180 - - [20/Sep/2025:10:41:41 -0300] "POST /xmlrpc.php HTTP/1.1" 403 2493 "https://jomarlogistica.com.br" "Mozilla/5.0 (Windows NT 10.0; Win64; x64) AppleWebKit/537.36 (KHTML, like Gecko) Chrome/112.0.5615.138 Safari/537.36"
jomarlogistica.com.br:80 161.97.102.41 - - [20/Sep/2025:10:42:05 -0300] "POST /xmlrpc.php HTTP/1.1" 403 2493 "https://jomarlogistica.com.br" "Mozilla/5.0 (Macintosh; Intel Mac OS X 10_15_7) AppleWebKit/537.36 (KHTML, like Gecko) Chrome/115.0.5790.102 Safari/537.36"
jomarlogistica.com.br:80 172.20.1.117 - - [20/Sep/2025:10:43:02 -0300] "POST /wp-cron.php?doing_wp_cron=1758375782.5177340507507324218750 HTTP/1.1" 200 389 "https://jomarlogistica.com.br/wp-cron.php?doing_wp_cron=1758375782.5177340507507324218750" "WordPress/5.8.10; https://jomarlogistica.com.br"
jomarlogistica.com.br:80 66.249.66.39 - - [20/Sep/2025:10:43:02 -0300] "GET /robots.txt HTTP/1.1" 200 584 "-" "Mozilla/5.0 (compatible; Googlebot/2.1; +http://www.google.com/bot.html)"
jomarlogistica.com.br:80 66.249.66.37 - - [20/Sep/2025:10:43:03 -0300] "GET / HTTP/1.1" 200 23930 "-" "Mozilla/5.0 (compatible; Googlebot/2.1; +http://www.google.com/bot.html)"
jomarlogistica.com.br:80 66.249.66.38 - - [20/Sep/2025:10:43:06 -0300] "GET /wp-content/plugins/elementor/assets/lib/font-awesome/css/font-awesome.min.css?ver=4.7.0 HTTP/1.1" 200 7623 "https://jomarlogistica.com.br/" "Mozilla/5.0 AppleWebKit/537.36 (KHTML, like Gecko; compatible; Googlebot/2.1; +http://www.google.com/bot.html) Chrome/139.0.7258.127 Safari/537.36"
jomarlogistica.com.br:80 66.249.66.38 - - [20/Sep/2025:10:43:06 -0300] "GET /wp-content/themes/consultio/assets/css/flaticon-v4.css?ver=2.8.0 HTTP/1.1" 200 795 "https://jomarlogistica.com.br/" "Mozilla/5.0 AppleWebKit/537.36 (KHTML, like Gecko; compatible; Googlebot/2.1; +http://www.google.com/bot.html) Chrome/139.0.7258.127 Safari/537.36"
jomarlogistica.com.br:80 66.249.66.38 - - [20/Sep/2025:10:43:06 -0300] "GET /wp-content/themes/consultio/assets/css/flaticon-v6.css?ver=2.8.0 HTTP/1.1" 200 1017 "https://jomarlogistica.com.br/" "Mozilla/5.0 AppleWebKit/537.36 (KHTML, like Gecko; compatible; Googlebot/2.1; +http://www.google.com/bot.html) Chrome/139.0.7258.127 Safari/537.36"
jomarlogistica.com.br:80 127.0.0.1 - - [20/Sep/2025:10:43:07 -0300] "OPTIONS * HTTP/1.0" 200 110 "-" "Apache/2.4.65 (Ubuntu) (internal dummy connection)"
jomarlogistica.com.br:80 66.249.66.38 - - [20/Sep/2025:10:43:07 -0300] "GET /wp-content/uploads/elementor/css/post-5147.css?ver=1692608776 HTTP/1.1" 200 2059 "https://jomarlogistica.com.br/" "Mozilla/5.0 AppleWebKit/537.36 (KHTML, like Gecko; compatible; Googlebot/2.1; +http://www.google.com/bot.html) Chrome/139.0.7258.127 Safari/537.36"
jomarlogistica.com.br:80 66.249.66.38 - - [20/Sep/2025:10:43:07 -0300] "GET /wp-content/themes/consultio/assets/css/material-design-iconic-font.min.css?ver=2.2.0 HTTP/1.1" 200 8981 "https://jomarlogistica.com.br/" "Mozilla/5.0 AppleWebKit/537.36 (KHTML, like Gecko; compatible; Googlebot/2.1; +http://www.google.com/bot.html) Chrome/139.0.7258.127 Safari/537.36"
jomarlogistica.com.br:80 66.249.66.37 - - [20/Sep/2025:10:43:08 -0300] "GET /wp-content/plugins/case-theme-core/assets/js/main.js?ver=1.0.0 HTTP/1.1" 200 570 "https://jomarlogistica.com.br/" "Mozilla/5.0 AppleWebKit/537.36 (KHTML, like Gecko; compatible; Googlebot/2.1; +http://www.google.com/bot.html) Chrome/139.0.7258.127 Safari/537.36"
jomarlogistica.com.br:80 66.249.66.38 - - [20/Sep/2025:10:43:08 -0300] "GET /wp-content/plugins/case-theme-core/assets/css/lib/owl.carousel.min.css?ver=2.2.1 HTTP/1.1" 200 1298 "https://jomarlogistica.com.br/" "Mozilla/5.0 AppleWebKit/537.36 (KHTML, like Gecko; compatible; Googlebot/2.1; +http://www.google.com/bot.html) Chrome/139.0.7258.127 Safari/537.36"
jomarlogistica.com.br:80 66.249.66.37 - - [20/Sep/2025:10:43:08 -0300] "GET /wp-content/plugins/case-theme-core/assets/plugin/font-awesome/css/font-awesome.min.css?ver=4.7.0 HTTP/1.1" 200 7643 "https://jomarlogistica.com.br/" "Mozilla/5.0 AppleWebKit/537.36 (KHTML, like Gecko; compatible; Googlebot/2.1; +http://www.google.com/bot.html) Chrome/139.0.7258.127 Safari/537.36"
jomarlogistica.com.br:80 66.249.66.37 - - [20/Sep/2025:10:43:09 -0300] "GET /wp-content/plugins/case-theme-core/assets/css/lib/progressbar.min.css?ver=0.7.1 HTTP/1.1" 200 1103 "https://jomarlogistica.com.br/" "Mozilla/5.0 AppleWebKit/537.36 (KHTML, like Gecko; compatible; Googlebot/2.1; +http://www.google.com/bot.html) Chrome/139.0.7258.127 Safari/537.36"
jomarlogistica.com.br:80 66.249.66.38 - - [20/Sep/2025:10:43:09 -0300] "GET /wp-includes/js/jquery/jquery.min.js?ver=3.6.0 HTTP/1.1" 200 32444 "https://jomarlogistica.com.br/" "Mozilla/5.0 AppleWebKit/537.36 (KHTML, like Gecko; compatible; Googlebot/2.1; +http://www.google.com/bot.html) Chrome/139.0.7258.127 Safari/537.36"
jomarlogistica.com.br:80 66.249.66.38 - - [20/Sep/2025:10:43:09 -0300] "GET /wp-content/themes/consultio/style.css?ver=5.8.10 HTTP/1.1" 200 866 "https://jomarlogistica.com.br/" "Mozilla/5.0 AppleWebKit/537.36 (KHTML, like Gecko; compatible; Googlebot/2.1; +http://www.google.com/bot.html) Chrome/139.0.7258.127 Safari/537.36"
jomarlogistica.com.br:80 66.249.66.37 - - [20/Sep/2025:10:43:10 -0300] "GET /wp-content/uploads/elementor/css/post-5765.css?ver=1638451937 HTTP/1.1" 200 707 "https://jomarlogistica.com.br/" "Mozilla/5.0 AppleWebKit/537.36 (KHTML, like Gecko; compatible; Googlebot/2.1; +http://www.google.com/bot.html) Chrome/139.0.7258.127 Safari/537.36"
jomarlogistica.com.br:80 66.249.66.37 - - [20/Sep/2025:10:43:10 -0300] "GET /wp-content/themes/consultio/assets/css/bootstrap.min.css?ver=4.0.0 HTTP/1.1" 200 21421 "https://jomarlogistica.com.br/" "Mozilla/5.0 AppleWebKit/537.36 (KHTML, like Gecko; compatible; Googlebot/2.1; +http://www.google.com/bot.html) Chrome/139.0.7258.127 Safari/537.36"
jomarlogistica.com.br:80 66.249.66.37 - - [20/Sep/2025:10:43:10 -0300] "GET /wp-content/uploads/elementor/css/global.css?ver=1638452033 HTTP/1.1" 200 1265 "https://jomarlogistica.com.br/" "Mozilla/5.0 AppleWebKit/537.36 (KHTML, like Gecko; compatible; Googlebot/2.1; +http://www.google.com/bot.html) Chrome/139.0.7258.127 Safari/537.36"
jomarlogistica.com.br:80 66.249.66.37 - - [20/Sep/2025:10:43:11 -0300] "GET /wp-content/plugins/case-theme-core/assets/css/main.css?ver=1.0.0 HTTP/1.1" 200 563 "https://jomarlogistica.com.br/" "Mozilla/5.0 AppleWebKit/537.36 (KHTML, like Gecko; compatible; Googlebot/2.1; +http://www.google.com/bot.html) Chrome/139.0.7258.127 Safari/537.36"
jomarlogistica.com.br:80 66.249.66.37 - - [20/Sep/2025:10:43:11 -0300] "GET /wp-content/plugins/meks-simple-flickr-widget/css/style.css?ver=1.2 HTTP/1.1" 200 577 "https://jomarlogistica.com.br/" "Mozilla/5.0 AppleWebKit/537.36 (KHTML, like Gecko; compatible; Googlebot/2.1; +http://www.google.com/bot.html) Chrome/139.0.7258.127 Safari/537.36"
jomarlogistica.com.br:80 66.249.66.37 - - [20/Sep/2025:10:43:11 -0300] "GET /wp-content/plugins/case-theme-user/acess/css/remodal.css?ver=5.8.10 HTTP/1.1" 200 1031 "https://jomarlogistica.com.br/" "Mozilla/5.0 AppleWebKit/537.36 (KHTML, like Gecko; compatible; Googlebot/2.1; +http://www.google.com/bot.html) Chrome/139.0.7258.127 Safari/537.36"
jomarlogistica.com.br:80 66.249.66.37 - - [20/Sep/2025:10:43:12 -0300] "GET /wp-content/plugins/contact-form-7-multi-step/assets/frontend/animate/animate.min.css?ver=2.5.4 HTTP/1.1" 200 5244 "https://jomarlogistica.com.br/" "Mozilla/5.0 AppleWebKit/537.36 (KHTML, like Gecko; compatible; Googlebot/2.1; +http://www.google.com/bot.html) Chrome/139.0.7258.127 Safari/537.36"
jomarlogistica.com.br:80 66.249.66.37 - - [20/Sep/2025:10:43:12 -0300] "GET /wp-content/themes/consultio/elementor/js/ct-inline-css.js?ver=2.8.0 HTTP/1.1" 200 864 "https://jomarlogistica.com.br/" "Mozilla/5.0 AppleWebKit/537.36 (KHTML, like Gecko; compatible; Googlebot/2.1; +http://www.google.com/bot.html) Chrome/139.0.7258.127 Safari/537.36"
jomarlogistica.com.br:80 66.249.66.37 - - [20/Sep/2025:10:43:12 -0300] "GET /wp-content/plugins/contact-form-7/includes/css/styles.css?ver=5.5.3 HTTP/1.1" 200 1361 "https://jomarlogistica.com.br/" "Mozilla/5.0 AppleWebKit/537.36 (KHTML, like Gecko; compatible; Googlebot/2.1; +http://www.google.com/bot.html) Chrome/139.0.7258.127 Safari/537.36"
jomarlogistica.com.br:80 66.249.66.37 - - [20/Sep/2025:10:43:13 -0300] "GET /wp-content/plugins/elementor/assets/css/frontend.min.css?ver=3.4.8 HTTP/1.1" 200 19721 "https://jomarlogistica.com.br/" "Mozilla/5.0 AppleWebKit/537.36 (KHTML, like Gecko; compatible; Googlebot/2.1; +http://www.google.com/bot.html) Chrome/139.0.7258.127 Safari/537.36"
jomarlogistica.com.br:80 66.249.66.37 - - [20/Sep/2025:10:43:13 -0300] "GET /wp-content/themes/consultio/assets/css/animate.css?ver=1.0.0 HTTP/1.1" 200 5563 "https://jomarlogistica.com.br/" "Mozilla/5.0 AppleWebKit/537.36 (KHTML, like Gecko; compatible; Googlebot/2.1; +http://www.google.com/bot.html) Chrome/139.0.7258.127 Safari/537.36"
jomarlogistica.com.br:80 66.249.66.37 - - [20/Sep/2025:10:43:13 -0300] "GET /wp-content/themes/consultio/assets/css/flaticon-v5.css?ver=2.8.0 HTTP/1.1" 200 1356 "https://jomarlogistica.com.br/" "Mozilla/5.0 AppleWebKit/537.36 (KHTML, like Gecko; compatible; Googlebot/2.1; +http://www.google.com/bot.html) Chrome/139.0.7258.127 Safari/537.36"
jomarlogistica.com.br:80 66.249.66.37 - - [20/Sep/2025:10:43:14 -0300] "GET /wp-content/themes/consultio/assets/css/font-awesome5.min.css?ver=5.8.0 HTTP/1.1" 200 17997 "https://jomarlogistica.com.br/" "Mozilla/5.0 AppleWebKit/537.36 (KHTML, like Gecko; compatible; Googlebot/2.1; +http://www.google.com/bot.html) Chrome/139.0.7258.127 Safari/537.36"
jomarlogistica.com.br:80 66.249.66.37 - - [20/Sep/2025:10:43:14 -0300] "GET /wp-content/themes/consultio/assets/css/flaticon-v2.css?ver=2.8.0 HTTP/1.1" 200 994 "https://jomarlogistica.com.br/" "Mozilla/5.0 AppleWebKit/537.36 (KHTML, like Gecko; compatible; Googlebot/2.1; +http://www.google.com/bot.html) Chrome/139.0.7258.127 Safari/537.36"
jomarlogistica.com.br:80 66.249.66.37 - - [20/Sep/2025:10:43:15 -0300] "GET /wp-content/plugins/elementor/assets/lib/font-awesome/css/fontawesome.min.css?ver=5.15.3 HTTP/1.1" 200 13797 "https://jomarlogistica.com.br/" "Mozilla/5.0 AppleWebKit/537.36 (KHTML, like Gecko; compatible; Googlebot/2.1; +http://www.google.com/bot.html) Chrome/139.0.7258.127 Safari/537.36"
jomarlogistica.com.br:80 66.249.66.37 - - [20/Sep/2025:10:43:15 -0300] "GET /wp-content/themes/consultio/assets/css/magnific-popup.css?ver=1.0.0 HTTP/1.1" 200 2198 "https://jomarlogistica.com.br/" "Mozilla/5.0 AppleWebKit/537.36 (KHTML, like Gecko; compatible; Googlebot/2.1; +http://www.google.com/bot.html) Chrome/139.0.7258.127 Safari/537.36"
jomarlogistica.com.br:80 66.249.66.37 - - [20/Sep/2025:10:43:15 -0300] "GET /wp-content/themes/consultio/assets/css/flaticon-v7.css?ver=2.8.0 HTTP/1.1" 200 1009 "https://jomarlogistica.com.br/" "Mozilla/5.0 AppleWebKit/537.36 (KHTML, like Gecko; compatible; Googlebot/2.1; +http://www.google.com/bot.html) Chrome/139.0.7258.127 Safari/537.36"
jomarlogistica.com.br:80 66.249.66.37 - - [20/Sep/2025:10:43:16 -0300] "GET /wp-content/plugins/newsletter/style.css?ver=7.3.3 HTTP/1.1" 200 1636 "https://jomarlogistica.com.br/" "Mozilla/5.0 AppleWebKit/537.36 (KHTML, like Gecko; compatible; Googlebot/2.1; +http://www.google.com/bot.html) Chrome/139.0.7258.127 Safari/537.36"
jomarlogistica.com.br:80 66.249.66.37 - - [20/Sep/2025:10:43:16 -0300] "GET /wp-content/plugins/booked/assets/js/tooltipster/css/themes/tooltipster-light.css?ver=3.3.0 HTTP/1.1" 200 596 "https://jomarlogistica.com.br/" "Mozilla/5.0 AppleWebKit/537.36 (KHTML, like Gecko; compatible; Googlebot/2.1; +http://www.google.com/bot.html) Chrome/139.0.7258.127 Safari/537.36"
jomarlogistica.com.br:80 66.249.66.37 - - [20/Sep/2025:10:43:16 -0300] "GET /wp-content/plugins/elementor/assets/lib/animations/animations.min.css?ver=3.4.8 HTTP/1.1" 200 3089 "https://jomarlogistica.com.br/" "Mozilla/5.0 AppleWebKit/537.36 (KHTML, like Gecko; compatible; Googlebot/2.1; +http://www.google.com/bot.html) Chrome/139.0.7258.127 Safari/537.36"
jomarlogistica.com.br:80 66.249.66.37 - - [20/Sep/2025:10:43:17 -0300] "GET /wp-content/uploads/elementor/css/post-20.css?ver=1692608754 HTTP/1.1" 200 1249 "https://jomarlogistica.com.br/" "Mozilla/5.0 AppleWebKit/537.36 (KHTML, like Gecko; compatible; Googlebot/2.1; +http://www.google.com/bot.html) Chrome/139.0.7258.127 Safari/537.36"
jomarlogistica.com.br:80 66.249.66.37 - - [20/Sep/2025:10:43:17 -0300] "GET /wp-content/plugins/contact-form-7-multi-step/assets/frontend/css/progress_bar.css?ver=2.5.4 HTTP/1.1" 200 5636 "https://jomarlogistica.com.br/" "Mozilla/5.0 AppleWebKit/537.36 (KHTML, like Gecko; compatible; Googlebot/2.1; +http://www.google.com/bot.html) Chrome/139.0.7258.127 Safari/537.36"
jomarlogistica.com.br:80 66.249.66.37 - - [20/Sep/2025:10:43:18 -0300] "GET /wp-content/plugins/elementor/assets/lib/font-awesome/css/brands.min.css?ver=5.15.3 HTTP/1.1" 200 679 "https://jomarlogistica.com.br/" "Mozilla/5.0 AppleWebKit/537.36 (KHTML, like Gecko; compatible; Googlebot/2.1; +http://www.google.com/bot.html) Chrome/139.0.7258.127 Safari/537.36"
jomarlogistica.com.br:80 66.249.66.37 - - [20/Sep/2025:10:43:19 -0300] "GET /wp-content/plugins/revslider/public/assets/css/rs6.css?ver=6.5.11 HTTP/1.1" 200 13321 "https://jomarlogistica.com.br/" "Mozilla/5.0 AppleWebKit/537.36 (KHTML, like Gecko; compatible; Googlebot/2.1; +http://www.google.com/bot.html) Chrome/139.0.7258.127 Safari/537.36"
jomarlogistica.com.br:80 66.249.66.37 - - [20/Sep/2025:10:43:20 -0300] "GET /wp-includes/js/jquery/ui/core.min.js?ver=1.12.1 HTTP/1.1" 200 7418 "https://jomarlogistica.com.br/" "Mozilla/5.0 AppleWebKit/537.36 (KHTML, like Gecko; compatible; Googlebot/2.1; +http://www.google.com/bot.html) Chrome/139.0.7258.127 Safari/537.36"
jomarlogistica.com.br:80 66.249.66.37 - - [20/Sep/2025:10:43:20 -0300] "GET /wp-content/plugins/booked/assets/js/spin.jquery.js?ver=2.0.1 HTTP/1.1" 200 1167 "https://jomarlogistica.com.br/" "Mozilla/5.0 AppleWebKit/537.36 (KHTML, like Gecko; compatible; Googlebot/2.1; +http://www.google.com/bot.html) Chrome/139.0.7258.127 Safari/537.36"
jomarlogistica.com.br:80 66.249.66.37 - - [20/Sep/2025:10:43:20 -0300] "GET /wp-content/plugins/booked/assets/js/spin.min.js?ver=2.0.1 HTTP/1.1" 200 2482 "https://jomarlogistica.com.br/" "Mozilla/5.0 AppleWebKit/537.36 (KHTML, like Gecko; compatible; Googlebot/2.1; +http://www.google.com/bot.html) Chrome/139.0.7258.127 Safari/537.36"
jomarlogistica.com.br:80 66.249.66.37 - - [20/Sep/2025:10:43:21 -0300] "GET /wp-includes/js/jquery/ui/datepicker.min.js?ver=1.12.1 HTTP/1.1" 200 11555 "https://jomarlogistica.com.br/" "Mozilla/5.0 AppleWebKit/537.36 (KHTML, like Gecko; compatible; Googlebot/2.1; +http://www.google.com/bot.html) Chrome/139.0.7258.127 Safari/537.36"
jomarlogistica.com.br:80 66.249.66.37 - - [20/Sep/2025:10:43:21 -0300] "GET /wp-content/plugins/booked/assets/js/tooltipster/js/jquery.tooltipster.min.js?ver=3.3.0 HTTP/1.1" 200 5373 "https://jomarlogistica.com.br/" "Mozilla/5.0 AppleWebKit/537.36 (KHTML, like Gecko; compatible; Googlebot/2.1; +http://www.google.com/bot.html) Chrome/139.0.7258.127 Safari/537.36"
jomarlogistica.com.br:80 66.249.66.37 - - [20/Sep/2025:10:43:21 -0300] "GET /wp-content/plugins/booked/assets/js/functions.js?ver=2.3.5 HTTP/1.1" 200 10029 "https://jomarlogistica.com.br/" "Mozilla/5.0 AppleWebKit/537.36 (KHTML, like Gecko; compatible; Googlebot/2.1; +http://www.google.com/bot.html) Chrome/139.0.7258.127 Safari/537.36"
jomarlogistica.com.br:80 66.249.66.37 - - [20/Sep/2025:10:43:22 -0300] "GET /wp-content/plugins/booked/includes/add-ons/frontend-agents/js/functions.js?ver=2.3.5 HTTP/1.1" 200 1592 "https://jomarlogistica.com.br/" "Mozilla/5.0 AppleWebKit/537.36 (KHTML, like Gecko; compatible; Googlebot/2.1; +http://www.google.com/bot.html) Chrome/139.0.7258.127 Safari/537.36"
jomarlogistica.com.br:80 66.249.66.37 - - [20/Sep/2025:10:43:22 -0300] "GET /wp-content/plugins/case-theme-user/acess/js/notify.min.js?ver=1.0.0 HTTP/1.1" 200 7845 "https://jomarlogistica.com.br/" "Mozilla/5.0 AppleWebKit/537.36 (KHTML, like Gecko; compatible; Googlebot/2.1; +http://www.google.com/bot.html) Chrome/139.0.7258.127 Safari/537.36"
jomarlogistica.com.br:80 66.249.66.37 - - [20/Sep/2025:10:43:22 -0300] "GET /wp-content/themes/consultio/assets/js/bootstrap.min.js?ver=4.0.0 HTTP/1.1" 200 14168 "https://jomarlogistica.com.br/" "Mozilla/5.0 AppleWebKit/537.36 (KHTML, like Gecko; compatible; Googlebot/2.1; +http://www.google.com/bot.html) Chrome/139.0.7258.127 Safari/537.36"
jomarlogistica.com.br:80 66.249.66.37 - - [20/Sep/2025:10:43:23 -0300] "GET /wp-includes/js/dist/vendor/wp-polyfill.min.js?ver=3.15.0 HTTP/1.1" 200 6572 "https://jomarlogistica.com.br/" "Mozilla/5.0 AppleWebKit/537.36 (KHTML, like Gecko; compatible; Googlebot/2.1; +http://www.google.com/bot.html) Chrome/139.0.7258.127 Safari/537.36"
jomarlogistica.com.br:80 66.249.66.37 - - [20/Sep/2025:10:43:23 -0300] "GET /wp-includes/js/dist/vendor/regenerator-runtime.min.js?ver=0.13.7 HTTP/1.1" 200 2798 "https://jomarlogistica.com.br/" "Mozilla/5.0 AppleWebKit/537.36 (KHTML, like Gecko; compatible; Googlebot/2.1; +http://www.google.com/bot.html) Chrome/139.0.7258.127 Safari/537.36"
jomarlogistica.com.br:80 66.249.66.37 - - [20/Sep/2025:10:43:23 -0300] "GET /wp-content/plugins/case-theme-user/acess/js/remodal.min.js?ver=1.0.0 HTTP/1.1" 200 3045 "https://jomarlogistica.com.br/" "Mozilla/5.0 AppleWebKit/537.36 (KHTML, like Gecko; compatible; Googlebot/2.1; +http://www.google.com/bot.html) Chrome/139.0.7258.127 Safari/537.36"
jomarlogistica.com.br:80 66.249.66.37 - - [20/Sep/2025:10:43:24 -0300] "GET /wp-content/plugins/contact-form-7/includes/js/index.js?ver=5.5.3 HTTP/1.1" 200 4264 "https://jomarlogistica.com.br/" "Mozilla/5.0 AppleWebKit/537.36 (KHTML, like Gecko; compatible; Googlebot/2.1; +http://www.google.com/bot.html) Chrome/139.0.7258.127 Safari/537.36"
jomarlogistica.com.br:80 66.249.66.37 - - [20/Sep/2025:10:43:24 -0300] "GET /wp-content/plugins/case-theme-user/acess/js/ct-user-form.js?ver=1.0.0 HTTP/1.1" 200 2307 "https://jomarlogistica.com.br/" "Mozilla/5.0 AppleWebKit/537.36 (KHTML, like Gecko; compatible; Googlebot/2.1; +http://www.google.com/bot.html) Chrome/139.0.7258.127 Safari/537.36"
jomarlogistica.com.br:80 66.249.66.37 - - [20/Sep/2025:10:43:25 -0300] "GET /wp-content/plugins/contact-form-7-multi-step/assets/frontend/js/cf7mls.js?ver=2.5.4 HTTP/1.1" 200 7286 "https://jomarlogistica.com.br/" "Mozilla/5.0 AppleWebKit/537.36 (KHTML, like Gecko; compatible; Googlebot/2.1; +http://www.google.com/bot.html) Chrome/139.0.7258.127 Safari/537.36"
jomarlogistica.com.br:80 66.249.66.37 - - [20/Sep/2025:10:43:25 -0300] "GET /wp-content/themes/consultio/assets/js/nice-select.min.js?ver=all HTTP/1.1" 200 1420 "https://jomarlogistica.com.br/" "Mozilla/5.0 AppleWebKit/537.36 (KHTML, like Gecko; compatible; Googlebot/2.1; +http://www.google.com/bot.html) Chrome/139.0.7258.127 Safari/537.36"
jomarlogistica.com.br:80 66.249.66.37 - - [20/Sep/2025:10:43:25 -0300] "GET /wp-content/plugins/elementor/assets/lib/waypoints/waypoints.min.js?ver=4.0.2 HTTP/1.1" 200 3464 "https://jomarlogistica.com.br/" "Mozilla/5.0 AppleWebKit/537.36 (KHTML, like Gecko; compatible; Googlebot/2.1; +http://www.google.com/bot.html) Chrome/139.0.7258.127 Safari/537.36"
jomarlogistica.com.br:80 66.249.66.37 - - [20/Sep/2025:10:43:26 -0300] "GET /wp-content/plugins/revslider/public/assets/js/rs6.min.js?ver=6.5.11 HTTP/1.1" 200 105012 "https://jomarlogistica.com.br/" "Mozilla/5.0 AppleWebKit/537.36 (KHTML, like Gecko; compatible; Googlebot/2.1; +http://www.google.com/bot.html) Chrome/139.0.7258.127 Safari/537.36"
jomarlogistica.com.br:80 66.249.66.37 - - [20/Sep/2025:10:43:26 -0300] "GET /wp-content/themes/consultio/assets/fonts/fontawesome/fa-solid-900.woff2 HTTP/1.1" 200 117654 "https://jomarlogistica.com.br/wp-content/themes/consultio/assets/css/font-awesome5.min.css?ver=5.8.0" "Mozilla/5.0 AppleWebKit/537.36 (KHTML, like Gecko; compatible; Googlebot/2.1; +http://www.google.com/bot.html) Chrome/139.0.7258.127 Safari/537.36"
jomarlogistica.com.br:80 66.249.66.37 - - [20/Sep/2025:10:43:26 -0300] "GET /wp-content/plugins/elementor/assets/js/frontend.min.js?ver=3.4.8 HTTP/1.1" 200 11432 "https://jomarlogistica.com.br/" "Mozilla/5.0 AppleWebKit/537.36 (KHTML, like Gecko; compatible; Googlebot/2.1; +http://www.google.com/bot.html) Chrome/139.0.7258.127 Safari/537.36"
jomarlogistica.com.br:80 66.249.66.37 - - [20/Sep/2025:10:43:27 -0300] "GET /wp-content/themes/consultio/elementor/js/ct-post-carousel-widget.js?ver=2.8.0 HTTP/1.1" 200 1609 "https://jomarlogistica.com.br/" "Mozilla/5.0 AppleWebKit/537.36 (KHTML, like Gecko; compatible; Googlebot/2.1; +http://www.google.com/bot.html) Chrome/139.0.7258.127 Safari/537.36"
jomarlogistica.com.br:80 66.249.66.37 - - [20/Sep/2025:10:43:27 -0300] "GET /wp-content/plugins/elementor/assets/js/frontend-modules.min.js?ver=3.4.8 HTTP/1.1" 200 5016 "https://jomarlogistica.com.br/" "Mozilla/5.0 AppleWebKit/537.36 (KHTML, like Gecko; compatible; Googlebot/2.1; +http://www.google.com/bot.html) Chrome/139.0.7258.127 Safari/537.36"
jomarlogistica.com.br:80 66.249.66.37 - - [20/Sep/2025:10:43:27 -0300] "GET /wp-content/plugins/elementor/assets/lib/dialog/dialog.min.js?ver=4.8.1 HTTP/1.1" 200 3986 "https://jomarlogistica.com.br/" "Mozilla/5.0 AppleWebKit/537.36 (KHTML, like Gecko; compatible; Googlebot/2.1; +http://www.google.com/bot.html) Chrome/139.0.7258.127 Safari/537.36"
jomarlogistica.com.br:80 66.249.66.37 - - [20/Sep/2025:10:43:28 -0300] "GET /wp-includes/js/imagesloaded.min.js?ver=4.1.4 HTTP/1.1" 200 2251 "https://jomarlogistica.com.br/" "Mozilla/5.0 AppleWebKit/537.36 (KHTML, like Gecko; compatible; Googlebot/2.1; +http://www.google.com/bot.html) Chrome/139.0.7258.127 Safari/537.36"
jomarlogistica.com.br:80 66.249.66.37 - - [20/Sep/2025:10:43:28 -0300] "GET /wp-content/plugins/elementor/assets/lib/swiper/swiper.min.js?ver=5.3.6 HTTP/1.1" 200 37913 "https://jomarlogistica.com.br/" "Mozilla/5.0 AppleWebKit/537.36 (KHTML, like Gecko; compatible; Googlebot/2.1; +http://www.google.com/bot.html) Chrome/139.0.7258.127 Safari/537.36"
jomarlogistica.com.br:80 66.249.66.37 - - [20/Sep/2025:10:43:29 -0300] "GET /wp-content/plugins/elementor/assets/lib/slick/slick.min.js?ver=1.8.1 HTTP/1.1" 200 11405 "https://jomarlogistica.com.br/" "Mozilla/5.0 AppleWebKit/537.36 (KHTML, like Gecko; compatible; Googlebot/2.1; +http://www.google.com/bot.html) Chrome/139.0.7258.127 Safari/537.36"
jomarlogistica.com.br:80 66.249.66.37 - - [20/Sep/2025:10:43:29 -0300] "GET /wp-includes/js/jquery/ui/mouse.min.js?ver=1.12.1 HTTP/1.1" 200 1479 "https://jomarlogistica.com.br/" "Mozilla/5.0 AppleWebKit/537.36 (KHTML, like Gecko; compatible; Googlebot/2.1; +http://www.google.com/bot.html) Chrome/139.0.7258.127 Safari/537.36"
jomarlogistica.com.br:80 66.249.66.37 - - [20/Sep/2025:10:43:30 -0300] "GET /wp-content/plugins/elementor/assets/js/webpack.runtime.min.js?ver=3.4.8 HTTP/1.1" 200 2563 "https://jomarlogistica.com.br/" "Mozilla/5.0 AppleWebKit/537.36 (KHTML, like Gecko; compatible; Googlebot/2.1; +http://www.google.com/bot.html) Chrome/139.0.7258.127 Safari/537.36"
jomarlogistica.com.br:80 66.249.66.37 - - [20/Sep/2025:10:43:30 -0300] "GET /wp-content/themes/consultio/assets/fonts/fontawesome/fa-brands-400.woff HTTP/1.1" 200 88079 "https://jomarlogistica.com.br/wp-content/themes/consultio/assets/css/font-awesome5.min.css?ver=5.8.0" "Mozilla/5.0 AppleWebKit/537.36 (KHTML, like Gecko; compatible; Googlebot/2.1; +http://www.google.com/bot.html) Chrome/139.0.7258.127 Safari/537.36"
jomarlogistica.com.br:80 66.249.66.37 - - [20/Sep/2025:10:43:31 -0300] "GET /wp-content/themes/consultio/assets/fonts/Flaticon-v5.ttf HTTP/1.1" 200 15885 "https://jomarlogistica.com.br/wp-content/themes/consultio/assets/css/flaticon-v5.css?ver=2.8.0" "Mozilla/5.0 AppleWebKit/537.36 (KHTML, like Gecko; compatible; Googlebot/2.1; +http://www.google.com/bot.html) Chrome/139.0.7258.127 Safari/537.36"
jomarlogistica.com.br:80 66.249.66.38 - - [20/Sep/2025:10:43:32 -0300] "GET /wp-content/plugins/elementor/assets/lib/font-awesome/webfonts/fa-brands-400.woff2 HTTP/1.1" 200 77174 "https://jomarlogistica.com.br/wp-content/plugins/elementor/assets/lib/font-awesome/css/brands.min.css?ver=5.15.3" "Mozilla/5.0 AppleWebKit/537.36 (KHTML, like Gecko; compatible; Googlebot/2.1; +http://www.google.com/bot.html) Chrome/139.0.7258.127 Safari/537.36"
jomarlogistica.com.br:80 188.166.45.210 - - [20/Sep/2025:10:47:28 -0300] "POST /xmlrpc.php HTTP/1.1" 403 2493 "https://jomarlogistica.com.br" "Mozilla/5.0 (Windows NT 10.0; Win64; x64) AppleWebKit/537.36 (KHTML, like Gecko) Chrome/112.0.5615.138 Safari/537.36"
jomarlogistica.com.br:80 190.106.145.111 - - [20/Sep/2025:10:47:53 -0300] "POST /xmlrpc.php HTTP/1.1" 403 2493 "https://jomarlogistica.com.br" "Mozilla/5.0 (Windows NT 10.0; Win64; x64) AppleWebKit/537.36 (KHTML, like Gecko) Chrome/114.0.5735.134 Safari/537.36"
jomarlogistica.com.br:80 172.20.1.117 - - [20/Sep/2025:10:50:12 -0300] "POST /wp-cron.php?doing_wp_cron=1758376212.2715981006622314453125 HTTP/1.1" 200 389 "https://jomarlogistica.com.br/wp-cron.php?doing_wp_cron=1758376212.2715981006622314453125" "WordPress/5.8.10; https://jomarlogistica.com.br"
jomarlogistica.com.br:80 177.116.184.250 - - [20/Sep/2025:10:50:11 -0300] "POST /autodiscover/autodiscover.xml HTTP/1.1" 404 448 "-" "AppleExchangeWebServices/833 accountsd/113"
jomarlogistica.com.br:80 177.116.184.250 - - [20/Sep/2025:10:50:14 -0300] "POST /autodiscover/autodiscover.xml HTTP/1.1" 404 448 "-" "AppleExchangeWebServices/833 accountsd/113"
jomarlogistica.com.br:80 127.0.0.1 - - [20/Sep/2025:10:50:19 -0300] "OPTIONS * HTTP/1.0" 200 110 "-" "Apache/2.4.65 (Ubuntu) (internal dummy connection)"
jomarlogistica.com.br:80 162.240.239.64 - - [20/Sep/2025:10:53:08 -0300] "POST /xmlrpc.php HTTP/1.1" 403 2493 "https://jomarlogistica.com.br" "Mozilla/5.0 (Macintosh; Intel Mac OS X 13_3) AppleWebKit/537.36 (KHTML, like Gecko) Chrome/126.0.0.0 Safari/537.36 Edg/126.0.0.0"
jomarlogistica.com.br:80 172.20.1.117 - - [20/Sep/2025:10:54:50 -0300] "POST /wp-cron.php?doing_wp_cron=1758376490.0285670757293701171875 HTTP/1.1" 200 389 "https://jomarlogistica.com.br/wp-cron.php?doing_wp_cron=1758376490.0285670757293701171875" "WordPress/5.8.10; https://jomarlogistica.com.br"
jomarlogistica.com.br:80 66.249.66.37 - - [20/Sep/2025:10:54:49 -0300] "GET /2023/06/23/backdated-agreement-singapore-legal-implications-process/feed/ HTTP/1.1" 200 997 "-" "Mozilla/5.0 (Linux; Android 6.0.1; Nexus 5X Build/MMB29P) AppleWebKit/537.36 (KHTML, like Gecko) Chrome/140.0.7339.127 Mobile Safari/537.36 (compatible; Googlebot/2.1; +http://www.google.com/bot.html)"
jomarlogistica.com.br:80 127.0.0.1 - - [20/Sep/2025:10:54:54 -0300] "OPTIONS * HTTP/1.0" 200 110 "-" "Apache/2.4.65 (Ubuntu) (internal dummy connection)"
jomarlogistica.com.br:80 143.244.132.187 - - [20/Sep/2025:10:58:48 -0300] "POST /xmlrpc.php HTTP/1.1" 403 2493 "https://jomarlogistica.com.br" "Mozilla/5.0 (Macintosh; Intel Mac OS X 10_15_7; rv:128.0) Gecko/20100101 Firefox/128.0"
jomarlogistica.com.br:80 190.6.176.90 - - [20/Sep/2025:10:59:11 -0300] "POST /xmlrpc.php HTTP/1.1" 403 2493 "https://jomarlogistica.com.br" "Mozilla/5.0 (Macintosh; Intel Mac OS X 10_15_7; rv:129.0) Gecko/20100101 Firefox/129.0"
jomarlogistica.com.br:80 103.155.64.175 - - [20/Sep/2025:11:03:22 -0300] "POST /wp-login.php HTTP/1.1" 403 2493 "-" "Mozilla"
jomarlogistica.com.br:80 172.20.1.117 - - [20/Sep/2025:11:04:14 -0300] "POST /wp-cron.php?doing_wp_cron=1758377054.2860150337219238281250 HTTP/1.1" 200 389 "https://jomarlogistica.com.br/wp-cron.php?doing_wp_cron=1758377054.2860150337219238281250" "WordPress/5.8.10; https://jomarlogistica.com.br"
jomarlogistica.com.br:80 216.244.66.226 - - [20/Sep/2025:11:04:13 -0300] "GET /robots.txt HTTP/1.1" 200 565 "-" "Mozilla/5.0 (compatible; DotBot/1.2; +https://opensiteexplorer.org/dotbot; help@moz.com)"
jomarlogistica.com.br:80 103.155.64.175 - - [20/Sep/2025:11:04:17 -0300] "POST /wp-login.php HTTP/1.1" 403 2493 "-" "Mozilla"
jomarlogistica.com.br:80 127.0.0.1 - - [20/Sep/2025:11:04:22 -0300] "OPTIONS * HTTP/1.0" 200 110 "-" "Apache/2.4.65 (Ubuntu) (internal dummy connection)"
jomarlogistica.com.br:80 66.33.192.35 - - [20/Sep/2025:11:04:34 -0300] "POST /xmlrpc.php HTTP/1.1" 403 2493 "https://jomarlogistica.com.br" "Mozilla/5.0 (Windows NT 10.0; Win64; x64) AppleWebKit/537.36 (KHTML, like Gecko) Chrome/112.0.5615.138 Safari/537.36"
jomarlogistica.com.br:80 172.20.1.117 - - [20/Sep/2025:11:05:56 -0300] "POST /wp-cron.php?doing_wp_cron=1758377156.8155279159545898437500 HTTP/1.1" 200 389 "https://jomarlogistica.com.br/wp-cron.php?doing_wp_cron=1758377156.8155279159545898437500" "WordPress/5.8.10; https://jomarlogistica.com.br"
jomarlogistica.com.br:80 8.217.158.207 - - [20/Sep/2025:11:05:56 -0300] "GET /robots.txt HTTP/1.1" 200 584 "-" "AliyunSecBot/Aliyun (AliyunSecBot@service.alibaba.com)"
jomarlogistica.com.br:80 8.217.210.248 - - [20/Sep/2025:11:05:58 -0300] "GET /wp-content/plugins/case-theme-user/acess/js/notify.min.js?ver=1.0.0 HTTP/1.1" 200 7826 "-" "AliyunSecBot/Aliyun (AliyunSecBot@service.alibaba.com)"
jomarlogistica.com.br:80 127.0.0.1 - - [20/Sep/2025:11:06:03 -0300] "OPTIONS * HTTP/1.0" 200 110 "-" "Apache/2.4.65 (Ubuntu) (internal dummy connection)"
jomarlogistica.com.br:80 114.119.138.207 - - [20/Sep/2025:11:06:49 -0300] "GET /2023/10/15/what-exactly-is-data-space-for-peer-to-peer/ HTTP/1.1" 200 17348 "https://jomarlogistica.com.br/2023/page/2/" "Mozilla/5.0 (Linux; Android 7.0;) AppleWebKit/537.36 (KHTML, like Gecko) Mobile Safari/537.36 (compatible; PetalBot;+https://webmaster.petalsearch.com/site/petalbot)"
jomarlogistica.com.br:80 172.20.1.117 - - [20/Sep/2025:11:08:05 -0300] "POST /wp-cron.php?doing_wp_cron=1758377285.0222690105438232421875 HTTP/1.1" 200 389 "https://jomarlogistica.com.br/wp-cron.php?doing_wp_cron=1758377285.0222690105438232421875" "WordPress/5.8.10; https://jomarlogistica.com.br"
jomarlogistica.com.br:80 114.119.138.207 - - [20/Sep/2025:11:08:04 -0300] "GET /2023/09/27/types-of-data-security/ HTTP/1.1" 200 17158 "https://jomarlogistica.com.br/2023/10/02/top-antivirus-for-android/" "Mozilla/5.0 (Linux; Android 7.0;) AppleWebKit/537.36 (KHTML, like Gecko) Mobile Safari/537.36 (compatible; PetalBot;+https://webmaster.petalsearch.com/site/petalbot)"
jomarlogistica.com.br:80 127.0.0.1 - - [20/Sep/2025:11:08:10 -0300] "OPTIONS * HTTP/1.0" 200 110 "-" "Apache/2.4.65 (Ubuntu) (internal dummy connection)"
jomarlogistica.com.br:80 114.119.128.158 - - [20/Sep/2025:11:09:26 -0300] "GET /2023/05/10/greatest-antivirus-review-how-you-can-find-the-best-ant-virus-software-pertaining-to-mac/ HTTP/1.1" 200 17398 "https://jomarlogistica.com.br/2023/05/10/what-is-datenraum-review/" "Mozilla/5.0 (Linux; Android 7.0;) AppleWebKit/537.36 (KHTML, like Gecko) Mobile Safari/537.36 (compatible; PetalBot;+https://webmaster.petalsearch.com/site/petalbot)"
jomarlogistica.com.br:80 51.81.207.12 - - [20/Sep/2025:11:10:17 -0300] "POST /xmlrpc.php HTTP/1.1" 403 2493 "https://jomarlogistica.com.br" "Mozilla/5.0 (Windows NT 11.0; Win64; x64) AppleWebKit/537.36 (KHTML, like Gecko) Chrome/126.0.0.0 Safari/537.36"
jomarlogistica.com.br:80 188.212.34.189 - - [20/Sep/2025:11:10:43 -0300] "POST /xmlrpc.php HTTP/1.1" 403 2493 "https://jomarlogistica.com.br" "Mozilla/5.0 (Macintosh; Intel Mac OS X 14_6) AppleWebKit/605.1.15 (KHTML, like Gecko) Version/17.5 Safari/605.1.15"
jomarlogistica.com.br:80 8.217.214.104 - - [20/Sep/2025:11:10:54 -0300] "GET /wp-content/plugins/case-theme-core/assets/css/main.css?ver=1.0.0 HTTP/1.1" 200 563 "-" "AliyunSecBot/Aliyun (AliyunSecBot@service.alibaba.com)"
jomarlogistica.com.br:80 172.20.1.117 - - [20/Sep/2025:11:12:14 -0300] "POST /wp-cron.php?doing_wp_cron=1758377534.8862829208374023437500 HTTP/1.1" 200 389 "https://jomarlogistica.com.br/wp-cron.php?doing_wp_cron=1758377534.8862829208374023437500" "WordPress/5.8.10; https://jomarlogistica.com.br"
jomarlogistica.com.br:80 114.119.138.207 - - [20/Sep/2025:11:12:14 -0300] "GET /2023/01/26/global-dating-how-to-find-like-abroad/ HTTP/1.1" 200 18257 "https://jomarlogistica.com.br/2023/01/27/special-relationship-that-means-when-should-you-move-into-a-special-relationship/" "Mozilla/5.0 (Linux; Android 7.0;) AppleWebKit/537.36 (KHTML, like Gecko) Mobile Safari/537.36 (compatible; PetalBot;+https://webmaster.petalsearch.com/site/petalbot)"
jomarlogistica.com.br:80 127.0.0.1 - - [20/Sep/2025:11:12:20 -0300] "OPTIONS * HTTP/1.0" 200 110 "-" "Apache/2.4.65 (Ubuntu) (internal dummy connection)"
jomarlogistica.com.br:80 172.20.1.117 - - [20/Sep/2025:11:15:14 -0300] "POST /wp-cron.php?doing_wp_cron=1758377714.0592410564422607421875 HTTP/1.1" 200 389 "https://jomarlogistica.com.br/wp-cron.php?doing_wp_cron=1758377714.0592410564422607421875" "WordPress/5.8.10; https://jomarlogistica.com.br"
jomarlogistica.com.br:80 216.244.66.226 - - [20/Sep/2025:11:15:13 -0300] "GET /2023/09/09/legal-solutions-designed-for-small-businesses/ HTTP/1.1" 200 79659 "-" "Mozilla/5.0 (compatible; DotBot/1.2; +https://opensiteexplorer.org/dotbot; help@moz.com)"
jomarlogistica.com.br:80 182.2.39.100 - - [20/Sep/2025:11:15:18 -0300] "GET /wp-admin/plugins. HTTP/1.1" 301 466 "-" "Mozilla/5.0 (Windows NT 10.0) AppleWebKit/537.36 (KHTML, like Gecko) Chrome/106.0.5249.70 Safari/537.36"
jomarlogistica.com.br:80 182.2.39.100 - - [20/Sep/2025:11:15:19 -0300] "GET /wp-admin/plugins HTTP/1.1" 404 390 "-" "Mozilla/5.0 (Windows NT 10.0) AppleWebKit/537.36 (KHTML, like Gecko) Chrome/106.0.5249.70 Safari/537.36"
jomarlogistica.com.br:80 127.0.0.1 - - [20/Sep/2025:11:15:23 -0300] "OPTIONS * HTTP/1.0" 200 110 "-" "Apache/2.4.65 (Ubuntu) (internal dummy connection)"
jomarlogistica.com.br:80 182.2.39.100 - - [20/Sep/2025:11:15:33 -0300] "GET /wp-admin/plugins. HTTP/1.1" 301 466 "-" "Mozilla/5.0 (Windows NT 10.0; Win64; x64) AppleWebKit/537.36 (KHTML, like Gecko) Chrome/102.0.5005.63 Safari/537.36"
jomarlogistica.com.br:80 182.2.39.100 - - [20/Sep/2025:11:15:34 -0300] "GET /wp-admin/plugins HTTP/1.1" 404 390 "-" "Mozilla/5.0 (Windows NT 10.0; Win64; x64) AppleWebKit/537.36 (KHTML, like Gecko) Chrome/102.0.5005.63 Safari/537.36"
jomarlogistica.com.br:80 8.217.210.85 - - [20/Sep/2025:11:16:10 -0300] "GET /wp-content/themes/consultio/assets/js/bootstrap.min.js?ver=4.0.0 HTTP/1.1" 200 14168 "-" "AliyunSecBot/Aliyun (AliyunSecBot@service.alibaba.com)"
jomarlogistica.com.br:80 192.227.184.130 - - [20/Sep/2025:11:16:24 -0300] "POST /xmlrpc.php HTTP/1.1" 403 2493 "https://jomarlogistica.com.br" "Mozilla/5.0 (Macintosh; Intel Mac OS X 10.15; rv:126.0) Gecko/20100101 Firefox/126.0"
jomarlogistica.com.br:80 172.20.1.117 - - [20/Sep/2025:11:18:37 -0300] "POST /wp-cron.php?doing_wp_cron=1758377917.8266470432281494140625 HTTP/1.1" 200 389 "https://jomarlogistica.com.br/wp-cron.php?doing_wp_cron=1758377917.8266470432281494140625" "WordPress/5.8.10; https://jomarlogistica.com.br"
jomarlogistica.com.br:80 182.2.39.100 - - [20/Sep/2025:11:18:37 -0300] "GET /wp-admin/install. HTTP/1.1" 301 466 "-" "Mozilla/5.0 (Windows NT 10.0; Win64; x64) AppleWebKit/537.36 (KHTML, like Gecko) Chrome/107.0.5304.62 Safari/537.36"
jomarlogistica.com.br:80 182.2.39.100 - - [20/Sep/2025:11:18:38 -0300] "GET /wp-admin/install HTTP/1.1" 404 390 "-" "Mozilla/5.0 (Windows NT 10.0; Win64; x64) AppleWebKit/537.36 (KHTML, like Gecko) Chrome/107.0.5304.62 Safari/537.36"
jomarlogistica.com.br:80 127.0.0.1 - - [20/Sep/2025:11:18:43 -0300] "OPTIONS * HTTP/1.0" 200 110 "-" "Apache/2.4.65 (Ubuntu) (internal dummy connection)"
jomarlogistica.com.br:80 182.2.39.100 - - [20/Sep/2025:11:18:53 -0300] "GET /wp-admin/install. HTTP/1.1" 301 466 "-" "Mozilla/5.0 (Windows NT 6.1; Win64; x64) AppleWebKit/537.36 (KHTML, like Gecko) Chrome/106.0.5249.62 Safari/537.36"
jomarlogistica.com.br:80 182.2.39.100 - - [20/Sep/2025:11:18:53 -0300] "GET /wp-admin/install HTTP/1.1" 404 390 "-" "Mozilla/5.0 (Windows NT 6.1; Win64; x64) AppleWebKit/537.36 (KHTML, like Gecko) Chrome/106.0.5249.62 Safari/537.36"
jomarlogistica.com.br:80 128.199.23.132 - - [20/Sep/2025:11:21:46 -0300] "POST /xmlrpc.php HTTP/1.1" 403 2493 "https://jomarlogistica.com.br" "Mozilla/5.0 (Macintosh; Intel Mac OS X 14_4_1) AppleWebKit/605.1.15 (KHTML, like Gecko) Version/17.3.1 Safari/605.1.15"
jomarlogistica.com.br:80 92.114.50.2 - - [20/Sep/2025:11:22:09 -0300] "POST /xmlrpc.php HTTP/1.1" 403 2493 "https://jomarlogistica.com.br" "Mozilla/5.0 (Windows NT 10.0; Win64; x64) AppleWebKit/537.36 (KHTML, like Gecko) Chrome/114.0.5735.134 Safari/537.36"
jomarlogistica.com.br:80 172.20.1.117 - - [20/Sep/2025:11:24:52 -0300] "POST /wp-cron.php?doing_wp_cron=1758378292.7787840366363525390625 HTTP/1.1" 200 389 "https://jomarlogistica.com.br/wp-cron.php?doing_wp_cron=1758378292.7787840366363525390625" "WordPress/5.8.10; https://jomarlogistica.com.br"
jomarlogistica.com.br:80 8.217.172.205 - - [20/Sep/2025:11:24:52 -0300] "GET /2022/08/ HTTP/1.1" 200 16897 "-" "AliyunSecBot/Aliyun (AliyunSecBot@service.alibaba.com)"
jomarlogistica.com.br:80 127.0.0.1 - - [20/Sep/2025:11:24:58 -0300] "OPTIONS * HTTP/1.0" 200 110 "-" "Apache/2.4.65 (Ubuntu) (internal dummy connection)"
jomarlogistica.com.br:80 194.38.135.180 - - [20/Sep/2025:11:27:25 -0300] "POST /xmlrpc.php HTTP/1.1" 403 2493 "https://jomarlogistica.com.br" "Mozilla/5.0 (Windows NT 10.0; Win64; x64) AppleWebKit/537.36 (KHTML, like Gecko) Chrome/112.0.5615.138 Safari/537.36"
jomarlogistica.com.br:80 42.96.17.195 - - [20/Sep/2025:11:27:54 -0300] "POST /xmlrpc.php HTTP/1.1" 403 2493 "https://jomarlogistica.com.br" "Mozilla/5.0 (Macintosh; Intel Mac OS X 10_15_7; rv:125.0.1) Gecko/20100101 Firefox/125.0.1"
jomarlogistica.com.br:80 172.20.1.117 - - [20/Sep/2025:11:30:27 -0300] "POST /wp-cron.php?doing_wp_cron=1758378627.3132240772247314453125 HTTP/1.1" 200 389 "https://jomarlogistica.com.br/wp-cron.php?doing_wp_cron=1758378627.3132240772247314453125" "WordPress/5.8.10; https://jomarlogistica.com.br"
jomarlogistica.com.br:80 8.217.211.96 - - [20/Sep/2025:11:30:26 -0300] "GET /2024/01/ HTTP/1.1" 200 13429 "-" "AliyunSecBot/Aliyun (AliyunSecBot@service.alibaba.com)"
jomarlogistica.com.br:80 127.0.0.1 - - [20/Sep/2025:11:30:32 -0300] "OPTIONS * HTTP/1.0" 200 110 "-" "Apache/2.4.65 (Ubuntu) (internal dummy connection)"
jomarlogistica.com.br:80 128.199.0.160 - - [20/Sep/2025:11:33:08 -0300] "POST /xmlrpc.php HTTP/1.1" 403 2493 "https://jomarlogistica.com.br" "Mozilla/5.0 (Macintosh; Intel Mac OS X 13_3) AppleWebKit/537.36 (KHTML, like Gecko) Chrome/126.0.0.0 Safari/537.36 Edg/126.0.0.0"
jomarlogistica.com.br:80 167.71.56.214 - - [20/Sep/2025:11:33:32 -0300] "POST /xmlrpc.php HTTP/1.1" 403 2493 "https://jomarlogistica.com.br" "Mozilla/5.0 (Windows NT 11.0; Win64; x64; rv:126.0) Gecko/20100101 Firefox/126.0"
jomarlogistica.com.br:80 172.20.1.117 - - [20/Sep/2025:11:33:43 -0300] "POST /wp-cron.php?doing_wp_cron=1758378823.9510519504547119140625 HTTP/1.1" 200 389 "https://jomarlogistica.com.br/wp-cron.php?doing_wp_cron=1758378823.9510519504547119140625" "WordPress/5.8.10; https://jomarlogistica.com.br"
jomarlogistica.com.br:80 62.164.177.47 - - [20/Sep/2025:11:33:43 -0300] "GET /wp-login.php HTTP/1.1" 200 2995 "-" "Mozilla/5.0 (Windows NT 10.0; Win64; x64) AppleWebKit/537.36 (KHTML, like Gecko) Chrome/124.0.6367.207 Safari/537.36"
jomarlogistica.com.br:80 62.164.177.47 - - [20/Sep/2025:11:33:45 -0300] "GET /xmlrpc.php HTTP/1.1" 403 2493 "-" "Mozilla/5.0 (Windows NT 10.0; Win64; x64) AppleWebKit/537.36 (KHTML, like Gecko) Chrome/124.0.6367.207 Safari/537.36"
jomarlogistica.com.br:80 174.64.199.79 - - [20/Sep/2025:11:33:48 -0300] "GET /xmlrpc.php HTTP/1.1" 403 2493 "-" "Mozilla/5.0 (Windows NT 10.0; Win64; x64) AppleWebKit/537.36 (KHTML, like Gecko) Chrome/124.0.6367.207 Safari/537.36"
jomarlogistica.com.br:80 127.0.0.1 - - [20/Sep/2025:11:33:52 -0300] "OPTIONS * HTTP/1.0" 200 110 "-" "Apache/2.4.65 (Ubuntu) (internal dummy connection)"
jomarlogistica.com.br:80 8.217.211.174 - - [20/Sep/2025:11:34:09 -0300] "GET /wp-content/themes/consultio/assets/js/magnific-popup.min.js?ver=1.0.0 HTTP/1.1" 200 14895 "-" "AliyunSecBot/Aliyun (AliyunSecBot@service.alibaba.com)"
jomarlogistica.com.br:80 192.111.135.18 - - [20/Sep/2025:11:34:27 -0300] "GET /xmlrpc.php HTTP/1.1" 403 2493 "-" "Mozilla/5.0 (Macintosh; Intel Mac OS X 13_5) AppleWebKit/605.1.15 (KHTML, like Gecko) Version/17.5 Safari/605.1.15"
jomarlogistica.com.br:80 142.54.231.38 - - [20/Sep/2025:11:34:30 -0300] "GET /xmlrpc.php HTTP/1.1" 403 2493 "-" "Mozilla/5.0 (Windows NT 10.0; Win64; x64; rv:127.0) Gecko/20100101 Firefox/127.0"
jomarlogistica.com.br:80 192.111.138.29 - - [20/Sep/2025:11:34:42 -0300] "GET /xmlrpc.php HTTP/1.1" 403 2493 "-" "Mozilla/5.0 (Windows NT 10.0; Win64; x64) AppleWebKit/537.36 (KHTML, like Gecko) Chrome/124.0.6367.207 Safari/537.36"
jomarlogistica.com.br:80 72.37.217.3 - - [20/Sep/2025:11:34:45 -0300] "GET /xmlrpc.php HTTP/1.1" 403 2493 "-" "Mozilla/5.0 (Windows NT 10.0; Win64; x64; rv:127.0) Gecko/20100101 Firefox/127.0"
jomarlogistica.com.br:80 62.164.177.47 - - [20/Sep/2025:11:35:02 -0300] "GET /feed/ HTTP/1.1" 200 12127 "-" "Mozilla/5.0 (Windows NT 10.0; Win64; x64) AppleWebKit/537.36 (KHTML, like Gecko) Chrome/124.0.6367.207 Safari/537.36"
jomarlogistica.com.br:80 62.164.177.47 - - [20/Sep/2025:11:35:03 -0300] "GET /wp-login.php HTTP/1.1" 200 2937 "-" "Mozilla/5.0 (Windows NT 10.0; Win64; x64) AppleWebKit/537.36 (KHTML, like Gecko) Chrome/124.0.6367.207 Safari/537.36"
jomarlogistica.com.br:80 62.164.177.47 - - [20/Sep/2025:11:35:03 -0300] "POST /wp-login.php?wp_lang=en_US HTTP/1.1" 200 2621 "https://jomarlogistica.com.br/wp-login.php?wp_lang=en_US" "Mozilla/5.0 (Windows NT 10.0; Win64; x64) AppleWebKit/537.36 (KHTML, like Gecko) Chrome/124.0.6367.207 Safari/537.36"
jomarlogistica.com.br:80 62.164.177.47 - - [20/Sep/2025:11:35:05 -0300] "GET /xmlrpc.php HTTP/1.1" 403 2493 "-" "Mozilla/5.0 (Windows NT 10.0; Win64; x64) AppleWebKit/537.36 (KHTML, like Gecko) Chrome/124.0.6367.207 Safari/537.36"
jomarlogistica.com.br:80 98.188.47.132 - - [20/Sep/2025:11:35:17 -0300] "GET /xmlrpc.php HTTP/1.1" 403 2493 "-" "Mozilla/5.0 (Macintosh; Intel Mac OS X 13_5) AppleWebKit/605.1.15 (KHTML, like Gecko) Version/17.5 Safari/605.1.15"
jomarlogistica.com.br:80 98.190.239.3 - - [20/Sep/2025:11:35:22 -0300] "GET /xmlrpc.php HTTP/1.1" 403 2493 "-" "Mozilla/5.0 (Windows NT 10.0; Win64; x64; rv:127.0) Gecko/20100101 Firefox/127.0"
jomarlogistica.com.br:80 72.195.114.184 - - [20/Sep/2025:11:35:25 -0300] "GET /xmlrpc.php HTTP/1.1" 403 2493 "-" "Mozilla/5.0 (Windows NT 10.0; Win64; x64) AppleWebKit/537.36 (KHTML, like Gecko) Chrome/124.0.6367.207 Safari/537.36"
jomarlogistica.com.br:80 103.138.145.34 - - [20/Sep/2025:11:35:50 -0300] "POST /xmlrpc.php HTTP/1.1" 403 2493 "-" "Mozilla/5.0 (Windows NT 10.0; Win64; x64) AppleWebKit/537.36 (KHTML, like Gecko) Chrome/124.0.6367.207 Safari/537.36"
jomarlogistica.com.br:80 192.252.208.70 - - [20/Sep/2025:11:35:54 -0300] "GET /xmlrpc.php HTTP/1.1" 403 2493 "-" "Mozilla/5.0 (Windows NT 10.0; Win64; x64; rv:127.0) Gecko/20100101 Firefox/127.0"
jomarlogistica.com.br:80 62.164.177.47 - - [20/Sep/2025:11:36:05 -0300] "GET /feed/ HTTP/1.1" 200 12127 "-" "Mozilla/5.0 (Windows NT 10.0; Win64; x64) AppleWebKit/537.36 (KHTML, like Gecko) Chrome/124.0.6367.207 Safari/537.36"
jomarlogistica.com.br:80 62.164.177.47 - - [20/Sep/2025:11:36:06 -0300] "GET /wp-login.php HTTP/1.1" 200 2937 "-" "Mozilla/5.0 (Windows NT 10.0; Win64; x64) AppleWebKit/537.36 (KHTML, like Gecko) Chrome/124.0.6367.207 Safari/537.36"
jomarlogistica.com.br:80 62.164.177.47 - - [20/Sep/2025:11:36:07 -0300] "POST /wp-login.php?wp_lang=en_US HTTP/1.1" 200 2621 "https://jomarlogistica.com.br/wp-login.php?wp_lang=en_US" "Mozilla/5.0 (Windows NT 10.0; Win64; x64) AppleWebKit/537.36 (KHTML, like Gecko) Chrome/124.0.6367.207 Safari/537.36"
jomarlogistica.com.br:80 8.217.158.207 - - [20/Sep/2025:11:36:44 -0300] "GET /wp-content/plugins/revslider/public/assets/js/rs6.min.js?ver=6.5.11 HTTP/1.1" 200 104993 "-" "AliyunSecBot/Aliyun (AliyunSecBot@service.alibaba.com)"
