jomarlogistica.com.br:80 192.250.235.18 - - [20/Sep/2025:11:39:54 -0300] "POST /xmlrpc.php HTTP/1.1" 403 2493 "https://jomarlogistica.com.br" "Mozilla/5.0 (Windows NT 10.0; Win64; x64) AppleWebKit/537.36 (KHTML, like Gecko) Chrome/114.0.5735.134 Safari/537.36"
jomarlogistica.com.br:80 172.20.1.117 - - [20/Sep/2025:11:42:30 -0300] "POST /wp-cron.php?doing_wp_cron=1758379350.5839691162109375000000 HTTP/1.1" 200 389 "https://jomarlogistica.com.br/wp-cron.php?doing_wp_cron=1758379350.5839691162109375000000" "WordPress/5.8.10; https://jomarlogistica.com.br"
jomarlogistica.com.br:80 198.235.24.177 - - [20/Sep/2025:11:42:30 -0300] "GET / HTTP/1.1" 301 449 "http://200.162.188.17:80/" "-"
jomarlogistica.com.br:80 198.235.24.177 - - [20/Sep/2025:11:42:31 -0300] "GET / HTTP/1.1" 200 134115 "-" "-"
jomarlogistica.com.br:80 127.0.0.1 - - [20/Sep/2025:11:42:37 -0300] "OPTIONS * HTTP/1.0" 200 110 "-" "Apache/2.4.65 (Ubuntu) (internal dummy connection)"
jomarlogistica.com.br:80 86.48.6.132 - - [20/Sep/2025:11:45:56 -0300] "POST /xmlrpc.php HTTP/1.1" 403 2493 "https://jomarlogistica.com.br" "Mozilla/5.0 (Windows NT 10.0; Win64; x64) AppleWebKit/537.36 (KHTML, like Gecko) Chrome/112.0.5615.138 Safari/537.36"
jomarlogistica.com.br:80 200.27.101.245 - - [20/Sep/2025:11:52:34 -0300] "POST /xmlrpc.php HTTP/1.1" 403 2493 "https://jomarlogistica.com.br" "Mozilla/5.0 (Windows NT 11.0; Win64; x64) AppleWebKit/537.36 (KHTML, like Gecko) Chrome/126.0.0.0 Safari/537.36"
jomarlogistica.com.br:80 172.20.1.117 - - [20/Sep/2025:11:58:19 -0300] "POST /wp-cron.php?doing_wp_cron=1758380299.4991180896759033203125 HTTP/1.1" 200 389 "https://jomarlogistica.com.br/wp-cron.php?doing_wp_cron=1758380299.4991180896759033203125" "WordPress/5.8.10; https://jomarlogistica.com.br"
jomarlogistica.com.br:80 40.116.73.215 - - [20/Sep/2025:11:58:19 -0300] "GET /2024/03/09/are-50-caliber-guns-legal-in-canada-rules-and-regulations-explained/ HTTP/1.1" 200 14365 "-" "Mozilla/5.0 AppleWebKit/537.36 (KHTML, like Gecko); compatible; ChatGPT-User/1.0; +https://openai.com/bot"
jomarlogistica.com.br:80 127.0.0.1 - - [20/Sep/2025:11:58:24 -0300] "OPTIONS * HTTP/1.0" 200 110 "-" "Apache/2.4.65 (Ubuntu) (internal dummy connection)"
jomarlogistica.com.br:80 134.209.118.102 - - [20/Sep/2025:11:59:14 -0300] "POST /xmlrpc.php HTTP/1.1" 403 2493 "https://jomarlogistica.com.br" "Mozilla/5.0 (Macintosh; Intel Mac OS X 10_15_7) AppleWebKit/537.36 (KHTML, like Gecko) Chrome/126.0.0.0 Safari/537.36"
jomarlogistica.com.br:80 188.132.130.223 - - [20/Sep/2025:12:05:52 -0300] "POST /xmlrpc.php HTTP/1.1" 403 2493 "https://jomarlogistica.com.br" "Mozilla/5.0 (Macintosh; Intel Mac OS X 10_15_7; rv:125.0.1) Gecko/20100101 Firefox/125.0.1"
jomarlogistica.com.br:80 51.91.152.238 - - [20/Sep/2025:12:06:19 -0300] "POST /xmlrpc.php HTTP/1.1" 403 2493 "https://jomarlogistica.com.br" "Mozilla/5.0 (Macintosh; Intel Mac OS X 10_15_7) AppleWebKit/537.36 (KHTML, like Gecko) Chrome/113.0.5672.93 Safari/537.36"
jomarlogistica.com.br:80 172.20.1.117 - - [20/Sep/2025:12:10:50 -0300] "POST /wp-cron.php?doing_wp_cron=1758381050.7563209533691406250000 HTTP/1.1" 200 389 "https://jomarlogistica.com.br/wp-cron.php?doing_wp_cron=1758381050.7563209533691406250000" "WordPress/5.8.10; https://jomarlogistica.com.br"
jomarlogistica.com.br:80 176.126.103.21 - - [20/Sep/2025:12:10:50 -0300] "GET / HTTP/1.1" 200 23930 "http://jomarlogistica.com.br" "Mozilla/5.0 (Macintosh; Intel Mac OS X 10_15_7) AppleWebKit/605.1.15 (KHTML, like Gecko) Version/15.1 Safari/605.1.15"
jomarlogistica.com.br:80 176.126.103.21 - - [20/Sep/2025:12:10:52 -0300] "GET /wp-content/plugins/elementor/assets/js/webpack.runtime.min.js?ver=3.4.8 HTTP/1.1" 200 2544 "-" "Mozilla/5.0 (X11; Linux x86_64) AppleWebKit/537.36 Chrome/113.0.0.0 Safari/537.36"
jomarlogistica.com.br:80 176.126.103.21 - - [20/Sep/2025:12:10:52 -0300] "GET /wp-content/plugins/elementor/assets/lib/swiper/swiper.min.js?ver=5.3.6 HTTP/1.1" 200 37913 "-" "Mozilla/5.0 (Macintosh; Intel Mac OS X 10_15_7) AppleWebKit/605.1.15 (KHTML, like Gecko) Version/15.1 Safari/605.1.15"
jomarlogistica.com.br:80 176.126.103.21 - - [20/Sep/2025:12:10:53 -0300] "GET /wp-content/plugins/booked/assets/js/spin.jquery.js?ver=2.0.1 HTTP/1.1" 200 1167 "-" "Mozilla/5.0 (X11; Linux x86_64) AppleWebKit/537.36 Chrome/113.0.0.0 Safari/537.36"
jomarlogistica.com.br:80 176.126.103.21 - - [20/Sep/2025:12:10:54 -0300] "GET /wp-includes/js/wp-embed.min.js?ver=5.8.10 HTTP/1.1" 200 1196 "-" "Mozilla/5.0 (Macintosh; Intel Mac OS X 10_15_7) AppleWebKit/605.1.15 (KHTML, like Gecko) Version/15.1 Safari/605.1.15"
jomarlogistica.com.br:80 127.0.0.1 - - [20/Sep/2025:12:10:55 -0300] "OPTIONS * HTTP/1.0" 200 110 "-" "Apache/2.4.65 (Ubuntu) (internal dummy connection)"
jomarlogistica.com.br:80 176.126.103.21 - - [20/Sep/2025:12:11:06 -0300] "GET /wp-content/themes/consultio/assets/js/nice-select.min.js?ver=all HTTP/1.1" 200 1420 "-" "Mozilla/5.0 (X11; Linux x86_64) AppleWebKit/537.36 Chrome/113.0.0.0 Safari/537.36"
jomarlogistica.com.br:80 176.126.103.21 - - [20/Sep/2025:12:11:06 -0300] "GET /wp-content/themes/consultio/assets/js/magnific-popup.min.js?ver=1.0.0 HTTP/1.1" 200 14895 "-" "Mozilla/5.0 (Macintosh; Intel Mac OS X 10_15_7) AppleWebKit/605.1.15 (KHTML, like Gecko) Version/15.1 Safari/605.1.15"
jomarlogistica.com.br:80 176.126.103.21 - - [20/Sep/2025:12:11:06 -0300] "GET /wp-content/themes/consultio/elementor/js/ct-post-masonry-widget.js?ver=2.8.0 HTTP/1.1" 200 1706 "-" "Mozilla/5.0 (Windows NT 10.0; Win64; x64) AppleWebKit/537.36 Chrome/114.0.5735.110 Safari/537.36"
jomarlogistica.com.br:80 176.126.103.21 - - [20/Sep/2025:12:11:07 -0300] "GET /wp-includes/wlwmanifest.xml HTTP/1.1" 200 817 "-" "Mozilla/5.0 (X11; Linux x86_64) AppleWebKit/537.36 Chrome/113.0.0.0 Safari/537.36"
jomarlogistica.com.br:80 176.126.103.21 - - [20/Sep/2025:12:11:07 -0300] "GET /wp-includes/js/dist/vendor/regenerator-runtime.min.js?ver=0.13.7 HTTP/1.1" 200 2817 "-" "Mozilla/5.0 (Windows NT 10.0; Win64; x64) AppleWebKit/537.36 Chrome/114.0.5735.110 Safari/537.36"
jomarlogistica.com.br:80 176.126.103.21 - - [20/Sep/2025:12:11:08 -0300] "GET /wp-content/plugins/booked/assets/js/tooltipster/js/jquery.tooltipster.min.js?ver=3.3.0 HTTP/1.1" 200 5373 "-" "Mozilla/5.0 (Macintosh; Intel Mac OS X 10_15_7) AppleWebKit/605.1.15 (KHTML, like Gecko) Version/15.1 Safari/605.1.15"
jomarlogistica.com.br:80 176.126.103.21 - - [20/Sep/2025:12:11:08 -0300] "GET /wp-content/themes/consultio/elementor/js/ct-post-grid-widget.js?ver=2.8.0 HTTP/1.1" 200 760 "-" "Mozilla/5.0 (Windows NT 10.0; Win64; x64) AppleWebKit/537.36 Chrome/114.0.5735.110 Safari/537.36"
jomarlogistica.com.br:80 176.126.103.21 - - [20/Sep/2025:12:11:09 -0300] "GET /wp-content/plugins/booked/assets/js/ HTTP/1.1" 403 2493 "-" "Mozilla/5.0 (Macintosh; Intel Mac OS X 10_15_7) AppleWebKit/605.1.15 (KHTML, like Gecko) Version/15.1 Safari/605.1.15"
jomarlogistica.com.br:80 176.126.103.21 - - [20/Sep/2025:12:11:09 -0300] "GET /wp-includes/js/jquery/jquery.min.js?ver=3.6.0 HTTP/1.1" 200 32444 "-" "Mozilla/5.0 (Macintosh; Intel Mac OS X 10_15_7) AppleWebKit/605.1.15 (KHTML, like Gecko) Version/15.1 Safari/605.1.15"
jomarlogistica.com.br:80 176.126.103.21 - - [20/Sep/2025:12:11:10 -0300] "GET /xmlrpc.php?rsd HTTP/1.1" 403 2512 "-" "Mozilla/5.0 (Windows NT 10.0; Win64; x64) AppleWebKit/537.36 Chrome/114.0.5735.110 Safari/537.36"
jomarlogistica.com.br:80 176.126.103.21 - - [20/Sep/2025:12:11:10 -0300] "GET /wp-includes/js/dist/vendor/wp-polyfill.min.js?ver=3.15.0 HTTP/1.1" 200 6572 "-" "Mozilla/5.0 (X11; Linux x86_64) AppleWebKit/537.36 Chrome/113.0.0.0 Safari/537.36"
jomarlogistica.com.br:80 176.126.103.21 - - [20/Sep/2025:12:11:11 -0300] "GET /wp-content/plugins/revslider/public/assets/js/rbtools.min.js?ver=6.5.11 HTTP/1.1" 200 48787 "-" "Mozilla/5.0 (X11; Linux x86_64) AppleWebKit/537.36 Chrome/113.0.0.0 Safari/537.36"
jomarlogistica.com.br:80 176.126.103.21 - - [20/Sep/2025:12:11:11 -0300] "GET /wp-content/plugins/booked/includes/add-ons/frontend-agents/js/functions.js?ver=2.3.5 HTTP/1.1" 200 1592 "-" "Mozilla/5.0 (Macintosh; Intel Mac OS X 10_15_7) AppleWebKit/605.1.15 (KHTML, like Gecko) Version/15.1 Safari/605.1.15"
jomarlogistica.com.br:80 176.126.103.21 - - [20/Sep/2025:12:11:12 -0300] "GET /wp-content/themes/consultio/assets/js/bootstrap.min.js?ver=4.0.0 HTTP/1.1" 200 14168 "-" "Mozilla/5.0 (Windows NT 10.0; Win64; x64) AppleWebKit/537.36 Chrome/114.0.5735.110 Safari/537.36"
jomarlogistica.com.br:80 176.126.103.21 - - [20/Sep/2025:12:11:12 -0300] "GET /wp-content/themes/consultio/assets/js/main.js?ver=2.8.0 HTTP/1.1" 200 6474 "-" "Mozilla/5.0 (Windows NT 10.0; Win64; x64) AppleWebKit/537.36 Chrome/114.0.5735.110 Safari/537.36"
jomarlogistica.com.br:80 176.126.103.21 - - [20/Sep/2025:12:11:12 -0300] "GET /wp-content/themes/consultio/elementor/js/ct-post-carousel-widget.js?ver=2.8.0 HTTP/1.1" 200 1609 "-" "Mozilla/5.0 (X11; Linux x86_64) AppleWebKit/537.36 Chrome/113.0.0.0 Safari/537.36"
jomarlogistica.com.br:80 176.126.103.21 - - [20/Sep/2025:12:11:13 -0300] "GET /wp-content/plugins/case-theme-core/assets/js/main.js?ver=1.0.0 HTTP/1.1" 200 570 "-" "Mozilla/5.0 (Windows NT 10.0; Win64; x64) AppleWebKit/537.36 Chrome/114.0.5735.110 Safari/537.36"
jomarlogistica.com.br:80 176.126.103.21 - - [20/Sep/2025:12:11:13 -0300] "GET /wp-content/plugins/contact-form-7-multi-step/assets/frontend/js/cf7mls.js?ver=2.5.4 HTTP/1.1" 200 7286 "-" "Mozilla/5.0 (X11; Linux x86_64) AppleWebKit/537.36 Chrome/113.0.0.0 Safari/537.36"
jomarlogistica.com.br:80 176.126.103.21 - - [20/Sep/2025:12:11:14 -0300] "GET /wp-content/plugins/elementor/assets/js/frontend-modules.min.js?ver=3.4.8 HTTP/1.1" 200 5016 "-" "Mozilla/5.0 (Windows NT 10.0; Win64; x64) AppleWebKit/537.36 Chrome/114.0.5735.110 Safari/537.36"
jomarlogistica.com.br:80 176.126.103.21 - - [20/Sep/2025:12:11:15 -0300] "GET /wp-content/plugins/elementor/assets/lib/waypoints/waypoints.min.js?ver=4.0.2 HTTP/1.1" 200 3483 "-" "Mozilla/5.0 (Windows NT 10.0; Win64; x64) AppleWebKit/537.36 Chrome/114.0.5735.110 Safari/537.36"
jomarlogistica.com.br:80 176.126.103.21 - - [20/Sep/2025:12:11:15 -0300] "GET /wp-content/plugins/case-theme-user/acess/js/ct-user-form.js?ver=1.0.0 HTTP/1.1" 200 2307 "-" "Mozilla/5.0 (X11; Linux x86_64) AppleWebKit/537.36 Chrome/113.0.0.0 Safari/537.36"
jomarlogistica.com.br:80 176.126.103.21 - - [20/Sep/2025:12:11:16 -0300] "GET /wp-content/plugins/case-theme-core/assets/js/lib/isotope.pkgd.min.js?ver=3.0.5 HTTP/1.1" 200 10708 "-" "Mozilla/5.0 (X11; Linux x86_64) AppleWebKit/537.36 Chrome/113.0.0.0 Safari/537.36"
jomarlogistica.com.br:80 176.126.103.21 - - [20/Sep/2025:12:11:16 -0300] "GET /wp-content/plugins/elementor/assets/lib/slick/slick.min.js?ver=1.8.1 HTTP/1.1" 200 11405 "-" "Mozilla/5.0 (X11; Linux x86_64) AppleWebKit/537.36 Chrome/113.0.0.0 Safari/537.36"
jomarlogistica.com.br:80 176.126.103.21 - - [20/Sep/2025:12:11:17 -0300] "GET /wp-content/plugins/elementor/assets/js/frontend.min.js?ver=3.4.8 HTTP/1.1" 200 11432 "-" "Mozilla/5.0 (Macintosh; Intel Mac OS X 10_15_7) AppleWebKit/605.1.15 (KHTML, like Gecko) Version/15.1 Safari/605.1.15"
jomarlogistica.com.br:80 176.126.103.21 - - [20/Sep/2025:12:11:17 -0300] "GET /wp-content/themes/consultio/elementor/js/ct-inline-css.js?ver=2.8.0 HTTP/1.1" 200 883 "-" "Mozilla/5.0 (X11; Linux x86_64) AppleWebKit/537.36 Chrome/113.0.0.0 Safari/537.36"
jomarlogistica.com.br:80 176.126.103.21 - - [20/Sep/2025:12:11:18 -0300] "GET /wp-content/plugins/booked/assets/js/spin.min.js?ver=2.0.1 HTTP/1.1" 200 2463 "-" "Mozilla/5.0 (Macintosh; Intel Mac OS X 10_15_7) AppleWebKit/605.1.15 (KHTML, like Gecko) Version/15.1 Safari/605.1.15"
jomarlogistica.com.br:80 69.163.163.201 - - [20/Sep/2025:12:12:29 -0300] "POST /xmlrpc.php HTTP/1.1" 403 2493 "https://jomarlogistica.com.br" "Mozilla/5.0 (Macintosh; Intel Mac OS X 10_15_7; rv:129.0) Gecko/20100101 Firefox/129.0"
jomarlogistica.com.br:80 162.243.62.9 - - [20/Sep/2025:12:19:04 -0300] "POST /xmlrpc.php HTTP/1.1" 403 2493 "https://jomarlogistica.com.br" "Mozilla/5.0 (Windows NT 10.0; Win64; x64; rv:129.0) Gecko/20100101 Firefox/129.0"
jomarlogistica.com.br:80 200.40.79.197 - - [20/Sep/2025:12:19:37 -0300] "POST /xmlrpc.php HTTP/1.1" 403 2493 "https://jomarlogistica.com.br" "Mozilla/5.0 (Macintosh; Intel Mac OS X 13_3) AppleWebKit/537.36 (KHTML, like Gecko) Chrome/126.0.0.0 Safari/537.36"
jomarlogistica.com.br:80 172.20.1.117 - - [20/Sep/2025:12:23:22 -0300] "POST /wp-cron.php?doing_wp_cron=1758381802.8970069885253906250000 HTTP/1.1" 200 389 "https://jomarlogistica.com.br/wp-cron.php?doing_wp_cron=1758381802.8970069885253906250000" "WordPress/5.8.10; https://jomarlogistica.com.br"
jomarlogistica.com.br:80 177.116.184.250 - - [20/Sep/2025:12:23:22 -0300] "POST /autodiscover/autodiscover.xml HTTP/1.1" 404 448 "-" "AppleExchangeWebServices/833 accountsd/113"
jomarlogistica.com.br:80 127.0.0.1 - - [20/Sep/2025:12:23:28 -0300] "OPTIONS * HTTP/1.0" 200 110 "-" "Apache/2.4.65 (Ubuntu) (internal dummy connection)"
jomarlogistica.com.br:80 114.119.138.207 - - [20/Sep/2025:12:25:27 -0300] "GET /2023/11/22/burrows-finn-and-todd-law-of-contract-in-new-zealand/ HTTP/1.1" 200 13851 "https://jomarlogistica.com.br/2023/11/23/advocates-account-rules-1988-sarawak-guidelines-for-legal-professionals/" "Mozilla/5.0 (Linux; Android 7.0;) AppleWebKit/537.36 (KHTML, like Gecko) Mobile Safari/537.36 (compatible; PetalBot;+https://webmaster.petalsearch.com/site/petalbot)"
jomarlogistica.com.br:80 132.148.181.247 - - [20/Sep/2025:12:25:47 -0300] "POST /xmlrpc.php HTTP/1.1" 403 2493 "https://jomarlogistica.com.br" "Mozilla/5.0 (Macintosh; Intel Mac OS X 10.15; rv:126.0) Gecko/20100101 Firefox/126.0"
jomarlogistica.com.br:80 47.79.95.148 - - [20/Sep/2025:12:25:51 -0300] "GET /?rest_route=/wp/v2/users/ HTTP/1.1" 200 1095 "-" "python-requests/2.28.1"
jomarlogistica.com.br:80 47.79.95.148 - - [20/Sep/2025:12:25:53 -0300] "GET /?rest_route=/wp/v2/users/ HTTP/1.1" 200 1095 "-" "python-requests/2.28.1"
jomarlogistica.com.br:80 47.79.95.148 - - [20/Sep/2025:12:25:56 -0300] "GET /?author=1 HTTP/1.1" 301 462 "-" "python-requests/2.28.1"
jomarlogistica.com.br:80 47.79.95.148 - - [20/Sep/2025:12:25:58 -0300] "GET /author/jomar/ HTTP/1.1" 200 18683 "-" "python-requests/2.28.1"
jomarlogistica.com.br:80 47.79.95.148 - - [20/Sep/2025:12:26:01 -0300] "GET /?author=2 HTTP/1.1" 301 464 "-" "python-requests/2.28.1"
jomarlogistica.com.br:80 47.79.95.148 - - [20/Sep/2025:12:26:03 -0300] "GET /author/wadminw/ HTTP/1.1" 200 15959 "-" "python-requests/2.28.1"
jomarlogistica.com.br:80 47.79.95.148 - - [20/Sep/2025:12:26:06 -0300] "GET /?author=3 HTTP/1.1" 301 459 "-" "python-requests/2.28.1"
jomarlogistica.com.br:80 47.79.95.148 - - [20/Sep/2025:12:26:07 -0300] "GET /?author=3 HTTP/1.1" 404 448 "-" "python-requests/2.28.1"
jomarlogistica.com.br:80 47.79.95.148 - - [20/Sep/2025:12:26:10 -0300] "GET /?author=4 HTTP/1.1" 301 459 "-" "python-requests/2.28.1"
jomarlogistica.com.br:80 47.79.95.148 - - [20/Sep/2025:12:26:11 -0300] "GET /?author=4 HTTP/1.1" 404 448 "-" "python-requests/2.28.1"
jomarlogistica.com.br:80 47.79.95.148 - - [20/Sep/2025:12:26:14 -0300] "GET /?author=5 HTTP/1.1" 301 459 "-" "python-requests/2.28.1"
jomarlogistica.com.br:80 47.79.95.148 - - [20/Sep/2025:12:26:15 -0300] "GET /?author=5 HTTP/1.1" 404 448 "-" "python-requests/2.28.1"
jomarlogistica.com.br:80 47.79.95.148 - - [20/Sep/2025:12:26:17 -0300] "GET /xmlrpc.php HTTP/1.1" 403 2493 "-" "python-requests/2.28.1"
jomarlogistica.com.br:80 47.79.95.148 - - [20/Sep/2025:12:26:19 -0300] "GET /xmlrpc.php HTTP/1.1" 403 2512 "-" "python-requests/2.28.1"
jomarlogistica.com.br:80 127.0.0.1 - - [20/Sep/2025:12:26:20 -0300] "OPTIONS * HTTP/1.0" 200 110 "-" "Apache/2.4.65 (Ubuntu) (internal dummy connection)"
jomarlogistica.com.br:80 47.79.95.148 - - [20/Sep/2025:12:26:21 -0300] "GET /xmlrpc.php HTTP/1.1" 403 2493 "-" "python-requests/2.28.1"
jomarlogistica.com.br:80 47.79.95.148 - - [20/Sep/2025:12:26:22 -0300] "GET /xmlrpc.php HTTP/1.1" 403 2493 "-" "python-requests/2.28.1"
jomarlogistica.com.br:80 47.79.95.148 - - [20/Sep/2025:12:26:24 -0300] "GET /xmlrpc.php HTTP/1.1" 403 2493 "-" "python-requests/2.28.1"
jomarlogistica.com.br:80 47.79.95.148 - - [20/Sep/2025:12:26:25 -0300] "GET /xmlrpc.php HTTP/1.1" 403 2493 "-" "python-requests/2.28.1"
jomarlogistica.com.br:80 47.79.95.148 - - [20/Sep/2025:12:26:27 -0300] "GET /xmlrpc.php HTTP/1.1" 403 2512 "-" "python-requests/2.28.1"
jomarlogistica.com.br:80 47.79.95.148 - - [20/Sep/2025:12:26:28 -0300] "GET /xmlrpc.php HTTP/1.1" 403 2493 "-" "python-requests/2.28.1"
jomarlogistica.com.br:80 47.79.95.148 - - [20/Sep/2025:12:26:30 -0300] "GET /xmlrpc.php HTTP/1.1" 403 2493 "-" "python-requests/2.28.1"
jomarlogistica.com.br:80 47.79.95.148 - - [20/Sep/2025:12:26:31 -0300] "GET /xmlrpc.php HTTP/1.1" 403 2493 "-" "python-requests/2.28.1"
jomarlogistica.com.br:80 47.79.95.148 - - [20/Sep/2025:12:26:33 -0300] "GET /xmlrpc.php HTTP/1.1" 403 2493 "-" "python-requests/2.28.1"
jomarlogistica.com.br:80 47.79.95.148 - - [20/Sep/2025:12:26:34 -0300] "GET /xmlrpc.php HTTP/1.1" 403 2493 "-" "python-requests/2.28.1"
jomarlogistica.com.br:80 47.79.95.148 - - [20/Sep/2025:12:26:36 -0300] "GET /xmlrpc.php HTTP/1.1" 403 2512 "-" "python-requests/2.28.1"
jomarlogistica.com.br:80 127.0.0.1 - - [20/Sep/2025:12:26:36 -0300] "OPTIONS * HTTP/1.0" 200 110 "-" "Apache/2.4.65 (Ubuntu) (internal dummy connection)"
jomarlogistica.com.br:80 47.79.95.148 - - [20/Sep/2025:12:26:37 -0300] "GET /xmlrpc.php HTTP/1.1" 403 2493 "-" "python-requests/2.28.1"
jomarlogistica.com.br:80 47.79.95.148 - - [20/Sep/2025:12:26:39 -0300] "GET /xmlrpc.php HTTP/1.1" 403 2493 "-" "python-requests/2.28.1"
jomarlogistica.com.br:80 114.119.128.158 - - [20/Sep/2025:12:26:52 -0300] "GET /2023/10/02/avast-premier-review/ HTTP/1.1" 200 17219 "https://jomarlogistica.com.br/author/jomar/page/6/" "Mozilla/5.0 (Linux; Android 7.0;) AppleWebKit/537.36 (KHTML, like Gecko) Mobile Safari/537.36 (compatible; PetalBot;+https://webmaster.petalsearch.com/site/petalbot)"
jomarlogistica.com.br:80 172.20.1.117 - - [20/Sep/2025:12:27:32 -0300] "POST /wp-cron.php?doing_wp_cron=1758382052.1597249507904052734375 HTTP/1.1" 200 389 "https://jomarlogistica.com.br/wp-cron.php?doing_wp_cron=1758382052.1597249507904052734375" "WordPress/5.8.10; https://jomarlogistica.com.br"
jomarlogistica.com.br:80 52.230.163.40 - - [20/Sep/2025:12:27:31 -0300] "GET /2022/11/14/understanding-camper-van-rules-in-the-netherlands-what-you-need-to-know/ HTTP/1.1" 200 14453 "-" "Mozilla/5.0 AppleWebKit/537.36 (KHTML, like Gecko); compatible; ChatGPT-User/1.0; +https://openai.com/bot"
jomarlogistica.com.br:80 127.0.0.1 - - [20/Sep/2025:12:27:37 -0300] "OPTIONS * HTTP/1.0" 200 110 "-" "Apache/2.4.65 (Ubuntu) (internal dummy connection)"
jomarlogistica.com.br:80 114.119.135.84 - - [20/Sep/2025:12:28:15 -0300] "GET /2023/08/28/board-meeting-procedures/ HTTP/1.1" 200 17198 "https://jomarlogistica.com.br/category/jomar/page/13/" "Mozilla/5.0 (Linux; Android 7.0;) AppleWebKit/537.36 (KHTML, like Gecko) Mobile Safari/537.36 (compatible; PetalBot;+https://webmaster.petalsearch.com/site/petalbot)"
jomarlogistica.com.br:80 5.255.231.78 - - [20/Sep/2025:12:28:37 -0300] "GET /robots.txt HTTP/1.1" 200 565 "-" "Mozilla/5.0 (compatible; YandexBot/3.0; +http://yandex.com/bots)"
jomarlogistica.com.br:80 213.180.203.178 - - [20/Sep/2025:12:28:38 -0300] "GET /2022/11/22/the-different-kinds-of-sugars-relationships/ HTTP/1.1" 200 17479 "-" "Mozilla/5.0 (compatible; YandexBot/3.0; +http://yandex.com/bots)"
jomarlogistica.com.br:80 114.119.158.0 - - [20/Sep/2025:12:29:52 -0300] "GET /2022/11/20/marriage-and-culture/ HTTP/1.1" 200 17497 "https://jomarlogistica.com.br/2022/11/19/how-to-find-millionaire-on-line/" "Mozilla/5.0 (Linux; Android 7.0;) AppleWebKit/537.36 (KHTML, like Gecko) Mobile Safari/537.36 (compatible; PetalBot;+https://webmaster.petalsearch.com/site/petalbot)"
jomarlogistica.com.br:80 185.252.28.195 - - [20/Sep/2025:12:32:36 -0300] "POST /xmlrpc.php HTTP/1.1" 403 2493 "https://jomarlogistica.com.br" "Mozilla/5.0 (Windows NT 10.0; Win64; x64; rv:127.0) Gecko/20100101 Firefox/127.0"
jomarlogistica.com.br:80 185.120.220.139 - - [20/Sep/2025:12:32:59 -0300] "POST /xmlrpc.php HTTP/1.1" 403 2493 "https://jomarlogistica.com.br" "Mozilla/5.0 (Macintosh; Intel Mac OS X 14_4_1) AppleWebKit/605.1.15 (KHTML, like Gecko) Version/17.3.1 Safari/605.1.15"
jomarlogistica.com.br:80 172.20.1.117 - - [20/Sep/2025:12:33:02 -0300] "POST /wp-cron.php?doing_wp_cron=1758382382.5807271003723144531250 HTTP/1.1" 200 389 "https://jomarlogistica.com.br/wp-cron.php?doing_wp_cron=1758382382.5807271003723144531250" "WordPress/5.8.10; https://jomarlogistica.com.br"
jomarlogistica.com.br:80 216.244.66.226 - - [20/Sep/2025:12:33:02 -0300] "GET /robots.txt HTTP/1.1" 200 565 "-" "Mozilla/5.0 (compatible; DotBot/1.2; +https://opensiteexplorer.org/dotbot; help@moz.com)"
jomarlogistica.com.br:80 127.0.0.1 - - [20/Sep/2025:12:33:07 -0300] "OPTIONS * HTTP/1.0" 200 110 "-" "Apache/2.4.65 (Ubuntu) (internal dummy connection)"
jomarlogistica.com.br:80 78.110.121.156 - - [20/Sep/2025:12:39:13 -0300] "POST /xmlrpc.php HTTP/1.1" 403 2493 "https://jomarlogistica.com.br" "Mozilla/5.0 (Windows NT 10.0; Win64; x64) AppleWebKit/537.36 (KHTML, like Gecko) Chrome/113.0.5672.93 Safari/537.36"
jomarlogistica.com.br:80 162.214.121.103 - - [20/Sep/2025:12:39:45 -0300] "POST /xmlrpc.php HTTP/1.1" 403 2493 "https://jomarlogistica.com.br" "Mozilla/5.0 (Windows NT 10.0; Win64; x64; rv:129.0) Gecko/20100101 Firefox/129.0"
jomarlogistica.com.br:80 172.20.1.117 - - [20/Sep/2025:12:41:57 -0300] "POST /wp-cron.php?doing_wp_cron=1758382917.9206290245056152343750 HTTP/1.1" 200 389 "https://jomarlogistica.com.br/wp-cron.php?doing_wp_cron=1758382917.9206290245056152343750" "WordPress/5.8.10; https://jomarlogistica.com.br"
jomarlogistica.com.br:80 51.68.111.209 - - [20/Sep/2025:12:41:57 -0300] "GET /robots.txt HTTP/1.1" 200 584 "-" "Mozilla/5.0 (compatible; MJ12bot/v2.0.4; http://mj12bot.com/)"
jomarlogistica.com.br:80 51.68.111.209 - - [20/Sep/2025:12:41:58 -0300] "GET / HTTP/1.1" 200 23930 "-" "Mozilla/5.0 (compatible; MJ12bot/v2.0.4; http://mj12bot.com/)"
jomarlogistica.com.br:80 127.0.0.1 - - [20/Sep/2025:12:42:04 -0300] "OPTIONS * HTTP/1.0" 200 110 "-" "Apache/2.4.65 (Ubuntu) (internal dummy connection)"
jomarlogistica.com.br:80 113.16.18.54 - - [20/Sep/2025:12:45:07 -0300] "POST /wp-comments-post.php HTTP/1.1" 403 2493 "-" "Mozilla/5.0 (Windows NT 10.0; Win64; x64) AppleWebKit/537.36 (KHTML, like Gecko) Chrome/108.0.0.0 Safari/537.36 Edg/108.0.1462.46"
jomarlogistica.com.br:80 107.170.66.27 - - [20/Sep/2025:12:45:54 -0300] "POST /xmlrpc.php HTTP/1.1" 403 2493 "https://jomarlogistica.com.br" "Mozilla/5.0 (Macintosh; Intel Mac OS X 10_15_7) AppleWebKit/537.36 (KHTML, like Gecko) Chrome/126.0.0.0 Safari/537.36"
jomarlogistica.com.br:80 103.124.92.114 - - [20/Sep/2025:12:46:23 -0300] "POST /xmlrpc.php HTTP/1.1" 403 2493 "https://jomarlogistica.com.br" "Mozilla/5.0 (Macintosh; Intel Mac OS X 13.3; rv:126.0) Gecko/20100101 Firefox/126.0"
jomarlogistica.com.br:80 173.252.167.70 - - [20/Sep/2025:12:52:43 -0300] "POST /xmlrpc.php HTTP/1.1" 403 2493 "https://jomarlogistica.com.br" "Mozilla/5.0 (Macintosh; Intel Mac OS X 10.15; rv:126.0) Gecko/20100101 Firefox/126.0"
jomarlogistica.com.br:80 157.230.20.249 - - [20/Sep/2025:12:53:08 -0300] "POST /xmlrpc.php HTTP/1.1" 403 2493 "https://jomarlogistica.com.br" "Mozilla/5.0 (Windows NT 10.0; Win64; x64) AppleWebKit/537.36 (KHTML, like Gecko) Chrome/126.0.0.0 Safari/537.36"
jomarlogistica.com.br:80 135.125.66.80 - - [20/Sep/2025:12:59:23 -0300] "POST /xmlrpc.php HTTP/1.1" 403 2493 "https://jomarlogistica.com.br" "Mozilla/5.0 (Windows NT 10.0; Win64; x64) AppleWebKit/537.36 (KHTML, like Gecko) Chrome/116.0.5845.96 Safari/537.36"
jomarlogistica.com.br:80 172.20.1.117 - - [20/Sep/2025:12:59:35 -0300] "POST /wp-cron.php?doing_wp_cron=1758383975.4209570884704589843750 HTTP/1.1" 200 389 "https://jomarlogistica.com.br/wp-cron.php?doing_wp_cron=1758383975.4209570884704589843750" "WordPress/5.8.10; https://jomarlogistica.com.br"
jomarlogistica.com.br:80 114.119.136.72 - - [20/Sep/2025:12:59:35 -0300] "GET /2023/11/12/asda-new-employee-contract-understanding-the-legal-terms/ HTTP/1.1" 200 14227 "https://jomarlogistica.com.br/2023/11/06/are-tinted-plate-covers-legal-in-ohio-ohio-license-plate-laws/" "Mozilla/5.0 (Linux; Android 7.0;) AppleWebKit/537.36 (KHTML, like Gecko) Mobile Safari/537.36 (compatible; PetalBot;+https://webmaster.petalsearch.com/site/petalbot)"
jomarlogistica.com.br:80 127.0.0.1 - - [20/Sep/2025:12:59:40 -0300] "OPTIONS * HTTP/1.0" 200 110 "-" "Apache/2.4.65 (Ubuntu) (internal dummy connection)"
jomarlogistica.com.br:80 40.123.197.157 - - [20/Sep/2025:12:59:46 -0300] "POST /xmlrpc.php HTTP/1.1" 403 2493 "https://jomarlogistica.com.br" "Mozilla/5.0 (Windows NT 10.0; Win64; x64) AppleWebKit/537.36 (KHTML, like Gecko) Chrome/112.0.5615.138 Safari/537.36"
jomarlogistica.com.br:80 216.244.66.226 - - [20/Sep/2025:13:00:29 -0300] "GET /2023/05/25/mail-order-brides-a-form-of-human-trafficking-anti-trafficking-international/feed/ HTTP/1.1" 200 1671 "-" "Mozilla/5.0 (compatible; DotBot/1.2; +https://opensiteexplorer.org/dotbot; help@moz.com)"
jomarlogistica.com.br:80 114.119.138.130 - - [20/Sep/2025:13:01:00 -0300] "GET /2022/12/14/exactly-what-is-a-soulmate/ HTTP/1.1" 200 17858 "https://jomarlogistica.com.br/2022/12/15/internet-dating-first-time-frame-statistics/" "Mozilla/5.0 (Linux; Android 7.0;) AppleWebKit/537.36 (KHTML, like Gecko) Mobile Safari/537.36 (compatible; PetalBot;+https://webmaster.petalsearch.com/site/petalbot)"
jomarlogistica.com.br:80 172.20.1.117 - - [20/Sep/2025:13:02:21 -0300] "POST /wp-cron.php?doing_wp_cron=1758384141.0687079429626464843750 HTTP/1.1" 200 389 "https://jomarlogistica.com.br/wp-cron.php?doing_wp_cron=1758384141.0687079429626464843750" "WordPress/5.8.10; https://jomarlogistica.com.br"
jomarlogistica.com.br:80 114.119.135.84 - - [20/Sep/2025:13:02:20 -0300] "GET /2022/10/28/social-websites-red-flags-in-relationships/ HTTP/1.1" 200 18056 "https://jomarlogistica.com.br/2022/10/27/the-signs-of-a-serious-romance/" "Mozilla/5.0 (Linux; Android 7.0;) AppleWebKit/537.36 (KHTML, like Gecko) Mobile Safari/537.36 (compatible; PetalBot;+https://webmaster.petalsearch.com/site/petalbot)"
jomarlogistica.com.br:80 127.0.0.1 - - [20/Sep/2025:13:02:26 -0300] "OPTIONS * HTTP/1.0" 200 110 "-" "Apache/2.4.65 (Ubuntu) (internal dummy connection)"
jomarlogistica.com.br:80 47.79.95.148 - - [20/Sep/2025:13:03:21 -0300] "GET /?rest_route=/wp/v2/users/ HTTP/1.1" 200 1095 "-" "python-requests/2.28.1"
jomarlogistica.com.br:80 47.79.95.148 - - [20/Sep/2025:13:03:23 -0300] "GET /?rest_route=/wp/v2/users/ HTTP/1.1" 200 1095 "-" "python-requests/2.28.1"
jomarlogistica.com.br:80 47.79.95.148 - - [20/Sep/2025:13:03:24 -0300] "GET /?author=1 HTTP/1.1" 301 462 "-" "python-requests/2.28.1"
jomarlogistica.com.br:80 47.79.95.148 - - [20/Sep/2025:13:03:25 -0300] "GET /author/jomar/ HTTP/1.1" 200 18625 "-" "python-requests/2.28.1"
jomarlogistica.com.br:80 47.79.95.148 - - [20/Sep/2025:13:03:28 -0300] "GET /?author=2 HTTP/1.1" 301 464 "-" "python-requests/2.28.1"
jomarlogistica.com.br:80 47.79.95.148 - - [20/Sep/2025:13:03:29 -0300] "GET /author/wadminw/ HTTP/1.1" 200 15901 "-" "python-requests/2.28.1"
jomarlogistica.com.br:80 47.79.95.148 - - [20/Sep/2025:13:03:32 -0300] "GET /?author=3 HTTP/1.1" 404 448 "-" "python-requests/2.28.1"
jomarlogistica.com.br:80 47.79.95.148 - - [20/Sep/2025:13:03:34 -0300] "GET /?author=4 HTTP/1.1" 404 448 "-" "python-requests/2.28.1"
jomarlogistica.com.br:80 47.79.95.148 - - [20/Sep/2025:13:03:36 -0300] "GET /?author=5 HTTP/1.1" 404 448 "-" "python-requests/2.28.1"
jomarlogistica.com.br:80 47.79.95.148 - - [20/Sep/2025:13:03:38 -0300] "POST /xmlrpc.php HTTP/1.1" 403 2493 "-" "python-requests/2.28.1"
jomarlogistica.com.br:80 47.79.95.148 - - [20/Sep/2025:13:03:38 -0300] "POST /xmlrpc.php HTTP/1.1" 403 2512 "-" "python-requests/2.28.1"
jomarlogistica.com.br:80 127.0.0.1 - - [20/Sep/2025:13:03:39 -0300] "OPTIONS * HTTP/1.0" 200 110 "-" "Apache/2.4.65 (Ubuntu) (internal dummy connection)"
jomarlogistica.com.br:80 47.79.95.148 - - [20/Sep/2025:13:03:39 -0300] "POST /xmlrpc.php HTTP/1.1" 403 2493 "-" "python-requests/2.28.1"
jomarlogistica.com.br:80 47.79.95.148 - - [20/Sep/2025:13:03:40 -0300] "POST /xmlrpc.php HTTP/1.1" 403 2493 "-" "python-requests/2.28.1"
jomarlogistica.com.br:80 47.79.95.148 - - [20/Sep/2025:13:03:41 -0300] "POST /xmlrpc.php HTTP/1.1" 403 2493 "-" "python-requests/2.28.1"
jomarlogistica.com.br:80 47.79.95.148 - - [20/Sep/2025:13:03:42 -0300] "POST /xmlrpc.php HTTP/1.1" 403 2493 "-" "python-requests/2.28.1"
jomarlogistica.com.br:80 47.79.95.148 - - [20/Sep/2025:13:03:43 -0300] "POST /xmlrpc.php HTTP/1.1" 403 2493 "-" "python-requests/2.28.1"
jomarlogistica.com.br:80 47.79.95.148 - - [20/Sep/2025:13:03:44 -0300] "POST /xmlrpc.php HTTP/1.1" 403 2493 "-" "python-requests/2.28.1"
jomarlogistica.com.br:80 47.79.95.148 - - [20/Sep/2025:13:03:45 -0300] "POST /xmlrpc.php HTTP/1.1" 403 2512 "-" "python-requests/2.28.1"
jomarlogistica.com.br:80 47.79.95.148 - - [20/Sep/2025:13:03:46 -0300] "POST /xmlrpc.php HTTP/1.1" 403 2493 "-" "python-requests/2.28.1"
jomarlogistica.com.br:80 47.79.95.148 - - [20/Sep/2025:13:03:47 -0300] "POST /xmlrpc.php HTTP/1.1" 403 2493 "-" "python-requests/2.28.1"
jomarlogistica.com.br:80 47.79.95.148 - - [20/Sep/2025:13:03:48 -0300] "POST /xmlrpc.php HTTP/1.1" 403 2493 "-" "python-requests/2.28.1"
jomarlogistica.com.br:80 47.79.95.148 - - [20/Sep/2025:13:03:49 -0300] "POST /xmlrpc.php HTTP/1.1" 403 2493 "-" "python-requests/2.28.1"
jomarlogistica.com.br:80 47.79.95.148 - - [20/Sep/2025:13:03:50 -0300] "POST /xmlrpc.php HTTP/1.1" 403 2493 "-" "python-requests/2.28.1"
jomarlogistica.com.br:80 47.79.95.148 - - [20/Sep/2025:13:03:51 -0300] "POST /xmlrpc.php HTTP/1.1" 403 2512 "-" "python-requests/2.28.1"
jomarlogistica.com.br:80 127.0.0.1 - - [20/Sep/2025:13:03:52 -0300] "OPTIONS * HTTP/1.0" 200 110 "-" "Apache/2.4.65 (Ubuntu) (internal dummy connection)"
jomarlogistica.com.br:80 172.20.1.117 - - [20/Sep/2025:13:05:56 -0300] "POST /wp-cron.php?doing_wp_cron=1758384356.7561440467834472656250 HTTP/1.1" 200 389 "https://jomarlogistica.com.br/wp-cron.php?doing_wp_cron=1758384356.7561440467834472656250" "WordPress/5.8.10; https://jomarlogistica.com.br"
jomarlogistica.com.br:80 170.106.35.137 - - [20/Sep/2025:13:05:56 -0300] "GET / HTTP/1.1" 200 23930 "http://jomarlogistica.com.br" "Mozilla/5.0 (iPhone; CPU iPhone OS 13_2_3 like Mac OS X) AppleWebKit/605.1.15 (KHTML, like Gecko) Version/13.0.3 Mobile/15E148 Safari/604.1"
jomarlogistica.com.br:80 127.0.0.1 - - [20/Sep/2025:13:06:02 -0300] "OPTIONS * HTTP/1.0" 200 110 "-" "Apache/2.4.65 (Ubuntu) (internal dummy connection)"
jomarlogistica.com.br:80 42.1.67.76 - - [20/Sep/2025:13:06:07 -0300] "POST /xmlrpc.php HTTP/1.1" 403 2493 "https://jomarlogistica.com.br" "Mozilla/5.0 (Windows NT 10.0; Win64; x64) AppleWebKit/537.36 (KHTML, like Gecko) Chrome/114.0.5735.199 Safari/537.36 Edg/114.0.1823.67"
jomarlogistica.com.br:80 172.20.1.117 - - [20/Sep/2025:13:08:56 -0300] "POST /wp-cron.php?doing_wp_cron=1758384536.2602860927581787109375 HTTP/1.1" 200 389 "https://jomarlogistica.com.br/wp-cron.php?doing_wp_cron=1758384536.2602860927581787109375" "WordPress/5.8.10; https://jomarlogistica.com.br"
jomarlogistica.com.br:80 177.116.184.250 - - [20/Sep/2025:13:08:55 -0300] "POST /autodiscover/autodiscover.xml HTTP/1.1" 404 448 "-" "AppleExchangeWebServices/833 accountsd/113"
jomarlogistica.com.br:80 177.116.184.250 - - [20/Sep/2025:13:08:57 -0300] "POST /autodiscover/autodiscover.xml HTTP/1.1" 404 448 "-" "AppleExchangeWebServices/833 accountsd/113"
jomarlogistica.com.br:80 127.0.0.1 - - [20/Sep/2025:13:09:01 -0300] "OPTIONS * HTTP/1.0" 200 110 "-" "Apache/2.4.65 (Ubuntu) (internal dummy connection)"
jomarlogistica.com.br:80 114.119.158.0 - - [20/Sep/2025:13:11:51 -0300] "GET /2023/03/12/everything-you-need-to-know-about-child-benefit-new-rules-legal-guide/ HTTP/1.1" 200 14146 "https://jomarlogistica.com.br/2023/03/13/cbe-law-group-long-beach-experienced-legal-services-in-california/" "Mozilla/5.0 (Linux; Android 7.0;) AppleWebKit/537.36 (KHTML, like Gecko) Mobile Safari/537.36 (compatible; PetalBot;+https://webmaster.petalsearch.com/site/petalbot)"
jomarlogistica.com.br:80 20.204.164.126 - - [20/Sep/2025:13:12:11 -0300] "POST /xmlrpc.php HTTP/1.1" 403 2493 "https://jomarlogistica.com.br" "Mozilla/5.0 (Macintosh; Intel Mac OS X 14_6) AppleWebKit/605.1.15 (KHTML, like Gecko) Version/17.5 Safari/605.1.15"
jomarlogistica.com.br:80 103.186.64.110 - - [20/Sep/2025:13:12:35 -0300] "POST /xmlrpc.php HTTP/1.1" 403 2493 "https://jomarlogistica.com.br" "Mozilla/5.0 (Windows NT 10.0; Win64; x64; rv:128.0) Gecko/20100101 Firefox/128.0"
jomarlogistica.com.br:80 172.20.1.117 - - [20/Sep/2025:13:16:29 -0300] "POST /wp-cron.php?doing_wp_cron=1758384989.9127030372619628906250 HTTP/1.1" 200 389 "https://jomarlogistica.com.br/wp-cron.php?doing_wp_cron=1758384989.9127030372619628906250" "WordPress/5.8.10; https://jomarlogistica.com.br"
jomarlogistica.com.br:80 104.210.140.132 - - [20/Sep/2025:13:16:29 -0300] "GET /robots.txt HTTP/1.1" 200 584 "-" "Mozilla/5.0 (Macintosh; Intel Mac OS X 10_15_7) AppleWebKit/537.36 (KHTML, like Gecko) Chrome/131.0.0.0 Safari/537.36; compatible; OAI-SearchBot/1.0; +https://openai.com/searchbot"
jomarlogistica.com.br:80 127.0.0.1 - - [20/Sep/2025:13:16:34 -0300] "OPTIONS * HTTP/1.0" 200 110 "-" "Apache/2.4.65 (Ubuntu) (internal dummy connection)"
jomarlogistica.com.br:80 209.172.2.50 - - [20/Sep/2025:13:18:02 -0300] "POST /xmlrpc.php HTTP/1.1" 403 2493 "https://jomarlogistica.com.br" "Mozilla/5.0 (Macintosh; Intel Mac OS X 14.3) AppleWebKit/614.31.14 (KHTML, like Gecko) Version/17.0.96 Safari/614.31.14"
jomarlogistica.com.br:80 172.20.1.117 - - [20/Sep/2025:13:19:25 -0300] "POST /wp-cron.php?doing_wp_cron=1758385165.4890561103820800781250 HTTP/1.1" 200 389 "https://jomarlogistica.com.br/wp-cron.php?doing_wp_cron=1758385165.4890561103820800781250" "WordPress/5.8.10; https://jomarlogistica.com.br"
jomarlogistica.com.br:80 114.119.158.0 - - [20/Sep/2025:13:19:25 -0300] "GET /2023/06/10/what-you-should-expect-in-a-mother-board-room-provider/ HTTP/1.1" 200 17370 "https://jomarlogistica.com.br/2023/06/07/mail-order-brides-happen-to-be-an-actual-factor/" "Mozilla/5.0 (Linux; Android 7.0;) AppleWebKit/537.36 (KHTML, like Gecko) Mobile Safari/537.36 (compatible; PetalBot;+https://webmaster.petalsearch.com/site/petalbot)"
jomarlogistica.com.br:80 127.0.0.1 - - [20/Sep/2025:13:19:30 -0300] "OPTIONS * HTTP/1.0" 200 110 "-" "Apache/2.4.65 (Ubuntu) (internal dummy connection)"
jomarlogistica.com.br:80 51.68.111.208 - - [20/Sep/2025:13:20:21 -0300] "GET /robots.txt HTTP/1.1" 200 584 "-" "Mozilla/5.0 (compatible; MJ12bot/v2.0.4; http://mj12bot.com/)"
jomarlogistica.com.br:80 51.68.111.208 - - [20/Sep/2025:13:20:22 -0300] "GET / HTTP/1.1" 200 23930 "-" "Mozilla/5.0 (compatible; MJ12bot/v2.0.4; http://mj12bot.com/)"
jomarlogistica.com.br:80 170.106.143.6 - - [20/Sep/2025:13:20:35 -0300] "GET /wp-json/oembed/1.0/embed?url=https%3A%2F%2Fjomarlogistica.com.br%2F&format=xml HTTP/1.1" 200 1894 "-" "Mozilla/5.0 (iPhone; CPU iPhone OS 13_2_3 like Mac OS X) AppleWebKit/605.1.15 (KHTML, like Gecko) Version/13.0.3 Mobile/15E148 Safari/604.1"
jomarlogistica.com.br:80 172.20.1.117 - - [20/Sep/2025:13:24:16 -0300] "POST /wp-cron.php?doing_wp_cron=1758385456.5322210788726806640625 HTTP/1.1" 200 389 "https://jomarlogistica.com.br/wp-cron.php?doing_wp_cron=1758385456.5322210788726806640625" "WordPress/5.8.10; https://jomarlogistica.com.br"
jomarlogistica.com.br:80 152.42.167.16 - - [20/Sep/2025:13:24:16 -0300] "GET /wp-content/plugins/init-help/init.php HTTP/1.1" 404 448 "www.google.com" "Mozilla/5.0 (Linux; Android 7.0; SM-G892A Build/NRD90M; wv) AppleWebKit/537.36 (KHTML, like Gecko) Version/4.0 Chrome/60.0.3112.107 Mobile Safari/537.36"
jomarlogistica.com.br:80 127.0.0.1 - - [20/Sep/2025:13:24:21 -0300] "OPTIONS * HTTP/1.0" 200 110 "-" "Apache/2.4.65 (Ubuntu) (internal dummy connection)"
jomarlogistica.com.br:80 172.178.140.145 - - [20/Sep/2025:13:26:10 -0300] "GET /2024/01/16/is-owning-pet-squirrels-legal-in-florida-laws-regulations/ HTTP/1.1" 200 13815 "-" "Mozilla/5.0 AppleWebKit/537.36 (KHTML, like Gecko); compatible; ChatGPT-User/1.0; +https://openai.com/bot"
jomarlogistica.com.br:80 172.20.1.117 - - [20/Sep/2025:13:29:54 -0300] "POST /wp-cron.php?doing_wp_cron=1758385794.2373459339141845703125 HTTP/1.1" 200 389 "https://jomarlogistica.com.br/wp-cron.php?doing_wp_cron=1758385794.2373459339141845703125" "WordPress/5.8.10; https://jomarlogistica.com.br"
jomarlogistica.com.br:80 43.157.38.131 - - [20/Sep/2025:13:29:53 -0300] "GET /feed/ HTTP/1.1" 200 12127 "-" "Mozilla/5.0 (iPhone; CPU iPhone OS 13_2_3 like Mac OS X) AppleWebKit/605.1.15 (KHTML, like Gecko) Version/13.0.3 Mobile/15E148 Safari/604.1"
jomarlogistica.com.br:80 127.0.0.1 - - [20/Sep/2025:13:29:59 -0300] "OPTIONS * HTTP/1.0" 200 110 "-" "Apache/2.4.65 (Ubuntu) (internal dummy connection)"
jomarlogistica.com.br:80 172.20.1.117 - - [20/Sep/2025:13:32:35 -0300] "POST /wp-cron.php?doing_wp_cron=1758385955.4133648872375488281250 HTTP/1.1" 200 389 "https://jomarlogistica.com.br/wp-cron.php?doing_wp_cron=1758385955.4133648872375488281250" "WordPress/5.8.10; https://jomarlogistica.com.br"
jomarlogistica.com.br:80 156.235.30.22 - - [20/Sep/2025:13:32:35 -0300] "GET /2023/06/02/guia-sobre-la-caducidad-de-hipotecas-legales-en-peru/ HTTP/1.1" 200 14637 "-" "Mozilla/5.0 (Linux; Android 6.0; Nexus 5 Build/MRA58N) AppleWebKit/537.36 (KHTML, like Gecko) Chrome/46.0.5090.1278 Mobile Safari/537.36"
jomarlogistica.com.br:80 156.235.30.22 - - [20/Sep/2025:13:32:39 -0300] "GET /wp-content/uploads/2020/05/bg-page-title-u.jpg HTTP/1.1" 206 864 "https://jomarlogistica.com.br/2023/06/02/guia-sobre-la-caducidad-de-hipotecas-legales-en-peru/" "Mozilla/5.0 (Linux; Android 6.0; Nexus 5 Build/MRA58N) AppleWebKit/537.36 (KHTML, like Gecko) Chrome/46.0.5090.1278 Mobile Safari/537.36"
jomarlogistica.com.br:80 127.0.0.1 - - [20/Sep/2025:13:32:43 -0300] "OPTIONS * HTTP/1.0" 200 110 "-" "Apache/2.4.65 (Ubuntu) (internal dummy connection)"
jomarlogistica.com.br:80 23.23.99.55 - - [20/Sep/2025:13:32:46 -0300] "GET /author/jomar/page/53/ HTTP/1.1" 200 18833 "-" "Mozilla/5.0 AppleWebKit/537.36 (KHTML, like Gecko; compatible; Amazonbot/0.1; +https://developer.amazon.com/support/amazonbot) Chrome/119.0.6045.214 Safari/537.36"
jomarlogistica.com.br:80 110.249.202.210 - - [20/Sep/2025:13:32:47 -0300] "GET /robots.txt HTTP/1.1" 200 584 "-" "Mozilla/5.0 (Linux; Android 5.0) AppleWebKit/537.36 (KHTML, like Gecko) Mobile Safari/537.36 (compatible; Bytespider; https://zhanzhang.toutiao.com/)"
jomarlogistica.com.br:80 127.0.0.1 - - [20/Sep/2025:13:32:52 -0300] "OPTIONS * HTTP/1.0" 200 110 "-" "Apache/2.4.65 (Ubuntu) (internal dummy connection)"
jomarlogistica.com.br:80 172.20.1.117 - - [20/Sep/2025:13:39:03 -0300] "POST /wp-cron.php?doing_wp_cron=1758386343.5580260753631591796875 HTTP/1.1" 200 389 "https://jomarlogistica.com.br/wp-cron.php?doing_wp_cron=1758386343.5580260753631591796875" "WordPress/5.8.10; https://jomarlogistica.com.br"
jomarlogistica.com.br:80 177.116.184.250 - - [20/Sep/2025:13:39:03 -0300] "POST /autodiscover/autodiscover.xml HTTP/1.1" 404 448 "-" "AppleExchangeWebServices/833 accountsd/113"
jomarlogistica.com.br:80 177.116.184.250 - - [20/Sep/2025:13:39:04 -0300] "POST /autodiscover/autodiscover.xml HTTP/1.1" 404 448 "-" "AppleExchangeWebServices/833 accountsd/113"
jomarlogistica.com.br:80 127.0.0.1 - - [20/Sep/2025:13:39:08 -0300] "OPTIONS * HTTP/1.0" 200 110 "-" "Apache/2.4.65 (Ubuntu) (internal dummy connection)"
jomarlogistica.com.br:80 43.157.142.101 - - [20/Sep/2025:13:39:25 -0300] "GET /wp-json/oembed/1.0/embed?url=https%3A%2F%2Fjomarlogistica.com.br%2F HTTP/1.1" 200 1871 "-" "Mozilla/5.0 (iPhone; CPU iPhone OS 13_2_3 like Mac OS X) AppleWebKit/605.1.15 (KHTML, like Gecko) Version/13.0.3 Mobile/15E148 Safari/604.1"
jomarlogistica.com.br:80 85.208.96.193 - - [20/Sep/2025:13:42:08 -0300] "GET /robots.txt HTTP/1.1" 200 584 "-" "Mozilla/5.0 (compatible; SemrushBot/7~bl; +http://www.semrush.com/bot.html)"
jomarlogistica.com.br:80 85.208.96.199 - - [20/Sep/2025:13:42:09 -0300] "GET /2022/10/15/characteristics-of-a-cheerful-marriage/ HTTP/1.1" 200 18373 "-" "Mozilla/5.0 (compatible; SemrushBot/7~bl; +http://www.semrush.com/bot.html)"
jomarlogistica.com.br:80 172.20.1.117 - - [20/Sep/2025:13:46:08 -0300] "POST /wp-cron.php?doing_wp_cron=1758386768.8269619941711425781250 HTTP/1.1" 200 389 "https://jomarlogistica.com.br/wp-cron.php?doing_wp_cron=1758386768.8269619941711425781250" "WordPress/5.8.10; https://jomarlogistica.com.br"
jomarlogistica.com.br:80 114.119.138.207 - - [20/Sep/2025:13:46:08 -0300] "GET /author/jomar/page/39/ HTTP/1.1" 200 19030 "https://jomarlogistica.com.br/author/jomar/page/40/" "Mozilla/5.0 (Linux; Android 7.0;) AppleWebKit/537.36 (KHTML, like Gecko) Mobile Safari/537.36 (compatible; PetalBot;+https://webmaster.petalsearch.com/site/petalbot)"
jomarlogistica.com.br:80 127.0.0.1 - - [20/Sep/2025:13:46:14 -0300] "OPTIONS * HTTP/1.0" 200 110 "-" "Apache/2.4.65 (Ubuntu) (internal dummy connection)"
jomarlogistica.com.br:80 172.20.1.117 - - [20/Sep/2025:13:49:01 -0300] "POST /wp-cron.php?doing_wp_cron=1758386941.6704409122467041015625 HTTP/1.1" 200 389 "https://jomarlogistica.com.br/wp-cron.php?doing_wp_cron=1758386941.6704409122467041015625" "WordPress/5.8.10; https://jomarlogistica.com.br"
jomarlogistica.com.br:80 47.79.95.148 - - [20/Sep/2025:13:49:01 -0300] "GET /?rest_route=/wp/v2/users/ HTTP/1.1" 200 1095 "-" "python-requests/2.28.1"
jomarlogistica.com.br:80 47.79.95.148 - - [20/Sep/2025:13:49:03 -0300] "GET /?rest_route=/wp/v2/users/ HTTP/1.1" 200 1095 "-" "python-requests/2.28.1"
jomarlogistica.com.br:80 47.79.95.148 - - [20/Sep/2025:13:49:05 -0300] "GET /?author=1 HTTP/1.1" 301 462 "-" "python-requests/2.28.1"
jomarlogistica.com.br:80 47.79.95.148 - - [20/Sep/2025:13:49:06 -0300] "GET /author/jomar/ HTTP/1.1" 200 18683 "-" "python-requests/2.28.1"
jomarlogistica.com.br:80 127.0.0.1 - - [20/Sep/2025:13:49:10 -0300] "OPTIONS * HTTP/1.0" 200 110 "-" "Apache/2.4.65 (Ubuntu) (internal dummy connection)"
jomarlogistica.com.br:80 47.79.95.148 - - [20/Sep/2025:13:49:10 -0300] "GET /?author=2 HTTP/1.1" 301 464 "-" "python-requests/2.28.1"
jomarlogistica.com.br:80 47.79.95.148 - - [20/Sep/2025:13:49:12 -0300] "GET /author/wadminw/ HTTP/1.1" 200 15959 "-" "python-requests/2.28.1"
jomarlogistica.com.br:80 47.79.95.148 - - [20/Sep/2025:13:49:14 -0300] "GET /?author=3 HTTP/1.1" 301 459 "-" "python-requests/2.28.1"
jomarlogistica.com.br:80 47.79.95.148 - - [20/Sep/2025:13:49:16 -0300] "GET /?author=3 HTTP/1.1" 404 448 "-" "python-requests/2.28.1"
jomarlogistica.com.br:80 47.79.95.148 - - [20/Sep/2025:13:49:18 -0300] "GET /?author=4 HTTP/1.1" 301 459 "-" "python-requests/2.28.1"
jomarlogistica.com.br:80 47.79.95.148 - - [20/Sep/2025:13:49:19 -0300] "GET /?author=4 HTTP/1.1" 404 448 "-" "python-requests/2.28.1"
jomarlogistica.com.br:80 47.79.95.148 - - [20/Sep/2025:13:49:22 -0300] "GET /?author=5 HTTP/1.1" 301 459 "-" "python-requests/2.28.1"
jomarlogistica.com.br:80 47.79.95.148 - - [20/Sep/2025:13:49:23 -0300] "GET /?author=5 HTTP/1.1" 404 448 "-" "python-requests/2.28.1"
jomarlogistica.com.br:80 47.79.95.148 - - [20/Sep/2025:13:49:25 -0300] "POST /xmlrpc.php HTTP/1.1" 403 2512 "-" "python-requests/2.28.1"
jomarlogistica.com.br:80 47.79.95.148 - - [20/Sep/2025:13:49:26 -0300] "POST /xmlrpc.php HTTP/1.1" 403 2493 "-" "python-requests/2.28.1"
jomarlogistica.com.br:80 47.79.95.148 - - [20/Sep/2025:13:49:27 -0300] "POST /xmlrpc.php HTTP/1.1" 403 2493 "-" "python-requests/2.28.1"
jomarlogistica.com.br:80 47.79.95.148 - - [20/Sep/2025:13:49:28 -0300] "POST /xmlrpc.php HTTP/1.1" 403 2493 "-" "python-requests/2.28.1"
jomarlogistica.com.br:80 47.79.95.148 - - [20/Sep/2025:13:49:29 -0300] "POST /xmlrpc.php HTTP/1.1" 403 2493 "-" "python-requests/2.28.1"
jomarlogistica.com.br:80 47.79.95.148 - - [20/Sep/2025:13:49:31 -0300] "POST /xmlrpc.php HTTP/1.1" 403 2493 "-" "python-requests/2.28.1"
jomarlogistica.com.br:80 47.79.95.148 - - [20/Sep/2025:13:49:32 -0300] "POST /xmlrpc.php HTTP/1.1" 403 2512 "-" "python-requests/2.28.1"
jomarlogistica.com.br:80 127.0.0.1 - - [20/Sep/2025:13:49:32 -0300] "OPTIONS * HTTP/1.0" 200 110 "-" "Apache/2.4.65 (Ubuntu) (internal dummy connection)"
jomarlogistica.com.br:80 47.79.95.148 - - [20/Sep/2025:13:49:33 -0300] "POST /xmlrpc.php HTTP/1.1" 403 2493 "-" "python-requests/2.28.1"
jomarlogistica.com.br:80 47.79.95.148 - - [20/Sep/2025:13:49:34 -0300] "POST /xmlrpc.php HTTP/1.1" 403 2493 "-" "python-requests/2.28.1"
jomarlogistica.com.br:80 47.79.95.148 - - [20/Sep/2025:13:49:35 -0300] "POST /xmlrpc.php HTTP/1.1" 403 2493 "-" "python-requests/2.28.1"
jomarlogistica.com.br:80 47.79.95.148 - - [20/Sep/2025:13:49:36 -0300] "POST /xmlrpc.php HTTP/1.1" 403 2493 "-" "python-requests/2.28.1"
jomarlogistica.com.br:80 47.79.95.148 - - [20/Sep/2025:13:49:37 -0300] "POST /xmlrpc.php HTTP/1.1" 403 2512 "-" "python-requests/2.28.1"
jomarlogistica.com.br:80 47.79.95.148 - - [20/Sep/2025:13:49:38 -0300] "POST /xmlrpc.php HTTP/1.1" 403 2493 "-" "python-requests/2.28.1"
jomarlogistica.com.br:80 47.79.95.148 - - [20/Sep/2025:13:49:39 -0300] "POST /xmlrpc.php HTTP/1.1" 403 2493 "-" "python-requests/2.28.1"
jomarlogistica.com.br:80 47.79.95.148 - - [20/Sep/2025:13:49:39 -0300] "POST /xmlrpc.php HTTP/1.1" 403 2493 "-" "python-requests/2.28.1"
jomarlogistica.com.br:80 43.153.27.244 - - [20/Sep/2025:13:50:17 -0300] "GET /wp-json/wp/v2/pages/5147 HTTP/1.1" 200 10522 "-" "Mozilla/5.0 (iPhone; CPU iPhone OS 13_2_3 like Mac OS X) AppleWebKit/605.1.15 (KHTML, like Gecko) Version/13.0.3 Mobile/15E148 Safari/604.1"
jomarlogistica.com.br:80 172.20.1.117 - - [20/Sep/2025:13:55:08 -0300] "POST /wp-cron.php?doing_wp_cron=1758387308.2441940307617187500000 HTTP/1.1" 200 389 "https://jomarlogistica.com.br/wp-cron.php?doing_wp_cron=1758387308.2441940307617187500000" "WordPress/5.8.10; https://jomarlogistica.com.br"
jomarlogistica.com.br:80 106.49.58.235 - - [20/Sep/2025:13:55:07 -0300] "GET /2022/09/16/can-f1-students-start-a-business-legal-guidelines-and-restrictions/ HTTP/1.1" 200 14036 "-" "Mozilla/5.0 (Linux; Android 6.0; Nexus 5 Build/MRA58N) AppleWebKit/537.36 (KHTML, like Gecko) Chrome/42.0.5065.1020 Mobile Safari/537.36"
jomarlogistica.com.br:80 127.0.0.1 - - [20/Sep/2025:13:55:13 -0300] "OPTIONS * HTTP/1.0" 200 110 "-" "Apache/2.4.65 (Ubuntu) (internal dummy connection)"
jomarlogistica.com.br:80 172.20.1.117 - - [20/Sep/2025:13:59:17 -0300] "POST /wp-cron.php?doing_wp_cron=1758387557.8342649936676025390625 HTTP/1.1" 200 389 "https://jomarlogistica.com.br/wp-cron.php?doing_wp_cron=1758387557.8342649936676025390625" "WordPress/5.8.10; https://jomarlogistica.com.br"
jomarlogistica.com.br:80 43.158.91.71 - - [20/Sep/2025:13:59:17 -0300] "GET /wp-json/ HTTP/1.1" 200 12249 "-" "Mozilla/5.0 (iPhone; CPU iPhone OS 13_2_3 like Mac OS X) AppleWebKit/605.1.15 (KHTML, like Gecko) Version/13.0.3 Mobile/15E148 Safari/604.1"
jomarlogistica.com.br:80 127.0.0.1 - - [20/Sep/2025:13:59:22 -0300] "OPTIONS * HTTP/1.0" 200 110 "-" "Apache/2.4.65 (Ubuntu) (internal dummy connection)"
jomarlogistica.com.br:80 172.20.1.117 - - [20/Sep/2025:14:06:59 -0300] "POST /wp-cron.php?doing_wp_cron=1758388019.2191030979156494140625 HTTP/1.1" 200 389 "https://jomarlogistica.com.br/wp-cron.php?doing_wp_cron=1758388019.2191030979156494140625" "WordPress/5.8.10; https://jomarlogistica.com.br"
jomarlogistica.com.br:80 54.147.238.89 - - [20/Sep/2025:14:06:58 -0300] "GET /2022/11/26/realizing-love-signs-you-are-in-love-2/ HTTP/1.1" 200 17361 "-" "Mozilla/5.0 AppleWebKit/537.36 (KHTML, like Gecko; compatible; Amazonbot/0.1; +https://developer.amazon.com/support/amazonbot) Chrome/119.0.6045.214 Safari/537.36"
jomarlogistica.com.br:80 23.21.119.232 - - [20/Sep/2025:14:07:02 -0300] "GET /servicos/ HTTP/1.1" 200 17828 "-" "Mozilla/5.0 AppleWebKit/537.36 (KHTML, like Gecko; compatible; Amazonbot/0.1; +https://developer.amazon.com/support/amazonbot) Chrome/119.0.6045.214 Safari/537.36"
jomarlogistica.com.br:80 34.195.60.66 - - [20/Sep/2025:14:07:06 -0300] "GET /2023/06/24/cultural-influences-on-asian-interactions/ HTTP/1.1" 200 17502 "-" "Mozilla/5.0 AppleWebKit/537.36 (KHTML, like Gecko; compatible; Amazonbot/0.1; +https://developer.amazon.com/support/amazonbot) Chrome/119.0.6045.214 Safari/537.36"
jomarlogistica.com.br:80 3.220.148.166 - - [20/Sep/2025:14:07:11 -0300] "GET /2023/09/28/car-sale-agreement-stamp-paper-legal-document-for-vehicle-sale/ HTTP/1.1" 200 13770 "-" "Mozilla/5.0 AppleWebKit/537.36 (KHTML, like Gecko; compatible; Amazonbot/0.1; +https://developer.amazon.com/support/amazonbot) Chrome/119.0.6045.214 Safari/537.36"
jomarlogistica.com.br:80 172.20.1.117 - - [20/Sep/2025:14:07:14 -0300] "POST /wp-cron.php?doing_wp_cron=1758388034.8222529888153076171875 HTTP/1.1" 200 389 "https://jomarlogistica.com.br/wp-cron.php?doing_wp_cron=1758388034.8222529888153076171875" "WordPress/5.8.10; https://jomarlogistica.com.br"
jomarlogistica.com.br:80 54.152.163.42 - - [20/Sep/2025:14:07:14 -0300] "GET /2023/05/01/what-is-a-soulmate-5-various-signs-you-met-your-soulmate/ HTTP/1.1" 200 17903 "-" "Mozilla/5.0 AppleWebKit/537.36 (KHTML, like Gecko; compatible; Amazonbot/0.1; +https://developer.amazon.com/support/amazonbot) Chrome/119.0.6045.214 Safari/537.36"
jomarlogistica.com.br:80 3.210.223.61 - - [20/Sep/2025:14:07:18 -0300] "GET /2022/09/27/canada-barbados-social-security-agreement-benefits-and-eligibility/ HTTP/1.1" 200 13942 "-" "Mozilla/5.0 AppleWebKit/537.36 (KHTML, like Gecko; compatible; Amazonbot/0.1; +https://developer.amazon.com/support/amazonbot) Chrome/119.0.6045.214 Safari/537.36"
