jomarlogistica.com.br:80 172.20.1.117 - - [20/Sep/2025:04:57:55 -0300] "POST /wp-cron.php?doing_wp_cron=1758355075.5382161140441894531250 HTTP/1.1" 200 389 "https://jomarlogistica.com.br/wp-cron.php?doing_wp_cron=1758355075.5382161140441894531250" "WordPress/5.8.10; https://jomarlogistica.com.br"
jomarlogistica.com.br:80 114.119.135.84 - - [20/Sep/2025:04:57:55 -0300] "GET /2023/02/14/can-an-independent-contractor-open-a-roth-ira-legal-guide/ HTTP/1.1" 200 14077 "https://jomarlogistica.com.br/2023/02/25/can-you-sue-a-company-for-not-paying-you-in-the-uk-legal-advice/" "Mozilla/5.0 (Linux; Android 7.0;) AppleWebKit/537.36 (KHTML, like Gecko) Mobile Safari/537.36 (compatible; PetalBot;+https://webmaster.petalsearch.com/site/petalbot)"
jomarlogistica.com.br:80 127.0.0.1 - - [20/Sep/2025:04:58:01 -0300] "OPTIONS * HTTP/1.0" 200 110 "-" "Apache/2.4.65 (Ubuntu) (internal dummy connection)"
jomarlogistica.com.br:80 114.119.158.0 - - [20/Sep/2025:04:59:24 -0300] "GET /2023/01/21/your-five-dating-stereotypes-you-should-steer-clear-of/ HTTP/1.1" 200 18194 "https://jomarlogistica.com.br/2023/page/40/" "Mozilla/5.0 (Linux; Android 7.0;) AppleWebKit/537.36 (KHTML, like Gecko) Mobile Safari/537.36 (compatible; PetalBot;+https://webmaster.petalsearch.com/site/petalbot)"
jomarlogistica.com.br:80 8.217.181.0 - - [20/Sep/2025:05:00:19 -0300] "GET /wp-content/themes/consultio/assets/js/wow.min.js?ver=1.0.0 HTTP/1.1" 200 3260 "-" "AliyunSecBot/Aliyun (AliyunSecBot@service.alibaba.com)"
jomarlogistica.com.br:80 8.217.208.71 - - [20/Sep/2025:05:00:20 -0300] "GET /wp-content/themes/consultio/assets/js/wow.min.js?ver=1.0.0 HTTP/1.1" 200 3260 "-" "AliyunSecBot/Aliyun (AliyunSecBot@service.alibaba.com)"
jomarlogistica.com.br:80 114.119.138.130 - - [20/Sep/2025:05:01:03 -0300] "GET /2022/page/2/ HTTP/1.1" 200 18745 "https://jomarlogistica.com.br/2022/" "Mozilla/5.0 (Linux; Android 7.0;) AppleWebKit/537.36 (KHTML, like Gecko) Mobile Safari/537.36 (compatible; PetalBot;+https://webmaster.petalsearch.com/site/petalbot)"
jomarlogistica.com.br:80 8.217.212.0 - - [20/Sep/2025:05:01:53 -0300] "GET /2023/06/ HTTP/1.1" 200 18777 "-" "AliyunSecBot/Aliyun (AliyunSecBot@service.alibaba.com)"
jomarlogistica.com.br:80 8.217.163.128 - - [20/Sep/2025:05:01:54 -0300] "GET /2023/06/ HTTP/1.1" 200 18777 "-" "AliyunSecBot/Aliyun (AliyunSecBot@service.alibaba.com)"
jomarlogistica.com.br:80 127.0.0.1 - - [20/Sep/2025:05:01:59 -0300] "OPTIONS * HTTP/1.0" 200 110 "-" "Apache/2.4.65 (Ubuntu) (internal dummy connection)"
jomarlogistica.com.br:80 103.110.84.40 - - [20/Sep/2025:05:02:19 -0300] "POST /xmlrpc.php HTTP/1.1" 403 2493 "https://jomarlogistica.com.br" "Mozilla/5.0 (Macintosh; Intel Mac OS X 14.3) AppleWebKit/614.31.14 (KHTML, like Gecko) Version/17.0.96 Safari/614.31.14"
jomarlogistica.com.br:80 161.35.8.69 - - [20/Sep/2025:05:02:39 -0300] "POST /xmlrpc.php HTTP/1.1" 403 2493 "https://jomarlogistica.com.br" "Mozilla/5.0 (Macintosh; Intel Mac OS X 14.3) AppleWebKit/614.31.14 (KHTML, like Gecko) Version/17.0.96 Safari/614.31.14"
jomarlogistica.com.br:80 172.20.1.117 - - [20/Sep/2025:05:03:13 -0300] "POST /wp-cron.php?doing_wp_cron=1758355393.5417690277099609375000 HTTP/1.1" 200 389 "https://jomarlogistica.com.br/wp-cron.php?doing_wp_cron=1758355393.5417690277099609375000" "WordPress/5.8.10; https://jomarlogistica.com.br"
jomarlogistica.com.br:80 114.119.158.0 - - [20/Sep/2025:05:03:13 -0300] "GET /2022/12/31/essential-features-of-snail-mail-order-wedding-brides-websites/ HTTP/1.1" 200 17408 "https://jomarlogistica.com.br/2022/" "Mozilla/5.0 (Linux; Android 7.0;) AppleWebKit/537.36 (KHTML, like Gecko) Mobile Safari/537.36 (compatible; PetalBot;+https://webmaster.petalsearch.com/site/petalbot)"
jomarlogistica.com.br:80 127.0.0.1 - - [20/Sep/2025:05:03:19 -0300] "OPTIONS * HTTP/1.0" 200 110 "-" "Apache/2.4.65 (Ubuntu) (internal dummy connection)"
jomarlogistica.com.br:80 57.141.0.7 - - [20/Sep/2025:05:05:06 -0300] "GET /2024/01/16/is-owning-pet-squirrels-legal-in-florida-laws-regulations/ HTTP/1.1" 200 60327 "-" "meta-externalagent/1.1 (+https://developers.facebook.com/docs/sharing/webmasters/crawler)"
jomarlogistica.com.br:80 114.119.138.207 - - [20/Sep/2025:05:05:11 -0300] "GET /2022/12/12/sweets-dating-stereotypes-several-types-of-sugar-connections/ HTTP/1.1" 200 18364 "https://jomarlogistica.com.br/category/jomar/page/45/" "Mozilla/5.0 (Linux; Android 7.0;) AppleWebKit/537.36 (KHTML, like Gecko) Mobile Safari/537.36 (compatible; PetalBot;+https://webmaster.petalsearch.com/site/petalbot)"
jomarlogistica.com.br:80 172.20.1.117 - - [20/Sep/2025:05:05:55 -0300] "POST /wp-cron.php?doing_wp_cron=1758355555.8281600475311279296875 HTTP/1.1" 200 389 "https://jomarlogistica.com.br/wp-cron.php?doing_wp_cron=1758355555.8281600475311279296875" "WordPress/5.8.10; https://jomarlogistica.com.br"
jomarlogistica.com.br:80 135.181.79.90 - - [20/Sep/2025:05:05:55 -0300] "GET /2023/05/02/test-title/ HTTP/1.1" 200 77241 "https://jomarlogistica.com.br/2023/05/02/test-title/" "Mozilla/5.0 (Windows NT 10.0; Win64; x64) AppleWebKit/537.36 (KHTML, like Gecko) Chrome/130.0.0.0 Safari/537.36 CCleaner/130.0.0.0"
jomarlogistica.com.br:80 135.181.79.90 - - [20/Sep/2025:05:05:58 -0300] "GET /2023/11/15/how-to-organise-the-board-records-with-boardpro/ HTTP/1.1" 200 79592 "https://jomarlogistica.com.br/2023/11/15/how-to-organise-the-board-records-with-boardpro/" "Mozilla/5.0 (Windows NT 10.0; Win64; x64) AppleWebKit/537.36 (KHTML, like Gecko) Chrome/130.0.0.0 Safari/537.36 CCleaner/130.0.0.0"
jomarlogistica.com.br:80 135.181.79.90 - - [20/Sep/2025:05:06:00 -0300] "GET /contato/ HTTP/1.1" 200 79977 "https://jomarlogistica.com.br/contato/" "Mozilla/5.0 (Windows NT 10.0; Win64; x64) AppleWebKit/537.36 (KHTML, like Gecko) Chrome/130.0.0.0 Safari/537.36 CCleaner/130.0.0.0"
jomarlogistica.com.br:80 135.181.79.90 - - [20/Sep/2025:05:06:02 -0300] "POST /wp-json/contact-form-7/v1/contact-forms/5005/feedback HTTP/1.1" 200 865 "https://jomarlogistica.com.br/contato/" "Mozilla/5.0 (Windows NT 10.0; Win64; x64) AppleWebKit/537.36 (KHTML, like Gecko) Chrome/130.0.0.0 Safari/537.36 CCleaner/130.0.0.0"
jomarlogistica.com.br:80 127.0.0.1 - - [20/Sep/2025:05:06:12 -0300] "OPTIONS * HTTP/1.0" 200 110 "-" "Apache/2.4.65 (Ubuntu) (internal dummy connection)"
jomarlogistica.com.br:80 114.119.138.207 - - [20/Sep/2025:05:06:57 -0300] "GET /2022/12/03/best-countries-for-dating/ HTTP/1.1" 200 18029 "https://jomarlogistica.com.br/2022/12/04/how-to-locate-millionaire-via-the-internet/" "Mozilla/5.0 (Linux; Android 7.0;) AppleWebKit/537.36 (KHTML, like Gecko) Mobile Safari/537.36 (compatible; PetalBot;+https://webmaster.petalsearch.com/site/petalbot)"
jomarlogistica.com.br:80 103.204.130.101 - - [20/Sep/2025:05:07:26 -0300] "POST /xmlrpc.php HTTP/1.1" 403 2493 "https://jomarlogistica.com.br" "Mozilla/5.0 (Windows NT 10.0; Win64; x64; rv:129.0) Gecko/20100101 Firefox/129.0"
jomarlogistica.com.br:80 172.20.1.117 - - [20/Sep/2025:05:08:40 -0300] "POST /wp-cron.php?doing_wp_cron=1758355720.5370299816131591796875 HTTP/1.1" 200 389 "https://jomarlogistica.com.br/wp-cron.php?doing_wp_cron=1758355720.5370299816131591796875" "WordPress/5.8.10; https://jomarlogistica.com.br"
jomarlogistica.com.br:80 114.119.128.158 - - [20/Sep/2025:05:08:40 -0300] "GET /2022/12/01/a-few-tips-for-males-who-struggle-to-find-a-woman-to-date/ HTTP/1.1" 200 18266 "https://jomarlogistica.com.br/2022/12/02/realizing-love-signs-you-are-in-love-4/" "Mozilla/5.0 (Linux; Android 7.0;) AppleWebKit/537.36 (KHTML, like Gecko) Mobile Safari/537.36 (compatible; PetalBot;+https://webmaster.petalsearch.com/site/petalbot)"
jomarlogistica.com.br:80 127.0.0.1 - - [20/Sep/2025:05:08:45 -0300] "OPTIONS * HTTP/1.0" 200 110 "-" "Apache/2.4.65 (Ubuntu) (internal dummy connection)"
jomarlogistica.com.br:80 8.217.211.127 - - [20/Sep/2025:05:09:51 -0300] "GET /wp-content/plugins/case-theme-user/acess/js/ct-user-form.js?ver=1.0.0 HTTP/1.1" 200 2307 "-" "AliyunSecBot/Aliyun (AliyunSecBot@service.alibaba.com)"
jomarlogistica.com.br:80 8.217.213.197 - - [20/Sep/2025:05:09:52 -0300] "GET /wp-content/plugins/case-theme-user/acess/js/ct-user-form.js?ver=1.0.0 HTTP/1.1" 200 2307 "-" "AliyunSecBot/Aliyun (AliyunSecBot@service.alibaba.com)"
jomarlogistica.com.br:80 127.0.0.1 - - [20/Sep/2025:05:09:56 -0300] "OPTIONS * HTTP/1.0" 200 110 "-" "Apache/2.4.65 (Ubuntu) (internal dummy connection)"
jomarlogistica.com.br:80 177.116.184.250 - - [20/Sep/2025:05:10:14 -0300] "POST /autodiscover/autodiscover.xml HTTP/1.1" 404 448 "-" "AppleExchangeWebServices/833 accountsd/113"
jomarlogistica.com.br:80 114.119.159.76 - - [20/Sep/2025:05:10:13 -0300] "GET /2022/11/page/2/ HTTP/1.1" 200 18740 "https://jomarlogistica.com.br/2022/11/page/3/" "Mozilla/5.0 (Linux; Android 7.0;) AppleWebKit/537.36 (KHTML, like Gecko) Mobile Safari/537.36 (compatible; PetalBot;+https://webmaster.petalsearch.com/site/petalbot)"
jomarlogistica.com.br:80 127.0.0.1 - - [20/Sep/2025:05:10:18 -0300] "OPTIONS * HTTP/1.0" 200 110 "-" "Apache/2.4.65 (Ubuntu) (internal dummy connection)"
jomarlogistica.com.br:80 114.119.136.72 - - [20/Sep/2025:05:11:50 -0300] "GET /2022/11/27/getting-out-of-feeling-weak-about-appreciate/ HTTP/1.1" 200 17475 "https://jomarlogistica.com.br/2022/11/28/ways-to-match-turkish-ladies-with-western-guys/" "Mozilla/5.0 (Linux; Android 7.0;) AppleWebKit/537.36 (KHTML, like Gecko) Mobile Safari/537.36 (compatible; PetalBot;+https://webmaster.petalsearch.com/site/petalbot)"
jomarlogistica.com.br:80 68.183.135.252 - - [20/Sep/2025:05:12:36 -0300] "POST /xmlrpc.php HTTP/1.1" 403 2493 "https://jomarlogistica.com.br" "Mozilla/5.0 (Macintosh; Intel Mac OS X 14.3) AppleWebKit/614.31.14 (KHTML, like Gecko) Version/17.0.96 Safari/614.31.14"
jomarlogistica.com.br:80 103.169.160.74 - - [20/Sep/2025:05:13:00 -0300] "POST /xmlrpc.php HTTP/1.1" 403 2493 "https://jomarlogistica.com.br" "Mozilla/5.0 (Macintosh; Intel Mac OS X 10_15_7; rv:128.0) Gecko/20100101 Firefox/128.0"
jomarlogistica.com.br:80 172.20.1.117 - - [20/Sep/2025:05:13:27 -0300] "POST /wp-cron.php?doing_wp_cron=1758356007.4781980514526367187500 HTTP/1.1" 200 389 "https://jomarlogistica.com.br/wp-cron.php?doing_wp_cron=1758356007.4781980514526367187500" "WordPress/5.8.10; https://jomarlogistica.com.br"
jomarlogistica.com.br:80 114.119.158.0 - - [20/Sep/2025:05:13:27 -0300] "GET /2022/11/11/the-right-way-to-ask-sugar-daddy-for-money/ HTTP/1.1" 200 17304 "https://jomarlogistica.com.br/2022/11/13/signals-that-you-are-in-love/" "Mozilla/5.0 (Linux; Android 7.0;) AppleWebKit/537.36 (KHTML, like Gecko) Mobile Safari/537.36 (compatible; PetalBot;+https://webmaster.petalsearch.com/site/petalbot)"
jomarlogistica.com.br:80 127.0.0.1 - - [20/Sep/2025:05:13:33 -0300] "OPTIONS * HTTP/1.0" 200 110 "-" "Apache/2.4.65 (Ubuntu) (internal dummy connection)"
jomarlogistica.com.br:80 114.119.138.130 - - [20/Sep/2025:05:15:02 -0300] "GET /2022/10/31/affectionate-ideas-to-enhance-your-relationship/ HTTP/1.1" 200 18201 "https://jomarlogistica.com.br/2022/page/11/" "Mozilla/5.0 (Linux; Android 7.0;) AppleWebKit/537.36 (KHTML, like Gecko) Mobile Safari/537.36 (compatible; PetalBot;+https://webmaster.petalsearch.com/site/petalbot)"
jomarlogistica.com.br:80 114.119.158.0 - - [20/Sep/2025:05:16:40 -0300] "GET /2022/10/26/understanding-mutually-useful-sugar-interactions/ HTTP/1.1" 200 17394 "https://jomarlogistica.com.br/2022/10/26/understanding-mutually-useful-sugar-interactions/" "Mozilla/5.0 (Linux; Android 7.0;) AppleWebKit/537.36 (KHTML, like Gecko) Mobile Safari/537.36 (compatible; PetalBot;+https://webmaster.petalsearch.com/site/petalbot)"
jomarlogistica.com.br:80 162.240.97.19 - - [20/Sep/2025:05:18:15 -0300] "POST /xmlrpc.php HTTP/1.1" 403 2493 "https://jomarlogistica.com.br" "Mozilla/5.0 (Windows NT 10.0; Win64; x64) AppleWebKit/537.36 (KHTML, like Gecko) Chrome/126.0.0.0 Safari/537.36"
jomarlogistica.com.br:80 172.20.1.117 - - [20/Sep/2025:05:19:31 -0300] "POST /wp-cron.php?doing_wp_cron=1758356371.2418510913848876953125 HTTP/1.1" 200 389 "https://jomarlogistica.com.br/wp-cron.php?doing_wp_cron=1758356371.2418510913848876953125" "WordPress/5.8.10; https://jomarlogistica.com.br"
jomarlogistica.com.br:80 114.119.138.130 - - [20/Sep/2025:05:19:30 -0300] "GET /2022/08/11/tips-for-successful-sugars-daddies-and-babies-relationships/ HTTP/1.1" 200 18138 "https://jomarlogistica.com.br/2022/08/20/what-is-being-in-love/" "Mozilla/5.0 (Linux; Android 7.0;) AppleWebKit/537.36 (KHTML, like Gecko) Mobile Safari/537.36 (compatible; PetalBot;+https://webmaster.petalsearch.com/site/petalbot)"
jomarlogistica.com.br:80 127.0.0.1 - - [20/Sep/2025:05:19:37 -0300] "OPTIONS * HTTP/1.0" 200 110 "-" "Apache/2.4.65 (Ubuntu) (internal dummy connection)"
jomarlogistica.com.br:80 114.119.135.84 - - [20/Sep/2025:05:20:56 -0300] "GET /2022/07/10/understanding-agreement-by-contract-law-key-principles-and-considerations/ HTTP/1.1" 200 14820 "https://jomarlogistica.com.br/2022/07/" "Mozilla/5.0 (Linux; Android 7.0;) AppleWebKit/537.36 (KHTML, like Gecko) Mobile Safari/537.36 (compatible; PetalBot;+https://webmaster.petalsearch.com/site/petalbot)"
jomarlogistica.com.br:80 172.20.1.117 - - [20/Sep/2025:05:22:29 -0300] "POST /wp-cron.php?doing_wp_cron=1758356549.9468889236450195312500 HTTP/1.1" 200 389 "https://jomarlogistica.com.br/wp-cron.php?doing_wp_cron=1758356549.9468889236450195312500" "WordPress/5.8.10; https://jomarlogistica.com.br"
jomarlogistica.com.br:80 114.119.138.130 - - [20/Sep/2025:05:22:29 -0300] "GET /2022/06/04/generator-interlock-kits-legal-in-washington-state-expert-analysis/ HTTP/1.1" 200 14094 "https://jomarlogistica.com.br/2022/06/" "Mozilla/5.0 (Linux; Android 7.0;) AppleWebKit/537.36 (KHTML, like Gecko) Mobile Safari/537.36 (compatible; PetalBot;+https://webmaster.petalsearch.com/site/petalbot)"
jomarlogistica.com.br:80 127.0.0.1 - - [20/Sep/2025:05:22:35 -0300] "OPTIONS * HTTP/1.0" 200 110 "-" "Apache/2.4.65 (Ubuntu) (internal dummy connection)"
jomarlogistica.com.br:80 144.91.101.129 - - [20/Sep/2025:05:23:12 -0300] "POST /xmlrpc.php HTTP/1.1" 403 2493 "https://jomarlogistica.com.br" "Mozilla/5.0 (Macintosh; Intel Mac OS X 10_15_7) AppleWebKit/537.36 (KHTML, like Gecko) Chrome/126.0.0.0 Safari/537.36"
jomarlogistica.com.br:80 151.80.151.56 - - [20/Sep/2025:05:23:34 -0300] "POST /xmlrpc.php HTTP/1.1" 403 2493 "https://jomarlogistica.com.br" "Mozilla/5.0 (Macintosh; Intel Mac OS X 10_15_7; rv:127.0) Gecko/20100101 Firefox/127.0"
jomarlogistica.com.br:80 114.119.138.130 - - [20/Sep/2025:05:24:25 -0300] "GET /2022/05/25/child-marriage-case-law-in-india-key-legal-aspects/ HTTP/1.1" 200 14150 "https://jomarlogistica.com.br/2022/05/28/agreement-not-binding-understanding-contract-law/" "Mozilla/5.0 (Linux; Android 7.0;) AppleWebKit/537.36 (KHTML, like Gecko) Mobile Safari/537.36 (compatible; PetalBot;+https://webmaster.petalsearch.com/site/petalbot)"
jomarlogistica.com.br:80 8.217.212.167 - - [20/Sep/2025:05:28:20 -0300] "GET /wp-content/themes/consultio/assets/css/material-design-iconic-font.min.css?ver=2.2.0 HTTP/1.1" 200 8981 "-" "AliyunSecBot/Aliyun (AliyunSecBot@service.alibaba.com)"
jomarlogistica.com.br:80 8.217.165.228 - - [20/Sep/2025:05:28:22 -0300] "GET /wp-content/themes/consultio/assets/css/material-design-iconic-font.min.css?ver=2.2.0 HTTP/1.1" 200 8981 "-" "AliyunSecBot/Aliyun (AliyunSecBot@service.alibaba.com)"
jomarlogistica.com.br:80 162.240.97.19 - - [20/Sep/2025:05:28:41 -0300] "POST /xmlrpc.php HTTP/1.1" 403 2493 "https://jomarlogistica.com.br" "Mozilla/5.0 (Windows NT 11.0; Win64; x64) AppleWebKit/537.36 (KHTML, like Gecko) Chrome/126.0.0.0 Safari/537.36"
jomarlogistica.com.br:80 217.172.189.100 - - [20/Sep/2025:05:33:36 -0300] "POST /xmlrpc.php HTTP/1.1" 403 2493 "https://jomarlogistica.com.br" "Mozilla/5.0 (Macintosh; Intel Mac OS X 10_15_7) AppleWebKit/537.36 (KHTML, like Gecko) Chrome/115.0.5790.102 Safari/537.36"
jomarlogistica.com.br:80 86.48.6.132 - - [20/Sep/2025:05:33:58 -0300] "POST /xmlrpc.php HTTP/1.1" 403 2493 "https://jomarlogistica.com.br" "Mozilla/5.0 (Windows NT 10.0; Win64; x64) AppleWebKit/537.36 (KHTML, like Gecko) Chrome/113.0.5672.93 Safari/537.36"
jomarlogistica.com.br:80 172.20.1.117 - - [20/Sep/2025:05:36:52 -0300] "POST /wp-cron.php?doing_wp_cron=1758357412.5906360149383544921875 HTTP/1.1" 200 389 "https://jomarlogistica.com.br/wp-cron.php?doing_wp_cron=1758357412.5906360149383544921875" "WordPress/5.8.10; https://jomarlogistica.com.br"
jomarlogistica.com.br:80 177.116.184.250 - - [20/Sep/2025:05:36:52 -0300] "POST /autodiscover/autodiscover.xml HTTP/1.1" 404 448 "-" "AppleExchangeWebServices/833 accountsd/113"
jomarlogistica.com.br:80 127.0.0.1 - - [20/Sep/2025:05:36:57 -0300] "OPTIONS * HTTP/1.0" 200 110 "-" "Apache/2.4.65 (Ubuntu) (internal dummy connection)"
jomarlogistica.com.br:80 203.210.242.99 - - [20/Sep/2025:05:38:58 -0300] "POST /xmlrpc.php HTTP/1.1" 403 2493 "https://jomarlogistica.com.br" "Mozilla/5.0 (Macintosh; Intel Mac OS X 13_3) AppleWebKit/537.36 (KHTML, like Gecko) Chrome/126.0.0.0 Safari/537.36 Edg/126.0.0.0"
jomarlogistica.com.br:80 92.114.50.2 - - [20/Sep/2025:05:39:10 -0300] "POST /xmlrpc.php HTTP/1.1" 403 2493 "https://jomarlogistica.com.br" "Mozilla/5.0 (Windows NT 10.0; Win64; x64) AppleWebKit/537.36 (KHTML, like Gecko) Chrome/116.0.5845.96 Safari/537.36 Edg/116.0.1938.62"
jomarlogistica.com.br:80 8.217.88.56 - - [20/Sep/2025:05:42:07 -0300] "GET /wp-content/uploads/2021/12/icone.jpg HTTP/1.1" 200 2901 "-" "AliyunSecBot/Aliyun (AliyunSecBot@service.alibaba.com)"
jomarlogistica.com.br:80 8.217.212.67 - - [20/Sep/2025:05:42:07 -0300] "GET /wp-content/uploads/2021/12/icone.jpg HTTP/1.1" 200 2901 "-" "AliyunSecBot/Aliyun (AliyunSecBot@service.alibaba.com)"
jomarlogistica.com.br:80 127.0.0.1 - - [20/Sep/2025:05:42:12 -0300] "OPTIONS * HTTP/1.0" 200 110 "-" "Apache/2.4.65 (Ubuntu) (internal dummy connection)"
jomarlogistica.com.br:80 163.44.196.131 - - [20/Sep/2025:05:43:57 -0300] "POST /xmlrpc.php HTTP/1.1" 403 2493 "https://jomarlogistica.com.br" "Mozilla/5.0 (Windows NT 10.0; Win64; x64) AppleWebKit/537.36 (KHTML, like Gecko) Chrome/115.0.5790.102 Safari/537.36"
jomarlogistica.com.br:80 172.20.1.117 - - [20/Sep/2025:05:44:39 -0300] "POST /wp-cron.php?doing_wp_cron=1758357879.9357728958129882812500 HTTP/1.1" 200 389 "https://jomarlogistica.com.br/wp-cron.php?doing_wp_cron=1758357879.9357728958129882812500" "WordPress/5.8.10; https://jomarlogistica.com.br"
jomarlogistica.com.br:80 52.203.237.170 - - [20/Sep/2025:05:44:39 -0300] "GET /2022/11/14/understanding-camper-van-rules-in-the-netherlands-what-you-need-to-know/ HTTP/1.1" 200 14453 "-" "Mozilla/5.0 AppleWebKit/537.36 (KHTML, like Gecko; compatible; Amazonbot/0.1; +https://developer.amazon.com/support/amazonbot) Chrome/119.0.6045.214 Safari/537.36"
jomarlogistica.com.br:80 127.0.0.1 - - [20/Sep/2025:05:44:44 -0300] "OPTIONS * HTTP/1.0" 200 110 "-" "Apache/2.4.65 (Ubuntu) (internal dummy connection)"
jomarlogistica.com.br:80 172.20.1.117 - - [20/Sep/2025:05:47:51 -0300] "POST /wp-cron.php?doing_wp_cron=1758358071.1913518905639648437500 HTTP/1.1" 200 389 "https://jomarlogistica.com.br/wp-cron.php?doing_wp_cron=1758358071.1913518905639648437500" "WordPress/5.8.10; https://jomarlogistica.com.br"
jomarlogistica.com.br:80 45.183.1.13 - - [20/Sep/2025:05:47:50 -0300] "GET / HTTP/1.1" 200 23931 "https://www.google.com/" "Mozilla/5.0 (Linux; Android 10; K) AppleWebKit/537.36 (KHTML, like Gecko) Chrome/140.0.0.0 Mobile Safari/537.36"
jomarlogistica.com.br:80 45.183.1.13 - - [20/Sep/2025:05:47:52 -0300] "GET /wp-includes/css/dist/block-library/style.min.css?ver=5.8.10 HTTP/1.1" 200 12027 "https://jomarlogistica.com.br/" "Mozilla/5.0 (Linux; Android 10; K) AppleWebKit/537.36 (KHTML, like Gecko) Chrome/140.0.0.0 Mobile Safari/537.36"
jomarlogistica.com.br:80 45.183.1.13 - - [20/Sep/2025:05:47:52 -0300] "GET /wp-content/plugins/booked/assets/css/animations.css?ver=2.3.5 HTTP/1.1" 200 905 "https://jomarlogistica.com.br/" "Mozilla/5.0 (Linux; Android 10; K) AppleWebKit/537.36 (KHTML, like Gecko) Chrome/140.0.0.0 Mobile Safari/537.36"
jomarlogistica.com.br:80 45.183.1.13 - - [20/Sep/2025:05:47:52 -0300] "GET /wp-content/plugins/booked/dist/booked.css?ver=2.3.5 HTTP/1.1" 200 9827 "https://jomarlogistica.com.br/" "Mozilla/5.0 (Linux; Android 10; K) AppleWebKit/537.36 (KHTML, like Gecko) Chrome/140.0.0.0 Mobile Safari/537.36"
jomarlogistica.com.br:80 45.183.1.13 - - [20/Sep/2025:05:47:52 -0300] "GET /wp-content/plugins/case-theme-core/assets/css/lib/progressbar.min.css?ver=0.7.1 HTTP/1.1" 200 1103 "https://jomarlogistica.com.br/" "Mozilla/5.0 (Linux; Android 10; K) AppleWebKit/537.36 (KHTML, like Gecko) Chrome/140.0.0.0 Mobile Safari/537.36"
jomarlogistica.com.br:80 45.183.1.13 - - [20/Sep/2025:05:47:52 -0300] "GET /wp-content/plugins/case-theme-core/assets/plugin/font-awesome/css/font-awesome.min.css?ver=4.7.0 HTTP/1.1" 200 7643 "https://jomarlogistica.com.br/" "Mozilla/5.0 (Linux; Android 10; K) AppleWebKit/537.36 (KHTML, like Gecko) Chrome/140.0.0.0 Mobile Safari/537.36"
jomarlogistica.com.br:80 45.183.1.13 - - [20/Sep/2025:05:47:52 -0300] "GET /wp-content/plugins/redux-framework/redux-core/extendify-sdk/public/build/extendify-utilities.css?ver=13.4 HTTP/1.1" 200 6477 "https://jomarlogistica.com.br/" "Mozilla/5.0 (Linux; Android 10; K) AppleWebKit/537.36 (KHTML, like Gecko) Chrome/140.0.0.0 Mobile Safari/537.36"
jomarlogistica.com.br:80 45.183.1.13 - - [20/Sep/2025:05:47:52 -0300] "GET /wp-content/plugins/instagram-feed/css/sbi-styles.min.css?ver=2.9.7 HTTP/1.1" 200 3355 "https://jomarlogistica.com.br/" "Mozilla/5.0 (Linux; Android 10; K) AppleWebKit/537.36 (KHTML, like Gecko) Chrome/140.0.0.0 Mobile Safari/537.36"
jomarlogistica.com.br:80 45.183.1.13 - - [20/Sep/2025:05:47:52 -0300] "GET /wp-content/plugins/elementor/assets/lib/font-awesome/css/font-awesome.min.css?ver=4.7.0 HTTP/1.1" 200 7623 "https://jomarlogistica.com.br/" "Mozilla/5.0 (Linux; Android 10; K) AppleWebKit/537.36 (KHTML, like Gecko) Chrome/140.0.0.0 Mobile Safari/537.36"
jomarlogistica.com.br:80 45.183.1.13 - - [20/Sep/2025:05:47:53 -0300] "GET /wp-content/plugins/booked/assets/css/icons.css?ver=2.3.5 HTTP/1.1" 200 6985 "https://jomarlogistica.com.br/" "Mozilla/5.0 (Linux; Android 10; K) AppleWebKit/537.36 (KHTML, like Gecko) Chrome/140.0.0.0 Mobile Safari/537.36"
jomarlogistica.com.br:80 45.183.1.13 - - [20/Sep/2025:05:47:53 -0300] "GET /wp-content/plugins/booked/assets/js/tooltipster/css/tooltipster.css?ver=3.3.0 HTTP/1.1" 200 2174 "https://jomarlogistica.com.br/" "Mozilla/5.0 (Linux; Android 10; K) AppleWebKit/537.36 (KHTML, like Gecko) Chrome/140.0.0.0 Mobile Safari/537.36"
jomarlogistica.com.br:80 45.183.1.13 - - [20/Sep/2025:05:47:53 -0300] "GET /wp-content/plugins/booked/assets/js/tooltipster/css/themes/tooltipster-light.css?ver=3.3.0 HTTP/1.1" 200 596 "https://jomarlogistica.com.br/" "Mozilla/5.0 (Linux; Android 10; K) AppleWebKit/537.36 (KHTML, like Gecko) Chrome/140.0.0.0 Mobile Safari/537.36"
jomarlogistica.com.br:80 45.183.1.13 - - [20/Sep/2025:05:47:53 -0300] "GET /wp-content/plugins/case-theme-core/assets/css/main.css?ver=1.0.0 HTTP/1.1" 200 563 "https://jomarlogistica.com.br/" "Mozilla/5.0 (Linux; Android 10; K) AppleWebKit/537.36 (KHTML, like Gecko) Chrome/140.0.0.0 Mobile Safari/537.36"
jomarlogistica.com.br:80 45.183.1.13 - - [20/Sep/2025:05:47:53 -0300] "GET /wp-content/plugins/case-theme-core/assets/css/lib/owl.carousel.min.css?ver=2.2.1 HTTP/1.1" 200 1298 "https://jomarlogistica.com.br/" "Mozilla/5.0 (Linux; Android 10; K) AppleWebKit/537.36 (KHTML, like Gecko) Chrome/140.0.0.0 Mobile Safari/537.36"
jomarlogistica.com.br:80 45.183.1.13 - - [20/Sep/2025:05:47:53 -0300] "GET /wp-content/plugins/case-theme-user/acess/css/remodal.css?ver=5.8.10 HTTP/1.1" 200 1031 "https://jomarlogistica.com.br/" "Mozilla/5.0 (Linux; Android 10; K) AppleWebKit/537.36 (KHTML, like Gecko) Chrome/140.0.0.0 Mobile Safari/537.36"
jomarlogistica.com.br:80 45.183.1.13 - - [20/Sep/2025:05:47:53 -0300] "GET /wp-content/plugins/case-theme-user/acess/css/remodal-default-theme.css?ver=5.8.10 HTTP/1.1" 200 1733 "https://jomarlogistica.com.br/" "Mozilla/5.0 (Linux; Android 10; K) AppleWebKit/537.36 (KHTML, like Gecko) Chrome/140.0.0.0 Mobile Safari/537.36"
jomarlogistica.com.br:80 45.183.1.13 - - [20/Sep/2025:05:47:53 -0300] "GET /wp-content/plugins/contact-form-7-multi-step/assets/frontend/css/cf7mls.css?ver=2.5.4 HTTP/1.1" 200 2184 "https://jomarlogistica.com.br/" "Mozilla/5.0 (Linux; Android 10; K) AppleWebKit/537.36 (KHTML, like Gecko) Chrome/140.0.0.0 Mobile Safari/537.36"
jomarlogistica.com.br:80 45.183.1.13 - - [20/Sep/2025:05:47:53 -0300] "GET /wp-content/plugins/contact-form-7-multi-step/assets/frontend/css/progress_bar.css?ver=2.5.4 HTTP/1.1" 200 5617 "https://jomarlogistica.com.br/" "Mozilla/5.0 (Linux; Android 10; K) AppleWebKit/537.36 (KHTML, like Gecko) Chrome/140.0.0.0 Mobile Safari/537.36"
jomarlogistica.com.br:80 45.183.1.13 - - [20/Sep/2025:05:47:53 -0300] "GET /wp-content/plugins/contact-form-7-multi-step/assets/frontend/animate/animate.min.css?ver=2.5.4 HTTP/1.1" 200 5225 "https://jomarlogistica.com.br/" "Mozilla/5.0 (Linux; Android 10; K) AppleWebKit/537.36 (KHTML, like Gecko) Chrome/140.0.0.0 Mobile Safari/537.36"
jomarlogistica.com.br:80 45.183.1.13 - - [20/Sep/2025:05:47:53 -0300] "GET /wp-content/plugins/contact-form-7/includes/css/styles.css?ver=5.5.3 HTTP/1.1" 200 1361 "https://jomarlogistica.com.br/" "Mozilla/5.0 (Linux; Android 10; K) AppleWebKit/537.36 (KHTML, like Gecko) Chrome/140.0.0.0 Mobile Safari/537.36"
jomarlogistica.com.br:80 45.183.1.13 - - [20/Sep/2025:05:47:53 -0300] "GET /wp-content/themes/consultio/assets/css/bootstrap.min.css?ver=4.0.0 HTTP/1.1" 200 21402 "https://jomarlogistica.com.br/" "Mozilla/5.0 (Linux; Android 10; K) AppleWebKit/537.36 (KHTML, like Gecko) Chrome/140.0.0.0 Mobile Safari/537.36"
jomarlogistica.com.br:80 45.183.1.13 - - [20/Sep/2025:05:47:53 -0300] "GET /wp-content/themes/consultio/assets/css/font-awesome5.min.css?ver=5.8.0 HTTP/1.1" 200 17997 "https://jomarlogistica.com.br/" "Mozilla/5.0 (Linux; Android 10; K) AppleWebKit/537.36 (KHTML, like Gecko) Chrome/140.0.0.0 Mobile Safari/537.36"
jomarlogistica.com.br:80 45.183.1.13 - - [20/Sep/2025:05:47:53 -0300] "GET /wp-content/themes/consultio/assets/css/flaticon.css?ver=2.8.0 HTTP/1.1" 200 1205 "https://jomarlogistica.com.br/" "Mozilla/5.0 (Linux; Android 10; K) AppleWebKit/537.36 (KHTML, like Gecko) Chrome/140.0.0.0 Mobile Safari/537.36"
jomarlogistica.com.br:80 45.183.1.13 - - [20/Sep/2025:05:47:53 -0300] "GET /wp-content/themes/consultio/assets/css/flaticon-v2.css?ver=2.8.0 HTTP/1.1" 200 994 "https://jomarlogistica.com.br/" "Mozilla/5.0 (Linux; Android 10; K) AppleWebKit/537.36 (KHTML, like Gecko) Chrome/140.0.0.0 Mobile Safari/537.36"
jomarlogistica.com.br:80 45.183.1.13 - - [20/Sep/2025:05:47:53 -0300] "GET /wp-content/themes/consultio/assets/css/flaticon-v3.css?ver=2.8.0 HTTP/1.1" 200 1156 "https://jomarlogistica.com.br/" "Mozilla/5.0 (Linux; Android 10; K) AppleWebKit/537.36 (KHTML, like Gecko) Chrome/140.0.0.0 Mobile Safari/537.36"
jomarlogistica.com.br:80 45.183.1.13 - - [20/Sep/2025:05:47:53 -0300] "GET /wp-content/themes/consultio/assets/css/flaticon-v4.css?ver=2.8.0 HTTP/1.1" 200 795 "https://jomarlogistica.com.br/" "Mozilla/5.0 (Linux; Android 10; K) AppleWebKit/537.36 (KHTML, like Gecko) Chrome/140.0.0.0 Mobile Safari/537.36"
jomarlogistica.com.br:80 45.183.1.13 - - [20/Sep/2025:05:47:53 -0300] "GET /wp-content/themes/consultio/assets/css/flaticon-v5.css?ver=2.8.0 HTTP/1.1" 200 1337 "https://jomarlogistica.com.br/" "Mozilla/5.0 (Linux; Android 10; K) AppleWebKit/537.36 (KHTML, like Gecko) Chrome/140.0.0.0 Mobile Safari/537.36"
jomarlogistica.com.br:80 45.183.1.13 - - [20/Sep/2025:05:47:53 -0300] "GET /wp-content/themes/consultio/assets/css/flaticon-v6.css?ver=2.8.0 HTTP/1.1" 200 998 "https://jomarlogistica.com.br/" "Mozilla/5.0 (Linux; Android 10; K) AppleWebKit/537.36 (KHTML, like Gecko) Chrome/140.0.0.0 Mobile Safari/537.36"
jomarlogistica.com.br:80 45.183.1.13 - - [20/Sep/2025:05:47:53 -0300] "GET /wp-content/themes/consultio/assets/css/flaticon-v7.css?ver=2.8.0 HTTP/1.1" 200 990 "https://jomarlogistica.com.br/" "Mozilla/5.0 (Linux; Android 10; K) AppleWebKit/537.36 (KHTML, like Gecko) Chrome/140.0.0.0 Mobile Safari/537.36"
jomarlogistica.com.br:80 45.183.1.13 - - [20/Sep/2025:05:47:53 -0300] "GET /wp-content/themes/consultio/assets/css/material-design-iconic-font.min.css?ver=2.2.0 HTTP/1.1" 200 8981 "https://jomarlogistica.com.br/" "Mozilla/5.0 (Linux; Android 10; K) AppleWebKit/537.36 (KHTML, like Gecko) Chrome/140.0.0.0 Mobile Safari/537.36"
jomarlogistica.com.br:80 45.183.1.13 - - [20/Sep/2025:05:47:53 -0300] "GET /wp-content/themes/consultio/assets/css/magnific-popup.css?ver=1.0.0 HTTP/1.1" 200 2198 "https://jomarlogistica.com.br/" "Mozilla/5.0 (Linux; Android 10; K) AppleWebKit/537.36 (KHTML, like Gecko) Chrome/140.0.0.0 Mobile Safari/537.36"
jomarlogistica.com.br:80 45.183.1.13 - - [20/Sep/2025:05:47:53 -0300] "GET /wp-content/themes/consultio/assets/css/animate.css?ver=1.0.0 HTTP/1.1" 200 5563 "https://jomarlogistica.com.br/" "Mozilla/5.0 (Linux; Android 10; K) AppleWebKit/537.36 (KHTML, like Gecko) Chrome/140.0.0.0 Mobile Safari/537.36"
jomarlogistica.com.br:80 45.183.1.13 - - [20/Sep/2025:05:47:53 -0300] "GET /wp-content/themes/consultio/assets/css/theme.css?ver=2.8.0 HTTP/1.1" 200 195072 "https://jomarlogistica.com.br/" "Mozilla/5.0 (Linux; Android 10; K) AppleWebKit/537.36 (KHTML, like Gecko) Chrome/140.0.0.0 Mobile Safari/537.36"
jomarlogistica.com.br:80 45.183.1.13 - - [20/Sep/2025:05:47:53 -0300] "GET /wp-content/themes/consultio/style.css?ver=5.8.10 HTTP/1.1" 200 866 "https://jomarlogistica.com.br/" "Mozilla/5.0 (Linux; Android 10; K) AppleWebKit/537.36 (KHTML, like Gecko) Chrome/140.0.0.0 Mobile Safari/537.36"
jomarlogistica.com.br:80 45.183.1.13 - - [20/Sep/2025:05:47:53 -0300] "GET /wp-content/plugins/meks-simple-flickr-widget/css/style.css?ver=1.2 HTTP/1.1" 200 577 "https://jomarlogistica.com.br/" "Mozilla/5.0 (Linux; Android 10; K) AppleWebKit/537.36 (KHTML, like Gecko) Chrome/140.0.0.0 Mobile Safari/537.36"
jomarlogistica.com.br:80 45.183.1.13 - - [20/Sep/2025:05:47:53 -0300] "GET /wp-content/plugins/newsletter/style.css?ver=7.3.3 HTTP/1.1" 200 1636 "https://jomarlogistica.com.br/" "Mozilla/5.0 (Linux; Android 10; K) AppleWebKit/537.36 (KHTML, like Gecko) Chrome/140.0.0.0 Mobile Safari/537.36"
jomarlogistica.com.br:80 45.183.1.13 - - [20/Sep/2025:05:47:53 -0300] "GET /wp-content/plugins/elementor/assets/lib/eicons/css/elementor-icons.min.css?ver=5.13.0 HTTP/1.1" 200 4378 "https://jomarlogistica.com.br/" "Mozilla/5.0 (Linux; Android 10; K) AppleWebKit/537.36 (KHTML, like Gecko) Chrome/140.0.0.0 Mobile Safari/537.36"
jomarlogistica.com.br:80 45.183.1.13 - - [20/Sep/2025:05:47:53 -0300] "GET /wp-content/plugins/elementor/assets/css/frontend.min.css?ver=3.4.8 HTTP/1.1" 200 19721 "https://jomarlogistica.com.br/" "Mozilla/5.0 (Linux; Android 10; K) AppleWebKit/537.36 (KHTML, like Gecko) Chrome/140.0.0.0 Mobile Safari/537.36"
jomarlogistica.com.br:80 45.183.1.13 - - [20/Sep/2025:05:47:53 -0300] "GET /wp-content/uploads/elementor/css/post-5765.css?ver=1638451937 HTTP/1.1" 200 707 "https://jomarlogistica.com.br/" "Mozilla/5.0 (Linux; Android 10; K) AppleWebKit/537.36 (KHTML, like Gecko) Chrome/140.0.0.0 Mobile Safari/537.36"
jomarlogistica.com.br:80 45.183.1.13 - - [20/Sep/2025:05:47:53 -0300] "GET /wp-content/uploads/elementor/css/global.css?ver=1638452033 HTTP/1.1" 200 1265 "https://jomarlogistica.com.br/" "Mozilla/5.0 (Linux; Android 10; K) AppleWebKit/537.36 (KHTML, like Gecko) Chrome/140.0.0.0 Mobile Safari/537.36"
jomarlogistica.com.br:80 45.183.1.13 - - [20/Sep/2025:05:47:53 -0300] "GET /wp-content/uploads/elementor/css/post-5147.css?ver=1692608776 HTTP/1.1" 200 2059 "https://jomarlogistica.com.br/" "Mozilla/5.0 (Linux; Android 10; K) AppleWebKit/537.36 (KHTML, like Gecko) Chrome/140.0.0.0 Mobile Safari/537.36"
jomarlogistica.com.br:80 45.183.1.13 - - [20/Sep/2025:05:47:53 -0300] "GET /wp-content/plugins/elementor/assets/lib/font-awesome/css/fontawesome.min.css?ver=5.15.3 HTTP/1.1" 200 13797 "https://jomarlogistica.com.br/" "Mozilla/5.0 (Linux; Android 10; K) AppleWebKit/537.36 (KHTML, like Gecko) Chrome/140.0.0.0 Mobile Safari/537.36"
jomarlogistica.com.br:80 45.183.1.13 - - [20/Sep/2025:05:47:53 -0300] "GET /wp-content/plugins/elementor/assets/lib/font-awesome/css/solid.min.css?ver=5.15.3 HTTP/1.1" 200 680 "https://jomarlogistica.com.br/" "Mozilla/5.0 (Linux; Android 10; K) AppleWebKit/537.36 (KHTML, like Gecko) Chrome/140.0.0.0 Mobile Safari/537.36"
jomarlogistica.com.br:80 45.183.1.13 - - [20/Sep/2025:05:47:53 -0300] "GET /wp-includes/js/jquery/jquery.min.js?ver=3.6.0 HTTP/1.1" 200 32444 "https://jomarlogistica.com.br/" "Mozilla/5.0 (Linux; Android 10; K) AppleWebKit/537.36 (KHTML, like Gecko) Chrome/140.0.0.0 Mobile Safari/537.36"
jomarlogistica.com.br:80 45.183.1.13 - - [20/Sep/2025:05:47:53 -0300] "GET /wp-includes/js/jquery/jquery-migrate.min.js?ver=3.3.2 HTTP/1.1" 200 4613 "https://jomarlogistica.com.br/" "Mozilla/5.0 (Linux; Android 10; K) AppleWebKit/537.36 (KHTML, like Gecko) Chrome/140.0.0.0 Mobile Safari/537.36"
jomarlogistica.com.br:80 45.183.1.13 - - [20/Sep/2025:05:47:53 -0300] "GET /wp-content/plugins/case-theme-core/assets/js/main.js?ver=1.0.0 HTTP/1.1" 200 570 "https://jomarlogistica.com.br/" "Mozilla/5.0 (Linux; Android 10; K) AppleWebKit/537.36 (KHTML, like Gecko) Chrome/140.0.0.0 Mobile Safari/537.36"
jomarlogistica.com.br:80 45.183.1.13 - - [20/Sep/2025:05:47:53 -0300] "GET /wp-content/themes/consultio/elementor/js/ct-inline-css.js?ver=2.8.0 HTTP/1.1" 200 864 "https://jomarlogistica.com.br/" "Mozilla/5.0 (Linux; Android 10; K) AppleWebKit/537.36 (KHTML, like Gecko) Chrome/140.0.0.0 Mobile Safari/537.36"
jomarlogistica.com.br:80 45.183.1.13 - - [20/Sep/2025:05:47:53 -0300] "GET /wp-content/uploads/2021/12/logo.png HTTP/1.1" 200 32663 "https://jomarlogistica.com.br/" "Mozilla/5.0 (Linux; Android 10; K) AppleWebKit/537.36 (KHTML, like Gecko) Chrome/140.0.0.0 Mobile Safari/537.36"
jomarlogistica.com.br:80 45.183.1.13 - - [20/Sep/2025:05:47:53 -0300] "GET /wp-content/uploads/elementor/css/post-20.css?ver=1692608754 HTTP/1.1" 200 1249 "https://jomarlogistica.com.br/" "Mozilla/5.0 (Linux; Android 10; K) AppleWebKit/537.36 (KHTML, like Gecko) Chrome/140.0.0.0 Mobile Safari/537.36"
jomarlogistica.com.br:80 45.183.1.13 - - [20/Sep/2025:05:47:53 -0300] "GET /wp-content/plugins/elementor/assets/lib/animations/animations.min.css?ver=3.4.8 HTTP/1.1" 200 3089 "https://jomarlogistica.com.br/" "Mozilla/5.0 (Linux; Android 10; K) AppleWebKit/537.36 (KHTML, like Gecko) Chrome/140.0.0.0 Mobile Safari/537.36"
jomarlogistica.com.br:80 45.183.1.13 - - [20/Sep/2025:05:47:54 -0300] "GET /wp-content/plugins/elementor/assets/lib/font-awesome/css/brands.min.css?ver=5.15.3 HTTP/1.1" 200 679 "https://jomarlogistica.com.br/" "Mozilla/5.0 (Linux; Android 10; K) AppleWebKit/537.36 (KHTML, like Gecko) Chrome/140.0.0.0 Mobile Safari/537.36"
jomarlogistica.com.br:80 45.183.1.13 - - [20/Sep/2025:05:47:54 -0300] "GET /wp-includes/js/jquery/ui/core.min.js?ver=1.12.1 HTTP/1.1" 200 7418 "https://jomarlogistica.com.br/" "Mozilla/5.0 (Linux; Android 10; K) AppleWebKit/537.36 (KHTML, like Gecko) Chrome/140.0.0.0 Mobile Safari/537.36"
jomarlogistica.com.br:80 45.183.1.13 - - [20/Sep/2025:05:47:54 -0300] "GET /wp-content/plugins/revslider/public/assets/css/rs6.css?ver=6.5.11 HTTP/1.1" 200 13340 "https://jomarlogistica.com.br/" "Mozilla/5.0 (Linux; Android 10; K) AppleWebKit/537.36 (KHTML, like Gecko) Chrome/140.0.0.0 Mobile Safari/537.36"
jomarlogistica.com.br:80 45.183.1.13 - - [20/Sep/2025:05:47:54 -0300] "GET /wp-content/plugins/booked/assets/js/spin.min.js?ver=2.0.1 HTTP/1.1" 200 2463 "https://jomarlogistica.com.br/" "Mozilla/5.0 (Linux; Android 10; K) AppleWebKit/537.36 (KHTML, like Gecko) Chrome/140.0.0.0 Mobile Safari/537.36"
jomarlogistica.com.br:80 45.183.1.13 - - [20/Sep/2025:05:47:54 -0300] "GET /wp-includes/js/jquery/ui/datepicker.min.js?ver=1.12.1 HTTP/1.1" 200 11555 "https://jomarlogistica.com.br/" "Mozilla/5.0 (Linux; Android 10; K) AppleWebKit/537.36 (KHTML, like Gecko) Chrome/140.0.0.0 Mobile Safari/537.36"
jomarlogistica.com.br:80 45.183.1.13 - - [20/Sep/2025:05:47:54 -0300] "GET /wp-content/plugins/booked/assets/js/spin.jquery.js?ver=2.0.1 HTTP/1.1" 200 1167 "https://jomarlogistica.com.br/" "Mozilla/5.0 (Linux; Android 10; K) AppleWebKit/537.36 (KHTML, like Gecko) Chrome/140.0.0.0 Mobile Safari/537.36"
jomarlogistica.com.br:80 45.183.1.13 - - [20/Sep/2025:05:47:54 -0300] "GET /wp-content/plugins/booked/assets/js/tooltipster/js/jquery.tooltipster.min.js?ver=3.3.0 HTTP/1.1" 200 5392 "https://jomarlogistica.com.br/" "Mozilla/5.0 (Linux; Android 10; K) AppleWebKit/537.36 (KHTML, like Gecko) Chrome/140.0.0.0 Mobile Safari/537.36"
jomarlogistica.com.br:80 45.183.1.13 - - [20/Sep/2025:05:47:54 -0300] "GET /wp-content/plugins/booked/assets/js/functions.js?ver=2.3.5 HTTP/1.1" 200 10029 "https://jomarlogistica.com.br/" "Mozilla/5.0 (Linux; Android 10; K) AppleWebKit/537.36 (KHTML, like Gecko) Chrome/140.0.0.0 Mobile Safari/537.36"
jomarlogistica.com.br:80 45.183.1.13 - - [20/Sep/2025:05:47:54 -0300] "GET /wp-content/plugins/case-theme-user/acess/js/notify.min.js?ver=1.0.0 HTTP/1.1" 200 7826 "https://jomarlogistica.com.br/" "Mozilla/5.0 (Linux; Android 10; K) AppleWebKit/537.36 (KHTML, like Gecko) Chrome/140.0.0.0 Mobile Safari/537.36"
jomarlogistica.com.br:80 45.183.1.13 - - [20/Sep/2025:05:47:54 -0300] "GET /wp-content/plugins/case-theme-user/acess/js/remodal.min.js?ver=1.0.0 HTTP/1.1" 200 3045 "https://jomarlogistica.com.br/" "Mozilla/5.0 (Linux; Android 10; K) AppleWebKit/537.36 (KHTML, like Gecko) Chrome/140.0.0.0 Mobile Safari/537.36"
jomarlogistica.com.br:80 45.183.1.13 - - [20/Sep/2025:05:47:54 -0300] "GET /wp-content/plugins/case-theme-user/acess/js/ct-user-form.js?ver=1.0.0 HTTP/1.1" 200 2307 "https://jomarlogistica.com.br/" "Mozilla/5.0 (Linux; Android 10; K) AppleWebKit/537.36 (KHTML, like Gecko) Chrome/140.0.0.0 Mobile Safari/537.36"
jomarlogistica.com.br:80 45.183.1.13 - - [20/Sep/2025:05:47:54 -0300] "GET /wp-content/plugins/contact-form-7-multi-step/assets/frontend/js/cf7mls.js?ver=2.5.4 HTTP/1.1" 200 7286 "https://jomarlogistica.com.br/" "Mozilla/5.0 (Linux; Android 10; K) AppleWebKit/537.36 (KHTML, like Gecko) Chrome/140.0.0.0 Mobile Safari/537.36"
jomarlogistica.com.br:80 45.183.1.13 - - [20/Sep/2025:05:47:54 -0300] "GET /wp-includes/js/dist/vendor/regenerator-runtime.min.js?ver=0.13.7 HTTP/1.1" 200 2817 "https://jomarlogistica.com.br/" "Mozilla/5.0 (Linux; Android 10; K) AppleWebKit/537.36 (KHTML, like Gecko) Chrome/140.0.0.0 Mobile Safari/537.36"
jomarlogistica.com.br:80 45.183.1.13 - - [20/Sep/2025:05:47:54 -0300] "GET /wp-includes/js/dist/vendor/wp-polyfill.min.js?ver=3.15.0 HTTP/1.1" 200 6572 "https://jomarlogistica.com.br/" "Mozilla/5.0 (Linux; Android 10; K) AppleWebKit/537.36 (KHTML, like Gecko) Chrome/140.0.0.0 Mobile Safari/537.36"
jomarlogistica.com.br:80 45.183.1.13 - - [20/Sep/2025:05:47:54 -0300] "GET /wp-content/plugins/contact-form-7/includes/js/index.js?ver=5.5.3 HTTP/1.1" 200 4245 "https://jomarlogistica.com.br/" "Mozilla/5.0 (Linux; Android 10; K) AppleWebKit/537.36 (KHTML, like Gecko) Chrome/140.0.0.0 Mobile Safari/537.36"
jomarlogistica.com.br:80 45.183.1.13 - - [20/Sep/2025:05:47:54 -0300] "GET /wp-content/plugins/booked/includes/add-ons/frontend-agents/js/functions.js?ver=2.3.5 HTTP/1.1" 200 1592 "https://jomarlogistica.com.br/" "Mozilla/5.0 (Linux; Android 10; K) AppleWebKit/537.36 (KHTML, like Gecko) Chrome/140.0.0.0 Mobile Safari/537.36"
jomarlogistica.com.br:80 45.183.1.13 - - [20/Sep/2025:05:47:54 -0300] "GET /wp-content/themes/consultio/assets/js/bootstrap.min.js?ver=4.0.0 HTTP/1.1" 200 14168 "https://jomarlogistica.com.br/" "Mozilla/5.0 (Linux; Android 10; K) AppleWebKit/537.36 (KHTML, like Gecko) Chrome/140.0.0.0 Mobile Safari/537.36"
jomarlogistica.com.br:80 45.183.1.13 - - [20/Sep/2025:05:47:54 -0300] "GET /wp-content/themes/consultio/assets/js/nice-select.min.js?ver=all HTTP/1.1" 200 1420 "https://jomarlogistica.com.br/" "Mozilla/5.0 (Linux; Android 10; K) AppleWebKit/537.36 (KHTML, like Gecko) Chrome/140.0.0.0 Mobile Safari/537.36"
jomarlogistica.com.br:80 45.183.1.13 - - [20/Sep/2025:05:47:54 -0300] "GET /wp-content/themes/consultio/assets/js/match-height-min.js?ver=1.0.0 HTTP/1.1" 200 3557 "https://jomarlogistica.com.br/" "Mozilla/5.0 (Linux; Android 10; K) AppleWebKit/537.36 (KHTML, like Gecko) Chrome/140.0.0.0 Mobile Safari/537.36"
jomarlogistica.com.br:80 45.183.1.13 - - [20/Sep/2025:05:47:54 -0300] "GET /wp-content/plugins/elementor/assets/lib/jquery-numerator/jquery-numerator.min.js?ver=0.2.1 HTTP/1.1" 200 1116 "https://jomarlogistica.com.br/" "Mozilla/5.0 (Linux; Android 10; K) AppleWebKit/537.36 (KHTML, like Gecko) Chrome/140.0.0.0 Mobile Safari/537.36"
jomarlogistica.com.br:80 45.183.1.13 - - [20/Sep/2025:05:47:54 -0300] "GET /wp-content/themes/consultio/elementor/js/ct-counter-widget.js?ver=2.8.0 HTTP/1.1" 200 845 "https://jomarlogistica.com.br/" "Mozilla/5.0 (Linux; Android 10; K) AppleWebKit/537.36 (KHTML, like Gecko) Chrome/140.0.0.0 Mobile Safari/537.36"
jomarlogistica.com.br:80 45.183.1.13 - - [20/Sep/2025:05:47:54 -0300] "GET /wp-content/themes/consultio/assets/fonts/Flaticon-v3.woff2 HTTP/1.1" 200 8049 "https://jomarlogistica.com.br/wp-content/themes/consultio/assets/css/flaticon-v3.css?ver=2.8.0" "Mozilla/5.0 (Linux; Android 10; K) AppleWebKit/537.36 (KHTML, like Gecko) Chrome/140.0.0.0 Mobile Safari/537.36"
jomarlogistica.com.br:80 45.183.1.13 - - [20/Sep/2025:05:47:54 -0300] "GET /wp-content/themes/consultio/assets/fonts/Flaticon.woff2 HTTP/1.1" 200 12814 "https://jomarlogistica.com.br/wp-content/themes/consultio/assets/css/flaticon.css?ver=2.8.0" "Mozilla/5.0 (Linux; Android 10; K) AppleWebKit/537.36 (KHTML, like Gecko) Chrome/140.0.0.0 Mobile Safari/537.36"
jomarlogistica.com.br:80 45.183.1.13 - - [20/Sep/2025:05:47:54 -0300] "GET /wp-content/themes/consultio/assets/js/magnific-popup.min.js?ver=1.0.0 HTTP/1.1" 200 14895 "https://jomarlogistica.com.br/" "Mozilla/5.0 (Linux; Android 10; K) AppleWebKit/537.36 (KHTML, like Gecko) Chrome/140.0.0.0 Mobile Safari/537.36"
jomarlogistica.com.br:80 45.183.1.13 - - [20/Sep/2025:05:47:54 -0300] "GET /wp-content/themes/consultio/assets/js/progressbar.min.js?ver=1.0.0 HTTP/1.1" 200 1327 "https://jomarlogistica.com.br/" "Mozilla/5.0 (Linux; Android 10; K) AppleWebKit/537.36 (KHTML, like Gecko) Chrome/140.0.0.0 Mobile Safari/537.36"
jomarlogistica.com.br:80 45.183.1.13 - - [20/Sep/2025:05:47:54 -0300] "GET /wp-content/themes/consultio/assets/js/wow.min.js?ver=1.0.0 HTTP/1.1" 200 3260 "https://jomarlogistica.com.br/" "Mozilla/5.0 (Linux; Android 10; K) AppleWebKit/537.36 (KHTML, like Gecko) Chrome/140.0.0.0 Mobile Safari/537.36"
jomarlogistica.com.br:80 45.183.1.13 - - [20/Sep/2025:05:47:54 -0300] "GET /wp-includes/js/jquery/ui/mouse.min.js?ver=1.12.1 HTTP/1.1" 200 1479 "https://jomarlogistica.com.br/" "Mozilla/5.0 (Linux; Android 10; K) AppleWebKit/537.36 (KHTML, like Gecko) Chrome/140.0.0.0 Mobile Safari/537.36"
jomarlogistica.com.br:80 45.183.1.13 - - [20/Sep/2025:05:47:54 -0300] "GET /wp-includes/js/jquery/ui/slider.min.js?ver=1.12.1 HTTP/1.1" 200 3602 "https://jomarlogistica.com.br/" "Mozilla/5.0 (Linux; Android 10; K) AppleWebKit/537.36 (KHTML, like Gecko) Chrome/140.0.0.0 Mobile Safari/537.36"
jomarlogistica.com.br:80 45.183.1.13 - - [20/Sep/2025:05:47:54 -0300] "GET /wp-content/themes/consultio/assets/js/main.js?ver=2.8.0 HTTP/1.1" 200 6455 "https://jomarlogistica.com.br/" "Mozilla/5.0 (Linux; Android 10; K) AppleWebKit/537.36 (KHTML, like Gecko) Chrome/140.0.0.0 Mobile Safari/537.36"
jomarlogistica.com.br:80 45.183.1.13 - - [20/Sep/2025:05:47:54 -0300] "GET /wp-includes/js/wp-embed.min.js?ver=5.8.10 HTTP/1.1" 200 1177 "https://jomarlogistica.com.br/" "Mozilla/5.0 (Linux; Android 10; K) AppleWebKit/537.36 (KHTML, like Gecko) Chrome/140.0.0.0 Mobile Safari/537.36"
jomarlogistica.com.br:80 45.183.1.13 - - [20/Sep/2025:05:47:54 -0300] "GET /wp-content/plugins/elementor/assets/lib/waypoints/waypoints.min.js?ver=4.0.2 HTTP/1.1" 200 3464 "https://jomarlogistica.com.br/" "Mozilla/5.0 (Linux; Android 10; K) AppleWebKit/537.36 (KHTML, like Gecko) Chrome/140.0.0.0 Mobile Safari/537.36"
jomarlogistica.com.br:80 45.183.1.13 - - [20/Sep/2025:05:47:54 -0300] "GET /wp-content/plugins/elementor/assets/js/frontend-modules.min.js?ver=3.4.8 HTTP/1.1" 200 5016 "https://jomarlogistica.com.br/" "Mozilla/5.0 (Linux; Android 10; K) AppleWebKit/537.36 (KHTML, like Gecko) Chrome/140.0.0.0 Mobile Safari/537.36"
jomarlogistica.com.br:80 45.183.1.13 - - [20/Sep/2025:05:47:54 -0300] "GET /wp-content/uploads/2021/12/3.jpg HTTP/1.1" 200 4856 "https://jomarlogistica.com.br/" "Mozilla/5.0 (Linux; Android 10; K) AppleWebKit/537.36 (KHTML, like Gecko) Chrome/140.0.0.0 Mobile Safari/537.36"
jomarlogistica.com.br:80 45.183.1.13 - - [20/Sep/2025:05:47:54 -0300] "GET /wp-includes/js/imagesloaded.min.js?ver=4.1.4 HTTP/1.1" 200 2251 "https://jomarlogistica.com.br/" "Mozilla/5.0 (Linux; Android 10; K) AppleWebKit/537.36 (KHTML, like Gecko) Chrome/140.0.0.0 Mobile Safari/537.36"
jomarlogistica.com.br:80 45.183.1.13 - - [20/Sep/2025:05:47:54 -0300] "GET /wp-content/plugins/case-theme-core/assets/js/lib/isotope.pkgd.min.js?ver=3.0.5 HTTP/1.1" 200 10708 "https://jomarlogistica.com.br/" "Mozilla/5.0 (Linux; Android 10; K) AppleWebKit/537.36 (KHTML, like Gecko) Chrome/140.0.0.0 Mobile Safari/537.36"
jomarlogistica.com.br:80 45.183.1.13 - - [20/Sep/2025:05:47:54 -0300] "GET /wp-content/themes/consultio/elementor/js/ct-post-masonry-widget.js?ver=2.8.0 HTTP/1.1" 200 1706 "https://jomarlogistica.com.br/" "Mozilla/5.0 (Linux; Android 10; K) AppleWebKit/537.36 (KHTML, like Gecko) Chrome/140.0.0.0 Mobile Safari/537.36"
jomarlogistica.com.br:80 45.183.1.13 - - [20/Sep/2025:05:47:54 -0300] "GET /wp-content/themes/consultio/elementor/js/ct-post-grid-widget.js?ver=2.8.0 HTTP/1.1" 200 760 "https://jomarlogistica.com.br/" "Mozilla/5.0 (Linux; Android 10; K) AppleWebKit/537.36 (KHTML, like Gecko) Chrome/140.0.0.0 Mobile Safari/537.36"
jomarlogistica.com.br:80 45.183.1.13 - - [20/Sep/2025:05:47:54 -0300] "GET /wp-content/plugins/elementor/assets/lib/slick/slick.min.js?ver=1.8.1 HTTP/1.1" 200 11405 "https://jomarlogistica.com.br/" "Mozilla/5.0 (Linux; Android 10; K) AppleWebKit/537.36 (KHTML, like Gecko) Chrome/140.0.0.0 Mobile Safari/537.36"
jomarlogistica.com.br:80 45.183.1.13 - - [20/Sep/2025:05:47:54 -0300] "GET /wp-content/themes/consultio/elementor/js/ct-post-carousel-widget.js?ver=2.8.0 HTTP/1.1" 200 1609 "https://jomarlogistica.com.br/" "Mozilla/5.0 (Linux; Android 10; K) AppleWebKit/537.36 (KHTML, like Gecko) Chrome/140.0.0.0 Mobile Safari/537.36"
jomarlogistica.com.br:80 45.183.1.13 - - [20/Sep/2025:05:47:54 -0300] "GET /wp-content/plugins/elementor/assets/js/webpack.runtime.min.js?ver=3.4.8 HTTP/1.1" 200 2544 "https://jomarlogistica.com.br/" "Mozilla/5.0 (Linux; Android 10; K) AppleWebKit/537.36 (KHTML, like Gecko) Chrome/140.0.0.0 Mobile Safari/537.36"
jomarlogistica.com.br:80 45.183.1.13 - - [20/Sep/2025:05:47:54 -0300] "GET /wp-content/themes/consultio/assets/fonts/fontawesome/fa-solid-900.woff2 HTTP/1.1" 200 117654 "https://jomarlogistica.com.br/wp-content/themes/consultio/assets/css/font-awesome5.min.css?ver=5.8.0" "Mozilla/5.0 (Linux; Android 10; K) AppleWebKit/537.36 (KHTML, like Gecko) Chrome/140.0.0.0 Mobile Safari/537.36"
jomarlogistica.com.br:80 45.183.1.13 - - [20/Sep/2025:05:47:54 -0300] "GET /wp-content/plugins/elementor/assets/lib/swiper/swiper.min.js?ver=5.3.6 HTTP/1.1" 200 37913 "https://jomarlogistica.com.br/" "Mozilla/5.0 (Linux; Android 10; K) AppleWebKit/537.36 (KHTML, like Gecko) Chrome/140.0.0.0 Mobile Safari/537.36"
jomarlogistica.com.br:80 45.183.1.13 - - [20/Sep/2025:05:47:54 -0300] "GET /wp-content/plugins/elementor/assets/lib/share-link/share-link.min.js?ver=3.4.8 HTTP/1.1" 200 1484 "https://jomarlogistica.com.br/" "Mozilla/5.0 (Linux; Android 10; K) AppleWebKit/537.36 (KHTML, like Gecko) Chrome/140.0.0.0 Mobile Safari/537.36"
jomarlogistica.com.br:80 45.183.1.13 - - [20/Sep/2025:05:47:54 -0300] "GET /wp-content/plugins/elementor/assets/lib/dialog/dialog.min.js?ver=4.8.1 HTTP/1.1" 200 3967 "https://jomarlogistica.com.br/" "Mozilla/5.0 (Linux; Android 10; K) AppleWebKit/537.36 (KHTML, like Gecko) Chrome/140.0.0.0 Mobile Safari/537.36"
jomarlogistica.com.br:80 45.183.1.13 - - [20/Sep/2025:05:47:54 -0300] "GET /wp-content/plugins/elementor/assets/js/frontend.min.js?ver=3.4.8 HTTP/1.1" 200 11432 "https://jomarlogistica.com.br/" "Mozilla/5.0 (Linux; Android 10; K) AppleWebKit/537.36 (KHTML, like Gecko) Chrome/140.0.0.0 Mobile Safari/537.36"
jomarlogistica.com.br:80 45.183.1.13 - - [20/Sep/2025:05:47:54 -0300] "GET /wp-content/plugins/elementor/assets/js/preloaded-modules.min.js?ver=3.4.8 HTTP/1.1" 200 9744 "https://jomarlogistica.com.br/" "Mozilla/5.0 (Linux; Android 10; K) AppleWebKit/537.36 (KHTML, like Gecko) Chrome/140.0.0.0 Mobile Safari/537.36"
jomarlogistica.com.br:80 45.183.1.13 - - [20/Sep/2025:05:47:54 -0300] "GET /wp-content/plugins/revslider/public/assets/assets/dummy.png HTTP/1.1" 200 383 "https://jomarlogistica.com.br/" "Mozilla/5.0 (Linux; Android 10; K) AppleWebKit/537.36 (KHTML, like Gecko) Chrome/140.0.0.0 Mobile Safari/537.36"
jomarlogistica.com.br:80 45.183.1.13 - - [20/Sep/2025:05:47:54 -0300] "GET /wp-content/uploads/2020/02/h4-about1.png HTTP/1.1" 200 296854 "https://jomarlogistica.com.br/" "Mozilla/5.0 (Linux; Android 10; K) AppleWebKit/537.36 (KHTML, like Gecko) Chrome/140.0.0.0 Mobile Safari/537.36"
jomarlogistica.com.br:80 45.183.1.13 - - [20/Sep/2025:05:47:54 -0300] "GET /wp-content/uploads/2020/10/women-01.png HTTP/1.1" 200 166675 "https://jomarlogistica.com.br/" "Mozilla/5.0 (Linux; Android 10; K) AppleWebKit/537.36 (KHTML, like Gecko) Chrome/140.0.0.0 Mobile Safari/537.36"
