jomarlogistica.com.br:80 216.73.216.134 - - [13/Sep/2025:11:00:01 -0300] "GET /2023/05/page/10 HTTP/1.1" 301 407 "-" "Mozilla/5.0 AppleWebKit/537.36 (KHTML, like Gecko; compatible; ClaudeBot/1.0; +claudebot@anthropic.com)"
jomarlogistica.com.br:80 216.73.216.134 - - [13/Sep/2025:11:00:01 -0300] "GET /2023/05/page/10/ HTTP/1.1" 200 16664 "https://jomarlogistica.com.br/2023/05/page/10" "Mozilla/5.0 AppleWebKit/537.36 (KHTML, like Gecko; compatible; ClaudeBot/1.0; +claudebot@anthropic.com)"
jomarlogistica.com.br:80 61.222.18.62 - - [13/Sep/2025:11:00:02 -0300] "GET /wp-login.php HTTP/1.1" 200 2994 "-" "GRequests/0.10"
jomarlogistica.com.br:80 61.222.18.62 - - [13/Sep/2025:11:00:04 -0300] "POST /wp-login.php HTTP/1.1" 403 2493 "-" "GRequests/0.10"
jomarlogistica.com.br:80 61.222.18.62 - - [13/Sep/2025:11:00:08 -0300] "GET /wp-admin/ HTTP/1.1" 302 463 "-" "GRequests/0.10"
jomarlogistica.com.br:80 61.222.18.62 - - [13/Sep/2025:11:00:13 -0300] "GET /wp-login.php?redirect_to=https%3A%2F%2Fjomarlogistica.com.br%2Fwp-admin%2F&reauth=1 HTTP/1.1" 200 4995 "https://jomarlogistica.com.br/wp-admin/" "GRequests/0.10"
jomarlogistica.com.br:80 127.0.0.1 - - [13/Sep/2025:11:00:18 -0300] "OPTIONS * HTTP/1.0" 200 110 "-" "Apache/2.4.65 (Ubuntu) (internal dummy connection)"
jomarlogistica.com.br:80 172.20.1.117 - - [13/Sep/2025:11:04:04 -0300] "POST /wp-cron.php?doing_wp_cron=1757772244.0278289318084716796875 HTTP/1.1" 200 389 "https://jomarlogistica.com.br/wp-cron.php?doing_wp_cron=1757772244.0278289318084716796875" "WordPress/5.8.10; https://jomarlogistica.com.br"
jomarlogistica.com.br:80 163.172.60.146 - - [13/Sep/2025:11:04:03 -0300] "GET /wp-login.php HTTP/1.1" 200 2994 "-" "GRequests/0.10"
jomarlogistica.com.br:80 163.172.60.146 - - [13/Sep/2025:11:04:05 -0300] "POST /wp-login.php HTTP/1.1" 403 2493 "-" "GRequests/0.10"
jomarlogistica.com.br:80 163.172.60.146 - - [13/Sep/2025:11:04:05 -0300] "GET /wp-admin/ HTTP/1.1" 302 463 "-" "GRequests/0.10"
jomarlogistica.com.br:80 163.172.60.146 - - [13/Sep/2025:11:04:05 -0300] "GET /wp-login.php?redirect_to=https%3A%2F%2Fjomarlogistica.com.br%2Fwp-admin%2F&reauth=1 HTTP/1.1" 200 4995 "https://jomarlogistica.com.br/wp-admin/" "GRequests/0.10"
jomarlogistica.com.br:80 127.0.0.1 - - [13/Sep/2025:11:04:10 -0300] "OPTIONS * HTTP/1.0" 200 110 "-" "Apache/2.4.65 (Ubuntu) (internal dummy connection)"
jomarlogistica.com.br:80 177.116.188.98 - - [13/Sep/2025:11:05:00 -0300] "POST /autodiscover/autodiscover.xml HTTP/1.1" 404 448 "-" "AppleExchangeWebServices/833 accountsd/113"
jomarlogistica.com.br:80 172.20.1.117 - - [13/Sep/2025:11:09:01 -0300] "POST /wp-cron.php?doing_wp_cron=1757772541.6737608909606933593750 HTTP/1.1" 200 389 "https://jomarlogistica.com.br/wp-cron.php?doing_wp_cron=1757772541.6737608909606933593750" "WordPress/5.8.10; https://jomarlogistica.com.br"
jomarlogistica.com.br:80 57.141.0.1 - - [13/Sep/2025:11:09:01 -0300] "GET /2022/04/17/are-jamaican-marriages-legal-in-the-us-everything-you-need-to-know/ HTTP/1.1" 200 61639 "-" "meta-externalagent/1.1 (+https://developers.facebook.com/docs/sharing/webmasters/crawler)"
jomarlogistica.com.br:80 127.0.0.1 - - [13/Sep/2025:11:09:06 -0300] "OPTIONS * HTTP/1.0" 200 110 "-" "Apache/2.4.65 (Ubuntu) (internal dummy connection)"
jomarlogistica.com.br:80 172.20.1.117 - - [13/Sep/2025:11:13:52 -0300] "POST /wp-cron.php?doing_wp_cron=1757772832.6346220970153808593750 HTTP/1.1" 200 389 "https://jomarlogistica.com.br/wp-cron.php?doing_wp_cron=1757772832.6346220970153808593750" "WordPress/5.8.10; https://jomarlogistica.com.br"
jomarlogistica.com.br:80 177.116.188.98 - - [13/Sep/2025:11:13:52 -0300] "POST /autodiscover/autodiscover.xml HTTP/1.1" 404 448 "-" "AppleExchangeWebServices/833 accountsd/113"
jomarlogistica.com.br:80 127.0.0.1 - - [13/Sep/2025:11:13:57 -0300] "OPTIONS * HTTP/1.0" 200 110 "-" "Apache/2.4.65 (Ubuntu) (internal dummy connection)"
jomarlogistica.com.br:80 177.116.188.98 - - [13/Sep/2025:11:15:32 -0300] "POST /autodiscover/autodiscover.xml HTTP/1.1" 404 448 "-" "AppleExchangeWebServices/833 accountsd/113"
jomarlogistica.com.br:80 84.17.39.168 - - [13/Sep/2025:11:16:35 -0300] "GET /wp-login.php HTTP/1.1" 200 2994 "-" "Mozilla/5.0 (X11; Linux x86_64; rv:128.0) Gecko/20100101 Firefox/128.0"
jomarlogistica.com.br:80 84.17.39.168 - - [13/Sep/2025:11:16:36 -0300] "POST /wp-login.php HTTP/1.1" 403 2493 "-" "Mozilla/5.0 (X11; Linux x86_64; rv:128.0) Gecko/20100101 Firefox/128.0"
jomarlogistica.com.br:80 84.17.39.168 - - [13/Sep/2025:11:16:36 -0300] "GET /wp-admin HTTP/1.1" 301 515 "-" "Mozilla/5.0 (X11; Linux x86_64; rv:128.0) Gecko/20100101 Firefox/128.0"
jomarlogistica.com.br:80 185.56.171.94 - - [13/Sep/2025:11:16:53 -0300] "GET /wp-admin/ HTTP/1.1" 302 463 "-" "Mozilla/5.0 (X11; Linux x86_64; rv:128.0) Gecko/20100101 Firefox/128.0"
jomarlogistica.com.br:80 185.56.171.94 - - [13/Sep/2025:11:16:54 -0300] "GET /wp-login.php?redirect_to=https://jomarlogistica.com.br/wp-admin/&reauth=1 HTTP/1.1" 200 4995 "-" "Mozilla/5.0 (X11; Linux x86_64; rv:128.0) Gecko/20100101 Firefox/128.0"
jomarlogistica.com.br:80 172.20.1.117 - - [13/Sep/2025:11:19:46 -0300] "POST /wp-cron.php?doing_wp_cron=1757773186.1973819732666015625000 HTTP/1.1" 200 389 "https://jomarlogistica.com.br/wp-cron.php?doing_wp_cron=1757773186.1973819732666015625000" "WordPress/5.8.10; https://jomarlogistica.com.br"
jomarlogistica.com.br:80 57.141.0.7 - - [13/Sep/2025:11:19:45 -0300] "GET /2022/12/08/the-right-way-to-be-a-better-husband-psychologically/ HTTP/1.1" 200 79672 "-" "meta-externalagent/1.1 (+https://developers.facebook.com/docs/sharing/webmasters/crawler)"
jomarlogistica.com.br:80 127.0.0.1 - - [13/Sep/2025:11:19:52 -0300] "OPTIONS * HTTP/1.0" 200 110 "-" "Apache/2.4.65 (Ubuntu) (internal dummy connection)"
jomarlogistica.com.br:80 172.20.1.117 - - [13/Sep/2025:11:26:11 -0300] "POST /wp-cron.php?doing_wp_cron=1757773571.9592039585113525390625 HTTP/1.1" 200 389 "https://jomarlogistica.com.br/wp-cron.php?doing_wp_cron=1757773571.9592039585113525390625" "WordPress/5.8.10; https://jomarlogistica.com.br"
jomarlogistica.com.br:80 185.191.171.18 - - [13/Sep/2025:11:26:11 -0300] "GET /robots.txt HTTP/1.1" 200 584 "-" "Mozilla/5.0 (compatible; SemrushBot/7~bl; +http://www.semrush.com/bot.html)"
jomarlogistica.com.br:80 85.208.96.197 - - [13/Sep/2025:11:26:12 -0300] "GET /2022/09/30/manifesting-love-signs-you-are-in-love/ HTTP/1.1" 200 17464 "-" "Mozilla/5.0 (compatible; SemrushBot/7~bl; +http://www.semrush.com/bot.html)"
jomarlogistica.com.br:80 127.0.0.1 - - [13/Sep/2025:11:26:17 -0300] "OPTIONS * HTTP/1.0" 200 110 "-" "Apache/2.4.65 (Ubuntu) (internal dummy connection)"
jomarlogistica.com.br:80 172.20.1.117 - - [13/Sep/2025:11:30:32 -0300] "POST /wp-cron.php?doing_wp_cron=1757773832.1148300170898437500000 HTTP/1.1" 200 389 "https://jomarlogistica.com.br/wp-cron.php?doing_wp_cron=1757773832.1148300170898437500000" "WordPress/5.8.10; https://jomarlogistica.com.br"
jomarlogistica.com.br:80 85.208.96.207 - - [13/Sep/2025:11:30:31 -0300] "GET /2023/02/01/on-line-sugar-daddy-arrangements/ HTTP/1.1" 200 18159 "-" "Mozilla/5.0 (compatible; SemrushBot/7~bl; +http://www.semrush.com/bot.html)"
jomarlogistica.com.br:80 127.0.0.1 - - [13/Sep/2025:11:30:38 -0300] "OPTIONS * HTTP/1.0" 200 110 "-" "Apache/2.4.65 (Ubuntu) (internal dummy connection)"
jomarlogistica.com.br:80 172.20.1.117 - - [13/Sep/2025:11:32:47 -0300] "POST /wp-cron.php?doing_wp_cron=1757773967.5796909332275390625000 HTTP/1.1" 200 389 "https://jomarlogistica.com.br/wp-cron.php?doing_wp_cron=1757773967.5796909332275390625000" "WordPress/5.8.10; https://jomarlogistica.com.br"
jomarlogistica.com.br:80 177.116.188.98 - - [13/Sep/2025:11:32:47 -0300] "POST /autodiscover/autodiscover.xml HTTP/1.1" 404 448 "-" "AppleExchangeWebServices/833 accountsd/113"
jomarlogistica.com.br:80 127.0.0.1 - - [13/Sep/2025:11:32:52 -0300] "OPTIONS * HTTP/1.0" 200 110 "-" "Apache/2.4.65 (Ubuntu) (internal dummy connection)"
jomarlogistica.com.br:80 13.65.138.127 - - [13/Sep/2025:11:33:45 -0300] "GET /2024/01/16/is-owning-pet-squirrels-legal-in-florida-laws-regulations/ HTTP/1.1" 200 13814 "-" "Mozilla/5.0 AppleWebKit/537.36 (KHTML, like Gecko); compatible; ChatGPT-User/1.0; +https://openai.com/bot"
jomarlogistica.com.br:80 172.20.1.117 - - [13/Sep/2025:11:38:56 -0300] "POST /wp-cron.php?doing_wp_cron=1757774336.8373820781707763671875 HTTP/1.1" 200 389 "https://jomarlogistica.com.br/wp-cron.php?doing_wp_cron=1757774336.8373820781707763671875" "WordPress/5.8.10; https://jomarlogistica.com.br"
jomarlogistica.com.br:80 68.221.75.27 - - [13/Sep/2025:11:38:56 -0300] "GET /2022/11/14/understanding-camper-van-rules-in-the-netherlands-what-you-need-to-know/ HTTP/1.1" 200 14452 "-" "Mozilla/5.0 AppleWebKit/537.36 (KHTML, like Gecko); compatible; ChatGPT-User/1.0; +https://openai.com/bot"
jomarlogistica.com.br:80 127.0.0.1 - - [13/Sep/2025:11:39:01 -0300] "OPTIONS * HTTP/1.0" 200 110 "-" "Apache/2.4.65 (Ubuntu) (internal dummy connection)"
jomarlogistica.com.br:80 192.42.116.218 - - [13/Sep/2025:11:40:33 -0300] "GET /wp-login.php HTTP/1.1" 200 2994 "-" "Mozilla/5.0 (X11; Linux x86_64; rv:128.0) Gecko/20100101 Firefox/128.0"
jomarlogistica.com.br:80 192.42.116.218 - - [13/Sep/2025:11:40:34 -0300] "POST /wp-login.php HTTP/1.1" 403 2493 "-" "Mozilla/5.0 (X11; Linux x86_64; rv:128.0) Gecko/20100101 Firefox/128.0"
jomarlogistica.com.br:80 192.42.116.218 - - [13/Sep/2025:11:40:34 -0300] "GET /wp-admin HTTP/1.1" 301 515 "-" "Mozilla/5.0 (X11; Linux x86_64; rv:128.0) Gecko/20100101 Firefox/128.0"
jomarlogistica.com.br:80 192.42.116.218 - - [13/Sep/2025:11:40:37 -0300] "GET /wp-admin/ HTTP/1.1" 302 463 "-" "Mozilla/5.0 (X11; Linux x86_64; rv:128.0) Gecko/20100101 Firefox/128.0"
jomarlogistica.com.br:80 192.42.116.218 - - [13/Sep/2025:11:40:38 -0300] "GET /wp-login.php?redirect_to=https://jomarlogistica.com.br/wp-admin/&reauth=1 HTTP/1.1" 200 5014 "-" "Mozilla/5.0 (X11; Linux x86_64; rv:128.0) Gecko/20100101 Firefox/128.0"
jomarlogistica.com.br:80 172.20.1.117 - - [13/Sep/2025:11:52:48 -0300] "POST /wp-cron.php?doing_wp_cron=1757775168.9562458992004394531250 HTTP/1.1" 200 389 "https://jomarlogistica.com.br/wp-cron.php?doing_wp_cron=1757775168.9562458992004394531250" "WordPress/5.8.10; https://jomarlogistica.com.br"
jomarlogistica.com.br:80 57.141.0.35 - - [13/Sep/2025:11:52:48 -0300] "GET /2023/01/25/20-tips-for-a-happy-married-life/ HTTP/1.1" 200 81483 "-" "meta-externalagent/1.1 (+https://developers.facebook.com/docs/sharing/webmasters/crawler)"
jomarlogistica.com.br:80 127.0.0.1 - - [13/Sep/2025:11:52:54 -0300] "OPTIONS * HTTP/1.0" 200 110 "-" "Apache/2.4.65 (Ubuntu) (internal dummy connection)"
jomarlogistica.com.br:80 177.116.188.98 - - [13/Sep/2025:11:56:06 -0300] "POST /autodiscover/autodiscover.xml HTTP/1.1" 404 448 "-" "AppleExchangeWebServices/833 accountsd/113"
jomarlogistica.com.br:80 172.20.1.117 - - [13/Sep/2025:12:06:00 -0300] "POST /wp-cron.php?doing_wp_cron=1757775960.6845660209655761718750 HTTP/1.1" 200 389 "https://jomarlogistica.com.br/wp-cron.php?doing_wp_cron=1757775960.6845660209655761718750" "WordPress/5.8.10; https://jomarlogistica.com.br"
jomarlogistica.com.br:80 177.116.188.98 - - [13/Sep/2025:12:06:00 -0300] "POST /autodiscover/autodiscover.xml HTTP/1.1" 404 448 "-" "AppleExchangeWebServices/833 accountsd/113"
jomarlogistica.com.br:80 127.0.0.1 - - [13/Sep/2025:12:06:05 -0300] "OPTIONS * HTTP/1.0" 200 110 "-" "Apache/2.4.65 (Ubuntu) (internal dummy connection)"
jomarlogistica.com.br:80 114.119.128.158 - - [13/Sep/2025:12:06:21 -0300] "GET /2025/07/02/cool-kids-toys-youngsters-of-everyone/ HTTP/1.1" 200 19051 "https://jomarlogistica.com.br/2022/11/19/how-to-find-millionaire-on-line/" "Mozilla/5.0 (Linux; Android 7.0;) AppleWebKit/537.36 (KHTML, like Gecko) Mobile Safari/537.36 (compatible; PetalBot;+https://webmaster.petalsearch.com/site/petalbot)"
jomarlogistica.com.br:80 172.20.1.117 - - [13/Sep/2025:12:07:34 -0300] "POST /wp-cron.php?doing_wp_cron=1757776054.3298308849334716796875 HTTP/1.1" 200 389 "https://jomarlogistica.com.br/wp-cron.php?doing_wp_cron=1757776054.3298308849334716796875" "WordPress/5.8.10; https://jomarlogistica.com.br"
jomarlogistica.com.br:80 114.119.159.76 - - [13/Sep/2025:12:07:33 -0300] "GET /wp-sitemap-taxonomies-category-1.xml HTTP/1.1" 200 589 "-" "Mozilla/5.0 (Linux; Android 7.0;) AppleWebKit/537.36 (KHTML, like Gecko) Mobile Safari/537.36 (compatible; PetalBot;+https://webmaster.petalsearch.com/site/petalbot)"
jomarlogistica.com.br:80 127.0.0.1 - - [13/Sep/2025:12:07:39 -0300] "OPTIONS * HTTP/1.0" 200 110 "-" "Apache/2.4.65 (Ubuntu) (internal dummy connection)"
jomarlogistica.com.br:80 177.116.188.98 - - [13/Sep/2025:12:08:25 -0300] "POST /autodiscover/autodiscover.xml HTTP/1.1" 404 448 "-" "AppleExchangeWebServices/833 accountsd/113"
jomarlogistica.com.br:80 114.119.159.76 - - [13/Sep/2025:12:08:59 -0300] "GET /category/jomar/page/49/ HTTP/1.1" 200 18981 "https://jomarlogistica.com.br/category/jomar/page/50/" "Mozilla/5.0 (Linux; Android 7.0;) AppleWebKit/537.36 (KHTML, like Gecko) Mobile Safari/537.36 (compatible; PetalBot;+https://webmaster.petalsearch.com/site/petalbot)"
jomarlogistica.com.br:80 114.119.138.130 - - [13/Sep/2025:12:10:25 -0300] "GET /author/jomar/page/4/ HTTP/1.1" 200 18560 "https://jomarlogistica.com.br/author/jomar/page/5/" "Mozilla/5.0 (Linux; Android 7.0;) AppleWebKit/537.36 (KHTML, like Gecko) Mobile Safari/537.36 (compatible; PetalBot;+https://webmaster.petalsearch.com/site/petalbot)"
jomarlogistica.com.br:80 216.73.216.134 - - [13/Sep/2025:12:11:34 -0300] "GET /robots.txt HTTP/1.1" 200 584 "-" "Mozilla/5.0 AppleWebKit/537.36 (KHTML, like Gecko; compatible; ClaudeBot/1.0; +claudebot@anthropic.com)"
jomarlogistica.com.br:80 216.73.216.134 - - [13/Sep/2025:12:11:34 -0300] "GET /wp-sitemap.xml HTTP/1.1" 200 585 "-" "Mozilla/5.0 AppleWebKit/537.36 (KHTML, like Gecko; compatible; ClaudeBot/1.0; +claudebot@anthropic.com)"
jomarlogistica.com.br:80 114.119.138.207 - - [13/Sep/2025:12:11:48 -0300] "GET /author/jomar/page/37/ HTTP/1.1" 200 18780 "https://jomarlogistica.com.br/author/jomar/page/36/" "Mozilla/5.0 (Linux; Android 7.0;) AppleWebKit/537.36 (KHTML, like Gecko) Mobile Safari/537.36 (compatible; PetalBot;+https://webmaster.petalsearch.com/site/petalbot)"
jomarlogistica.com.br:80 172.20.1.117 - - [13/Sep/2025:12:13:07 -0300] "POST /wp-cron.php?doing_wp_cron=1757776387.4997780323028564453125 HTTP/1.1" 200 389 "https://jomarlogistica.com.br/wp-cron.php?doing_wp_cron=1757776387.4997780323028564453125" "WordPress/5.8.10; https://jomarlogistica.com.br"
jomarlogistica.com.br:80 114.119.159.76 - - [13/Sep/2025:12:13:07 -0300] "GET /2023/page/25/ HTTP/1.1" 200 18813 "https://jomarlogistica.com.br/2023/page/25/" "Mozilla/5.0 (Linux; Android 7.0;) AppleWebKit/537.36 (KHTML, like Gecko) Mobile Safari/537.36 (compatible; PetalBot;+https://webmaster.petalsearch.com/site/petalbot)"
jomarlogistica.com.br:80 127.0.0.1 - - [13/Sep/2025:12:13:12 -0300] "OPTIONS * HTTP/1.0" 200 110 "-" "Apache/2.4.65 (Ubuntu) (internal dummy connection)"
jomarlogistica.com.br:80 114.119.138.130 - - [13/Sep/2025:12:14:32 -0300] "GET /2023/page/11/ HTTP/1.1" 200 18629 "https://jomarlogistica.com.br/2023/page/11/" "Mozilla/5.0 (Linux; Android 7.0;) AppleWebKit/537.36 (KHTML, like Gecko) Mobile Safari/537.36 (compatible; PetalBot;+https://webmaster.petalsearch.com/site/petalbot)"
jomarlogistica.com.br:80 177.116.188.98 - - [13/Sep/2025:12:14:38 -0300] "POST /autodiscover/autodiscover.xml HTTP/1.1" 404 448 "-" "AppleExchangeWebServices/833 accountsd/113"
jomarlogistica.com.br:80 52.230.164.188 - - [13/Sep/2025:12:15:01 -0300] "GET /2024/01/16/is-owning-pet-squirrels-legal-in-florida-laws-regulations/ HTTP/1.1" 200 13814 "-" "Mozilla/5.0 AppleWebKit/537.36 (KHTML, like Gecko); compatible; ChatGPT-User/1.0; +https://openai.com/bot"
jomarlogistica.com.br:80 114.119.138.130 - - [13/Sep/2025:12:15:54 -0300] "GET /2023/page/10/ HTTP/1.1" 200 18528 "https://jomarlogistica.com.br/2023/page/9/" "Mozilla/5.0 (Linux; Android 7.0;) AppleWebKit/537.36 (KHTML, like Gecko) Mobile Safari/537.36 (compatible; PetalBot;+https://webmaster.petalsearch.com/site/petalbot)"
jomarlogistica.com.br:80 172.20.1.117 - - [13/Sep/2025:12:17:25 -0300] "POST /wp-cron.php?doing_wp_cron=1757776645.8270449638366699218750 HTTP/1.1" 200 389 "https://jomarlogistica.com.br/wp-cron.php?doing_wp_cron=1757776645.8270449638366699218750" "WordPress/5.8.10; https://jomarlogistica.com.br"
jomarlogistica.com.br:80 114.119.158.0 - - [13/Sep/2025:12:17:25 -0300] "GET /2023/11/11/the-right-way-to-prepare-a-datenraum-review-meant-for-due-diligence/ HTTP/1.1" 200 17378 "https://jomarlogistica.com.br/2022/11/19/how-to-find-millionaire-on-line/" "Mozilla/5.0 (Linux; Android 7.0;) AppleWebKit/537.36 (KHTML, like Gecko) Mobile Safari/537.36 (compatible; PetalBot;+https://webmaster.petalsearch.com/site/petalbot)"
jomarlogistica.com.br:80 127.0.0.1 - - [13/Sep/2025:12:17:31 -0300] "OPTIONS * HTTP/1.0" 200 110 "-" "Apache/2.4.65 (Ubuntu) (internal dummy connection)"
jomarlogistica.com.br:80 114.119.136.72 - - [13/Sep/2025:12:18:46 -0300] "GET /2023/11/07/expressvpn-prices-is-it-well-worth-the-extra-expense/ HTTP/1.1" 200 17369 "https://jomarlogistica.com.br/2023/11/" "Mozilla/5.0 (Linux; Android 7.0;) AppleWebKit/537.36 (KHTML, like Gecko) Mobile Safari/537.36 (compatible; PetalBot;+https://webmaster.petalsearch.com/site/petalbot)"
jomarlogistica.com.br:80 114.119.134.192 - - [13/Sep/2025:12:20:10 -0300] "GET /2023/10/31/the-very-best-paper-management-systems-with-respect-to-small-businesses/ HTTP/1.1" 200 17654 "https://jomarlogistica.com.br/2023/page/2/" "Mozilla/5.0 (Linux; Android 7.0;) AppleWebKit/537.36 (KHTML, like Gecko) Mobile Safari/537.36 (compatible; PetalBot;+https://webmaster.petalsearch.com/site/petalbot)"
jomarlogistica.com.br:80 177.116.188.98 - - [13/Sep/2025:12:21:37 -0300] "POST /autodiscover/autodiscover.xml HTTP/1.1" 404 448 "-" "AppleExchangeWebServices/833 accountsd/113"
jomarlogistica.com.br:80 114.119.128.158 - - [13/Sep/2025:12:21:37 -0300] "GET /2023/10/31/how-you-can-calculate-intrinsic-value-2/ HTTP/1.1" 200 17327 "https://jomarlogistica.com.br/2023/page/2/" "Mozilla/5.0 (Linux; Android 7.0;) AppleWebKit/537.36 (KHTML, like Gecko) Mobile Safari/537.36 (compatible; PetalBot;+https://webmaster.petalsearch.com/site/petalbot)"
jomarlogistica.com.br:80 127.0.0.1 - - [13/Sep/2025:12:21:43 -0300] "OPTIONS * HTTP/1.0" 200 110 "-" "Apache/2.4.65 (Ubuntu) (internal dummy connection)"
jomarlogistica.com.br:80 57.141.0.28 - - [13/Sep/2025:12:22:00 -0300] "GET /2023/03/25/business-partnership-agreement-proposal-essential-guidelines-for-success/ HTTP/1.1" 200 62312 "-" "meta-externalagent/1.1 (+https://developers.facebook.com/docs/sharing/webmasters/crawler)"
jomarlogistica.com.br:80 172.20.1.117 - - [13/Sep/2025:12:22:56 -0300] "POST /wp-cron.php?doing_wp_cron=1757776976.4057059288024902343750 HTTP/1.1" 200 389 "https://jomarlogistica.com.br/wp-cron.php?doing_wp_cron=1757776976.4057059288024902343750" "WordPress/5.8.10; https://jomarlogistica.com.br"
jomarlogistica.com.br:80 114.119.135.84 - - [13/Sep/2025:12:22:56 -0300] "GET /2023/10/03/eset-security-review/ HTTP/1.1" 200 17175 "https://jomarlogistica.com.br/2023/10/page/3/" "Mozilla/5.0 (Linux; Android 7.0;) AppleWebKit/537.36 (KHTML, like Gecko) Mobile Safari/537.36 (compatible; PetalBot;+https://webmaster.petalsearch.com/site/petalbot)"
jomarlogistica.com.br:80 127.0.0.1 - - [13/Sep/2025:12:23:02 -0300] "OPTIONS * HTTP/1.0" 200 110 "-" "Apache/2.4.65 (Ubuntu) (internal dummy connection)"
jomarlogistica.com.br:80 114.119.138.130 - - [13/Sep/2025:12:24:28 -0300] "GET /2023/10/ HTTP/1.1" 200 18556 "https://jomarlogistica.com.br/2022/11/19/how-to-find-millionaire-on-line/" "Mozilla/5.0 (Linux; Android 7.0;) AppleWebKit/537.36 (KHTML, like Gecko) Mobile Safari/537.36 (compatible; PetalBot;+https://webmaster.petalsearch.com/site/petalbot)"
jomarlogistica.com.br:80 114.119.134.192 - - [13/Sep/2025:12:25:39 -0300] "GET /2023/09/page/7/ HTTP/1.1" 200 16067 "https://jomarlogistica.com.br/2023/09/page/5/" "Mozilla/5.0 (Linux; Android 7.0;) AppleWebKit/537.36 (KHTML, like Gecko) Mobile Safari/537.36 (compatible; PetalBot;+https://webmaster.petalsearch.com/site/petalbot)"
jomarlogistica.com.br:80 172.20.1.117 - - [13/Sep/2025:12:27:13 -0300] "POST /wp-cron.php?doing_wp_cron=1757777233.9722120761871337890625 HTTP/1.1" 200 389 "https://jomarlogistica.com.br/wp-cron.php?doing_wp_cron=1757777233.9722120761871337890625" "WordPress/5.8.10; https://jomarlogistica.com.br"
jomarlogistica.com.br:80 114.119.135.84 - - [13/Sep/2025:12:27:13 -0300] "GET /2023/09/28/car-sale-agreement-stamp-paper-legal-document-for-vehicle-sale/ HTTP/1.1" 200 13769 "https://jomarlogistica.com.br/2023/09/22/attachment-definition-in-legal-terms-understanding-legal-attachment/" "Mozilla/5.0 (Linux; Android 7.0;) AppleWebKit/537.36 (KHTML, like Gecko) Mobile Safari/537.36 (compatible; PetalBot;+https://webmaster.petalsearch.com/site/petalbot)"
jomarlogistica.com.br:80 127.0.0.1 - - [13/Sep/2025:12:27:19 -0300] "OPTIONS * HTTP/1.0" 200 110 "-" "Apache/2.4.65 (Ubuntu) (internal dummy connection)"
jomarlogistica.com.br:80 114.119.159.76 - - [13/Sep/2025:12:28:32 -0300] "GET /2023/09/27/the-board-meeting-schedule/ HTTP/1.1" 200 17153 "https://jomarlogistica.com.br/2023/page/7/" "Mozilla/5.0 (Linux; Android 7.0;) AppleWebKit/537.36 (KHTML, like Gecko) Mobile Safari/537.36 (compatible; PetalBot;+https://webmaster.petalsearch.com/site/petalbot)"
jomarlogistica.com.br:80 114.119.158.0 - - [13/Sep/2025:12:29:53 -0300] "GET /2023/09/26/avg-antivirus-review-2/ HTTP/1.1" 200 17251 "https://jomarlogistica.com.br/2023/page/7/" "Mozilla/5.0 (Linux; Android 7.0;) AppleWebKit/537.36 (KHTML, like Gecko) Mobile Safari/537.36 (compatible; PetalBot;+https://webmaster.petalsearch.com/site/petalbot)"
jomarlogistica.com.br:80 85.208.96.200 - - [13/Sep/2025:12:31:11 -0300] "GET /robots.txt HTTP/1.1" 200 584 "-" "Mozilla/5.0 (compatible; SemrushBot/7~bl; +http://www.semrush.com/bot.html)"
jomarlogistica.com.br:80 85.208.96.206 - - [13/Sep/2025:12:31:12 -0300] "GET /2023/page/5/ HTTP/1.1" 200 18407 "-" "Mozilla/5.0 (compatible; SemrushBot/7~bl; +http://www.semrush.com/bot.html)"
jomarlogistica.com.br:80 114.119.138.207 - - [13/Sep/2025:12:31:21 -0300] "GET /2023/09/16/how-to-fix-avast-constantly-using-disk/ HTTP/1.1" 200 17200 "https://jomarlogistica.com.br/category/jomar/page/10/" "Mozilla/5.0 (Linux; Android 7.0;) AppleWebKit/537.36 (KHTML, like Gecko) Mobile Safari/537.36 (compatible; PetalBot;+https://webmaster.petalsearch.com/site/petalbot)"
jomarlogistica.com.br:80 172.20.1.117 - - [13/Sep/2025:12:32:39 -0300] "POST /wp-cron.php?doing_wp_cron=1757777559.9704420566558837890625 HTTP/1.1" 200 389 "https://jomarlogistica.com.br/wp-cron.php?doing_wp_cron=1757777559.9704420566558837890625" "WordPress/5.8.10; https://jomarlogistica.com.br"
jomarlogistica.com.br:80 114.119.159.76 - - [13/Sep/2025:12:32:39 -0300] "GET /2023/09/04/what-is-digital-promoting/ HTTP/1.1" 200 17337 "https://jomarlogistica.com.br/2023/09/04/what-is-digital-promoting/" "Mozilla/5.0 (Linux; Android 7.0;) AppleWebKit/537.36 (KHTML, like Gecko) Mobile Safari/537.36 (compatible; PetalBot;+https://webmaster.petalsearch.com/site/petalbot)"
jomarlogistica.com.br:80 127.0.0.1 - - [13/Sep/2025:12:32:45 -0300] "OPTIONS * HTTP/1.0" 200 110 "-" "Apache/2.4.65 (Ubuntu) (internal dummy connection)"
jomarlogistica.com.br:80 85.208.96.202 - - [13/Sep/2025:12:33:28 -0300] "GET /2023/04/27/9-unstated-hook-up-rules-that-everyone-should-know/ HTTP/1.1" 200 17889 "-" "Mozilla/5.0 (compatible; SemrushBot/7~bl; +http://www.semrush.com/bot.html)"
jomarlogistica.com.br:80 114.119.136.72 - - [13/Sep/2025:12:34:03 -0300] "GET /2023/09/ HTTP/1.1" 200 18390 "https://jomarlogistica.com.br/2022/11/19/how-to-find-millionaire-on-line/" "Mozilla/5.0 (Linux; Android 7.0;) AppleWebKit/537.36 (KHTML, like Gecko) Mobile Safari/537.36 (compatible; PetalBot;+https://webmaster.petalsearch.com/site/petalbot)"
jomarlogistica.com.br:80 114.119.128.158 - - [13/Sep/2025:12:35:25 -0300] "GET /2023/07/25/hiring-board-prospects-for-college-and-charitable-boards/ HTTP/1.1" 200 17493 "https://jomarlogistica.com.br/category/jomar/page/15/" "Mozilla/5.0 (Linux; Android 7.0;) AppleWebKit/537.36 (KHTML, like Gecko) Mobile Safari/537.36 (compatible; PetalBot;+https://webmaster.petalsearch.com/site/petalbot)"
jomarlogistica.com.br:80 114.119.136.72 - - [13/Sep/2025:12:36:58 -0300] "GET /2023/07/04/on-the-net-antivirus-check-android-cell/ HTTP/1.1" 200 17356 "https://jomarlogistica.com.br/2023/page/16/" "Mozilla/5.0 (Linux; Android 7.0;) AppleWebKit/537.36 (KHTML, like Gecko) Mobile Safari/537.36 (compatible; PetalBot;+https://webmaster.petalsearch.com/site/petalbot)"
jomarlogistica.com.br:80 172.20.1.117 - - [13/Sep/2025:12:38:20 -0300] "POST /wp-cron.php?doing_wp_cron=1757777900.1826860904693603515625 HTTP/1.1" 200 389 "https://jomarlogistica.com.br/wp-cron.php?doing_wp_cron=1757777900.1826860904693603515625" "WordPress/5.8.10; https://jomarlogistica.com.br"
jomarlogistica.com.br:80 114.119.136.72 - - [13/Sep/2025:12:38:19 -0300] "GET /2023/06/10/what-you-should-expect-in-a-mother-board-room-provider/ HTTP/1.1" 200 17370 "https://jomarlogistica.com.br/category/jomar/page/19/" "Mozilla/5.0 (Linux; Android 7.0;) AppleWebKit/537.36 (KHTML, like Gecko) Mobile Safari/537.36 (compatible; PetalBot;+https://webmaster.petalsearch.com/site/petalbot)"
jomarlogistica.com.br:80 127.0.0.1 - - [13/Sep/2025:12:38:25 -0300] "OPTIONS * HTTP/1.0" 200 110 "-" "Apache/2.4.65 (Ubuntu) (internal dummy connection)"
jomarlogistica.com.br:80 114.119.138.207 - - [13/Sep/2025:12:39:35 -0300] "GET /2023/05/30/sts-kod-promocji-sts-kupon-na-obecnie-darmowy-voucher-sts/ HTTP/1.1" 200 19918 "https://jomarlogistica.com.br/2023/05/30/sts-kod-promocji-sts-kupon-na-obecnie-darmowy-voucher-sts/" "Mozilla/5.0 (Linux; Android 7.0;) AppleWebKit/537.36 (KHTML, like Gecko) Mobile Safari/537.36 (compatible; PetalBot;+https://webmaster.petalsearch.com/site/petalbot)"
jomarlogistica.com.br:80 114.119.135.84 - - [13/Sep/2025:12:41:06 -0300] "GET /2023/05/30/keeping-the-momentum-moving-in-an-ma-integration/ HTTP/1.1" 200 17445 "https://jomarlogistica.com.br/category/jomar/page/21/" "Mozilla/5.0 (Linux; Android 7.0;) AppleWebKit/537.36 (KHTML, like Gecko) Mobile Safari/537.36 (compatible; PetalBot;+https://webmaster.petalsearch.com/site/petalbot)"
jomarlogistica.com.br:80 172.20.1.117 - - [13/Sep/2025:12:42:25 -0300] "POST /wp-cron.php?doing_wp_cron=1757778145.4802520275115966796875 HTTP/1.1" 200 389 "https://jomarlogistica.com.br/wp-cron.php?doing_wp_cron=1757778145.4802520275115966796875" "WordPress/5.8.10; https://jomarlogistica.com.br"
jomarlogistica.com.br:80 185.191.171.9 - - [13/Sep/2025:12:42:25 -0300] "GET /category/jomar/page/46/ HTTP/1.1" 200 18677 "-" "Mozilla/5.0 (compatible; SemrushBot/7~bl; +http://www.semrush.com/bot.html)"
jomarlogistica.com.br:80 114.119.138.130 - - [13/Sep/2025:12:42:30 -0300] "GET /2023/05/30/how-you-can-calculate-intrinsic-value/ HTTP/1.1" 200 17317 "https://jomarlogistica.com.br/category/jomar/page/21/" "Mozilla/5.0 (Linux; Android 7.0;) AppleWebKit/537.36 (KHTML, like Gecko) Mobile Safari/537.36 (compatible; PetalBot;+https://webmaster.petalsearch.com/site/petalbot)"
jomarlogistica.com.br:80 127.0.0.1 - - [13/Sep/2025:12:42:36 -0300] "OPTIONS * HTTP/1.0" 200 110 "-" "Apache/2.4.65 (Ubuntu) (internal dummy connection)"
jomarlogistica.com.br:80 114.119.134.192 - - [13/Sep/2025:12:43:51 -0300] "GET /2023/05/20/avast-secureline-vpn-license-key/ HTTP/1.1" 200 17209 "https://jomarlogistica.com.br/2023/05/20/online-data-areas-for-fund-collecting/" "Mozilla/5.0 (Linux; Android 7.0;) AppleWebKit/537.36 (KHTML, like Gecko) Mobile Safari/537.36 (compatible; PetalBot;+https://webmaster.petalsearch.com/site/petalbot)"
jomarlogistica.com.br:80 114.119.138.130 - - [13/Sep/2025:12:45:20 -0300] "GET /2023/05/14/euro-brides-pertaining-to-marriage/ HTTP/1.1" 200 39873 "https://jomarlogistica.com.br/2023/05/15/which-usually-female-competition-is-the-best-to-marry/" "Mozilla/5.0 (Linux; Android 7.0;) AppleWebKit/537.36 (KHTML, like Gecko) Mobile Safari/537.36 (compatible; PetalBot;+https://webmaster.petalsearch.com/site/petalbot)"
jomarlogistica.com.br:80 57.141.0.49 - - [13/Sep/2025:12:46:18 -0300] "GET /2023/02/25/can-you-sue-a-company-for-not-paying-you-in-the-uk-legal-advice/ HTTP/1.1" 200 59551 "-" "meta-externalagent/1.1 (+https://developers.facebook.com/docs/sharing/webmasters/crawler)"
jomarlogistica.com.br:80 114.119.136.72 - - [13/Sep/2025:12:46:43 -0300] "GET /2023/05/10/greatest-antivirus-review-how-you-can-find-the-best-ant-virus-software-pertaining-to-mac/ HTTP/1.1" 200 17397 "https://jomarlogistica.com.br/2023/page/27/" "Mozilla/5.0 (Linux; Android 7.0;) AppleWebKit/537.36 (KHTML, like Gecko) Mobile Safari/537.36 (compatible; PetalBot;+https://webmaster.petalsearch.com/site/petalbot)"
jomarlogistica.com.br:80 172.20.1.117 - - [13/Sep/2025:12:47:26 -0300] "POST /wp-cron.php?doing_wp_cron=1757778446.9109370708465576171875 HTTP/1.1" 200 389 "https://jomarlogistica.com.br/wp-cron.php?doing_wp_cron=1757778446.9109370708465576171875" "WordPress/5.8.10; https://jomarlogistica.com.br"
jomarlogistica.com.br:80 171.25.193.37 - - [13/Sep/2025:12:47:26 -0300] "GET /wp-login.php HTTP/1.1" 200 2994 "-" "Mozilla/5.0 (X11; Linux x86_64; rv:128.0) Gecko/20100101 Firefox/128.0"
jomarlogistica.com.br:80 171.25.193.37 - - [13/Sep/2025:12:47:27 -0300] "POST /wp-login.php HTTP/1.1" 403 2493 "-" "Mozilla/5.0 (X11; Linux x86_64; rv:128.0) Gecko/20100101 Firefox/128.0"
jomarlogistica.com.br:80 171.25.193.37 - - [13/Sep/2025:12:47:28 -0300] "GET /wp-admin HTTP/1.1" 301 515 "-" "Mozilla/5.0 (X11; Linux x86_64; rv:128.0) Gecko/20100101 Firefox/128.0"
jomarlogistica.com.br:80 171.25.193.37 - - [13/Sep/2025:12:47:30 -0300] "GET /wp-admin/ HTTP/1.1" 302 463 "-" "Mozilla/5.0 (X11; Linux x86_64; rv:128.0) Gecko/20100101 Firefox/128.0"
jomarlogistica.com.br:80 171.25.193.37 - - [13/Sep/2025:12:47:31 -0300] "GET /wp-login.php?redirect_to=https://jomarlogistica.com.br/wp-admin/&reauth=1 HTTP/1.1" 200 5014 "-" "Mozilla/5.0 (X11; Linux x86_64; rv:128.0) Gecko/20100101 Firefox/128.0"
jomarlogistica.com.br:80 127.0.0.1 - - [13/Sep/2025:12:47:31 -0300] "OPTIONS * HTTP/1.0" 200 110 "-" "Apache/2.4.65 (Ubuntu) (internal dummy connection)"
jomarlogistica.com.br:80 114.119.134.192 - - [13/Sep/2025:12:48:05 -0300] "GET /2023/05/05/which-female-race-is-the-best-to-marry/ HTTP/1.1" 200 18235 "https://jomarlogistica.com.br/category/jomar/page/28/" "Mozilla/5.0 (Linux; Android 7.0;) AppleWebKit/537.36 (KHTML, like Gecko) Mobile Safari/537.36 (compatible; PetalBot;+https://webmaster.petalsearch.com/site/petalbot)"
jomarlogistica.com.br:80 177.116.188.98 - - [13/Sep/2025:12:48:46 -0300] "POST /autodiscover/autodiscover.xml HTTP/1.1" 404 448 "-" "AppleExchangeWebServices/833 accountsd/113"
jomarlogistica.com.br:80 114.119.128.158 - - [13/Sep/2025:12:49:31 -0300] "GET /2023/05/03/chat-with-crossdressers-thinking-about-crossdressers-chat-crossdresser-chat-city/ HTTP/1.1" 200 17938 "https://jomarlogistica.com.br/category/jomar/page/28/" "Mozilla/5.0 (Linux; Android 7.0;) AppleWebKit/537.36 (KHTML, like Gecko) Mobile Safari/537.36 (compatible; PetalBot;+https://webmaster.petalsearch.com/site/petalbot)"
jomarlogistica.com.br:80 114.119.134.192 - - [13/Sep/2025:12:50:58 -0300] "GET /2023/04/26/7-websites-like-craigslist-for-personal-advertisements-and-free-hookups-wild-app/ HTTP/1.1" 200 20856 "https://jomarlogistica.com.br/2023/04/26/7-websites-like-craigslist-for-personal-advertisements-and-free-hookups-wild-app/" "Mozilla/5.0 (Linux; Android 7.0;) AppleWebKit/537.36 (KHTML, like Gecko) Mobile Safari/537.36 (compatible; PetalBot;+https://webmaster.petalsearch.com/site/petalbot)"
jomarlogistica.com.br:80 177.116.188.98 - - [13/Sep/2025:12:51:31 -0300] "POST /autodiscover/autodiscover.xml HTTP/1.1" 404 448 "-" "AppleExchangeWebServices/833 accountsd/113"
jomarlogistica.com.br:80 216.73.216.134 - - [13/Sep/2025:12:51:46 -0300] "GET /2024/03/09/auburn-hills-legal-services-expert-legal-advice-representation HTTP/1.1" 301 578 "-" "Mozilla/5.0 AppleWebKit/537.36 (KHTML, like Gecko; compatible; ClaudeBot/1.0; +claudebot@anthropic.com)"
jomarlogistica.com.br:80 216.73.216.134 - - [13/Sep/2025:12:51:46 -0300] "GET /2024/03/09/auburn-hills-legal-services-expert-legal-advice-representation/ HTTP/1.1" 200 14111 "https://jomarlogistica.com.br/2024/03/09/auburn-hills-legal-services-expert-legal-advice-representation" "Mozilla/5.0 AppleWebKit/537.36 (KHTML, like Gecko; compatible; ClaudeBot/1.0; +claudebot@anthropic.com)"
jomarlogistica.com.br:80 172.20.1.117 - - [13/Sep/2025:12:52:29 -0300] "POST /wp-cron.php?doing_wp_cron=1757778749.2972691059112548828125 HTTP/1.1" 200 389 "https://jomarlogistica.com.br/wp-cron.php?doing_wp_cron=1757778749.2972691059112548828125" "WordPress/5.8.10; https://jomarlogistica.com.br"
jomarlogistica.com.br:80 114.119.159.76 - - [13/Sep/2025:12:52:28 -0300] "GET /2023/04/20/internet-dating-foreigners-can-be-exciting-and-romantic-but-it-may-also-be-difficult/ HTTP/1.1" 200 18298 "https://jomarlogistica.com.br/author/jomar/page/31/" "Mozilla/5.0 (Linux; Android 7.0;) AppleWebKit/537.36 (KHTML, like Gecko) Mobile Safari/537.36 (compatible; PetalBot;+https://webmaster.petalsearch.com/site/petalbot)"
jomarlogistica.com.br:80 127.0.0.1 - - [13/Sep/2025:12:52:35 -0300] "OPTIONS * HTTP/1.0" 200 110 "-" "Apache/2.4.65 (Ubuntu) (internal dummy connection)"
jomarlogistica.com.br:80 114.119.135.84 - - [13/Sep/2025:12:53:55 -0300] "GET /2023/02/11/in-the-event-you-kiss-your-date-on-the-first-night-out/ HTTP/1.1" 200 17440 "https://jomarlogistica.com.br/category/jomar/page/38/" "Mozilla/5.0 (Linux; Android 7.0;) AppleWebKit/537.36 (KHTML, like Gecko) Mobile Safari/537.36 (compatible; PetalBot;+https://webmaster.petalsearch.com/site/petalbot)"
jomarlogistica.com.br:80 185.191.171.12 - - [13/Sep/2025:12:54:59 -0300] "GET /2023/09/25/what-is-data-room-confidential-mode/ HTTP/1.1" 200 17240 "-" "Mozilla/5.0 (compatible; SemrushBot/7~bl; +http://www.semrush.com/bot.html)"
jomarlogistica.com.br:80 177.116.188.98 - - [13/Sep/2025:12:55:11 -0300] "POST /autodiscover/autodiscover.xml HTTP/1.1" 404 448 "-" "AppleExchangeWebServices/833 accountsd/113"
jomarlogistica.com.br:80 114.119.138.207 - - [13/Sep/2025:12:55:56 -0300] "GET /2022/12/20/how-you-can-make-an-asian-woman-feel-good/ HTTP/1.1" 200 18347 "https://jomarlogistica.com.br/2022/page/2/" "Mozilla/5.0 (Linux; Android 7.0;) AppleWebKit/537.36 (KHTML, like Gecko) Mobile Safari/537.36 (compatible; PetalBot;+https://webmaster.petalsearch.com/site/petalbot)"
jomarlogistica.com.br:80 172.20.1.117 - - [13/Sep/2025:12:57:55 -0300] "POST /wp-cron.php?doing_wp_cron=1757779075.3538470268249511718750 HTTP/1.1" 200 389 "https://jomarlogistica.com.br/wp-cron.php?doing_wp_cron=1757779075.3538470268249511718750" "WordPress/5.8.10; https://jomarlogistica.com.br"
jomarlogistica.com.br:80 114.119.135.84 - - [13/Sep/2025:12:57:54 -0300] "GET /2022/12/12/interracial-relationships-celebs-2/ HTTP/1.1" 200 17412 "https://jomarlogistica.com.br/2022/12/14/exactly-what-is-a-soulmate/" "Mozilla/5.0 (Linux; Android 7.0;) AppleWebKit/537.36 (KHTML, like Gecko) Mobile Safari/537.36 (compatible; PetalBot;+https://webmaster.petalsearch.com/site/petalbot)"
jomarlogistica.com.br:80 127.0.0.1 - - [13/Sep/2025:12:58:00 -0300] "OPTIONS * HTTP/1.0" 200 110 "-" "Apache/2.4.65 (Ubuntu) (internal dummy connection)"
jomarlogistica.com.br:80 149.57.176.30 - - [13/Sep/2025:12:58:58 -0300] "GET / HTTP/1.1" 200 23930 "-" "Mozilla/5.0 (X11; Linux x86_64) AppleWebKit/537.36 (KHTML, like Gecko) Chrome/134.0.0.0 Safari/537.36"
jomarlogistica.com.br:80 149.57.176.30 - - [13/Sep/2025:12:59:00 -0300] "GET /wp-content/plugins/instagram-feed/css/sbi-styles.min.css?ver=2.9.7 HTTP/1.1" 200 3355 "https://jomarlogistica.com.br/" "Mozilla/5.0 (X11; Linux x86_64) AppleWebKit/537.36 (KHTML, like Gecko) Chrome/134.0.0.0 Safari/537.36"
jomarlogistica.com.br:80 149.57.176.30 - - [13/Sep/2025:12:59:00 -0300] "GET /wp-includes/css/dist/block-library/style.min.css?ver=5.8.10 HTTP/1.1" 200 12027 "https://jomarlogistica.com.br/" "Mozilla/5.0 (X11; Linux x86_64) AppleWebKit/537.36 (KHTML, like Gecko) Chrome/134.0.0.0 Safari/537.36"
jomarlogistica.com.br:80 149.57.176.30 - - [13/Sep/2025:12:59:00 -0300] "GET /wp-content/plugins/case-theme-core/assets/css/lib/owl.carousel.min.css?ver=2.2.1 HTTP/1.1" 200 1298 "https://jomarlogistica.com.br/" "Mozilla/5.0 (X11; Linux x86_64) AppleWebKit/537.36 (KHTML, like Gecko) Chrome/134.0.0.0 Safari/537.36"
jomarlogistica.com.br:80 149.57.176.30 - - [13/Sep/2025:12:59:00 -0300] "GET /wp-content/plugins/case-theme-core/assets/plugin/font-awesome/css/font-awesome.min.css?ver=4.7.0 HTTP/1.1" 200 7624 "https://jomarlogistica.com.br/" "Mozilla/5.0 (X11; Linux x86_64) AppleWebKit/537.36 (KHTML, like Gecko) Chrome/134.0.0.0 Safari/537.36"
jomarlogistica.com.br:80 149.57.176.30 - - [13/Sep/2025:12:59:01 -0300] "GET /wp-content/plugins/redux-framework/redux-core/extendify-sdk/public/build/extendify-utilities.css?ver=13.4 HTTP/1.1" 200 6477 "https://jomarlogistica.com.br/" "Mozilla/5.0 (X11; Linux x86_64) AppleWebKit/537.36 (KHTML, like Gecko) Chrome/134.0.0.0 Safari/537.36"
jomarlogistica.com.br:80 149.57.176.30 - - [13/Sep/2025:12:59:01 -0300] "GET /wp-content/plugins/booked/assets/css/icons.css?ver=2.3.5 HTTP/1.1" 200 6985 "https://jomarlogistica.com.br/" "Mozilla/5.0 (X11; Linux x86_64) AppleWebKit/537.36 (KHTML, like Gecko) Chrome/134.0.0.0 Safari/537.36"
jomarlogistica.com.br:80 149.57.176.30 - - [13/Sep/2025:12:59:01 -0300] "GET /wp-content/plugins/booked/assets/js/tooltipster/css/tooltipster.css?ver=3.3.0 HTTP/1.1" 200 2174 "https://jomarlogistica.com.br/" "Mozilla/5.0 (X11; Linux x86_64) AppleWebKit/537.36 (KHTML, like Gecko) Chrome/134.0.0.0 Safari/537.36"
jomarlogistica.com.br:80 149.57.176.30 - - [13/Sep/2025:12:59:01 -0300] "GET /wp-content/plugins/booked/assets/js/tooltipster/css/themes/tooltipster-light.css?ver=3.3.0 HTTP/1.1" 200 596 "https://jomarlogistica.com.br/" "Mozilla/5.0 (X11; Linux x86_64) AppleWebKit/537.36 (KHTML, like Gecko) Chrome/134.0.0.0 Safari/537.36"
jomarlogistica.com.br:80 149.57.176.30 - - [13/Sep/2025:12:59:01 -0300] "GET /wp-content/plugins/booked/assets/css/animations.css?ver=2.3.5 HTTP/1.1" 200 905 "https://jomarlogistica.com.br/" "Mozilla/5.0 (X11; Linux x86_64) AppleWebKit/537.36 (KHTML, like Gecko) Chrome/134.0.0.0 Safari/537.36"
jomarlogistica.com.br:80 149.57.176.30 - - [13/Sep/2025:12:59:01 -0300] "GET /wp-content/plugins/booked/dist/booked.css?ver=2.3.5 HTTP/1.1" 200 9827 "https://jomarlogistica.com.br/" "Mozilla/5.0 (X11; Linux x86_64) AppleWebKit/537.36 (KHTML, like Gecko) Chrome/134.0.0.0 Safari/537.36"
jomarlogistica.com.br:80 149.57.176.30 - - [13/Sep/2025:12:59:01 -0300] "GET /wp-content/plugins/case-theme-core/assets/css/main.css?ver=1.0.0 HTTP/1.1" 200 563 "https://jomarlogistica.com.br/" "Mozilla/5.0 (X11; Linux x86_64) AppleWebKit/537.36 (KHTML, like Gecko) Chrome/134.0.0.0 Safari/537.36"
jomarlogistica.com.br:80 149.57.176.30 - - [13/Sep/2025:12:59:01 -0300] "GET /wp-content/plugins/case-theme-core/assets/css/lib/progressbar.min.css?ver=0.7.1 HTTP/1.1" 200 1103 "https://jomarlogistica.com.br/" "Mozilla/5.0 (X11; Linux x86_64) AppleWebKit/537.36 (KHTML, like Gecko) Chrome/134.0.0.0 Safari/537.36"
jomarlogistica.com.br:80 149.57.176.30 - - [13/Sep/2025:12:59:01 -0300] "GET /wp-content/plugins/case-theme-user/acess/css/remodal.css?ver=5.8.10 HTTP/1.1" 200 1031 "https://jomarlogistica.com.br/" "Mozilla/5.0 (X11; Linux x86_64) AppleWebKit/537.36 (KHTML, like Gecko) Chrome/134.0.0.0 Safari/537.36"
jomarlogistica.com.br:80 149.57.176.30 - - [13/Sep/2025:12:59:01 -0300] "GET /wp-content/plugins/case-theme-user/acess/css/remodal-default-theme.css?ver=5.8.10 HTTP/1.1" 200 1733 "https://jomarlogistica.com.br/" "Mozilla/5.0 (X11; Linux x86_64) AppleWebKit/537.36 (KHTML, like Gecko) Chrome/134.0.0.0 Safari/537.36"
jomarlogistica.com.br:80 149.57.176.30 - - [13/Sep/2025:12:59:01 -0300] "GET /wp-content/plugins/contact-form-7-multi-step/assets/frontend/css/cf7mls.css?ver=2.5.4 HTTP/1.1" 200 2184 "https://jomarlogistica.com.br/" "Mozilla/5.0 (X11; Linux x86_64) AppleWebKit/537.36 (KHTML, like Gecko) Chrome/134.0.0.0 Safari/537.36"
jomarlogistica.com.br:80 149.57.176.30 - - [13/Sep/2025:12:59:01 -0300] "GET /wp-content/plugins/contact-form-7-multi-step/assets/frontend/css/progress_bar.css?ver=2.5.4 HTTP/1.1" 200 5617 "https://jomarlogistica.com.br/" "Mozilla/5.0 (X11; Linux x86_64) AppleWebKit/537.36 (KHTML, like Gecko) Chrome/134.0.0.0 Safari/537.36"
jomarlogistica.com.br:80 149.57.176.30 - - [13/Sep/2025:12:59:01 -0300] "GET /wp-content/plugins/contact-form-7-multi-step/assets/frontend/animate/animate.min.css?ver=2.5.4 HTTP/1.1" 200 5225 "https://jomarlogistica.com.br/" "Mozilla/5.0 (X11; Linux x86_64) AppleWebKit/537.36 (KHTML, like Gecko) Chrome/134.0.0.0 Safari/537.36"
jomarlogistica.com.br:80 149.57.176.30 - - [13/Sep/2025:12:59:01 -0300] "GET /wp-content/plugins/contact-form-7/includes/css/styles.css?ver=5.5.3 HTTP/1.1" 200 1361 "https://jomarlogistica.com.br/" "Mozilla/5.0 (X11; Linux x86_64) AppleWebKit/537.36 (KHTML, like Gecko) Chrome/134.0.0.0 Safari/537.36"
jomarlogistica.com.br:80 149.57.176.30 - - [13/Sep/2025:12:59:01 -0300] "GET /wp-content/themes/consultio/assets/css/bootstrap.min.css?ver=4.0.0 HTTP/1.1" 200 21402 "https://jomarlogistica.com.br/" "Mozilla/5.0 (X11; Linux x86_64) AppleWebKit/537.36 (KHTML, like Gecko) Chrome/134.0.0.0 Safari/537.36"
jomarlogistica.com.br:80 149.57.176.30 - - [13/Sep/2025:12:59:01 -0300] "GET /wp-content/plugins/elementor/assets/lib/font-awesome/css/font-awesome.min.css?ver=4.7.0 HTTP/1.1" 200 7623 "https://jomarlogistica.com.br/" "Mozilla/5.0 (X11; Linux x86_64) AppleWebKit/537.36 (KHTML, like Gecko) Chrome/134.0.0.0 Safari/537.36"
jomarlogistica.com.br:80 149.57.176.30 - - [13/Sep/2025:12:59:01 -0300] "GET /wp-content/themes/consultio/assets/css/font-awesome5.min.css?ver=5.8.0 HTTP/1.1" 200 17997 "https://jomarlogistica.com.br/" "Mozilla/5.0 (X11; Linux x86_64) AppleWebKit/537.36 (KHTML, like Gecko) Chrome/134.0.0.0 Safari/537.36"
jomarlogistica.com.br:80 149.57.176.30 - - [13/Sep/2025:12:59:01 -0300] "GET /wp-content/themes/consultio/assets/css/flaticon.css?ver=2.8.0 HTTP/1.1" 200 1205 "https://jomarlogistica.com.br/" "Mozilla/5.0 (X11; Linux x86_64) AppleWebKit/537.36 (KHTML, like Gecko) Chrome/134.0.0.0 Safari/537.36"
jomarlogistica.com.br:80 149.57.176.30 - - [13/Sep/2025:12:59:01 -0300] "GET /wp-content/themes/consultio/assets/css/flaticon-v2.css?ver=2.8.0 HTTP/1.1" 200 994 "https://jomarlogistica.com.br/" "Mozilla/5.0 (X11; Linux x86_64) AppleWebKit/537.36 (KHTML, like Gecko) Chrome/134.0.0.0 Safari/537.36"
jomarlogistica.com.br:80 149.57.176.30 - - [13/Sep/2025:12:59:01 -0300] "GET /wp-content/themes/consultio/assets/css/flaticon-v3.css?ver=2.8.0 HTTP/1.1" 200 1156 "https://jomarlogistica.com.br/" "Mozilla/5.0 (X11; Linux x86_64) AppleWebKit/537.36 (KHTML, like Gecko) Chrome/134.0.0.0 Safari/537.36"
jomarlogistica.com.br:80 149.57.176.30 - - [13/Sep/2025:12:59:01 -0300] "GET /wp-content/themes/consultio/assets/css/flaticon-v4.css?ver=2.8.0 HTTP/1.1" 200 795 "https://jomarlogistica.com.br/" "Mozilla/5.0 (X11; Linux x86_64) AppleWebKit/537.36 (KHTML, like Gecko) Chrome/134.0.0.0 Safari/537.36"
jomarlogistica.com.br:80 149.57.176.30 - - [13/Sep/2025:12:59:01 -0300] "GET /wp-content/themes/consultio/assets/css/flaticon-v5.css?ver=2.8.0 HTTP/1.1" 200 1337 "https://jomarlogistica.com.br/" "Mozilla/5.0 (X11; Linux x86_64) AppleWebKit/537.36 (KHTML, like Gecko) Chrome/134.0.0.0 Safari/537.36"
jomarlogistica.com.br:80 149.57.176.30 - - [13/Sep/2025:12:59:01 -0300] "GET /wp-content/themes/consultio/assets/css/flaticon-v6.css?ver=2.8.0 HTTP/1.1" 200 998 "https://jomarlogistica.com.br/" "Mozilla/5.0 (X11; Linux x86_64) AppleWebKit/537.36 (KHTML, like Gecko) Chrome/134.0.0.0 Safari/537.36"
jomarlogistica.com.br:80 149.57.176.30 - - [13/Sep/2025:12:59:01 -0300] "GET /wp-content/themes/consultio/assets/css/flaticon-v7.css?ver=2.8.0 HTTP/1.1" 200 990 "https://jomarlogistica.com.br/" "Mozilla/5.0 (X11; Linux x86_64) AppleWebKit/537.36 (KHTML, like Gecko) Chrome/134.0.0.0 Safari/537.36"
jomarlogistica.com.br:80 149.57.176.30 - - [13/Sep/2025:12:59:01 -0300] "GET /wp-content/themes/consultio/assets/css/material-design-iconic-font.min.css?ver=2.2.0 HTTP/1.1" 200 8981 "https://jomarlogistica.com.br/" "Mozilla/5.0 (X11; Linux x86_64) AppleWebKit/537.36 (KHTML, like Gecko) Chrome/134.0.0.0 Safari/537.36"
jomarlogistica.com.br:80 149.57.176.30 - - [13/Sep/2025:12:59:01 -0300] "GET /wp-content/themes/consultio/assets/css/magnific-popup.css?ver=1.0.0 HTTP/1.1" 200 2198 "https://jomarlogistica.com.br/" "Mozilla/5.0 (X11; Linux x86_64) AppleWebKit/537.36 (KHTML, like Gecko) Chrome/134.0.0.0 Safari/537.36"
jomarlogistica.com.br:80 149.57.176.30 - - [13/Sep/2025:12:59:01 -0300] "GET /wp-content/themes/consultio/assets/css/animate.css?ver=1.0.0 HTTP/1.1" 200 5563 "https://jomarlogistica.com.br/" "Mozilla/5.0 (X11; Linux x86_64) AppleWebKit/537.36 (KHTML, like Gecko) Chrome/134.0.0.0 Safari/537.36"
jomarlogistica.com.br:80 149.57.176.30 - - [13/Sep/2025:12:59:01 -0300] "GET /wp-content/themes/consultio/assets/css/theme.css?ver=2.8.0 HTTP/1.1" 200 195072 "https://jomarlogistica.com.br/" "Mozilla/5.0 (X11; Linux x86_64) AppleWebKit/537.36 (KHTML, like Gecko) Chrome/134.0.0.0 Safari/537.36"
jomarlogistica.com.br:80 149.57.176.30 - - [13/Sep/2025:12:59:01 -0300] "GET /wp-content/themes/consultio/style.css?ver=5.8.10 HTTP/1.1" 200 866 "https://jomarlogistica.com.br/" "Mozilla/5.0 (X11; Linux x86_64) AppleWebKit/537.36 (KHTML, like Gecko) Chrome/134.0.0.0 Safari/537.36"
jomarlogistica.com.br:80 149.57.176.30 - - [13/Sep/2025:12:59:01 -0300] "GET /wp-content/plugins/meks-simple-flickr-widget/css/style.css?ver=1.2 HTTP/1.1" 200 577 "https://jomarlogistica.com.br/" "Mozilla/5.0 (X11; Linux x86_64) AppleWebKit/537.36 (KHTML, like Gecko) Chrome/134.0.0.0 Safari/537.36"
jomarlogistica.com.br:80 149.57.176.30 - - [13/Sep/2025:12:59:01 -0300] "GET /wp-content/plugins/newsletter/style.css?ver=7.3.3 HTTP/1.1" 200 1636 "https://jomarlogistica.com.br/" "Mozilla/5.0 (X11; Linux x86_64) AppleWebKit/537.36 (KHTML, like Gecko) Chrome/134.0.0.0 Safari/537.36"
jomarlogistica.com.br:80 149.57.176.30 - - [13/Sep/2025:12:59:01 -0300] "GET /wp-content/plugins/elementor/assets/lib/eicons/css/elementor-icons.min.css?ver=5.13.0 HTTP/1.1" 200 4378 "https://jomarlogistica.com.br/" "Mozilla/5.0 (X11; Linux x86_64) AppleWebKit/537.36 (KHTML, like Gecko) Chrome/134.0.0.0 Safari/537.36"
jomarlogistica.com.br:80 149.57.176.30 - - [13/Sep/2025:12:59:01 -0300] "GET /wp-content/plugins/elementor/assets/css/frontend.min.css?ver=3.4.8 HTTP/1.1" 200 19721 "https://jomarlogistica.com.br/" "Mozilla/5.0 (X11; Linux x86_64) AppleWebKit/537.36 (KHTML, like Gecko) Chrome/134.0.0.0 Safari/537.36"
jomarlogistica.com.br:80 149.57.176.30 - - [13/Sep/2025:12:59:01 -0300] "GET /wp-content/uploads/elementor/css/post-5765.css?ver=1638451937 HTTP/1.1" 200 707 "https://jomarlogistica.com.br/" "Mozilla/5.0 (X11; Linux x86_64) AppleWebKit/537.36 (KHTML, like Gecko) Chrome/134.0.0.0 Safari/537.36"
jomarlogistica.com.br:80 149.57.176.30 - - [13/Sep/2025:12:59:01 -0300] "GET /wp-content/uploads/elementor/css/global.css?ver=1638452033 HTTP/1.1" 200 1265 "https://jomarlogistica.com.br/" "Mozilla/5.0 (X11; Linux x86_64) AppleWebKit/537.36 (KHTML, like Gecko) Chrome/134.0.0.0 Safari/537.36"
jomarlogistica.com.br:80 149.57.176.30 - - [13/Sep/2025:12:59:01 -0300] "GET /wp-content/uploads/elementor/css/post-5147.css?ver=1692608776 HTTP/1.1" 200 2059 "https://jomarlogistica.com.br/" "Mozilla/5.0 (X11; Linux x86_64) AppleWebKit/537.36 (KHTML, like Gecko) Chrome/134.0.0.0 Safari/537.36"
jomarlogistica.com.br:80 149.57.176.30 - - [13/Sep/2025:12:59:01 -0300] "GET /wp-content/plugins/elementor/assets/lib/font-awesome/css/fontawesome.min.css?ver=5.15.3 HTTP/1.1" 200 13797 "https://jomarlogistica.com.br/" "Mozilla/5.0 (X11; Linux x86_64) AppleWebKit/537.36 (KHTML, like Gecko) Chrome/134.0.0.0 Safari/537.36"
jomarlogistica.com.br:80 149.57.176.30 - - [13/Sep/2025:12:59:01 -0300] "GET /wp-content/plugins/elementor/assets/lib/font-awesome/css/solid.min.css?ver=5.15.3 HTTP/1.1" 200 680 "https://jomarlogistica.com.br/" "Mozilla/5.0 (X11; Linux x86_64) AppleWebKit/537.36 (KHTML, like Gecko) Chrome/134.0.0.0 Safari/537.36"
jomarlogistica.com.br:80 149.57.176.30 - - [13/Sep/2025:12:59:01 -0300] "GET /wp-includes/js/jquery/jquery.min.js?ver=3.6.0 HTTP/1.1" 200 32444 "https://jomarlogistica.com.br/" "Mozilla/5.0 (X11; Linux x86_64) AppleWebKit/537.36 (KHTML, like Gecko) Chrome/134.0.0.0 Safari/537.36"
jomarlogistica.com.br:80 149.57.176.30 - - [13/Sep/2025:12:59:01 -0300] "GET /wp-includes/js/jquery/jquery-migrate.min.js?ver=3.3.2 HTTP/1.1" 200 4613 "https://jomarlogistica.com.br/" "Mozilla/5.0 (X11; Linux x86_64) AppleWebKit/537.36 (KHTML, like Gecko) Chrome/134.0.0.0 Safari/537.36"
jomarlogistica.com.br:80 149.57.176.30 - - [13/Sep/2025:12:59:01 -0300] "GET /wp-content/plugins/case-theme-core/assets/js/main.js?ver=1.0.0 HTTP/1.1" 200 570 "https://jomarlogistica.com.br/" "Mozilla/5.0 (X11; Linux x86_64) AppleWebKit/537.36 (KHTML, like Gecko) Chrome/134.0.0.0 Safari/537.36"
jomarlogistica.com.br:80 149.57.176.30 - - [13/Sep/2025:12:59:01 -0300] "GET /wp-content/themes/consultio/elementor/js/ct-inline-css.js?ver=2.8.0 HTTP/1.1" 200 864 "https://jomarlogistica.com.br/" "Mozilla/5.0 (X11; Linux x86_64) AppleWebKit/537.36 (KHTML, like Gecko) Chrome/134.0.0.0 Safari/537.36"
