jomarlogistica.com.br:80 149.57.176.30 - - [13/Sep/2025:12:59:01 -0300] "GET /wp-content/uploads/2021/12/logo.png HTTP/1.1" 200 32663 "https://jomarlogistica.com.br/" "Mozilla/5.0 (X11; Linux x86_64) AppleWebKit/537.36 (KHTML, like Gecko) Chrome/134.0.0.0 Safari/537.36"
jomarlogistica.com.br:80 149.57.176.30 - - [13/Sep/2025:12:59:02 -0300] "GET /wp-content/uploads/elementor/css/post-20.css?ver=1692608754 HTTP/1.1" 200 1249 "https://jomarlogistica.com.br/" "Mozilla/5.0 (X11; Linux x86_64) AppleWebKit/537.36 (KHTML, like Gecko) Chrome/134.0.0.0 Safari/537.36"
jomarlogistica.com.br:80 149.57.176.30 - - [13/Sep/2025:12:59:02 -0300] "GET /wp-content/plugins/elementor/assets/lib/animations/animations.min.css?ver=3.4.8 HTTP/1.1" 200 3089 "https://jomarlogistica.com.br/" "Mozilla/5.0 (X11; Linux x86_64) AppleWebKit/537.36 (KHTML, like Gecko) Chrome/134.0.0.0 Safari/537.36"
jomarlogistica.com.br:80 149.57.176.30 - - [13/Sep/2025:12:59:02 -0300] "GET /wp-content/plugins/elementor/assets/lib/font-awesome/css/brands.min.css?ver=5.15.3 HTTP/1.1" 200 679 "https://jomarlogistica.com.br/" "Mozilla/5.0 (X11; Linux x86_64) AppleWebKit/537.36 (KHTML, like Gecko) Chrome/134.0.0.0 Safari/537.36"
jomarlogistica.com.br:80 149.57.176.30 - - [13/Sep/2025:12:59:02 -0300] "GET /wp-content/plugins/revslider/public/assets/css/rs6.css?ver=6.5.11 HTTP/1.1" 200 13321 "https://jomarlogistica.com.br/" "Mozilla/5.0 (X11; Linux x86_64) AppleWebKit/537.36 (KHTML, like Gecko) Chrome/134.0.0.0 Safari/537.36"
jomarlogistica.com.br:80 149.57.176.30 - - [13/Sep/2025:12:59:02 -0300] "GET /wp-includes/js/jquery/ui/core.min.js?ver=1.12.1 HTTP/1.1" 200 7418 "https://jomarlogistica.com.br/" "Mozilla/5.0 (X11; Linux x86_64) AppleWebKit/537.36 (KHTML, like Gecko) Chrome/134.0.0.0 Safari/537.36"
jomarlogistica.com.br:80 149.57.176.30 - - [13/Sep/2025:12:59:02 -0300] "GET /wp-includes/js/jquery/ui/datepicker.min.js?ver=1.12.1 HTTP/1.1" 200 11555 "https://jomarlogistica.com.br/" "Mozilla/5.0 (X11; Linux x86_64) AppleWebKit/537.36 (KHTML, like Gecko) Chrome/134.0.0.0 Safari/537.36"
jomarlogistica.com.br:80 149.57.176.30 - - [13/Sep/2025:12:59:02 -0300] "GET /wp-content/plugins/booked/assets/js/spin.min.js?ver=2.0.1 HTTP/1.1" 200 2463 "https://jomarlogistica.com.br/" "Mozilla/5.0 (X11; Linux x86_64) AppleWebKit/537.36 (KHTML, like Gecko) Chrome/134.0.0.0 Safari/537.36"
jomarlogistica.com.br:80 149.57.176.30 - - [13/Sep/2025:12:59:02 -0300] "GET /wp-content/plugins/booked/assets/js/spin.jquery.js?ver=2.0.1 HTTP/1.1" 200 1167 "https://jomarlogistica.com.br/" "Mozilla/5.0 (X11; Linux x86_64) AppleWebKit/537.36 (KHTML, like Gecko) Chrome/134.0.0.0 Safari/537.36"
jomarlogistica.com.br:80 149.57.176.30 - - [13/Sep/2025:12:59:02 -0300] "GET /wp-content/plugins/booked/assets/js/tooltipster/js/jquery.tooltipster.min.js?ver=3.3.0 HTTP/1.1" 200 5373 "https://jomarlogistica.com.br/" "Mozilla/5.0 (X11; Linux x86_64) AppleWebKit/537.36 (KHTML, like Gecko) Chrome/134.0.0.0 Safari/537.36"
jomarlogistica.com.br:80 149.57.176.30 - - [13/Sep/2025:12:59:02 -0300] "GET /wp-content/plugins/booked/assets/js/functions.js?ver=2.3.5 HTTP/1.1" 200 10029 "https://jomarlogistica.com.br/" "Mozilla/5.0 (X11; Linux x86_64) AppleWebKit/537.36 (KHTML, like Gecko) Chrome/134.0.0.0 Safari/537.36"
jomarlogistica.com.br:80 149.57.176.30 - - [13/Sep/2025:12:59:02 -0300] "GET /wp-content/plugins/case-theme-user/acess/js/remodal.min.js?ver=1.0.0 HTTP/1.1" 200 3045 "https://jomarlogistica.com.br/" "Mozilla/5.0 (X11; Linux x86_64) AppleWebKit/537.36 (KHTML, like Gecko) Chrome/134.0.0.0 Safari/537.36"
jomarlogistica.com.br:80 149.57.176.30 - - [13/Sep/2025:12:59:02 -0300] "GET /wp-content/plugins/case-theme-user/acess/js/notify.min.js?ver=1.0.0 HTTP/1.1" 200 7826 "https://jomarlogistica.com.br/" "Mozilla/5.0 (X11; Linux x86_64) AppleWebKit/537.36 (KHTML, like Gecko) Chrome/134.0.0.0 Safari/537.36"
jomarlogistica.com.br:80 149.57.176.30 - - [13/Sep/2025:12:59:02 -0300] "GET /wp-content/plugins/case-theme-user/acess/js/ct-user-form.js?ver=1.0.0 HTTP/1.1" 200 2307 "https://jomarlogistica.com.br/" "Mozilla/5.0 (X11; Linux x86_64) AppleWebKit/537.36 (KHTML, like Gecko) Chrome/134.0.0.0 Safari/537.36"
jomarlogistica.com.br:80 149.57.176.30 - - [13/Sep/2025:12:59:02 -0300] "GET /wp-content/plugins/contact-form-7-multi-step/assets/frontend/js/cf7mls.js?ver=2.5.4 HTTP/1.1" 200 7286 "https://jomarlogistica.com.br/" "Mozilla/5.0 (X11; Linux x86_64) AppleWebKit/537.36 (KHTML, like Gecko) Chrome/134.0.0.0 Safari/537.36"
jomarlogistica.com.br:80 149.57.176.30 - - [13/Sep/2025:12:59:02 -0300] "GET /wp-content/themes/consultio/assets/fonts/Flaticon-v3.woff2 HTTP/1.1" 200 8049 "https://jomarlogistica.com.br/wp-content/themes/consultio/assets/css/flaticon-v3.css?ver=2.8.0" "Mozilla/5.0 (X11; Linux x86_64) AppleWebKit/537.36 (KHTML, like Gecko) Chrome/134.0.0.0 Safari/537.36"
jomarlogistica.com.br:80 149.57.176.30 - - [13/Sep/2025:12:59:02 -0300] "GET /wp-content/themes/consultio/assets/fonts/fontawesome/fa-solid-900.woff2 HTTP/1.1" 200 117654 "https://jomarlogistica.com.br/wp-content/themes/consultio/assets/css/font-awesome5.min.css?ver=5.8.0" "Mozilla/5.0 (X11; Linux x86_64) AppleWebKit/537.36 (KHTML, like Gecko) Chrome/134.0.0.0 Safari/537.36"
jomarlogistica.com.br:80 149.57.176.30 - - [13/Sep/2025:12:59:02 -0300] "GET /wp-includes/js/dist/vendor/regenerator-runtime.min.js?ver=0.13.7 HTTP/1.1" 200 2798 "https://jomarlogistica.com.br/" "Mozilla/5.0 (X11; Linux x86_64) AppleWebKit/537.36 (KHTML, like Gecko) Chrome/134.0.0.0 Safari/537.36"
jomarlogistica.com.br:80 149.57.176.30 - - [13/Sep/2025:12:59:02 -0300] "GET /wp-includes/js/dist/vendor/wp-polyfill.min.js?ver=3.15.0 HTTP/1.1" 200 6572 "https://jomarlogistica.com.br/" "Mozilla/5.0 (X11; Linux x86_64) AppleWebKit/537.36 (KHTML, like Gecko) Chrome/134.0.0.0 Safari/537.36"
jomarlogistica.com.br:80 149.57.176.30 - - [13/Sep/2025:12:59:02 -0300] "GET /wp-content/plugins/contact-form-7/includes/js/index.js?ver=5.5.3 HTTP/1.1" 200 4245 "https://jomarlogistica.com.br/" "Mozilla/5.0 (X11; Linux x86_64) AppleWebKit/537.36 (KHTML, like Gecko) Chrome/134.0.0.0 Safari/537.36"
jomarlogistica.com.br:80 149.57.176.30 - - [13/Sep/2025:12:59:02 -0300] "GET /wp-content/plugins/booked/includes/add-ons/frontend-agents/js/functions.js?ver=2.3.5 HTTP/1.1" 200 1592 "https://jomarlogistica.com.br/" "Mozilla/5.0 (X11; Linux x86_64) AppleWebKit/537.36 (KHTML, like Gecko) Chrome/134.0.0.0 Safari/537.36"
jomarlogistica.com.br:80 149.57.176.30 - - [13/Sep/2025:12:59:02 -0300] "GET /wp-content/themes/consultio/assets/js/bootstrap.min.js?ver=4.0.0 HTTP/1.1" 200 14168 "https://jomarlogistica.com.br/" "Mozilla/5.0 (X11; Linux x86_64) AppleWebKit/537.36 (KHTML, like Gecko) Chrome/134.0.0.0 Safari/537.36"
jomarlogistica.com.br:80 149.57.176.30 - - [13/Sep/2025:12:59:02 -0300] "GET /wp-content/themes/consultio/assets/js/nice-select.min.js?ver=all HTTP/1.1" 200 1420 "https://jomarlogistica.com.br/" "Mozilla/5.0 (X11; Linux x86_64) AppleWebKit/537.36 (KHTML, like Gecko) Chrome/134.0.0.0 Safari/537.36"
jomarlogistica.com.br:80 149.57.176.30 - - [13/Sep/2025:12:59:02 -0300] "GET /wp-content/themes/consultio/assets/js/match-height-min.js?ver=1.0.0 HTTP/1.1" 200 3557 "https://jomarlogistica.com.br/" "Mozilla/5.0 (X11; Linux x86_64) AppleWebKit/537.36 (KHTML, like Gecko) Chrome/134.0.0.0 Safari/537.36"
jomarlogistica.com.br:80 149.57.176.30 - - [13/Sep/2025:12:59:02 -0300] "GET /wp-content/themes/consultio/assets/js/magnific-popup.min.js?ver=1.0.0 HTTP/1.1" 200 14895 "https://jomarlogistica.com.br/" "Mozilla/5.0 (X11; Linux x86_64) AppleWebKit/537.36 (KHTML, like Gecko) Chrome/134.0.0.0 Safari/537.36"
jomarlogistica.com.br:80 149.57.176.30 - - [13/Sep/2025:12:59:02 -0300] "GET /wp-content/themes/consultio/assets/js/progressbar.min.js?ver=1.0.0 HTTP/1.1" 200 1327 "https://jomarlogistica.com.br/" "Mozilla/5.0 (X11; Linux x86_64) AppleWebKit/537.36 (KHTML, like Gecko) Chrome/134.0.0.0 Safari/537.36"
jomarlogistica.com.br:80 149.57.176.30 - - [13/Sep/2025:12:59:02 -0300] "GET /wp-content/themes/consultio/assets/js/wow.min.js?ver=1.0.0 HTTP/1.1" 200 3260 "https://jomarlogistica.com.br/" "Mozilla/5.0 (X11; Linux x86_64) AppleWebKit/537.36 (KHTML, like Gecko) Chrome/134.0.0.0 Safari/537.36"
jomarlogistica.com.br:80 149.57.176.30 - - [13/Sep/2025:12:59:02 -0300] "GET /wp-includes/js/jquery/ui/mouse.min.js?ver=1.12.1 HTTP/1.1" 200 1479 "https://jomarlogistica.com.br/" "Mozilla/5.0 (X11; Linux x86_64) AppleWebKit/537.36 (KHTML, like Gecko) Chrome/134.0.0.0 Safari/537.36"
jomarlogistica.com.br:80 149.57.176.30 - - [13/Sep/2025:12:59:02 -0300] "GET /wp-includes/js/jquery/ui/slider.min.js?ver=1.12.1 HTTP/1.1" 200 3602 "https://jomarlogistica.com.br/" "Mozilla/5.0 (X11; Linux x86_64) AppleWebKit/537.36 (KHTML, like Gecko) Chrome/134.0.0.0 Safari/537.36"
jomarlogistica.com.br:80 149.57.176.30 - - [13/Sep/2025:12:59:02 -0300] "GET /wp-content/themes/consultio/assets/js/main.js?ver=2.8.0 HTTP/1.1" 200 6455 "https://jomarlogistica.com.br/" "Mozilla/5.0 (X11; Linux x86_64) AppleWebKit/537.36 (KHTML, like Gecko) Chrome/134.0.0.0 Safari/537.36"
jomarlogistica.com.br:80 149.57.176.30 - - [13/Sep/2025:12:59:02 -0300] "GET /wp-includes/js/wp-embed.min.js?ver=5.8.10 HTTP/1.1" 200 1177 "https://jomarlogistica.com.br/" "Mozilla/5.0 (X11; Linux x86_64) AppleWebKit/537.36 (KHTML, like Gecko) Chrome/134.0.0.0 Safari/537.36"
jomarlogistica.com.br:80 149.57.176.30 - - [13/Sep/2025:12:59:02 -0300] "GET /wp-content/plugins/elementor/assets/lib/jquery-numerator/jquery-numerator.min.js?ver=0.2.1 HTTP/1.1" 200 1116 "https://jomarlogistica.com.br/" "Mozilla/5.0 (X11; Linux x86_64) AppleWebKit/537.36 (KHTML, like Gecko) Chrome/134.0.0.0 Safari/537.36"
jomarlogistica.com.br:80 149.57.176.30 - - [13/Sep/2025:12:59:02 -0300] "GET /wp-content/themes/consultio/elementor/js/ct-counter-widget.js?ver=2.8.0 HTTP/1.1" 200 845 "https://jomarlogistica.com.br/" "Mozilla/5.0 (X11; Linux x86_64) AppleWebKit/537.36 (KHTML, like Gecko) Chrome/134.0.0.0 Safari/537.36"
jomarlogistica.com.br:80 149.57.176.30 - - [13/Sep/2025:12:59:02 -0300] "GET /wp-includes/js/imagesloaded.min.js?ver=4.1.4 HTTP/1.1" 200 2251 "https://jomarlogistica.com.br/" "Mozilla/5.0 (X11; Linux x86_64) AppleWebKit/537.36 (KHTML, like Gecko) Chrome/134.0.0.0 Safari/537.36"
jomarlogistica.com.br:80 149.57.176.30 - - [13/Sep/2025:12:59:02 -0300] "GET /wp-content/plugins/case-theme-core/assets/js/lib/isotope.pkgd.min.js?ver=3.0.5 HTTP/1.1" 200 10708 "https://jomarlogistica.com.br/" "Mozilla/5.0 (X11; Linux x86_64) AppleWebKit/537.36 (KHTML, like Gecko) Chrome/134.0.0.0 Safari/537.36"
jomarlogistica.com.br:80 149.57.176.30 - - [13/Sep/2025:12:59:02 -0300] "GET /wp-content/themes/consultio/elementor/js/ct-post-masonry-widget.js?ver=2.8.0 HTTP/1.1" 200 1706 "https://jomarlogistica.com.br/" "Mozilla/5.0 (X11; Linux x86_64) AppleWebKit/537.36 (KHTML, like Gecko) Chrome/134.0.0.0 Safari/537.36"
jomarlogistica.com.br:80 149.57.176.30 - - [13/Sep/2025:12:59:02 -0300] "GET /wp-content/themes/consultio/elementor/js/ct-post-grid-widget.js?ver=2.8.0 HTTP/1.1" 200 760 "https://jomarlogistica.com.br/" "Mozilla/5.0 (X11; Linux x86_64) AppleWebKit/537.36 (KHTML, like Gecko) Chrome/134.0.0.0 Safari/537.36"
jomarlogistica.com.br:80 149.57.176.30 - - [13/Sep/2025:12:59:02 -0300] "GET /wp-content/plugins/elementor/assets/lib/slick/slick.min.js?ver=1.8.1 HTTP/1.1" 200 11405 "https://jomarlogistica.com.br/" "Mozilla/5.0 (X11; Linux x86_64) AppleWebKit/537.36 (KHTML, like Gecko) Chrome/134.0.0.0 Safari/537.36"
jomarlogistica.com.br:80 149.57.176.30 - - [13/Sep/2025:12:59:02 -0300] "GET /wp-content/themes/consultio/elementor/js/ct-post-carousel-widget.js?ver=2.8.0 HTTP/1.1" 200 1609 "https://jomarlogistica.com.br/" "Mozilla/5.0 (X11; Linux x86_64) AppleWebKit/537.36 (KHTML, like Gecko) Chrome/134.0.0.0 Safari/537.36"
jomarlogistica.com.br:80 149.57.176.30 - - [13/Sep/2025:12:59:02 -0300] "GET /wp-content/plugins/elementor/assets/js/webpack.runtime.min.js?ver=3.4.8 HTTP/1.1" 200 2544 "https://jomarlogistica.com.br/" "Mozilla/5.0 (X11; Linux x86_64) AppleWebKit/537.36 (KHTML, like Gecko) Chrome/134.0.0.0 Safari/537.36"
jomarlogistica.com.br:80 149.57.176.30 - - [13/Sep/2025:12:59:02 -0300] "GET /wp-content/plugins/elementor/assets/js/frontend-modules.min.js?ver=3.4.8 HTTP/1.1" 200 5016 "https://jomarlogistica.com.br/" "Mozilla/5.0 (X11; Linux x86_64) AppleWebKit/537.36 (KHTML, like Gecko) Chrome/134.0.0.0 Safari/537.36"
jomarlogistica.com.br:80 149.57.176.30 - - [13/Sep/2025:12:59:02 -0300] "GET /wp-content/plugins/elementor/assets/lib/waypoints/waypoints.min.js?ver=4.0.2 HTTP/1.1" 200 3464 "https://jomarlogistica.com.br/" "Mozilla/5.0 (X11; Linux x86_64) AppleWebKit/537.36 (KHTML, like Gecko) Chrome/134.0.0.0 Safari/537.36"
jomarlogistica.com.br:80 149.57.176.30 - - [13/Sep/2025:12:59:02 -0300] "GET /wp-content/plugins/elementor/assets/lib/swiper/swiper.min.js?ver=5.3.6 HTTP/1.1" 200 37913 "https://jomarlogistica.com.br/" "Mozilla/5.0 (X11; Linux x86_64) AppleWebKit/537.36 (KHTML, like Gecko) Chrome/134.0.0.0 Safari/537.36"
jomarlogistica.com.br:80 149.57.176.30 - - [13/Sep/2025:12:59:02 -0300] "GET /wp-content/plugins/elementor/assets/lib/share-link/share-link.min.js?ver=3.4.8 HTTP/1.1" 200 1484 "https://jomarlogistica.com.br/" "Mozilla/5.0 (X11; Linux x86_64) AppleWebKit/537.36 (KHTML, like Gecko) Chrome/134.0.0.0 Safari/537.36"
jomarlogistica.com.br:80 149.57.176.30 - - [13/Sep/2025:12:59:02 -0300] "GET /wp-content/plugins/elementor/assets/lib/dialog/dialog.min.js?ver=4.8.1 HTTP/1.1" 200 3967 "https://jomarlogistica.com.br/" "Mozilla/5.0 (X11; Linux x86_64) AppleWebKit/537.36 (KHTML, like Gecko) Chrome/134.0.0.0 Safari/537.36"
jomarlogistica.com.br:80 149.57.176.30 - - [13/Sep/2025:12:59:02 -0300] "GET /wp-content/plugins/elementor/assets/js/frontend.min.js?ver=3.4.8 HTTP/1.1" 200 11432 "https://jomarlogistica.com.br/" "Mozilla/5.0 (X11; Linux x86_64) AppleWebKit/537.36 (KHTML, like Gecko) Chrome/134.0.0.0 Safari/537.36"
jomarlogistica.com.br:80 149.57.176.30 - - [13/Sep/2025:12:59:02 -0300] "GET /wp-content/plugins/elementor/assets/js/preloaded-modules.min.js?ver=3.4.8 HTTP/1.1" 200 9744 "https://jomarlogistica.com.br/" "Mozilla/5.0 (X11; Linux x86_64) AppleWebKit/537.36 (KHTML, like Gecko) Chrome/134.0.0.0 Safari/537.36"
jomarlogistica.com.br:80 149.57.176.30 - - [13/Sep/2025:12:59:02 -0300] "GET /wp-content/plugins/revslider/public/assets/assets/dummy.png HTTP/1.1" 200 383 "https://jomarlogistica.com.br/" "Mozilla/5.0 (X11; Linux x86_64) AppleWebKit/537.36 (KHTML, like Gecko) Chrome/134.0.0.0 Safari/537.36"
jomarlogistica.com.br:80 149.57.176.30 - - [13/Sep/2025:12:59:02 -0300] "GET /wp-content/uploads/2021/12/3.jpg HTTP/1.1" 200 4856 "https://jomarlogistica.com.br/" "Mozilla/5.0 (X11; Linux x86_64) AppleWebKit/537.36 (KHTML, like Gecko) Chrome/134.0.0.0 Safari/537.36"
jomarlogistica.com.br:80 149.57.176.30 - - [13/Sep/2025:12:59:02 -0300] "GET /wp-content/uploads/2020/02/h4-about1.png HTTP/1.1" 200 296854 "https://jomarlogistica.com.br/" "Mozilla/5.0 (X11; Linux x86_64) AppleWebKit/537.36 (KHTML, like Gecko) Chrome/134.0.0.0 Safari/537.36"
jomarlogistica.com.br:80 149.57.176.30 - - [13/Sep/2025:12:59:02 -0300] "GET /wp-content/uploads/2021/12/4.jpg HTTP/1.1" 200 6795 "https://jomarlogistica.com.br/" "Mozilla/5.0 (X11; Linux x86_64) AppleWebKit/537.36 (KHTML, like Gecko) Chrome/134.0.0.0 Safari/537.36"
jomarlogistica.com.br:80 149.57.176.30 - - [13/Sep/2025:12:59:02 -0300] "GET /wp-content/uploads/2021/12/5.jpg HTTP/1.1" 200 4416 "https://jomarlogistica.com.br/" "Mozilla/5.0 (X11; Linux x86_64) AppleWebKit/537.36 (KHTML, like Gecko) Chrome/134.0.0.0 Safari/537.36"
jomarlogistica.com.br:80 149.57.176.30 - - [13/Sep/2025:12:59:02 -0300] "GET /wp-content/uploads/2020/10/women-01.png HTTP/1.1" 200 166675 "https://jomarlogistica.com.br/" "Mozilla/5.0 (X11; Linux x86_64) AppleWebKit/537.36 (KHTML, like Gecko) Chrome/134.0.0.0 Safari/537.36"
jomarlogistica.com.br:80 149.57.176.30 - - [13/Sep/2025:12:59:02 -0300] "GET /wp-content/uploads/2021/12/6.jpg HTTP/1.1" 200 4987 "https://jomarlogistica.com.br/" "Mozilla/5.0 (X11; Linux x86_64) AppleWebKit/537.36 (KHTML, like Gecko) Chrome/134.0.0.0 Safari/537.36"
jomarlogistica.com.br:80 149.57.176.30 - - [13/Sep/2025:12:59:02 -0300] "GET /wp-content/uploads/2021/12/7.jpg HTTP/1.1" 200 5872 "https://jomarlogistica.com.br/" "Mozilla/5.0 (X11; Linux x86_64) AppleWebKit/537.36 (KHTML, like Gecko) Chrome/134.0.0.0 Safari/537.36"
jomarlogistica.com.br:80 149.57.176.30 - - [13/Sep/2025:12:59:02 -0300] "GET /wp-content/plugins/revslider/public/assets/js/rbtools.min.js?ver=6.5.11 HTTP/1.1" 200 48787 "https://jomarlogistica.com.br/" "Mozilla/5.0 (X11; Linux x86_64) AppleWebKit/537.36 (KHTML, like Gecko) Chrome/134.0.0.0 Safari/537.36"
jomarlogistica.com.br:80 149.57.176.30 - - [13/Sep/2025:12:59:02 -0300] "GET /wp-content/uploads/2021/12/8.jpg HTTP/1.1" 200 3819 "https://jomarlogistica.com.br/" "Mozilla/5.0 (X11; Linux x86_64) AppleWebKit/537.36 (KHTML, like Gecko) Chrome/134.0.0.0 Safari/537.36"
jomarlogistica.com.br:80 149.57.176.30 - - [13/Sep/2025:12:59:02 -0300] "GET /wp-content/uploads/2019/10/ic2.png HTTP/1.1" 200 5321 "https://jomarlogistica.com.br/" "Mozilla/5.0 (X11; Linux x86_64) AppleWebKit/537.36 (KHTML, like Gecko) Chrome/134.0.0.0 Safari/537.36"
jomarlogistica.com.br:80 149.57.176.30 - - [13/Sep/2025:12:59:02 -0300] "GET /wp-includes/js/wp-emoji-release.min.js?ver=5.8.10 HTTP/1.1" 200 5577 "https://jomarlogistica.com.br/" "Mozilla/5.0 (X11; Linux x86_64) AppleWebKit/537.36 (KHTML, like Gecko) Chrome/134.0.0.0 Safari/537.36"
jomarlogistica.com.br:80 149.57.176.30 - - [13/Sep/2025:12:59:02 -0300] "GET /wp-content/themes/consultio/assets/fonts/Flaticon.woff2 HTTP/1.1" 200 12814 "https://jomarlogistica.com.br/wp-content/themes/consultio/assets/css/flaticon.css?ver=2.8.0" "Mozilla/5.0 (X11; Linux x86_64) AppleWebKit/537.36 (KHTML, like Gecko) Chrome/134.0.0.0 Safari/537.36"
jomarlogistica.com.br:80 149.57.176.30 - - [13/Sep/2025:12:59:02 -0300] "GET /wp-content/plugins/revslider/public/assets/js/rs6.min.js?ver=6.5.11 HTTP/1.1" 200 104993 "https://jomarlogistica.com.br/" "Mozilla/5.0 (X11; Linux x86_64) AppleWebKit/537.36 (KHTML, like Gecko) Chrome/134.0.0.0 Safari/537.36"
jomarlogistica.com.br:80 149.57.176.30 - - [13/Sep/2025:12:59:02 -0300] "GET /wp-content/themes/consultio/assets/fonts/fontawesome/fa-brands-400.woff2 HTTP/1.1" 200 75110 "https://jomarlogistica.com.br/wp-content/themes/consultio/assets/css/font-awesome5.min.css?ver=5.8.0" "Mozilla/5.0 (X11; Linux x86_64) AppleWebKit/537.36 (KHTML, like Gecko) Chrome/134.0.0.0 Safari/537.36"
jomarlogistica.com.br:80 149.57.176.30 - - [13/Sep/2025:12:59:02 -0300] "GET /wp-content/uploads/2020/10/bg-section-03.jpg HTTP/1.1" 200 23413 "https://jomarlogistica.com.br/wp-content/uploads/elementor/css/post-5147.css?ver=1692608776" "Mozilla/5.0 (X11; Linux x86_64) AppleWebKit/537.36 (KHTML, like Gecko) Chrome/134.0.0.0 Safari/537.36"
jomarlogistica.com.br:80 149.57.176.30 - - [13/Sep/2025:12:59:02 -0300] "GET /wp-content/themes/consultio/assets/fonts/fontawesome/fa-regular-400.woff2 HTTP/1.1" 200 145375 "https://jomarlogistica.com.br/wp-content/themes/consultio/assets/css/font-awesome5.min.css?ver=5.8.0" "Mozilla/5.0 (X11; Linux x86_64) AppleWebKit/537.36 (KHTML, like Gecko) Chrome/134.0.0.0 Safari/537.36"
jomarlogistica.com.br:80 149.57.176.30 - - [13/Sep/2025:12:59:02 -0300] "GET /wp-content/plugins/elementor/assets/lib/font-awesome/webfonts/fa-solid-900.woff2 HTTP/1.1" 200 78476 "https://jomarlogistica.com.br/wp-content/plugins/elementor/assets/lib/font-awesome/css/solid.min.css?ver=5.15.3" "Mozilla/5.0 (X11; Linux x86_64) AppleWebKit/537.36 (KHTML, like Gecko) Chrome/134.0.0.0 Safari/537.36"
jomarlogistica.com.br:80 149.57.176.30 - - [13/Sep/2025:12:59:02 -0300] "GET /wp-content/themes/consultio/assets/images/bg-cta-01.png HTTP/1.1" 200 6896 "https://jomarlogistica.com.br/wp-content/themes/consultio/assets/css/theme.css?ver=2.8.0" "Mozilla/5.0 (X11; Linux x86_64) AppleWebKit/537.36 (KHTML, like Gecko) Chrome/134.0.0.0 Safari/537.36"
jomarlogistica.com.br:80 149.57.176.30 - - [13/Sep/2025:12:59:02 -0300] "GET /wp-content/themes/consultio/assets/fonts/Material-Design-Iconic-Font.woff2?v=2.2.0 HTTP/1.1" 200 38405 "https://jomarlogistica.com.br/wp-content/themes/consultio/assets/css/material-design-iconic-font.min.css?ver=2.2.0" "Mozilla/5.0 (X11; Linux x86_64) AppleWebKit/537.36 (KHTML, like Gecko) Chrome/134.0.0.0 Safari/537.36"
jomarlogistica.com.br:80 149.57.176.30 - - [13/Sep/2025:12:59:02 -0300] "GET /wp-content/uploads/2021/12/1.jpg HTTP/1.1" 200 106270 "https://jomarlogistica.com.br/wp-content/uploads/elementor/css/post-5147.css?ver=1692608776" "Mozilla/5.0 (X11; Linux x86_64) AppleWebKit/537.36 (KHTML, like Gecko) Chrome/134.0.0.0 Safari/537.36"
jomarlogistica.com.br:80 149.57.176.30 - - [13/Sep/2025:12:59:02 -0300] "GET /wp-content/themes/consultio/assets/fonts/flaticon-v7.woff HTTP/1.1" 200 8849 "https://jomarlogistica.com.br/wp-content/themes/consultio/assets/css/flaticon-v7.css?ver=2.8.0" "Mozilla/5.0 (X11; Linux x86_64) AppleWebKit/537.36 (KHTML, like Gecko) Chrome/134.0.0.0 Safari/537.36"
jomarlogistica.com.br:80 127.0.0.1 - - [13/Sep/2025:12:59:03 -0300] "OPTIONS * HTTP/1.0" 200 110 "-" "Apache/2.4.65 (Ubuntu) (internal dummy connection)"
jomarlogistica.com.br:80 127.0.0.1 - - [13/Sep/2025:12:59:07 -0300] "OPTIONS * HTTP/1.0" 200 110 "-" "Apache/2.4.65 (Ubuntu) (internal dummy connection)"
jomarlogistica.com.br:80 127.0.0.1 - - [13/Sep/2025:12:59:08 -0300] "OPTIONS * HTTP/1.0" 200 110 "-" "Apache/2.4.65 (Ubuntu) (internal dummy connection)"
jomarlogistica.com.br:80 149.57.176.30 - - [13/Sep/2025:12:59:11 -0300] "GET /wp-content/themes/consultio/assets/fonts/Flaticon-v5.woff HTTP/1.1" 200 15644 "https://jomarlogistica.com.br/wp-content/themes/consultio/assets/css/flaticon-v5.css?ver=2.8.0" "Mozilla/5.0 (X11; Linux x86_64) AppleWebKit/537.36 (KHTML, like Gecko) Chrome/134.0.0.0 Safari/537.36"
jomarlogistica.com.br:80 149.57.176.30 - - [13/Sep/2025:12:59:11 -0300] "GET /wp-content/plugins/elementor/assets/lib/font-awesome/webfonts/fa-brands-400.woff2 HTTP/1.1" 200 77174 "https://jomarlogistica.com.br/wp-content/plugins/elementor/assets/lib/font-awesome/css/brands.min.css?ver=5.15.3" "Mozilla/5.0 (X11; Linux x86_64) AppleWebKit/537.36 (KHTML, like Gecko) Chrome/134.0.0.0 Safari/537.36"
jomarlogistica.com.br:80 149.57.176.30 - - [13/Sep/2025:12:59:12 -0300] "GET /wp-content/uploads/2021/12/slide.jpg HTTP/1.1" 200 98182 "https://jomarlogistica.com.br/" "Mozilla/5.0 (X11; Linux x86_64) AppleWebKit/537.36 (KHTML, like Gecko) Chrome/134.0.0.0 Safari/537.36"
jomarlogistica.com.br:80 149.57.176.30 - - [13/Sep/2025:12:59:12 -0300] "GET /wp-content/themes/consultio/assets/images/pointer.png HTTP/1.1" 200 998 "https://jomarlogistica.com.br/wp-content/themes/consultio/assets/css/theme.css?ver=2.8.0" "Mozilla/5.0 (X11; Linux x86_64) AppleWebKit/537.36 (KHTML, like Gecko) Chrome/134.0.0.0 Safari/537.36"
jomarlogistica.com.br:80 149.57.176.30 - - [13/Sep/2025:12:59:12 -0300] "GET /wp-content/plugins/revslider/public/assets/assets/loader.gif HTTP/1.1" 200 2862 "https://jomarlogistica.com.br/wp-content/plugins/revslider/public/assets/css/rs6.css?ver=6.5.11" "Mozilla/5.0 (X11; Linux x86_64) AppleWebKit/537.36 (KHTML, like Gecko) Chrome/134.0.0.0 Safari/537.36"
jomarlogistica.com.br:80 127.0.0.1 - - [13/Sep/2025:12:59:17 -0300] "OPTIONS * HTTP/1.0" 200 110 "-" "Apache/2.4.65 (Ubuntu) (internal dummy connection)"
jomarlogistica.com.br:80 149.57.176.30 - - [13/Sep/2025:12:59:19 -0300] "GET /wp-content/uploads/2021/12/icone.jpg HTTP/1.1" 200 2901 "https://jomarlogistica.com.br/" "Mozilla/5.0 (X11; Linux x86_64) AppleWebKit/537.36 (KHTML, like Gecko) Chrome/134.0.0.0 Safari/537.36"
jomarlogistica.com.br:80 149.57.176.30 - - [13/Sep/2025:12:59:19 -0300] "GET /wp-content/uploads/2021/12/icone.jpg HTTP/1.1" 200 2901 "https://jomarlogistica.com.br/" "Mozilla/5.0 (X11; Linux x86_64) AppleWebKit/537.36 (KHTML, like Gecko) Chrome/134.0.0.0 Safari/537.36"
jomarlogistica.com.br:80 114.119.138.130 - - [13/Sep/2025:12:59:30 -0300] "GET /2022/12/06/realizing-love-signs-you-are-in-love/ HTTP/1.1" 200 17417 "https://jomarlogistica.com.br/2022/12/06/realizing-love-signs-you-are-in-love/" "Mozilla/5.0 (Linux; Android 7.0;) AppleWebKit/537.36 (KHTML, like Gecko) Mobile Safari/537.36 (compatible; PetalBot;+https://webmaster.petalsearch.com/site/petalbot)"
jomarlogistica.com.br:80 72.14.95.160 - - [13/Sep/2025:12:59:32 -0300] "HEAD /sitemap.xml HTTP/1.1" 302 432 "-" "python-requests/2.31.0"
jomarlogistica.com.br:80 149.57.191.235 - - [13/Sep/2025:12:59:33 -0300] "HEAD /sitemap_index.xml HTTP/1.1" 404 429 "-" "python-requests/2.31.0"
jomarlogistica.com.br:80 149.57.176.3 - - [13/Sep/2025:12:59:34 -0300] "HEAD /sitemap HTTP/1.1" 404 429 "-" "python-requests/2.31.0"
jomarlogistica.com.br:80 149.20.245.13 - - [13/Sep/2025:12:59:36 -0300] "GET /robots.txt HTTP/1.1" 200 603 "-" "python-requests/2.31.0"
jomarlogistica.com.br:80 72.14.92.36 - - [13/Sep/2025:12:59:38 -0300] "HEAD /wp-sitemap.xml HTTP/1.1" 200 353 "-" "python-requests/2.31.0"
jomarlogistica.com.br:80 114.119.134.192 - - [13/Sep/2025:13:00:51 -0300] "GET /2022/08/17/bargain-agreement-vertaling-services-professional-legal-translations/ HTTP/1.1" 200 14408 "https://jomarlogistica.com.br/2022/08/17/bargain-agreement-vertaling-services-professional-legal-translations/" "Mozilla/5.0 (Linux; Android 7.0;) AppleWebKit/537.36 (KHTML, like Gecko) Mobile Safari/537.36 (compatible; PetalBot;+https://webmaster.petalsearch.com/site/petalbot)"
jomarlogistica.com.br:80 172.20.1.117 - - [13/Sep/2025:13:04:02 -0300] "POST /wp-cron.php?doing_wp_cron=1757779442.0364210605621337890625 HTTP/1.1" 200 389 "https://jomarlogistica.com.br/wp-cron.php?doing_wp_cron=1757779442.0364210605621337890625" "WordPress/5.8.10; https://jomarlogistica.com.br"
jomarlogistica.com.br:80 177.116.188.98 - - [13/Sep/2025:13:04:01 -0300] "POST /autodiscover/autodiscover.xml HTTP/1.1" 404 448 "-" "AppleExchangeWebServices/833 accountsd/113"
jomarlogistica.com.br:80 127.0.0.1 - - [13/Sep/2025:13:04:06 -0300] "OPTIONS * HTTP/1.0" 200 110 "-" "Apache/2.4.65 (Ubuntu) (internal dummy connection)"
jomarlogistica.com.br:80 172.20.1.117 - - [13/Sep/2025:13:10:53 -0300] "POST /wp-cron.php?doing_wp_cron=1757779853.0223441123962402343750 HTTP/1.1" 200 389 "https://jomarlogistica.com.br/wp-cron.php?doing_wp_cron=1757779853.0223441123962402343750" "WordPress/5.8.10; https://jomarlogistica.com.br"
jomarlogistica.com.br:80 132.232.144.200 - - [13/Sep/2025:13:10:52 -0300] "GET / HTTP/1.1" 301 449 "http://www.jomarlogistica.com.br" "Mozilla/5.0 (iPhone; CPU iPhone OS 13_2_3 like Mac OS X) AppleWebKit/605.1.15 (KHTML, like Gecko) Version/13.0.3 Mobile/15E148 Safari/604.1"
jomarlogistica.com.br:80 132.232.144.200 - - [13/Sep/2025:13:10:56 -0300] "GET / HTTP/1.1" 200 23930 "https://www.jomarlogistica.com.br/" "Mozilla/5.0 (iPhone; CPU iPhone OS 13_2_3 like Mac OS X) AppleWebKit/605.1.15 (KHTML, like Gecko) Version/13.0.3 Mobile/15E148 Safari/604.1"
jomarlogistica.com.br:80 127.0.0.1 - - [13/Sep/2025:13:11:02 -0300] "OPTIONS * HTTP/1.0" 200 110 "-" "Apache/2.4.65 (Ubuntu) (internal dummy connection)"
jomarlogistica.com.br:80 172.20.1.117 - - [13/Sep/2025:13:13:07 -0300] "POST /wp-cron.php?doing_wp_cron=1757779987.9183130264282226562500 HTTP/1.1" 200 389 "https://jomarlogistica.com.br/wp-cron.php?doing_wp_cron=1757779987.9183130264282226562500" "WordPress/5.8.10; https://jomarlogistica.com.br"
jomarlogistica.com.br:80 177.116.188.98 - - [13/Sep/2025:13:13:07 -0300] "POST /autodiscover/autodiscover.xml HTTP/1.1" 404 448 "-" "AppleExchangeWebServices/833 accountsd/113"
jomarlogistica.com.br:80 127.0.0.1 - - [13/Sep/2025:13:13:12 -0300] "OPTIONS * HTTP/1.0" 200 110 "-" "Apache/2.4.65 (Ubuntu) (internal dummy connection)"
jomarlogistica.com.br:80 172.20.1.117 - - [13/Sep/2025:13:23:05 -0300] "POST /wp-cron.php?doing_wp_cron=1757780585.1983089447021484375000 HTTP/1.1" 200 389 "https://jomarlogistica.com.br/wp-cron.php?doing_wp_cron=1757780585.1983089447021484375000" "WordPress/5.8.10; https://jomarlogistica.com.br"
jomarlogistica.com.br:80 156.146.55.182 - - [13/Sep/2025:13:23:04 -0300] "GET /wp-login.php HTTP/1.1" 200 2994 "-" "Mozilla/5.0 (X11; Linux x86_64; rv:128.0) Gecko/20100101 Firefox/128.0"
jomarlogistica.com.br:80 156.146.55.182 - - [13/Sep/2025:13:23:06 -0300] "POST /wp-login.php HTTP/1.1" 403 2493 "-" "Mozilla/5.0 (X11; Linux x86_64; rv:128.0) Gecko/20100101 Firefox/128.0"
jomarlogistica.com.br:80 156.146.55.182 - - [13/Sep/2025:13:23:06 -0300] "GET /wp-admin HTTP/1.1" 301 515 "-" "Mozilla/5.0 (X11; Linux x86_64; rv:128.0) Gecko/20100101 Firefox/128.0"
jomarlogistica.com.br:80 156.146.55.182 - - [13/Sep/2025:13:23:08 -0300] "GET /wp-admin/ HTTP/1.1" 302 463 "-" "Mozilla/5.0 (X11; Linux x86_64; rv:128.0) Gecko/20100101 Firefox/128.0"
jomarlogistica.com.br:80 156.146.55.182 - - [13/Sep/2025:13:23:09 -0300] "GET /wp-login.php?redirect_to=https://jomarlogistica.com.br/wp-admin/&reauth=1 HTTP/1.1" 200 5014 "-" "Mozilla/5.0 (X11; Linux x86_64; rv:128.0) Gecko/20100101 Firefox/128.0"
jomarlogistica.com.br:80 127.0.0.1 - - [13/Sep/2025:13:23:09 -0300] "OPTIONS * HTTP/1.0" 200 110 "-" "Apache/2.4.65 (Ubuntu) (internal dummy connection)"
jomarlogistica.com.br:80 52.255.111.11 - - [13/Sep/2025:13:25:51 -0300] "GET /2024/01/16/is-owning-pet-squirrels-legal-in-florida-laws-regulations/ HTTP/1.1" 200 13814 "-" "Mozilla/5.0 AppleWebKit/537.36 (KHTML, like Gecko); compatible; ChatGPT-User/1.0; +https://openai.com/bot"
jomarlogistica.com.br:80 172.20.1.117 - - [13/Sep/2025:13:28:34 -0300] "POST /wp-cron.php?doing_wp_cron=1757780914.6554520130157470703125 HTTP/1.1" 200 389 "https://jomarlogistica.com.br/wp-cron.php?doing_wp_cron=1757780914.6554520130157470703125" "WordPress/5.8.10; https://jomarlogistica.com.br"
jomarlogistica.com.br:80 177.116.188.98 - - [13/Sep/2025:13:28:34 -0300] "POST /autodiscover/autodiscover.xml HTTP/1.1" 404 448 "-" "AppleExchangeWebServices/833 accountsd/113"
jomarlogistica.com.br:80 127.0.0.1 - - [13/Sep/2025:13:28:39 -0300] "OPTIONS * HTTP/1.0" 200 110 "-" "Apache/2.4.65 (Ubuntu) (internal dummy connection)"
jomarlogistica.com.br:80 172.20.1.117 - - [13/Sep/2025:13:33:55 -0300] "POST /wp-cron.php?doing_wp_cron=1757781235.8533160686492919921875 HTTP/1.1" 200 389 "https://jomarlogistica.com.br/wp-cron.php?doing_wp_cron=1757781235.8533160686492919921875" "WordPress/5.8.10; https://jomarlogistica.com.br"
jomarlogistica.com.br:80 177.116.188.98 - - [13/Sep/2025:13:33:55 -0300] "POST /autodiscover/autodiscover.xml HTTP/1.1" 404 448 "-" "AppleExchangeWebServices/833 accountsd/113"
jomarlogistica.com.br:80 127.0.0.1 - - [13/Sep/2025:13:34:00 -0300] "OPTIONS * HTTP/1.0" 200 110 "-" "Apache/2.4.65 (Ubuntu) (internal dummy connection)"
jomarlogistica.com.br:80 85.159.211.250 - - [13/Sep/2025:13:35:08 -0300] "GET /wp-login.php HTTP/1.1" 200 2994 "-" "GRequests/0.10"
jomarlogistica.com.br:80 85.159.211.250 - - [13/Sep/2025:13:35:09 -0300] "POST /wp-login.php HTTP/1.1" 403 2493 "-" "GRequests/0.10"
jomarlogistica.com.br:80 85.159.211.250 - - [13/Sep/2025:13:35:09 -0300] "GET /wp-admin/ HTTP/1.1" 302 463 "-" "GRequests/0.10"
jomarlogistica.com.br:80 85.159.211.250 - - [13/Sep/2025:13:35:10 -0300] "GET /wp-login.php?redirect_to=https%3A%2F%2Fjomarlogistica.com.br%2Fwp-admin%2F&reauth=1 HTTP/1.1" 200 4995 "https://jomarlogistica.com.br/wp-admin/" "GRequests/0.10"
jomarlogistica.com.br:80 172.20.1.117 - - [13/Sep/2025:13:39:47 -0300] "POST /wp-cron.php?doing_wp_cron=1757781587.1858289241790771484375 HTTP/1.1" 200 389 "https://jomarlogistica.com.br/wp-cron.php?doing_wp_cron=1757781587.1858289241790771484375" "WordPress/5.8.10; https://jomarlogistica.com.br"
jomarlogistica.com.br:80 57.141.0.19 - - [13/Sep/2025:13:39:46 -0300] "GET /2023/04/10/are-sables-legal-in-california-laws-and-regulations-explained/ HTTP/1.1" 200 61980 "-" "meta-externalagent/1.1 (+https://developers.facebook.com/docs/sharing/webmasters/crawler)"
jomarlogistica.com.br:80 127.0.0.1 - - [13/Sep/2025:13:39:52 -0300] "OPTIONS * HTTP/1.0" 200 110 "-" "Apache/2.4.65 (Ubuntu) (internal dummy connection)"
jomarlogistica.com.br:80 172.20.1.117 - - [13/Sep/2025:13:43:23 -0300] "POST /wp-cron.php?doing_wp_cron=1757781803.2537930011749267578125 HTTP/1.1" 200 389 "https://jomarlogistica.com.br/wp-cron.php?doing_wp_cron=1757781803.2537930011749267578125" "WordPress/5.8.10; https://jomarlogistica.com.br"
jomarlogistica.com.br:80 52.230.164.183 - - [13/Sep/2025:13:43:22 -0300] "GET /2022/03/18/are-bearded-dragons-legal-in-new-york-laws-regulations-explained/ HTTP/1.1" 200 13921 "-" "Mozilla/5.0 AppleWebKit/537.36 (KHTML, like Gecko); compatible; ChatGPT-User/1.0; +https://openai.com/bot"
jomarlogistica.com.br:80 127.0.0.1 - - [13/Sep/2025:13:43:28 -0300] "OPTIONS * HTTP/1.0" 200 110 "-" "Apache/2.4.65 (Ubuntu) (internal dummy connection)"
jomarlogistica.com.br:80 84.239.27.155 - - [13/Sep/2025:13:45:41 -0300] "GET /wp-login.php HTTP/1.1" 200 2994 "-" "Mozilla/5.0 (X11; Linux x86_64; rv:128.0) Gecko/20100101 Firefox/128.0"
jomarlogistica.com.br:80 84.239.27.155 - - [13/Sep/2025:13:45:42 -0300] "POST /wp-login.php HTTP/1.1" 403 2493 "-" "Mozilla/5.0 (X11; Linux x86_64; rv:128.0) Gecko/20100101 Firefox/128.0"
jomarlogistica.com.br:80 84.239.27.155 - - [13/Sep/2025:13:45:43 -0300] "GET /wp-admin HTTP/1.1" 301 515 "-" "Mozilla/5.0 (X11; Linux x86_64; rv:128.0) Gecko/20100101 Firefox/128.0"
jomarlogistica.com.br:80 84.239.27.155 - - [13/Sep/2025:13:45:45 -0300] "GET /wp-admin/ HTTP/1.1" 302 463 "-" "Mozilla/5.0 (X11; Linux x86_64; rv:128.0) Gecko/20100101 Firefox/128.0"
jomarlogistica.com.br:80 84.239.27.155 - - [13/Sep/2025:13:45:46 -0300] "GET /wp-login.php?redirect_to=https://jomarlogistica.com.br/wp-admin/&reauth=1 HTTP/1.1" 200 5014 "-" "Mozilla/5.0 (X11; Linux x86_64; rv:128.0) Gecko/20100101 Firefox/128.0"
jomarlogistica.com.br:80 172.20.1.117 - - [13/Sep/2025:13:51:15 -0300] "POST /wp-cron.php?doing_wp_cron=1757782275.8422579765319824218750 HTTP/1.1" 200 389 "https://jomarlogistica.com.br/wp-cron.php?doing_wp_cron=1757782275.8422579765319824218750" "WordPress/5.8.10; https://jomarlogistica.com.br"
jomarlogistica.com.br:80 177.116.188.98 - - [13/Sep/2025:13:51:15 -0300] "POST /autodiscover/autodiscover.xml HTTP/1.1" 404 448 "-" "AppleExchangeWebServices/833 accountsd/113"
jomarlogistica.com.br:80 127.0.0.1 - - [13/Sep/2025:13:51:20 -0300] "OPTIONS * HTTP/1.0" 200 110 "-" "Apache/2.4.65 (Ubuntu) (internal dummy connection)"
jomarlogistica.com.br:80 172.20.1.117 - - [13/Sep/2025:13:57:23 -0300] "POST /wp-cron.php?doing_wp_cron=1757782643.4582269191741943359375 HTTP/1.1" 200 389 "https://jomarlogistica.com.br/wp-cron.php?doing_wp_cron=1757782643.4582269191741943359375" "WordPress/5.8.10; https://jomarlogistica.com.br"
jomarlogistica.com.br:80 177.116.188.98 - - [13/Sep/2025:13:57:23 -0300] "POST /autodiscover/autodiscover.xml HTTP/1.1" 404 448 "-" "AppleExchangeWebServices/833 accountsd/113"
jomarlogistica.com.br:80 127.0.0.1 - - [13/Sep/2025:13:57:28 -0300] "OPTIONS * HTTP/1.0" 200 110 "-" "Apache/2.4.65 (Ubuntu) (internal dummy connection)"
jomarlogistica.com.br:80 57.141.0.22 - - [13/Sep/2025:13:59:03 -0300] "GET /2023/12/16/air-france-covid-requirements-legal-guidelines-and-updates/ HTTP/1.1" 200 61399 "-" "meta-externalagent/1.1 (+https://developers.facebook.com/docs/sharing/webmasters/crawler)"
jomarlogistica.com.br:80 172.20.1.117 - - [13/Sep/2025:14:06:00 -0300] "POST /wp-cron.php?doing_wp_cron=1757783160.0317790508270263671875 HTTP/1.1" 200 389 "https://jomarlogistica.com.br/wp-cron.php?doing_wp_cron=1757783160.0317790508270263671875" "WordPress/5.8.10; https://jomarlogistica.com.br"
jomarlogistica.com.br:80 205.210.31.5 - - [13/Sep/2025:14:05:59 -0300] "GET / HTTP/1.1" 301 449 "-" "-"
jomarlogistica.com.br:80 205.210.31.5 - - [13/Sep/2025:14:06:01 -0300] "GET / HTTP/1.1" 200 134115 "-" "-"
jomarlogistica.com.br:80 127.0.0.1 - - [13/Sep/2025:14:06:06 -0300] "OPTIONS * HTTP/1.0" 200 110 "-" "Apache/2.4.65 (Ubuntu) (internal dummy connection)"
jomarlogistica.com.br:80 172.20.1.117 - - [13/Sep/2025:14:08:00 -0300] "POST /wp-cron.php?doing_wp_cron=1757783280.4463961124420166015625 HTTP/1.1" 200 389 "https://jomarlogistica.com.br/wp-cron.php?doing_wp_cron=1757783280.4463961124420166015625" "WordPress/5.8.10; https://jomarlogistica.com.br"
jomarlogistica.com.br:80 177.116.188.98 - - [13/Sep/2025:14:08:00 -0300] "POST /autodiscover/autodiscover.xml HTTP/1.1" 404 448 "-" "AppleExchangeWebServices/833 accountsd/113"
jomarlogistica.com.br:80 177.116.188.98 - - [13/Sep/2025:14:08:01 -0300] "POST /autodiscover/autodiscover.xml HTTP/1.1" 404 448 "-" "AppleExchangeWebServices/833 accountsd/113"
jomarlogistica.com.br:80 127.0.0.1 - - [13/Sep/2025:14:08:06 -0300] "OPTIONS * HTTP/1.0" 200 110 "-" "Apache/2.4.65 (Ubuntu) (internal dummy connection)"
jomarlogistica.com.br:80 172.20.1.117 - - [13/Sep/2025:14:15:21 -0300] "POST /wp-cron.php?doing_wp_cron=1757783721.5392150878906250000000 HTTP/1.1" 200 389 "https://jomarlogistica.com.br/wp-cron.php?doing_wp_cron=1757783721.5392150878906250000000" "WordPress/5.8.10; https://jomarlogistica.com.br"
jomarlogistica.com.br:80 185.220.101.107 - - [13/Sep/2025:14:15:21 -0300] "GET /wp-login.php HTTP/1.1" 200 2994 "-" "Mozilla/5.0 (X11; Linux x86_64; rv:128.0) Gecko/20100101 Firefox/128.0"
jomarlogistica.com.br:80 185.220.101.107 - - [13/Sep/2025:14:15:22 -0300] "POST /wp-login.php HTTP/1.1" 403 2493 "-" "Mozilla/5.0 (X11; Linux x86_64; rv:128.0) Gecko/20100101 Firefox/128.0"
jomarlogistica.com.br:80 185.220.101.107 - - [13/Sep/2025:14:15:22 -0300] "GET /wp-admin HTTP/1.1" 301 515 "-" "Mozilla/5.0 (X11; Linux x86_64; rv:128.0) Gecko/20100101 Firefox/128.0"
jomarlogistica.com.br:80 185.220.101.107 - - [13/Sep/2025:14:15:25 -0300] "GET /wp-admin/ HTTP/1.1" 302 463 "-" "Mozilla/5.0 (X11; Linux x86_64; rv:128.0) Gecko/20100101 Firefox/128.0"
jomarlogistica.com.br:80 185.220.101.107 - - [13/Sep/2025:14:15:25 -0300] "GET /wp-login.php?redirect_to=https://jomarlogistica.com.br/wp-admin/&reauth=1 HTTP/1.1" 200 5014 "-" "Mozilla/5.0 (X11; Linux x86_64; rv:128.0) Gecko/20100101 Firefox/128.0"
jomarlogistica.com.br:80 127.0.0.1 - - [13/Sep/2025:14:15:27 -0300] "OPTIONS * HTTP/1.0" 200 110 "-" "Apache/2.4.65 (Ubuntu) (internal dummy connection)"
jomarlogistica.com.br:80 172.20.1.117 - - [13/Sep/2025:14:25:17 -0300] "POST /wp-cron.php?doing_wp_cron=1757784317.8355250358581542968750 HTTP/1.1" 200 389 "https://jomarlogistica.com.br/wp-cron.php?doing_wp_cron=1757784317.8355250358581542968750" "WordPress/5.8.10; https://jomarlogistica.com.br"
jomarlogistica.com.br:80 177.116.188.98 - - [13/Sep/2025:14:25:17 -0300] "POST /autodiscover/autodiscover.xml HTTP/1.1" 404 448 "-" "AppleExchangeWebServices/833 accountsd/113"
jomarlogistica.com.br:80 127.0.0.1 - - [13/Sep/2025:14:25:22 -0300] "OPTIONS * HTTP/1.0" 200 110 "-" "Apache/2.4.65 (Ubuntu) (internal dummy connection)"
jomarlogistica.com.br:80 172.20.1.117 - - [13/Sep/2025:14:34:19 -0300] "POST /wp-cron.php?doing_wp_cron=1757784859.1772971153259277343750 HTTP/1.1" 200 389 "https://jomarlogistica.com.br/wp-cron.php?doing_wp_cron=1757784859.1772971153259277343750" "WordPress/5.8.10; https://jomarlogistica.com.br"
jomarlogistica.com.br:80 74.7.35.51 - - [13/Sep/2025:14:34:18 -0300] "GET /2022/06/23/are-cherry-bomb-mufflers-legal-legal-information-and-regulations/ HTTP/1.1" 200 14188 "-" "Mozilla/5.0 AppleWebKit/537.36 (KHTML, like Gecko); compatible; ChatGPT-User/1.0; +https://openai.com/bot"
jomarlogistica.com.br:80 127.0.0.1 - - [13/Sep/2025:14:34:24 -0300] "OPTIONS * HTTP/1.0" 200 110 "-" "Apache/2.4.65 (Ubuntu) (internal dummy connection)"
jomarlogistica.com.br:80 66.249.66.38 - - [13/Sep/2025:14:37:03 -0300] "GET /robots.txt HTTP/1.1" 200 584 "-" "Mozilla/5.0 (compatible; Googlebot/2.1; +http://www.google.com/bot.html)"
jomarlogistica.com.br:80 66.249.66.39 - - [13/Sep/2025:14:37:04 -0300] "GET /2024/01/23/checkpoint-firewall-rules-export-best-practices-and-guidelines/ HTTP/1.1" 200 14455 "-" "Mozilla/5.0 (Linux; Android 6.0.1; Nexus 5X Build/MMB29P) AppleWebKit/537.36 (KHTML, like Gecko) Chrome/140.0.7339.127 Mobile Safari/537.36 (compatible; Googlebot/2.1; +http://www.google.com/bot.html)"
jomarlogistica.com.br:80 66.249.66.38 - - [13/Sep/2025:14:37:07 -0300] "GET /wp-content/plugins/booked/assets/js/tooltipster/css/themes/tooltipster-light.css?ver=3.3.0 HTTP/1.1" 200 596 "https://jomarlogistica.com.br/2024/01/23/checkpoint-firewall-rules-export-best-practices-and-guidelines/" "Mozilla/5.0 (Linux; Android 6.0.1; Nexus 5X Build/MMB29P) AppleWebKit/537.36 (KHTML, like Gecko) Chrome/139.0.7258.127 Mobile Safari/537.36 (compatible; Googlebot/2.1; +http://www.google.com/bot.html)"
jomarlogistica.com.br:80 66.249.66.38 - - [13/Sep/2025:14:37:08 -0300] "GET /wp-content/plugins/case-theme-core/assets/css/main.css?ver=1.0.0 HTTP/1.1" 200 563 "https://jomarlogistica.com.br/2024/01/23/checkpoint-firewall-rules-export-best-practices-and-guidelines/" "Mozilla/5.0 (Linux; Android 6.0.1; Nexus 5X Build/MMB29P) AppleWebKit/537.36 (KHTML, like Gecko) Chrome/139.0.7258.127 Mobile Safari/537.36 (compatible; Googlebot/2.1; +http://www.google.com/bot.html)"
jomarlogistica.com.br:80 66.249.66.37 - - [13/Sep/2025:14:37:08 -0300] "GET /wp-content/plugins/meks-simple-flickr-widget/css/style.css?ver=1.2 HTTP/1.1" 200 596 "https://jomarlogistica.com.br/2024/01/23/checkpoint-firewall-rules-export-best-practices-and-guidelines/" "Mozilla/5.0 (Linux; Android 6.0.1; Nexus 5X Build/MMB29P) AppleWebKit/537.36 (KHTML, like Gecko) Chrome/139.0.7258.127 Mobile Safari/537.36 (compatible; Googlebot/2.1; +http://www.google.com/bot.html)"
jomarlogistica.com.br:80 66.249.66.38 - - [13/Sep/2025:14:37:10 -0300] "GET /wp-content/plugins/booked/assets/js/spin.jquery.js?ver=2.0.1 HTTP/1.1" 200 1167 "https://jomarlogistica.com.br/2024/01/23/checkpoint-firewall-rules-export-best-practices-and-guidelines/" "Mozilla/5.0 (Linux; Android 6.0.1; Nexus 5X Build/MMB29P) AppleWebKit/537.36 (KHTML, like Gecko) Chrome/139.0.7258.127 Mobile Safari/537.36 (compatible; Googlebot/2.1; +http://www.google.com/bot.html)"
jomarlogistica.com.br:80 66.249.66.37 - - [13/Sep/2025:14:37:09 -0300] "GET /?a7b529c=7457502 HTTP/1.1" 200 287 "https://jomarlogistica.com.br/2024/01/23/checkpoint-firewall-rules-export-best-practices-and-guidelines/" "Mozilla/5.0 (Linux; Android 6.0.1; Nexus 5X Build/MMB29P) AppleWebKit/537.36 (KHTML, like Gecko) Chrome/139.0.7258.127 Mobile Safari/537.36 (compatible; Googlebot/2.1; +http://www.google.com/bot.html)"
jomarlogistica.com.br:80 127.0.0.1 - - [13/Sep/2025:14:37:24 -0300] "OPTIONS * HTTP/1.0" 200 110 "-" "Apache/2.4.65 (Ubuntu) (internal dummy connection)"
jomarlogistica.com.br:80 172.20.1.117 - - [13/Sep/2025:14:40:38 -0300] "POST /wp-cron.php?doing_wp_cron=1757785238.4814341068267822265625 HTTP/1.1" 200 389 "https://jomarlogistica.com.br/wp-cron.php?doing_wp_cron=1757785238.4814341068267822265625" "WordPress/5.8.10; https://jomarlogistica.com.br"
jomarlogistica.com.br:80 57.141.0.68 - - [13/Sep/2025:14:40:38 -0300] "GET /2023/11/06/are-tinted-plate-covers-legal-in-ohio-ohio-license-plate-laws/ HTTP/1.1" 200 60709 "-" "meta-externalagent/1.1 (+https://developers.facebook.com/docs/sharing/webmasters/crawler)"
jomarlogistica.com.br:80 127.0.0.1 - - [13/Sep/2025:14:40:43 -0300] "OPTIONS * HTTP/1.0" 200 110 "-" "Apache/2.4.65 (Ubuntu) (internal dummy connection)"
jomarlogistica.com.br:80 172.20.1.117 - - [13/Sep/2025:14:42:58 -0300] "POST /wp-cron.php?doing_wp_cron=1757785378.7274730205535888671875 HTTP/1.1" 200 389 "https://jomarlogistica.com.br/wp-cron.php?doing_wp_cron=1757785378.7274730205535888671875" "WordPress/5.8.10; https://jomarlogistica.com.br"
jomarlogistica.com.br:80 57.141.0.1 - - [13/Sep/2025:14:42:58 -0300] "GET /2023/06/10/11-best-hookup-sites-in-2023-prime-websites-for-hook-ups/ HTTP/1.1" 200 79356 "-" "meta-externalagent/1.1 (+https://developers.facebook.com/docs/sharing/webmasters/crawler)"
jomarlogistica.com.br:80 127.0.0.1 - - [13/Sep/2025:14:43:04 -0300] "OPTIONS * HTTP/1.0" 200 110 "-" "Apache/2.4.65 (Ubuntu) (internal dummy connection)"
jomarlogistica.com.br:80 94.247.172.129 - - [13/Sep/2025:14:45:52 -0300] "GET / HTTP/1.1" 301 449 "-" "Mozilla/5.0 (Macintosh; Intel Mac OS X 10_9_2)"
jomarlogistica.com.br:80 94.247.172.129 - - [13/Sep/2025:14:45:54 -0300] "GET / HTTP/1.1" 200 23930 "-" "Mozilla/5.0 (Macintosh; Intel Mac OS X 10_9_2)"
jomarlogistica.com.br:80 127.0.0.1 - - [13/Sep/2025:14:46:00 -0300] "OPTIONS * HTTP/1.0" 200 110 "-" "Apache/2.4.65 (Ubuntu) (internal dummy connection)"
jomarlogistica.com.br:80 172.20.1.117 - - [13/Sep/2025:14:49:25 -0300] "POST /wp-cron.php?doing_wp_cron=1757785765.3249061107635498046875 HTTP/1.1" 200 389 "https://jomarlogistica.com.br/wp-cron.php?doing_wp_cron=1757785765.3249061107635498046875" "WordPress/5.8.10; https://jomarlogistica.com.br"
jomarlogistica.com.br:80 216.73.216.134 - - [13/Sep/2025:14:49:24 -0300] "GET /robots.txt HTTP/1.1" 200 584 "-" "Mozilla/5.0 AppleWebKit/537.36 (KHTML, like Gecko; compatible; ClaudeBot/1.0; +claudebot@anthropic.com)"
jomarlogistica.com.br:80 216.73.216.134 - - [13/Sep/2025:14:49:25 -0300] "GET /wp-sitemap.xml HTTP/1.1" 200 585 "-" "Mozilla/5.0 AppleWebKit/537.36 (KHTML, like Gecko; compatible; ClaudeBot/1.0; +claudebot@anthropic.com)"
jomarlogistica.com.br:80 127.0.0.1 - - [13/Sep/2025:14:49:30 -0300] "OPTIONS * HTTP/1.0" 200 110 "-" "Apache/2.4.65 (Ubuntu) (internal dummy connection)"
jomarlogistica.com.br:80 177.116.188.98 - - [13/Sep/2025:14:51:37 -0300] "POST /autodiscover/autodiscover.xml HTTP/1.1" 404 448 "-" "AppleExchangeWebServices/833 accountsd/113"
jomarlogistica.com.br:80 172.20.1.117 - - [13/Sep/2025:14:53:05 -0300] "POST /wp-cron.php?doing_wp_cron=1757785985.8985838890075683593750 HTTP/1.1" 200 389 "https://jomarlogistica.com.br/wp-cron.php?doing_wp_cron=1757785985.8985838890075683593750" "WordPress/5.8.10; https://jomarlogistica.com.br"
jomarlogistica.com.br:80 44.245.217.223 - - [13/Sep/2025:14:53:05 -0300] "GET /2022/05/12/baguette-laws-in-france-understanding-the-regulations/ HTTP/1.1" 200 62814 "-" "Mozilla/5.0 (Windows NT 10.0; Win64; x64) AppleWebKit/537.36 (KHTML, like Gecko) Chrome/113.0.0.0 Safari/537.36"
jomarlogistica.com.br:80 127.0.0.1 - - [13/Sep/2025:14:53:11 -0300] "OPTIONS * HTTP/1.0" 200 110 "-" "Apache/2.4.65 (Ubuntu) (internal dummy connection)"
jomarlogistica.com.br:80 57.141.0.28 - - [13/Sep/2025:14:53:26 -0300] "GET /2023/05/26/3-weird-laws-in-wisconsin-unusual-legal-statutes-explained/ HTTP/1.1" 200 61115 "-" "meta-externalagent/1.1 (+https://developers.facebook.com/docs/sharing/webmasters/crawler)"
jomarlogistica.com.br:80 216.73.216.134 - - [13/Sep/2025:14:54:10 -0300] "GET /2024/03/09/auburn-hills-legal-services-expert-legal-advice-representation/feed HTTP/1.1" 301 584 "-" "Mozilla/5.0 AppleWebKit/537.36 (KHTML, like Gecko; compatible; ClaudeBot/1.0; +claudebot@anthropic.com)"
jomarlogistica.com.br:80 216.73.216.134 - - [13/Sep/2025:14:54:10 -0300] "GET /2024/03/09/auburn-hills-legal-services-expert-legal-advice-representation/feed/ HTTP/1.1" 200 942 "https://jomarlogistica.com.br/2024/03/09/auburn-hills-legal-services-expert-legal-advice-representation/feed" "Mozilla/5.0 AppleWebKit/537.36 (KHTML, like Gecko; compatible; ClaudeBot/1.0; +claudebot@anthropic.com)"
jomarlogistica.com.br:80 172.20.1.117 - - [13/Sep/2025:14:59:39 -0300] "POST /wp-cron.php?doing_wp_cron=1757786379.5573370456695556640625 HTTP/1.1" 200 389 "https://jomarlogistica.com.br/wp-cron.php?doing_wp_cron=1757786379.5573370456695556640625" "WordPress/5.8.10; https://jomarlogistica.com.br"
jomarlogistica.com.br:80 216.73.216.134 - - [13/Sep/2025:14:59:39 -0300] "GET /?p=6301 HTTP/1.1" 301 485 "-" "Mozilla/5.0 AppleWebKit/537.36 (KHTML, like Gecko; compatible; ClaudeBot/1.0; +claudebot@anthropic.com)"
jomarlogistica.com.br:80 216.73.216.134 - - [13/Sep/2025:14:59:40 -0300] "GET /2023/05/10/what-is-datenraum-review/ HTTP/1.1" 200 17068 "https://jomarlogistica.com.br/?p=6301" "Mozilla/5.0 AppleWebKit/537.36 (KHTML, like Gecko; compatible; ClaudeBot/1.0; +claudebot@anthropic.com)"
jomarlogistica.com.br:80 127.0.0.1 - - [13/Sep/2025:14:59:45 -0300] "OPTIONS * HTTP/1.0" 200 110 "-" "Apache/2.4.65 (Ubuntu) (internal dummy connection)"
jomarlogistica.com.br:80 177.116.188.98 - - [13/Sep/2025:15:01:32 -0300] "POST /autodiscover/autodiscover.xml HTTP/1.1" 404 448 "-" "AppleExchangeWebServices/833 accountsd/113"
jomarlogistica.com.br:80 172.20.1.117 - - [13/Sep/2025:15:05:08 -0300] "POST /wp-cron.php?doing_wp_cron=1757786708.2587110996246337890625 HTTP/1.1" 200 389 "https://jomarlogistica.com.br/wp-cron.php?doing_wp_cron=1757786708.2587110996246337890625" "WordPress/5.8.10; https://jomarlogistica.com.br"
jomarlogistica.com.br:80 156.146.39.174 - - [13/Sep/2025:15:05:07 -0300] "GET /wp-login.php HTTP/1.1" 200 2994 "-" "Mozilla/5.0 (X11; Linux x86_64; rv:128.0) Gecko/20100101 Firefox/128.0"
jomarlogistica.com.br:80 156.146.39.174 - - [13/Sep/2025:15:05:09 -0300] "POST /wp-login.php HTTP/1.1" 403 2493 "-" "Mozilla/5.0 (X11; Linux x86_64; rv:128.0) Gecko/20100101 Firefox/128.0"
jomarlogistica.com.br:80 156.146.39.174 - - [13/Sep/2025:15:05:09 -0300] "GET /wp-admin HTTP/1.1" 301 515 "-" "Mozilla/5.0 (X11; Linux x86_64; rv:128.0) Gecko/20100101 Firefox/128.0"
jomarlogistica.com.br:80 156.146.39.174 - - [13/Sep/2025:15:05:11 -0300] "GET /wp-admin/ HTTP/1.1" 302 463 "-" "Mozilla/5.0 (X11; Linux x86_64; rv:128.0) Gecko/20100101 Firefox/128.0"
jomarlogistica.com.br:80 156.146.39.174 - - [13/Sep/2025:15:05:12 -0300] "GET /wp-login.php?redirect_to=https://jomarlogistica.com.br/wp-admin/&reauth=1 HTTP/1.1" 200 5014 "-" "Mozilla/5.0 (X11; Linux x86_64; rv:128.0) Gecko/20100101 Firefox/128.0"
