jomarlogistica.com.br:80 177.137.216.194 - - [13/Sep/2025:18:06:43 -0300] "GET /wp-content/themes/consultio/assets/js/bootstrap.min.js?ver=4.0.0 HTTP/1.1" 200 14168 "https://jomarlogistica.com.br/contato/" "Mozilla/5.0 (Linux; Android 10; K) AppleWebKit/537.36 (KHTML, like Gecko) Chrome/140.0.0.0 Mobile Safari/537.36"
jomarlogistica.com.br:80 177.137.216.194 - - [13/Sep/2025:18:06:43 -0300] "GET /wp-content/themes/consultio/assets/js/nice-select.min.js?ver=all HTTP/1.1" 200 1420 "https://jomarlogistica.com.br/contato/" "Mozilla/5.0 (Linux; Android 10; K) AppleWebKit/537.36 (KHTML, like Gecko) Chrome/140.0.0.0 Mobile Safari/537.36"
jomarlogistica.com.br:80 177.137.216.194 - - [13/Sep/2025:18:06:43 -0300] "GET /wp-content/themes/consultio/assets/js/match-height-min.js?ver=1.0.0 HTTP/1.1" 200 3557 "https://jomarlogistica.com.br/contato/" "Mozilla/5.0 (Linux; Android 10; K) AppleWebKit/537.36 (KHTML, like Gecko) Chrome/140.0.0.0 Mobile Safari/537.36"
jomarlogistica.com.br:80 177.137.216.194 - - [13/Sep/2025:18:06:43 -0300] "GET /wp-content/themes/consultio/assets/js/wow.min.js?ver=1.0.0 HTTP/1.1" 200 3260 "https://jomarlogistica.com.br/contato/" "Mozilla/5.0 (Linux; Android 10; K) AppleWebKit/537.36 (KHTML, like Gecko) Chrome/140.0.0.0 Mobile Safari/537.36"
jomarlogistica.com.br:80 177.137.216.194 - - [13/Sep/2025:18:06:43 -0300] "GET /wp-content/themes/consultio/assets/js/magnific-popup.min.js?ver=1.0.0 HTTP/1.1" 200 14895 "https://jomarlogistica.com.br/contato/" "Mozilla/5.0 (Linux; Android 10; K) AppleWebKit/537.36 (KHTML, like Gecko) Chrome/140.0.0.0 Mobile Safari/537.36"
jomarlogistica.com.br:80 177.137.216.194 - - [13/Sep/2025:18:06:43 -0300] "GET /wp-includes/js/wp-embed.min.js?ver=5.8.10 HTTP/1.1" 200 1177 "https://jomarlogistica.com.br/contato/" "Mozilla/5.0 (Linux; Android 10; K) AppleWebKit/537.36 (KHTML, like Gecko) Chrome/140.0.0.0 Mobile Safari/537.36"
jomarlogistica.com.br:80 177.137.216.194 - - [13/Sep/2025:18:06:43 -0300] "GET /wp-includes/js/jquery/ui/slider.min.js?ver=1.12.1 HTTP/1.1" 200 3602 "https://jomarlogistica.com.br/contato/" "Mozilla/5.0 (Linux; Android 10; K) AppleWebKit/537.36 (KHTML, like Gecko) Chrome/140.0.0.0 Mobile Safari/537.36"
jomarlogistica.com.br:80 177.137.216.194 - - [13/Sep/2025:18:06:43 -0300] "GET /wp-content/themes/consultio/assets/js/main.js?ver=2.8.0 HTTP/1.1" 200 6455 "https://jomarlogistica.com.br/contato/" "Mozilla/5.0 (Linux; Android 10; K) AppleWebKit/537.36 (KHTML, like Gecko) Chrome/140.0.0.0 Mobile Safari/537.36"
jomarlogistica.com.br:80 177.137.216.194 - - [13/Sep/2025:18:06:43 -0300] "GET /wp-content/plugins/elementor/assets/lib/waypoints/waypoints.min.js?ver=4.0.2 HTTP/1.1" 200 3464 "https://jomarlogistica.com.br/contato/" "Mozilla/5.0 (Linux; Android 10; K) AppleWebKit/537.36 (KHTML, like Gecko) Chrome/140.0.0.0 Mobile Safari/537.36"
jomarlogistica.com.br:80 177.137.216.194 - - [13/Sep/2025:18:06:43 -0300] "GET /wp-content/plugins/elementor/assets/js/webpack.runtime.min.js?ver=3.4.8 HTTP/1.1" 200 2544 "https://jomarlogistica.com.br/contato/" "Mozilla/5.0 (Linux; Android 10; K) AppleWebKit/537.36 (KHTML, like Gecko) Chrome/140.0.0.0 Mobile Safari/537.36"
jomarlogistica.com.br:80 177.137.216.194 - - [13/Sep/2025:18:06:43 -0300] "GET /wp-content/plugins/elementor/assets/lib/share-link/share-link.min.js?ver=3.4.8 HTTP/1.1" 200 1484 "https://jomarlogistica.com.br/contato/" "Mozilla/5.0 (Linux; Android 10; K) AppleWebKit/537.36 (KHTML, like Gecko) Chrome/140.0.0.0 Mobile Safari/537.36"
jomarlogistica.com.br:80 177.137.216.194 - - [13/Sep/2025:18:06:43 -0300] "GET /wp-content/plugins/elementor/assets/lib/dialog/dialog.min.js?ver=4.8.1 HTTP/1.1" 200 3967 "https://jomarlogistica.com.br/contato/" "Mozilla/5.0 (Linux; Android 10; K) AppleWebKit/537.36 (KHTML, like Gecko) Chrome/140.0.0.0 Mobile Safari/537.36"
jomarlogistica.com.br:80 177.137.216.194 - - [13/Sep/2025:18:06:43 -0300] "GET /wp-content/plugins/elementor/assets/js/frontend.min.js?ver=3.4.8 HTTP/1.1" 200 11432 "https://jomarlogistica.com.br/contato/" "Mozilla/5.0 (Linux; Android 10; K) AppleWebKit/537.36 (KHTML, like Gecko) Chrome/140.0.0.0 Mobile Safari/537.36"
jomarlogistica.com.br:80 177.137.216.194 - - [13/Sep/2025:18:06:43 -0300] "GET /wp-content/uploads/2021/12/contato.jpg HTTP/1.1" 200 109374 "https://jomarlogistica.com.br/contato/" "Mozilla/5.0 (Linux; Android 10; K) AppleWebKit/537.36 (KHTML, like Gecko) Chrome/140.0.0.0 Mobile Safari/537.36"
jomarlogistica.com.br:80 177.137.216.194 - - [13/Sep/2025:18:06:43 -0300] "GET /wp-content/uploads/2019/10/ic2.png HTTP/1.1" 200 5321 "https://jomarlogistica.com.br/contato/" "Mozilla/5.0 (Linux; Android 10; K) AppleWebKit/537.36 (KHTML, like Gecko) Chrome/140.0.0.0 Mobile Safari/537.36"
jomarlogistica.com.br:80 177.137.216.194 - - [13/Sep/2025:18:06:43 -0300] "GET /wp-includes/js/wp-emoji-release.min.js?ver=5.8.10 HTTP/1.1" 200 5577 "https://jomarlogistica.com.br/contato/" "Mozilla/5.0 (Linux; Android 10; K) AppleWebKit/537.36 (KHTML, like Gecko) Chrome/140.0.0.0 Mobile Safari/537.36"
jomarlogistica.com.br:80 177.137.216.194 - - [13/Sep/2025:18:06:43 -0300] "GET /wp-content/themes/consultio/assets/fonts/Flaticon.woff2 HTTP/1.1" 200 12814 "https://jomarlogistica.com.br/wp-content/themes/consultio/assets/css/flaticon.css?ver=2.8.0" "Mozilla/5.0 (Linux; Android 10; K) AppleWebKit/537.36 (KHTML, like Gecko) Chrome/140.0.0.0 Mobile Safari/537.36"
jomarlogistica.com.br:80 177.137.216.194 - - [13/Sep/2025:18:06:43 -0300] "GET /wp-content/themes/consultio/assets/fonts/Flaticon-v3.woff2 HTTP/1.1" 200 8049 "https://jomarlogistica.com.br/wp-content/themes/consultio/assets/css/flaticon-v3.css?ver=2.8.0" "Mozilla/5.0 (Linux; Android 10; K) AppleWebKit/537.36 (KHTML, like Gecko) Chrome/140.0.0.0 Mobile Safari/537.36"
jomarlogistica.com.br:80 177.137.216.194 - - [13/Sep/2025:18:06:43 -0300] "GET /wp-content/themes/consultio/assets/fonts/fontawesome/fa-solid-900.woff2 HTTP/1.1" 200 117654 "https://jomarlogistica.com.br/wp-content/themes/consultio/assets/css/font-awesome5.min.css?ver=5.8.0" "Mozilla/5.0 (Linux; Android 10; K) AppleWebKit/537.36 (KHTML, like Gecko) Chrome/140.0.0.0 Mobile Safari/537.36"
jomarlogistica.com.br:80 177.137.216.194 - - [13/Sep/2025:18:06:43 -0300] "GET /wp-content/plugins/elementor/assets/lib/font-awesome/webfonts/fa-solid-900.woff2 HTTP/1.1" 200 78476 "https://jomarlogistica.com.br/wp-content/plugins/elementor/assets/lib/font-awesome/css/solid.min.css?ver=5.15.3" "Mozilla/5.0 (Linux; Android 10; K) AppleWebKit/537.36 (KHTML, like Gecko) Chrome/140.0.0.0 Mobile Safari/537.36"
jomarlogistica.com.br:80 177.137.216.194 - - [13/Sep/2025:18:06:43 -0300] "GET /wp-content/themes/consultio/assets/fonts/Material-Design-Iconic-Font.woff2?v=2.2.0 HTTP/1.1" 200 38405 "https://jomarlogistica.com.br/wp-content/themes/consultio/assets/css/material-design-iconic-font.min.css?ver=2.2.0" "Mozilla/5.0 (Linux; Android 10; K) AppleWebKit/537.36 (KHTML, like Gecko) Chrome/140.0.0.0 Mobile Safari/537.36"
jomarlogistica.com.br:80 177.137.216.194 - - [13/Sep/2025:18:06:43 -0300] "GET /wp-content/themes/consultio/assets/fonts/fontawesome/fa-brands-400.woff2 HTTP/1.1" 200 75110 "https://jomarlogistica.com.br/wp-content/themes/consultio/assets/css/font-awesome5.min.css?ver=5.8.0" "Mozilla/5.0 (Linux; Android 10; K) AppleWebKit/537.36 (KHTML, like Gecko) Chrome/140.0.0.0 Mobile Safari/537.36"
jomarlogistica.com.br:80 177.137.216.194 - - [13/Sep/2025:18:06:44 -0300] "GET /wp-content/themes/consultio/assets/images/pointer.png HTTP/1.1" 200 998 "https://jomarlogistica.com.br/wp-content/themes/consultio/assets/css/theme.css?ver=2.8.0" "Mozilla/5.0 (Linux; Android 10; K) AppleWebKit/537.36 (KHTML, like Gecko) Chrome/140.0.0.0 Mobile Safari/537.36"
jomarlogistica.com.br:80 177.137.216.194 - - [13/Sep/2025:18:06:44 -0300] "GET /wp-content/plugins/elementor/assets/lib/font-awesome/webfonts/fa-brands-400.woff2 HTTP/1.1" 200 77174 "https://jomarlogistica.com.br/wp-content/plugins/elementor/assets/lib/font-awesome/css/brands.min.css?ver=5.15.3" "Mozilla/5.0 (Linux; Android 10; K) AppleWebKit/537.36 (KHTML, like Gecko) Chrome/140.0.0.0 Mobile Safari/537.36"
jomarlogistica.com.br:80 127.0.0.1 - - [13/Sep/2025:18:06:47 -0300] "OPTIONS * HTTP/1.0" 200 110 "-" "Apache/2.4.65 (Ubuntu) (internal dummy connection)"
jomarlogistica.com.br:80 127.0.0.1 - - [13/Sep/2025:18:06:48 -0300] "OPTIONS * HTTP/1.0" 200 110 "-" "Apache/2.4.65 (Ubuntu) (internal dummy connection)"
jomarlogistica.com.br:80 127.0.0.1 - - [13/Sep/2025:18:06:49 -0300] "OPTIONS * HTTP/1.0" 200 110 "-" "Apache/2.4.65 (Ubuntu) (internal dummy connection)"
jomarlogistica.com.br:80 172.20.1.117 - - [13/Sep/2025:18:07:32 -0300] "POST /wp-cron.php?doing_wp_cron=1757797652.5396280288696289062500 HTTP/1.1" 200 389 "https://jomarlogistica.com.br/wp-cron.php?doing_wp_cron=1757797652.5396280288696289062500" "WordPress/5.8.10; https://jomarlogistica.com.br"
jomarlogistica.com.br:80 57.141.0.5 - - [13/Sep/2025:18:07:32 -0300] "GET /2023/05/01/positives-and-negatives-of-dating-outside-your-culture/ HTTP/1.1" 200 80647 "-" "meta-externalagent/1.1 (+https://developers.facebook.com/docs/sharing/webmasters/crawler)"
jomarlogistica.com.br:80 127.0.0.1 - - [13/Sep/2025:18:07:38 -0300] "OPTIONS * HTTP/1.0" 200 110 "-" "Apache/2.4.65 (Ubuntu) (internal dummy connection)"
jomarlogistica.com.br:80 57.141.0.35 - - [13/Sep/2025:18:11:59 -0300] "GET /2022/12/08/dating-a-japanese-people-woman-cultural-dissimilarities-and-racial-stereotypes/ HTTP/1.1" 200 80588 "-" "meta-externalagent/1.1 (+https://developers.facebook.com/docs/sharing/webmasters/crawler)"
jomarlogistica.com.br:80 172.20.1.117 - - [13/Sep/2025:18:13:42 -0300] "POST /wp-cron.php?doing_wp_cron=1757798022.0861759185791015625000 HTTP/1.1" 200 389 "https://jomarlogistica.com.br/wp-cron.php?doing_wp_cron=1757798022.0861759185791015625000" "WordPress/5.8.10; https://jomarlogistica.com.br"
jomarlogistica.com.br:80 114.119.136.72 - - [13/Sep/2025:18:13:41 -0300] "GET /2023/07/08/some-essential-info-room-features-for-ma-due-diligence/ HTTP/1.1" 200 17413 "https://jomarlogistica.com.br/2023/page/16/" "Mozilla/5.0 (Linux; Android 7.0;) AppleWebKit/537.36 (KHTML, like Gecko) Mobile Safari/537.36 (compatible; PetalBot;+https://webmaster.petalsearch.com/site/petalbot)"
jomarlogistica.com.br:80 127.0.0.1 - - [13/Sep/2025:18:13:47 -0300] "OPTIONS * HTTP/1.0" 200 110 "-" "Apache/2.4.65 (Ubuntu) (internal dummy connection)"
jomarlogistica.com.br:80 172.20.1.117 - - [13/Sep/2025:18:22:02 -0300] "POST /wp-cron.php?doing_wp_cron=1757798522.1819109916687011718750 HTTP/1.1" 200 389 "https://jomarlogistica.com.br/wp-cron.php?doing_wp_cron=1757798522.1819109916687011718750" "WordPress/5.8.10; https://jomarlogistica.com.br"
jomarlogistica.com.br:80 57.141.0.48 - - [13/Sep/2025:18:22:01 -0300] "GET /2023/04/20/agreements-in-globalization-international-legal-understanding/ HTTP/1.1" 200 64063 "-" "meta-externalagent/1.1 (+https://developers.facebook.com/docs/sharing/webmasters/crawler)"
jomarlogistica.com.br:80 127.0.0.1 - - [13/Sep/2025:18:22:07 -0300] "OPTIONS * HTTP/1.0" 200 110 "-" "Apache/2.4.65 (Ubuntu) (internal dummy connection)"
jomarlogistica.com.br:80 172.20.1.117 - - [13/Sep/2025:18:27:16 -0300] "POST /wp-cron.php?doing_wp_cron=1757798836.5133419036865234375000 HTTP/1.1" 200 389 "https://jomarlogistica.com.br/wp-cron.php?doing_wp_cron=1757798836.5133419036865234375000" "WordPress/5.8.10; https://jomarlogistica.com.br"
jomarlogistica.com.br:80 114.119.159.76 - - [13/Sep/2025:18:27:16 -0300] "GET /2023/11/23/advocates-account-rules-1988-sarawak-guidelines-for-legal-professionals/ HTTP/1.1" 200 13956 "https://jomarlogistica.com.br/2023/11/30/bill-cannot-become-law-until-it-is-passed-legal-insights/" "Mozilla/5.0 (Linux; Android 7.0;) AppleWebKit/537.36 (KHTML, like Gecko) Mobile Safari/537.36 (compatible; PetalBot;+https://webmaster.petalsearch.com/site/petalbot)"
jomarlogistica.com.br:80 127.0.0.1 - - [13/Sep/2025:18:27:21 -0300] "OPTIONS * HTTP/1.0" 200 110 "-" "Apache/2.4.65 (Ubuntu) (internal dummy connection)"
jomarlogistica.com.br:80 114.119.128.158 - - [13/Sep/2025:18:28:30 -0300] "GET /2023/02/ HTTP/1.1" 200 18614 "https://jomarlogistica.com.br/2022/11/19/how-to-find-millionaire-on-line/" "Mozilla/5.0 (Linux; Android 7.0;) AppleWebKit/537.36 (KHTML, like Gecko) Mobile Safari/537.36 (compatible; PetalBot;+https://webmaster.petalsearch.com/site/petalbot)"
jomarlogistica.com.br:80 94.74.87.221 - - [13/Sep/2025:18:28:35 -0300] "GET /2023/12/16/air-france-covid-requirements-legal-guidelines-and-updates/ HTTP/1.1" 200 14229 "https://jomarlogistica.com.br/2023/12/16/air-france-covid-requirements-legal-guidelines-and-updates/" "Mozilla/5.0 (Windows NT 10.0; Win64; x64) AppleWebKit/537.36 (KHTML, like Gecko) Chrome/101.0.4951.64 Safari/537.36 Edg/101.0.1210.47"
jomarlogistica.com.br:80 114.119.159.76 - - [13/Sep/2025:18:30:24 -0300] "GET /2022/11/14/manifesting-love-signs-you-are-in-love-2/ HTTP/1.1" 200 17395 "https://jomarlogistica.com.br/2022/11/15/realizing-love-how-to-express-love/" "Mozilla/5.0 (Linux; Android 7.0;) AppleWebKit/537.36 (KHTML, like Gecko) Mobile Safari/537.36 (compatible; PetalBot;+https://webmaster.petalsearch.com/site/petalbot)"
jomarlogistica.com.br:80 172.20.1.117 - - [13/Sep/2025:18:33:40 -0300] "POST /wp-cron.php?doing_wp_cron=1757799220.3183729648590087890625 HTTP/1.1" 200 389 "https://jomarlogistica.com.br/wp-cron.php?doing_wp_cron=1757799220.3183729648590087890625" "WordPress/5.8.10; https://jomarlogistica.com.br"
jomarlogistica.com.br:80 216.73.216.134 - - [13/Sep/2025:18:33:39 -0300] "GET /wp-sitemap.xml HTTP/1.1" 200 643 "-" "Mozilla/5.0 AppleWebKit/537.36 (KHTML, like Gecko; compatible; ClaudeBot/1.0; +claudebot@anthropic.com)"
jomarlogistica.com.br:80 127.0.0.1 - - [13/Sep/2025:18:33:44 -0300] "OPTIONS * HTTP/1.0" 200 110 "-" "Apache/2.4.65 (Ubuntu) (internal dummy connection)"
jomarlogistica.com.br:80 66.249.88.1 - - [13/Sep/2025:18:37:24 -0300] "GET /.well-known/traffic-advice HTTP/1.1" 404 448 "-" "Chrome Privacy Preserving Prefetch Proxy"
jomarlogistica.com.br:80 172.20.1.117 - - [13/Sep/2025:18:37:25 -0300] "POST /wp-cron.php?doing_wp_cron=1757799444.9426739215850830078125 HTTP/1.1" 200 389 "https://jomarlogistica.com.br/wp-cron.php?doing_wp_cron=1757799444.9426739215850830078125" "WordPress/5.8.10; https://jomarlogistica.com.br"
jomarlogistica.com.br:80 162.120.186.73 - - [13/Sep/2025:18:37:24 -0300] "GET /2022/03/18/are-bearded-dragons-legal-in-new-york-laws-regulations-explained/ HTTP/1.1" 200 13921 "https://www.google.com/" "Mozilla/5.0 (Windows NT 10.0; Win64; x64) AppleWebKit/537.36 (KHTML, like Gecko) Chrome/140.0.0.0 Safari/537.36"
jomarlogistica.com.br:80 127.0.0.1 - - [13/Sep/2025:18:37:30 -0300] "OPTIONS * HTTP/1.0" 200 110 "-" "Apache/2.4.65 (Ubuntu) (internal dummy connection)"
jomarlogistica.com.br:80 172.20.1.117 - - [13/Sep/2025:18:44:37 -0300] "POST /wp-cron.php?doing_wp_cron=1757799877.3464620113372802734375 HTTP/1.1" 200 389 "https://jomarlogistica.com.br/wp-cron.php?doing_wp_cron=1757799877.3464620113372802734375" "WordPress/5.8.10; https://jomarlogistica.com.br"
jomarlogistica.com.br:80 173.252.83.5 - - [13/Sep/2025:18:44:36 -0300] "GET /robots.txt HTTP/1.1" 206 610 "-" "facebookexternalhit/1.1 (+http://www.facebook.com/externalhit_uatext.php)"
jomarlogistica.com.br:80 127.0.0.1 - - [13/Sep/2025:18:44:42 -0300] "OPTIONS * HTTP/1.0" 200 110 "-" "Apache/2.4.65 (Ubuntu) (internal dummy connection)"
jomarlogistica.com.br:80 191.101.157.242 - - [13/Sep/2025:18:45:29 -0300] "GET /wp-login.php HTTP/1.1" 200 2994 "-" "Mozilla/5.0 (X11; Linux x86_64; rv:128.0) Gecko/20100101 Firefox/128.0"
jomarlogistica.com.br:80 191.101.157.242 - - [13/Sep/2025:18:45:29 -0300] "POST /wp-login.php HTTP/1.1" 403 2493 "-" "Mozilla/5.0 (X11; Linux x86_64; rv:128.0) Gecko/20100101 Firefox/128.0"
jomarlogistica.com.br:80 191.101.157.242 - - [13/Sep/2025:18:45:30 -0300] "GET /wp-admin HTTP/1.1" 301 515 "-" "Mozilla/5.0 (X11; Linux x86_64; rv:128.0) Gecko/20100101 Firefox/128.0"
jomarlogistica.com.br:80 191.101.157.242 - - [13/Sep/2025:18:45:32 -0300] "GET /wp-admin/ HTTP/1.1" 302 463 "-" "Mozilla/5.0 (X11; Linux x86_64; rv:128.0) Gecko/20100101 Firefox/128.0"
jomarlogistica.com.br:80 191.101.157.242 - - [13/Sep/2025:18:45:32 -0300] "GET /wp-login.php?redirect_to=https://jomarlogistica.com.br/wp-admin/&reauth=1 HTTP/1.1" 200 5014 "-" "Mozilla/5.0 (X11; Linux x86_64; rv:128.0) Gecko/20100101 Firefox/128.0"
jomarlogistica.com.br:80 172.20.1.117 - - [13/Sep/2025:18:53:02 -0300] "POST /wp-cron.php?doing_wp_cron=1757800382.8509540557861328125000 HTTP/1.1" 200 389 "https://jomarlogistica.com.br/wp-cron.php?doing_wp_cron=1757800382.8509540557861328125000" "WordPress/5.8.10; https://jomarlogistica.com.br"
jomarlogistica.com.br:80 57.141.0.71 - - [13/Sep/2025:18:53:02 -0300] "GET /2024/03/09/are-50-caliber-guns-legal-in-canada-rules-and-regulations-explained/ HTTP/1.1" 200 62457 "-" "meta-externalagent/1.1 (+https://developers.facebook.com/docs/sharing/webmasters/crawler)"
jomarlogistica.com.br:80 127.0.0.1 - - [13/Sep/2025:18:53:08 -0300] "OPTIONS * HTTP/1.0" 200 110 "-" "Apache/2.4.65 (Ubuntu) (internal dummy connection)"
jomarlogistica.com.br:80 173.252.83.115 - - [13/Sep/2025:18:54:49 -0300] "GET /robots.txt HTTP/1.1" 206 610 "-" "facebookexternalhit/1.1 (+http://www.facebook.com/externalhit_uatext.php)"
jomarlogistica.com.br:80 177.116.188.98 - - [13/Sep/2025:18:56:04 -0300] "POST /autodiscover/autodiscover.xml HTTP/1.1" 404 448 "-" "AppleExchangeWebServices/833 accountsd/113"
jomarlogistica.com.br:80 172.20.1.117 - - [13/Sep/2025:19:00:00 -0300] "POST /wp-cron.php?doing_wp_cron=1757800800.0641000270843505859375 HTTP/1.1" 200 389 "https://jomarlogistica.com.br/wp-cron.php?doing_wp_cron=1757800800.0641000270843505859375" "WordPress/5.8.10; https://jomarlogistica.com.br"
jomarlogistica.com.br:80 114.119.138.207 - - [13/Sep/2025:18:59:59 -0300] "GET /2023/page/6/ HTTP/1.1" 200 18484 "https://jomarlogistica.com.br/2023/page/7/" "Mozilla/5.0 (Linux; Android 7.0;) AppleWebKit/537.36 (KHTML, like Gecko) Mobile Safari/537.36 (compatible; PetalBot;+https://webmaster.petalsearch.com/site/petalbot)"
jomarlogistica.com.br:80 127.0.0.1 - - [13/Sep/2025:19:00:05 -0300] "OPTIONS * HTTP/1.0" 200 110 "-" "Apache/2.4.65 (Ubuntu) (internal dummy connection)"
jomarlogistica.com.br:80 114.119.158.0 - - [13/Sep/2025:19:01:19 -0300] "GET /category/jomar/page/37/ HTTP/1.1" 200 18834 "https://jomarlogistica.com.br/category/jomar/page/38/" "Mozilla/5.0 (Linux; Android 7.0;) AppleWebKit/537.36 (KHTML, like Gecko) Mobile Safari/537.36 (compatible; PetalBot;+https://webmaster.petalsearch.com/site/petalbot)"
jomarlogistica.com.br:80 172.20.1.117 - - [13/Sep/2025:19:02:42 -0300] "POST /wp-cron.php?doing_wp_cron=1757800962.4079580307006835937500 HTTP/1.1" 200 389 "https://jomarlogistica.com.br/wp-cron.php?doing_wp_cron=1757800962.4079580307006835937500" "WordPress/5.8.10; https://jomarlogistica.com.br"
jomarlogistica.com.br:80 114.119.159.76 - - [13/Sep/2025:19:02:42 -0300] "GET /author/jomar/page/47/ HTTP/1.1" 200 18694 "https://jomarlogistica.com.br/author/jomar/page/48/" "Mozilla/5.0 (Linux; Android 7.0;) AppleWebKit/537.36 (KHTML, like Gecko) Mobile Safari/537.36 (compatible; PetalBot;+https://webmaster.petalsearch.com/site/petalbot)"
jomarlogistica.com.br:80 127.0.0.1 - - [13/Sep/2025:19:02:47 -0300] "OPTIONS * HTTP/1.0" 200 110 "-" "Apache/2.4.65 (Ubuntu) (internal dummy connection)"
jomarlogistica.com.br:80 109.199.118.129 - - [13/Sep/2025:19:03:26 -0300] "GET / HTTP/1.1" 200 23930 "-" "Mozilla/5.0 (Windows NT 10.0; Win64; x64) AppleWebKit/537.36 (KHTML, like Gecko) Chrome/91.0.4472.114 Safari/537.36 Edg/91.0.864.54"
jomarlogistica.com.br:80 114.119.128.158 - - [13/Sep/2025:19:04:08 -0300] "GET /author/jomar/page/38/ HTTP/1.1" 200 18651 "https://jomarlogistica.com.br/author/jomar/page/38/" "Mozilla/5.0 (Linux; Android 7.0;) AppleWebKit/537.36 (KHTML, like Gecko) Mobile Safari/537.36 (compatible; PetalBot;+https://webmaster.petalsearch.com/site/petalbot)"
jomarlogistica.com.br:80 172.20.1.117 - - [13/Sep/2025:19:05:32 -0300] "POST /wp-cron.php?doing_wp_cron=1757801132.9234418869018554687500 HTTP/1.1" 200 389 "https://jomarlogistica.com.br/wp-cron.php?doing_wp_cron=1757801132.9234418869018554687500" "WordPress/5.8.10; https://jomarlogistica.com.br"
jomarlogistica.com.br:80 114.119.128.158 - - [13/Sep/2025:19:05:32 -0300] "GET /2024/01/ HTTP/1.1" 200 13429 "https://jomarlogistica.com.br/2023/12/25/understanding-the-2-year-rule-employment-legal-guidelines-and-advice/" "Mozilla/5.0 (Linux; Android 7.0;) AppleWebKit/537.36 (KHTML, like Gecko) Mobile Safari/537.36 (compatible; PetalBot;+https://webmaster.petalsearch.com/site/petalbot)"
jomarlogistica.com.br:80 127.0.0.1 - - [13/Sep/2025:19:05:37 -0300] "OPTIONS * HTTP/1.0" 200 110 "-" "Apache/2.4.65 (Ubuntu) (internal dummy connection)"
jomarlogistica.com.br:80 185.191.171.15 - - [13/Sep/2025:19:06:26 -0300] "GET /robots.txt HTTP/1.1" 200 584 "-" "Mozilla/5.0 (compatible; SemrushBot/7~bl; +http://www.semrush.com/bot.html)"
jomarlogistica.com.br:80 185.191.171.8 - - [13/Sep/2025:19:06:27 -0300] "GET /2023/10/31/career-tips-to-help-you-land-the-positioning-you-want/ HTTP/1.1" 200 17393 "-" "Mozilla/5.0 (compatible; SemrushBot/7~bl; +http://www.semrush.com/bot.html)"
jomarlogistica.com.br:80 127.0.0.1 - - [13/Sep/2025:19:06:32 -0300] "OPTIONS * HTTP/1.0" 200 110 "-" "Apache/2.4.65 (Ubuntu) (internal dummy connection)"
jomarlogistica.com.br:80 114.119.136.72 - - [13/Sep/2025:19:07:07 -0300] "GET /2023/04/30/tips-on-how-to-date-an-area-latino-daughter-that-want-to-marry-tourists/ HTTP/1.1" 200 18304 "https://jomarlogistica.com.br/category/jomar/page/29/" "Mozilla/5.0 (Linux; Android 7.0;) AppleWebKit/537.36 (KHTML, like Gecko) Mobile Safari/537.36 (compatible; PetalBot;+https://webmaster.petalsearch.com/site/petalbot)"
jomarlogistica.com.br:80 172.20.1.117 - - [13/Sep/2025:19:08:30 -0300] "POST /wp-cron.php?doing_wp_cron=1757801310.5446939468383789062500 HTTP/1.1" 200 389 "https://jomarlogistica.com.br/wp-cron.php?doing_wp_cron=1757801310.5446939468383789062500" "WordPress/5.8.10; https://jomarlogistica.com.br"
jomarlogistica.com.br:80 114.119.138.207 - - [13/Sep/2025:19:08:30 -0300] "GET /2022/06/24/eavesdropping-laws-in-georgia-what-you-need-to-know/ HTTP/1.1" 200 14406 "https://jomarlogistica.com.br/2022/06/" "Mozilla/5.0 (Linux; Android 7.0;) AppleWebKit/537.36 (KHTML, like Gecko) Mobile Safari/537.36 (compatible; PetalBot;+https://webmaster.petalsearch.com/site/petalbot)"
jomarlogistica.com.br:80 127.0.0.1 - - [13/Sep/2025:19:08:35 -0300] "OPTIONS * HTTP/1.0" 200 110 "-" "Apache/2.4.65 (Ubuntu) (internal dummy connection)"
jomarlogistica.com.br:80 172.20.1.117 - - [13/Sep/2025:19:21:46 -0300] "POST /wp-cron.php?doing_wp_cron=1757802106.2996790409088134765625 HTTP/1.1" 200 389 "https://jomarlogistica.com.br/wp-cron.php?doing_wp_cron=1757802106.2996790409088134765625" "WordPress/5.8.10; https://jomarlogistica.com.br"
jomarlogistica.com.br:80 149.34.245.206 - - [13/Sep/2025:19:21:45 -0300] "GET /wp-login.php HTTP/1.1" 200 2994 "-" "Mozilla/5.0 (X11; Linux x86_64; rv:128.0) Gecko/20100101 Firefox/128.0"
jomarlogistica.com.br:80 149.34.245.206 - - [13/Sep/2025:19:21:47 -0300] "POST /wp-login.php HTTP/1.1" 403 2493 "-" "Mozilla/5.0 (X11; Linux x86_64; rv:128.0) Gecko/20100101 Firefox/128.0"
jomarlogistica.com.br:80 149.34.245.206 - - [13/Sep/2025:19:21:48 -0300] "GET /wp-admin HTTP/1.1" 301 515 "-" "Mozilla/5.0 (X11; Linux x86_64; rv:128.0) Gecko/20100101 Firefox/128.0"
jomarlogistica.com.br:80 149.34.245.206 - - [13/Sep/2025:19:21:49 -0300] "GET /wp-admin/ HTTP/1.1" 302 463 "-" "Mozilla/5.0 (X11; Linux x86_64; rv:128.0) Gecko/20100101 Firefox/128.0"
jomarlogistica.com.br:80 149.34.245.206 - - [13/Sep/2025:19:21:50 -0300] "GET /wp-login.php?redirect_to=https://jomarlogistica.com.br/wp-admin/&reauth=1 HTTP/1.1" 200 5014 "-" "Mozilla/5.0 (X11; Linux x86_64; rv:128.0) Gecko/20100101 Firefox/128.0"
jomarlogistica.com.br:80 127.0.0.1 - - [13/Sep/2025:19:21:51 -0300] "OPTIONS * HTTP/1.0" 200 110 "-" "Apache/2.4.65 (Ubuntu) (internal dummy connection)"
jomarlogistica.com.br:80 127.0.0.1 - - [13/Sep/2025:19:21:52 -0300] "OPTIONS * HTTP/1.0" 200 110 "-" "Apache/2.4.65 (Ubuntu) (internal dummy connection)"
jomarlogistica.com.br:80 172.20.1.117 - - [13/Sep/2025:19:24:33 -0300] "POST /wp-cron.php?doing_wp_cron=1757802273.9199180603027343750000 HTTP/1.1" 200 389 "https://jomarlogistica.com.br/wp-cron.php?doing_wp_cron=1757802273.9199180603027343750000" "WordPress/5.8.10; https://jomarlogistica.com.br"
jomarlogistica.com.br:80 114.119.134.192 - - [13/Sep/2025:19:24:33 -0300] "GET /2023/04/12/asian-american-friends-and-family-expectations/ HTTP/1.1" 200 17594 "https://jomarlogistica.com.br/category/jomar/page/33/" "Mozilla/5.0 (Linux; Android 7.0;) AppleWebKit/537.36 (KHTML, like Gecko) Mobile Safari/537.36 (compatible; PetalBot;+https://webmaster.petalsearch.com/site/petalbot)"
jomarlogistica.com.br:80 127.0.0.1 - - [13/Sep/2025:19:24:39 -0300] "OPTIONS * HTTP/1.0" 200 110 "-" "Apache/2.4.65 (Ubuntu) (internal dummy connection)"
jomarlogistica.com.br:80 114.119.138.130 - - [13/Sep/2025:19:25:53 -0300] "GET /2023/05/24/avg-antivirus-review/ HTTP/1.1" 200 17318 "https://jomarlogistica.com.br/2023/page/22/" "Mozilla/5.0 (Linux; Android 7.0;) AppleWebKit/537.36 (KHTML, like Gecko) Mobile Safari/537.36 (compatible; PetalBot;+https://webmaster.petalsearch.com/site/petalbot)"
jomarlogistica.com.br:80 172.20.1.117 - - [13/Sep/2025:19:31:09 -0300] "POST /wp-cron.php?doing_wp_cron=1757802669.4343008995056152343750 HTTP/1.1" 200 389 "https://jomarlogistica.com.br/wp-cron.php?doing_wp_cron=1757802669.4343008995056152343750" "WordPress/5.8.10; https://jomarlogistica.com.br"
jomarlogistica.com.br:80 177.116.188.98 - - [13/Sep/2025:19:31:09 -0300] "POST /autodiscover/autodiscover.xml HTTP/1.1" 404 448 "-" "AppleExchangeWebServices/833 accountsd/113"
jomarlogistica.com.br:80 127.0.0.1 - - [13/Sep/2025:19:31:14 -0300] "OPTIONS * HTTP/1.0" 200 110 "-" "Apache/2.4.65 (Ubuntu) (internal dummy connection)"
jomarlogistica.com.br:80 172.20.1.117 - - [13/Sep/2025:19:35:05 -0300] "POST /wp-cron.php?doing_wp_cron=1757802905.3674659729003906250000 HTTP/1.1" 200 389 "https://jomarlogistica.com.br/wp-cron.php?doing_wp_cron=1757802905.3674659729003906250000" "WordPress/5.8.10; https://jomarlogistica.com.br"
jomarlogistica.com.br:80 57.141.0.18 - - [13/Sep/2025:19:35:04 -0300] "GET /2023/07/11/bc-alr-rules-your-guide-to-agricultural-land-reserve-regulations/ HTTP/1.1" 200 62124 "-" "meta-externalagent/1.1 (+https://developers.facebook.com/docs/sharing/webmasters/crawler)"
jomarlogistica.com.br:80 127.0.0.1 - - [13/Sep/2025:19:35:10 -0300] "OPTIONS * HTTP/1.0" 200 110 "-" "Apache/2.4.65 (Ubuntu) (internal dummy connection)"
jomarlogistica.com.br:80 17.241.75.143 - - [13/Sep/2025:19:36:45 -0300] "GET /2023/09/16/best-vpn-for-phone-and-computer/ HTTP/1.1" 200 17243 "-" "Mozilla/5.0 (Macintosh; Intel Mac OS X 10_15_7) AppleWebKit/605.1.15 (KHTML, like Gecko) Version/17.4 Safari/605.1.15 (Applebot/0.1; +http://www.apple.com/go/applebot)"
jomarlogistica.com.br:80 172.20.1.117 - - [13/Sep/2025:19:39:40 -0300] "POST /wp-cron.php?doing_wp_cron=1757803180.7890410423278808593750 HTTP/1.1" 200 389 "https://jomarlogistica.com.br/wp-cron.php?doing_wp_cron=1757803180.7890410423278808593750" "WordPress/5.8.10; https://jomarlogistica.com.br"
jomarlogistica.com.br:80 114.119.135.84 - - [13/Sep/2025:19:39:40 -0300] "GET /2023/09/20/universal-life-church-marriages-in-ohio-legal-status-explained/ HTTP/1.1" 200 13677 "https://jomarlogistica.com.br/2023/09/22/attachment-definition-in-legal-terms-understanding-legal-attachment/" "Mozilla/5.0 (Linux; Android 7.0;) AppleWebKit/537.36 (KHTML, like Gecko) Mobile Safari/537.36 (compatible; PetalBot;+https://webmaster.petalsearch.com/site/petalbot)"
jomarlogistica.com.br:80 127.0.0.1 - - [13/Sep/2025:19:39:45 -0300] "OPTIONS * HTTP/1.0" 200 110 "-" "Apache/2.4.65 (Ubuntu) (internal dummy connection)"
jomarlogistica.com.br:80 114.119.134.192 - - [13/Sep/2025:19:41:08 -0300] "GET /2023/page/42/ HTTP/1.1" 200 16776 "https://jomarlogistica.com.br/2023/page/30/" "Mozilla/5.0 (Linux; Android 7.0;) AppleWebKit/537.36 (KHTML, like Gecko) Mobile Safari/537.36 (compatible; PetalBot;+https://webmaster.petalsearch.com/site/petalbot)"
jomarlogistica.com.br:80 17.22.237.243 - - [13/Sep/2025:19:41:44 -0300] "GET /wp-includes/js/wp-emoji-release.min.js?ver=5.8.10 HTTP/1.1" 200 5577 "https://jomarlogistica.com.br/2023/09/16/best-vpn-for-phone-and-computer/" "Mozilla/5.0 (Macintosh; Intel Mac OS X 10_15_7) AppleWebKit/605.1.15 (KHTML, like Gecko) Version/17.4 Safari/605.1.15 (Applebot/0.1; +http://www.apple.com/go/applebot)"
jomarlogistica.com.br:80 17.22.253.43 - - [13/Sep/2025:19:41:46 -0300] "GET /wp-includes/js/jquery/jquery-migrate.min.js?ver=3.3.2 HTTP/1.1" 200 4613 "https://jomarlogistica.com.br/2023/09/16/best-vpn-for-phone-and-computer/" "Mozilla/5.0 (Macintosh; Intel Mac OS X 10_15_7) AppleWebKit/605.1.15 (KHTML, like Gecko) Version/17.4 Safari/605.1.15 (Applebot/0.1; +http://www.apple.com/go/applebot)"
jomarlogistica.com.br:80 17.22.253.224 - - [13/Sep/2025:19:41:46 -0300] "GET /wp-content/plugins/case-theme-core/assets/js/main.js?ver=1.0.0 HTTP/1.1" 200 570 "https://jomarlogistica.com.br/2023/09/16/best-vpn-for-phone-and-computer/" "Mozilla/5.0 (Macintosh; Intel Mac OS X 10_15_7) AppleWebKit/605.1.15 (KHTML, like Gecko) Version/17.4 Safari/605.1.15 (Applebot/0.1; +http://www.apple.com/go/applebot)"
jomarlogistica.com.br:80 17.22.253.245 - - [13/Sep/2025:19:41:47 -0300] "GET /wp-content/themes/consultio/elementor/js/ct-inline-css.js?ver=2.8.0 HTTP/1.1" 200 864 "https://jomarlogistica.com.br/2023/09/16/best-vpn-for-phone-and-computer/" "Mozilla/5.0 (Macintosh; Intel Mac OS X 10_15_7) AppleWebKit/605.1.15 (KHTML, like Gecko) Version/17.4 Safari/605.1.15 (Applebot/0.1; +http://www.apple.com/go/applebot)"
jomarlogistica.com.br:80 17.22.245.20 - - [13/Sep/2025:19:41:47 -0300] "GET /wp-includes/js/jquery/jquery.min.js?ver=3.6.0 HTTP/1.1" 200 32444 "https://jomarlogistica.com.br/2023/09/16/best-vpn-for-phone-and-computer/" "Mozilla/5.0 (Macintosh; Intel Mac OS X 10_15_7) AppleWebKit/605.1.15 (KHTML, like Gecko) Version/17.4 Safari/605.1.15 (Applebot/0.1; +http://www.apple.com/go/applebot)"
jomarlogistica.com.br:80 17.22.245.24 - - [13/Sep/2025:19:41:48 -0300] "GET /wp-includes/js/jquery/ui/core.min.js?ver=1.12.1 HTTP/1.1" 200 7437 "https://jomarlogistica.com.br/2023/09/16/best-vpn-for-phone-and-computer/" "Mozilla/5.0 (Macintosh; Intel Mac OS X 10_15_7) AppleWebKit/605.1.15 (KHTML, like Gecko) Version/17.4 Safari/605.1.15 (Applebot/0.1; +http://www.apple.com/go/applebot)"
jomarlogistica.com.br:80 17.22.245.162 - - [13/Sep/2025:19:41:48 -0300] "GET /wp-includes/js/jquery/ui/datepicker.min.js?ver=1.12.1 HTTP/1.1" 200 11555 "https://jomarlogistica.com.br/2023/09/16/best-vpn-for-phone-and-computer/" "Mozilla/5.0 (Macintosh; Intel Mac OS X 10_15_7) AppleWebKit/605.1.15 (KHTML, like Gecko) Version/17.4 Safari/605.1.15 (Applebot/0.1; +http://www.apple.com/go/applebot)"
jomarlogistica.com.br:80 17.22.253.43 - - [13/Sep/2025:19:41:49 -0300] "GET /wp-content/plugins/booked/assets/js/spin.min.js?ver=2.0.1 HTTP/1.1" 200 2463 "https://jomarlogistica.com.br/2023/09/16/best-vpn-for-phone-and-computer/" "Mozilla/5.0 (Macintosh; Intel Mac OS X 10_15_7) AppleWebKit/605.1.15 (KHTML, like Gecko) Version/17.4 Safari/605.1.15 (Applebot/0.1; +http://www.apple.com/go/applebot)"
jomarlogistica.com.br:80 17.22.253.245 - - [13/Sep/2025:19:41:49 -0300] "GET /wp-content/plugins/booked/assets/js/tooltipster/js/jquery.tooltipster.min.js?ver=3.3.0 HTTP/1.1" 200 5373 "https://jomarlogistica.com.br/2023/09/16/best-vpn-for-phone-and-computer/" "Mozilla/5.0 (Macintosh; Intel Mac OS X 10_15_7) AppleWebKit/605.1.15 (KHTML, like Gecko) Version/17.4 Safari/605.1.15 (Applebot/0.1; +http://www.apple.com/go/applebot)"
jomarlogistica.com.br:80 17.22.245.66 - - [13/Sep/2025:19:41:49 -0300] "GET /wp-content/plugins/booked/assets/js/spin.jquery.js?ver=2.0.1 HTTP/1.1" 200 1167 "https://jomarlogistica.com.br/2023/09/16/best-vpn-for-phone-and-computer/" "Mozilla/5.0 (Macintosh; Intel Mac OS X 10_15_7) AppleWebKit/605.1.15 (KHTML, like Gecko) Version/17.4 Safari/605.1.15 (Applebot/0.1; +http://www.apple.com/go/applebot)"
jomarlogistica.com.br:80 17.22.237.6 - - [13/Sep/2025:19:41:50 -0300] "GET /wp-content/plugins/booked/assets/js/functions.js?ver=2.3.5 HTTP/1.1" 200 10029 "https://jomarlogistica.com.br/2023/09/16/best-vpn-for-phone-and-computer/" "Mozilla/5.0 (Macintosh; Intel Mac OS X 10_15_7) AppleWebKit/605.1.15 (KHTML, like Gecko) Version/17.4 Safari/605.1.15 (Applebot/0.1; +http://www.apple.com/go/applebot)"
jomarlogistica.com.br:80 17.22.253.188 - - [13/Sep/2025:19:41:51 -0300] "GET /wp-content/plugins/case-theme-user/acess/js/notify.min.js?ver=1.0.0 HTTP/1.1" 200 7826 "https://jomarlogistica.com.br/2023/09/16/best-vpn-for-phone-and-computer/" "Mozilla/5.0 (Macintosh; Intel Mac OS X 10_15_7) AppleWebKit/605.1.15 (KHTML, like Gecko) Version/17.4 Safari/605.1.15 (Applebot/0.1; +http://www.apple.com/go/applebot)"
jomarlogistica.com.br:80 17.22.253.121 - - [13/Sep/2025:19:41:51 -0300] "GET /wp-content/plugins/case-theme-user/acess/js/remodal.min.js?ver=1.0.0 HTTP/1.1" 200 3064 "https://jomarlogistica.com.br/2023/09/16/best-vpn-for-phone-and-computer/" "Mozilla/5.0 (Macintosh; Intel Mac OS X 10_15_7) AppleWebKit/605.1.15 (KHTML, like Gecko) Version/17.4 Safari/605.1.15 (Applebot/0.1; +http://www.apple.com/go/applebot)"
jomarlogistica.com.br:80 17.22.245.87 - - [13/Sep/2025:19:41:52 -0300] "GET /wp-content/plugins/case-theme-user/acess/js/ct-user-form.js?ver=1.0.0 HTTP/1.1" 200 2307 "https://jomarlogistica.com.br/2023/09/16/best-vpn-for-phone-and-computer/" "Mozilla/5.0 (Macintosh; Intel Mac OS X 10_15_7) AppleWebKit/605.1.15 (KHTML, like Gecko) Version/17.4 Safari/605.1.15 (Applebot/0.1; +http://www.apple.com/go/applebot)"
jomarlogistica.com.br:80 17.22.237.115 - - [13/Sep/2025:19:41:52 -0300] "GET /wp-includes/js/dist/vendor/regenerator-runtime.min.js?ver=0.13.7 HTTP/1.1" 200 2798 "https://jomarlogistica.com.br/2023/09/16/best-vpn-for-phone-and-computer/" "Mozilla/5.0 (Macintosh; Intel Mac OS X 10_15_7) AppleWebKit/605.1.15 (KHTML, like Gecko) Version/17.4 Safari/605.1.15 (Applebot/0.1; +http://www.apple.com/go/applebot)"
jomarlogistica.com.br:80 17.22.237.243 - - [13/Sep/2025:19:41:53 -0300] "GET /wp-content/plugins/contact-form-7-multi-step/assets/frontend/js/cf7mls.js?ver=2.5.4 HTTP/1.1" 200 7286 "https://jomarlogistica.com.br/2023/09/16/best-vpn-for-phone-and-computer/" "Mozilla/5.0 (Macintosh; Intel Mac OS X 10_15_7) AppleWebKit/605.1.15 (KHTML, like Gecko) Version/17.4 Safari/605.1.15 (Applebot/0.1; +http://www.apple.com/go/applebot)"
jomarlogistica.com.br:80 17.22.245.66 - - [13/Sep/2025:19:41:53 -0300] "GET /wp-content/plugins/contact-form-7/includes/js/index.js?ver=5.5.3 HTTP/1.1" 200 4245 "https://jomarlogistica.com.br/2023/09/16/best-vpn-for-phone-and-computer/" "Mozilla/5.0 (Macintosh; Intel Mac OS X 10_15_7) AppleWebKit/605.1.15 (KHTML, like Gecko) Version/17.4 Safari/605.1.15 (Applebot/0.1; +http://www.apple.com/go/applebot)"
jomarlogistica.com.br:80 17.22.253.110 - - [13/Sep/2025:19:41:53 -0300] "GET /wp-includes/js/dist/vendor/wp-polyfill.min.js?ver=3.15.0 HTTP/1.1" 200 6591 "https://jomarlogistica.com.br/2023/09/16/best-vpn-for-phone-and-computer/" "Mozilla/5.0 (Macintosh; Intel Mac OS X 10_15_7) AppleWebKit/605.1.15 (KHTML, like Gecko) Version/17.4 Safari/605.1.15 (Applebot/0.1; +http://www.apple.com/go/applebot)"
jomarlogistica.com.br:80 127.0.0.1 - - [13/Sep/2025:19:41:54 -0300] "OPTIONS * HTTP/1.0" 200 110 "-" "Apache/2.4.65 (Ubuntu) (internal dummy connection)"
jomarlogistica.com.br:80 17.22.245.87 - - [13/Sep/2025:19:41:54 -0300] "GET /wp-content/plugins/booked/includes/add-ons/frontend-agents/js/functions.js?ver=2.3.5 HTTP/1.1" 200 1592 "https://jomarlogistica.com.br/2023/09/16/best-vpn-for-phone-and-computer/" "Mozilla/5.0 (Macintosh; Intel Mac OS X 10_15_7) AppleWebKit/605.1.15 (KHTML, like Gecko) Version/17.4 Safari/605.1.15 (Applebot/0.1; +http://www.apple.com/go/applebot)"
jomarlogistica.com.br:80 17.22.237.177 - - [13/Sep/2025:19:41:55 -0300] "GET /wp-content/themes/consultio/assets/js/bootstrap.min.js?ver=4.0.0 HTTP/1.1" 200 14168 "https://jomarlogistica.com.br/2023/09/16/best-vpn-for-phone-and-computer/" "Mozilla/5.0 (Macintosh; Intel Mac OS X 10_15_7) AppleWebKit/605.1.15 (KHTML, like Gecko) Version/17.4 Safari/605.1.15 (Applebot/0.1; +http://www.apple.com/go/applebot)"
jomarlogistica.com.br:80 17.22.237.103 - - [13/Sep/2025:19:41:55 -0300] "GET /wp-content/themes/consultio/assets/js/nice-select.min.js?ver=all HTTP/1.1" 200 1420 "https://jomarlogistica.com.br/2023/09/16/best-vpn-for-phone-and-computer/" "Mozilla/5.0 (Macintosh; Intel Mac OS X 10_15_7) AppleWebKit/605.1.15 (KHTML, like Gecko) Version/17.4 Safari/605.1.15 (Applebot/0.1; +http://www.apple.com/go/applebot)"
jomarlogistica.com.br:80 17.22.253.110 - - [13/Sep/2025:19:41:55 -0300] "GET /wp-content/themes/consultio/assets/js/magnific-popup.min.js?ver=1.0.0 HTTP/1.1" 200 14895 "https://jomarlogistica.com.br/2023/09/16/best-vpn-for-phone-and-computer/" "Mozilla/5.0 (Macintosh; Intel Mac OS X 10_15_7) AppleWebKit/605.1.15 (KHTML, like Gecko) Version/17.4 Safari/605.1.15 (Applebot/0.1; +http://www.apple.com/go/applebot)"
jomarlogistica.com.br:80 17.22.245.66 - - [13/Sep/2025:19:41:56 -0300] "GET /wp-content/themes/consultio/assets/js/match-height-min.js?ver=1.0.0 HTTP/1.1" 200 3576 "https://jomarlogistica.com.br/2023/09/16/best-vpn-for-phone-and-computer/" "Mozilla/5.0 (Macintosh; Intel Mac OS X 10_15_7) AppleWebKit/605.1.15 (KHTML, like Gecko) Version/17.4 Safari/605.1.15 (Applebot/0.1; +http://www.apple.com/go/applebot)"
jomarlogistica.com.br:80 17.22.253.187 - - [13/Sep/2025:19:41:57 -0300] "GET /wp-content/themes/consultio/assets/js/progressbar.min.js?ver=1.0.0 HTTP/1.1" 200 1327 "https://jomarlogistica.com.br/2023/09/16/best-vpn-for-phone-and-computer/" "Mozilla/5.0 (Macintosh; Intel Mac OS X 10_15_7) AppleWebKit/605.1.15 (KHTML, like Gecko) Version/17.4 Safari/605.1.15 (Applebot/0.1; +http://www.apple.com/go/applebot)"
jomarlogistica.com.br:80 17.22.237.146 - - [13/Sep/2025:19:41:57 -0300] "GET /wp-content/themes/consultio/assets/js/wow.min.js?ver=1.0.0 HTTP/1.1" 200 3260 "https://jomarlogistica.com.br/2023/09/16/best-vpn-for-phone-and-computer/" "Mozilla/5.0 (Macintosh; Intel Mac OS X 10_15_7) AppleWebKit/605.1.15 (KHTML, like Gecko) Version/17.4 Safari/605.1.15 (Applebot/0.1; +http://www.apple.com/go/applebot)"
jomarlogistica.com.br:80 17.22.237.103 - - [13/Sep/2025:19:41:57 -0300] "GET /wp-includes/js/jquery/ui/mouse.min.js?ver=1.12.1 HTTP/1.1" 200 1479 "https://jomarlogistica.com.br/2023/09/16/best-vpn-for-phone-and-computer/" "Mozilla/5.0 (Macintosh; Intel Mac OS X 10_15_7) AppleWebKit/605.1.15 (KHTML, like Gecko) Version/17.4 Safari/605.1.15 (Applebot/0.1; +http://www.apple.com/go/applebot)"
jomarlogistica.com.br:80 17.22.237.230 - - [13/Sep/2025:19:41:58 -0300] "GET /wp-includes/js/jquery/ui/slider.min.js?ver=1.12.1 HTTP/1.1" 200 3602 "https://jomarlogistica.com.br/2023/09/16/best-vpn-for-phone-and-computer/" "Mozilla/5.0 (Macintosh; Intel Mac OS X 10_15_7) AppleWebKit/605.1.15 (KHTML, like Gecko) Version/17.4 Safari/605.1.15 (Applebot/0.1; +http://www.apple.com/go/applebot)"
jomarlogistica.com.br:80 17.22.245.66 - - [13/Sep/2025:19:41:58 -0300] "GET /wp-content/themes/consultio/assets/js/main.js?ver=2.8.0 HTTP/1.1" 200 6474 "https://jomarlogistica.com.br/2023/09/16/best-vpn-for-phone-and-computer/" "Mozilla/5.0 (Macintosh; Intel Mac OS X 10_15_7) AppleWebKit/605.1.15 (KHTML, like Gecko) Version/17.4 Safari/605.1.15 (Applebot/0.1; +http://www.apple.com/go/applebot)"
jomarlogistica.com.br:80 17.22.245.156 - - [13/Sep/2025:19:41:59 -0300] "GET /wp-includes/js/wp-embed.min.js?ver=5.8.10 HTTP/1.1" 200 1177 "https://jomarlogistica.com.br/2023/09/16/best-vpn-for-phone-and-computer/" "Mozilla/5.0 (Macintosh; Intel Mac OS X 10_15_7) AppleWebKit/605.1.15 (KHTML, like Gecko) Version/17.4 Safari/605.1.15 (Applebot/0.1; +http://www.apple.com/go/applebot)"
jomarlogistica.com.br:80 17.22.253.110 - - [13/Sep/2025:19:42:00 -0300] "GET /wp-content/plugins/elementor/assets/js/frontend-modules.min.js?ver=3.4.8 HTTP/1.1" 200 5016 "https://jomarlogistica.com.br/2023/09/16/best-vpn-for-phone-and-computer/" "Mozilla/5.0 (Macintosh; Intel Mac OS X 10_15_7) AppleWebKit/605.1.15 (KHTML, like Gecko) Version/17.4 Safari/605.1.15 (Applebot/0.1; +http://www.apple.com/go/applebot)"
jomarlogistica.com.br:80 17.22.245.175 - - [13/Sep/2025:19:42:00 -0300] "GET /wp-content/plugins/elementor/assets/js/webpack.runtime.min.js?ver=3.4.8 HTTP/1.1" 200 2544 "https://jomarlogistica.com.br/2023/09/16/best-vpn-for-phone-and-computer/" "Mozilla/5.0 (Macintosh; Intel Mac OS X 10_15_7) AppleWebKit/605.1.15 (KHTML, like Gecko) Version/17.4 Safari/605.1.15 (Applebot/0.1; +http://www.apple.com/go/applebot)"
jomarlogistica.com.br:80 17.22.237.146 - - [13/Sep/2025:19:42:00 -0300] "GET /wp-content/plugins/elementor/assets/lib/waypoints/waypoints.min.js?ver=4.0.2 HTTP/1.1" 200 3464 "https://jomarlogistica.com.br/2023/09/16/best-vpn-for-phone-and-computer/" "Mozilla/5.0 (Macintosh; Intel Mac OS X 10_15_7) AppleWebKit/605.1.15 (KHTML, like Gecko) Version/17.4 Safari/605.1.15 (Applebot/0.1; +http://www.apple.com/go/applebot)"
jomarlogistica.com.br:80 17.22.237.230 - - [13/Sep/2025:19:42:01 -0300] "GET /wp-content/plugins/elementor/assets/lib/swiper/swiper.min.js?ver=5.3.6 HTTP/1.1" 200 37932 "https://jomarlogistica.com.br/2023/09/16/best-vpn-for-phone-and-computer/" "Mozilla/5.0 (Macintosh; Intel Mac OS X 10_15_7) AppleWebKit/605.1.15 (KHTML, like Gecko) Version/17.4 Safari/605.1.15 (Applebot/0.1; +http://www.apple.com/go/applebot)"
jomarlogistica.com.br:80 17.22.245.87 - - [13/Sep/2025:19:42:01 -0300] "GET /wp-content/plugins/elementor/assets/lib/share-link/share-link.min.js?ver=3.4.8 HTTP/1.1" 200 1484 "https://jomarlogistica.com.br/2023/09/16/best-vpn-for-phone-and-computer/" "Mozilla/5.0 (Macintosh; Intel Mac OS X 10_15_7) AppleWebKit/605.1.15 (KHTML, like Gecko) Version/17.4 Safari/605.1.15 (Applebot/0.1; +http://www.apple.com/go/applebot)"
jomarlogistica.com.br:80 17.22.245.156 - - [13/Sep/2025:19:42:02 -0300] "GET /wp-content/plugins/elementor/assets/lib/dialog/dialog.min.js?ver=4.8.1 HTTP/1.1" 200 3967 "https://jomarlogistica.com.br/2023/09/16/best-vpn-for-phone-and-computer/" "Mozilla/5.0 (Macintosh; Intel Mac OS X 10_15_7) AppleWebKit/605.1.15 (KHTML, like Gecko) Version/17.4 Safari/605.1.15 (Applebot/0.1; +http://www.apple.com/go/applebot)"
jomarlogistica.com.br:80 17.22.245.66 - - [13/Sep/2025:19:42:02 -0300] "GET /wp-content/plugins/elementor/assets/js/frontend.min.js?ver=3.4.8 HTTP/1.1" 200 11432 "https://jomarlogistica.com.br/2023/09/16/best-vpn-for-phone-and-computer/" "Mozilla/5.0 (Macintosh; Intel Mac OS X 10_15_7) AppleWebKit/605.1.15 (KHTML, like Gecko) Version/17.4 Safari/605.1.15 (Applebot/0.1; +http://www.apple.com/go/applebot)"
jomarlogistica.com.br:80 17.22.245.212 - - [13/Sep/2025:19:42:03 -0300] "GET /wp-content/plugins/elementor/assets/js/preloaded-modules.min.js?ver=3.4.8 HTTP/1.1" 200 9744 "https://jomarlogistica.com.br/2023/09/16/best-vpn-for-phone-and-computer/" "Mozilla/5.0 (Macintosh; Intel Mac OS X 10_15_7) AppleWebKit/605.1.15 (KHTML, like Gecko) Version/17.4 Safari/605.1.15 (Applebot/0.1; +http://www.apple.com/go/applebot)"
jomarlogistica.com.br:80 17.22.237.230 - - [13/Sep/2025:19:42:03 -0300] "GET /wp-content/plugins/revslider/public/assets/js/rs6.min.js?ver=6.5.11 HTTP/1.1" 200 105012 "https://jomarlogistica.com.br/2023/09/16/best-vpn-for-phone-and-computer/" "Mozilla/5.0 (Macintosh; Intel Mac OS X 10_15_7) AppleWebKit/605.1.15 (KHTML, like Gecko) Version/17.4 Safari/605.1.15 (Applebot/0.1; +http://www.apple.com/go/applebot)"
jomarlogistica.com.br:80 17.22.245.19 - - [13/Sep/2025:19:42:04 -0300] "GET /wp-content/plugins/revslider/public/assets/js/rbtools.min.js?ver=6.5.11 HTTP/1.1" 200 48787 "https://jomarlogistica.com.br/2023/09/16/best-vpn-for-phone-and-computer/" "Mozilla/5.0 (Macintosh; Intel Mac OS X 10_15_7) AppleWebKit/605.1.15 (KHTML, like Gecko) Version/17.4 Safari/605.1.15 (Applebot/0.1; +http://www.apple.com/go/applebot)"
jomarlogistica.com.br:80 172.20.1.117 - - [13/Sep/2025:19:42:35 -0300] "POST /wp-cron.php?doing_wp_cron=1757803355.3749210834503173828125 HTTP/1.1" 200 389 "https://jomarlogistica.com.br/wp-cron.php?doing_wp_cron=1757803355.3749210834503173828125" "WordPress/5.8.10; https://jomarlogistica.com.br"
jomarlogistica.com.br:80 114.119.158.0 - - [13/Sep/2025:19:42:35 -0300] "GET /2023/11/04/company-branding-can-be-broader-than-product-logos/ HTTP/1.1" 200 17416 "https://jomarlogistica.com.br/2023/10/31/how-you-can-calculate-intrinsic-value-2/" "Mozilla/5.0 (Linux; Android 7.0;) AppleWebKit/537.36 (KHTML, like Gecko) Mobile Safari/537.36 (compatible; PetalBot;+https://webmaster.petalsearch.com/site/petalbot)"
jomarlogistica.com.br:80 127.0.0.1 - - [13/Sep/2025:19:42:41 -0300] "OPTIONS * HTTP/1.0" 200 110 "-" "Apache/2.4.65 (Ubuntu) (internal dummy connection)"
jomarlogistica.com.br:80 57.141.0.72 - - [13/Sep/2025:19:43:18 -0300] "GET /2023/12/18/alien-wedge-legal-understanding-the-legalities-of-alienation-of-land/ HTTP/1.1" 200 63708 "-" "meta-externalagent/1.1 (+https://developers.facebook.com/docs/sharing/webmasters/crawler)"
jomarlogistica.com.br:80 114.119.134.192 - - [13/Sep/2025:19:44:01 -0300] "GET /2023/04/07/seeing-someone-by-a-different-nation/ HTTP/1.1" 200 18071 "https://jomarlogistica.com.br/author/jomar/page/33/" "Mozilla/5.0 (Linux; Android 7.0;) AppleWebKit/537.36 (KHTML, like Gecko) Mobile Safari/537.36 (compatible; PetalBot;+https://webmaster.petalsearch.com/site/petalbot)"
jomarlogistica.com.br:80 51.210.105.24 - - [13/Sep/2025:19:44:10 -0300] "GET /wp-login.php HTTP/1.1" 200 2994 "-" "Mozilla/5.0 (X11; Linux x86_64; rv:128.0) Gecko/20100101 Firefox/128.0"
jomarlogistica.com.br:80 51.210.105.24 - - [13/Sep/2025:19:44:11 -0300] "POST /wp-login.php HTTP/1.1" 403 2493 "-" "Mozilla/5.0 (X11; Linux x86_64; rv:128.0) Gecko/20100101 Firefox/128.0"
jomarlogistica.com.br:80 51.210.105.24 - - [13/Sep/2025:19:44:11 -0300] "GET /wp-admin HTTP/1.1" 301 515 "-" "Mozilla/5.0 (X11; Linux x86_64; rv:128.0) Gecko/20100101 Firefox/128.0"
jomarlogistica.com.br:80 51.210.105.24 - - [13/Sep/2025:19:44:14 -0300] "GET /wp-admin/ HTTP/1.1" 302 463 "-" "Mozilla/5.0 (X11; Linux x86_64; rv:128.0) Gecko/20100101 Firefox/128.0"
jomarlogistica.com.br:80 51.210.105.24 - - [13/Sep/2025:19:44:15 -0300] "GET /wp-login.php?redirect_to=https://jomarlogistica.com.br/wp-admin/&reauth=1 HTTP/1.1" 200 5014 "-" "Mozilla/5.0 (X11; Linux x86_64; rv:128.0) Gecko/20100101 Firefox/128.0"
jomarlogistica.com.br:80 114.119.138.130 - - [13/Sep/2025:19:45:22 -0300] "GET /2022/12/24/how-to-keep-your-lengthy-distance-relationship-alive/ HTTP/1.1" 200 18260 "https://jomarlogistica.com.br/2022/page/2/" "Mozilla/5.0 (Linux; Android 7.0;) AppleWebKit/537.36 (KHTML, like Gecko) Mobile Safari/537.36 (compatible; PetalBot;+https://webmaster.petalsearch.com/site/petalbot)"
jomarlogistica.com.br:80 177.116.188.98 - - [13/Sep/2025:19:46:47 -0300] "POST /autodiscover/autodiscover.xml HTTP/1.1" 404 448 "-" "AppleExchangeWebServices/833 accountsd/113"
jomarlogistica.com.br:80 114.119.158.0 - - [13/Sep/2025:19:46:49 -0300] "GET /2024/02/22/ac-thor-injury-law-group-expert-legal-representation-for-personal-injury-cases/ HTTP/1.1" 200 14180 "https://jomarlogistica.com.br/2023/09/26/avg-antivirus-review-2/" "Mozilla/5.0 (Linux; Android 7.0;) AppleWebKit/537.36 (KHTML, like Gecko) Mobile Safari/537.36 (compatible; PetalBot;+https://webmaster.petalsearch.com/site/petalbot)"
jomarlogistica.com.br:80 216.73.216.134 - - [13/Sep/2025:19:47:10 -0300] "GET /robots.txt HTTP/1.1" 200 584 "-" "Mozilla/5.0 AppleWebKit/537.36 (KHTML, like Gecko; compatible; ClaudeBot/1.0; +claudebot@anthropic.com)"
jomarlogistica.com.br:80 216.73.216.134 - - [13/Sep/2025:19:47:10 -0300] "GET /wp-sitemap.xml HTTP/1.1" 200 585 "-" "Mozilla/5.0 AppleWebKit/537.36 (KHTML, like Gecko; compatible; ClaudeBot/1.0; +claudebot@anthropic.com)"
jomarlogistica.com.br:80 216.73.216.134 - - [13/Sep/2025:19:47:11 -0300] "GET /2023/12/page/2 HTTP/1.1" 301 407 "-" "Mozilla/5.0 AppleWebKit/537.36 (KHTML, like Gecko; compatible; ClaudeBot/1.0; +claudebot@anthropic.com)"
jomarlogistica.com.br:80 172.20.1.117 - - [13/Sep/2025:19:47:12 -0300] "POST /wp-cron.php?doing_wp_cron=1757803632.1918311119079589843750 HTTP/1.1" 200 389 "https://jomarlogistica.com.br/wp-cron.php?doing_wp_cron=1757803632.1918311119079589843750" "WordPress/5.8.10; https://jomarlogistica.com.br"
jomarlogistica.com.br:80 216.73.216.134 - - [13/Sep/2025:19:47:11 -0300] "GET /2023/12/page/2/ HTTP/1.1" 200 11975 "https://jomarlogistica.com.br/2023/12/page/2" "Mozilla/5.0 AppleWebKit/537.36 (KHTML, like Gecko; compatible; ClaudeBot/1.0; +claudebot@anthropic.com)"
jomarlogistica.com.br:80 127.0.0.1 - - [13/Sep/2025:19:47:17 -0300] "OPTIONS * HTTP/1.0" 200 110 "-" "Apache/2.4.65 (Ubuntu) (internal dummy connection)"
jomarlogistica.com.br:80 114.119.135.84 - - [13/Sep/2025:19:48:11 -0300] "GET /2022/09/10/the-best-way-to-find-overseas-woman-via-the-internet/ HTTP/1.1" 200 18202 "https://jomarlogistica.com.br/category/jomar/page/56/" "Mozilla/5.0 (Linux; Android 7.0;) AppleWebKit/537.36 (KHTML, like Gecko) Mobile Safari/537.36 (compatible; PetalBot;+https://webmaster.petalsearch.com/site/petalbot)"
jomarlogistica.com.br:80 172.20.1.117 - - [13/Sep/2025:19:58:31 -0300] "POST /wp-cron.php?doing_wp_cron=1757804311.7059710025787353515625 HTTP/1.1" 200 389 "https://jomarlogistica.com.br/wp-cron.php?doing_wp_cron=1757804311.7059710025787353515625" "WordPress/5.8.10; https://jomarlogistica.com.br"
