jomarlogistica.com.br:80 127.0.0.1 - - [13/Sep/2025:15:05:13 -0300] "OPTIONS * HTTP/1.0" 200 110 "-" "Apache/2.4.65 (Ubuntu) (internal dummy connection)"
jomarlogistica.com.br:80 172.20.1.117 - - [13/Sep/2025:15:08:42 -0300] "POST /wp-cron.php?doing_wp_cron=1757786922.6613938808441162109375 HTTP/1.1" 200 389 "https://jomarlogistica.com.br/wp-cron.php?doing_wp_cron=1757786922.6613938808441162109375" "WordPress/5.8.10; https://jomarlogistica.com.br"
jomarlogistica.com.br:80 177.116.188.98 - - [13/Sep/2025:15:08:42 -0300] "POST /autodiscover/autodiscover.xml HTTP/1.1" 404 448 "-" "AppleExchangeWebServices/833 accountsd/113"
jomarlogistica.com.br:80 127.0.0.1 - - [13/Sep/2025:15:08:47 -0300] "OPTIONS * HTTP/1.0" 200 110 "-" "Apache/2.4.65 (Ubuntu) (internal dummy connection)"
jomarlogistica.com.br:80 57.141.0.1 - - [13/Sep/2025:15:11:00 -0300] "GET /2022/06/18/charter-party-agreement-india-legal-guide-expert-advice/ HTTP/1.1" 200 66003 "-" "meta-externalagent/1.1 (+https://developers.facebook.com/docs/sharing/webmasters/crawler)"
jomarlogistica.com.br:80 172.20.1.117 - - [13/Sep/2025:15:15:29 -0300] "POST /wp-cron.php?doing_wp_cron=1757787329.3493280410766601562500 HTTP/1.1" 200 389 "https://jomarlogistica.com.br/wp-cron.php?doing_wp_cron=1757787329.3493280410766601562500" "WordPress/5.8.10; https://jomarlogistica.com.br"
jomarlogistica.com.br:80 57.141.0.63 - - [13/Sep/2025:15:15:28 -0300] "GET /2023/05/04/cities-and-knights-barbarian-attack-rules-expert-strategies-for-legal-defense/ HTTP/1.1" 200 62967 "-" "meta-externalagent/1.1 (+https://developers.facebook.com/docs/sharing/webmasters/crawler)"
jomarlogistica.com.br:80 127.0.0.1 - - [13/Sep/2025:15:15:34 -0300] "OPTIONS * HTTP/1.0" 200 110 "-" "Apache/2.4.65 (Ubuntu) (internal dummy connection)"
jomarlogistica.com.br:80 57.141.0.64 - - [13/Sep/2025:15:17:02 -0300] "GET /2023/02/15/wedding-ceremony-traditions-inside-the-balkans/ HTTP/1.1" 200 81290 "-" "meta-externalagent/1.1 (+https://developers.facebook.com/docs/sharing/webmasters/crawler)"
jomarlogistica.com.br:80 172.20.1.117 - - [13/Sep/2025:15:19:33 -0300] "POST /wp-cron.php?doing_wp_cron=1757787573.8788030147552490234375 HTTP/1.1" 200 389 "https://jomarlogistica.com.br/wp-cron.php?doing_wp_cron=1757787573.8788030147552490234375" "WordPress/5.8.10; https://jomarlogistica.com.br"
jomarlogistica.com.br:80 177.116.188.98 - - [13/Sep/2025:15:19:33 -0300] "POST /autodiscover/autodiscover.xml HTTP/1.1" 404 448 "-" "AppleExchangeWebServices/833 accountsd/113"
jomarlogistica.com.br:80 127.0.0.1 - - [13/Sep/2025:15:19:39 -0300] "OPTIONS * HTTP/1.0" 200 110 "-" "Apache/2.4.65 (Ubuntu) (internal dummy connection)"
jomarlogistica.com.br:80 172.20.1.117 - - [13/Sep/2025:15:27:31 -0300] "POST /wp-cron.php?doing_wp_cron=1757788051.0944080352783203125000 HTTP/1.1" 200 389 "https://jomarlogistica.com.br/wp-cron.php?doing_wp_cron=1757788051.0944080352783203125000" "WordPress/5.8.10; https://jomarlogistica.com.br"
jomarlogistica.com.br:80 57.141.0.22 - - [13/Sep/2025:15:27:30 -0300] "GET /2023/11/15/how-to-organise-the-board-records-with-boardpro/ HTTP/1.1" 200 79650 "-" "meta-externalagent/1.1 (+https://developers.facebook.com/docs/sharing/webmasters/crawler)"
jomarlogistica.com.br:80 127.0.0.1 - - [13/Sep/2025:15:27:36 -0300] "OPTIONS * HTTP/1.0" 200 110 "-" "Apache/2.4.65 (Ubuntu) (internal dummy connection)"
jomarlogistica.com.br:80 172.20.1.117 - - [13/Sep/2025:15:35:10 -0300] "POST /wp-cron.php?doing_wp_cron=1757788510.6112170219421386718750 HTTP/1.1" 200 389 "https://jomarlogistica.com.br/wp-cron.php?doing_wp_cron=1757788510.6112170219421386718750" "WordPress/5.8.10; https://jomarlogistica.com.br"
jomarlogistica.com.br:80 177.116.188.98 - - [13/Sep/2025:15:35:10 -0300] "POST /autodiscover/autodiscover.xml HTTP/1.1" 404 448 "-" "AppleExchangeWebServices/833 accountsd/113"
jomarlogistica.com.br:80 127.0.0.1 - - [13/Sep/2025:15:35:15 -0300] "OPTIONS * HTTP/1.0" 200 110 "-" "Apache/2.4.65 (Ubuntu) (internal dummy connection)"
jomarlogistica.com.br:80 172.20.1.117 - - [13/Sep/2025:15:41:16 -0300] "POST /wp-cron.php?doing_wp_cron=1757788876.1717970371246337890625 HTTP/1.1" 200 389 "https://jomarlogistica.com.br/wp-cron.php?doing_wp_cron=1757788876.1717970371246337890625" "WordPress/5.8.10; https://jomarlogistica.com.br"
jomarlogistica.com.br:80 13.65.138.121 - - [13/Sep/2025:15:41:15 -0300] "GET /2023/05/28/talkiv-review-pricing-features-interface-june-2023/ HTTP/1.1" 200 18665 "-" "Mozilla/5.0 AppleWebKit/537.36 (KHTML, like Gecko); compatible; ChatGPT-User/1.0; +https://openai.com/bot"
jomarlogistica.com.br:80 127.0.0.1 - - [13/Sep/2025:15:41:21 -0300] "OPTIONS * HTTP/1.0" 200 110 "-" "Apache/2.4.65 (Ubuntu) (internal dummy connection)"
jomarlogistica.com.br:80 172.20.1.117 - - [13/Sep/2025:15:45:29 -0300] "POST /wp-cron.php?doing_wp_cron=1757789129.0692288875579833984375 HTTP/1.1" 200 389 "https://jomarlogistica.com.br/wp-cron.php?doing_wp_cron=1757789129.0692288875579833984375" "WordPress/5.8.10; https://jomarlogistica.com.br"
jomarlogistica.com.br:80 31.59.98.41 - - [13/Sep/2025:15:45:28 -0300] "POST /wp-login.php HTTP/1.1" 200 3148 "https://jomarlogistica.com.br/wp-admin/" "Mozilla/5.0 (Windows NT 10.0; Win64; x64) AppleWebKit/537.36 (KHTML, like Gecko) Chrome/90.0.4430.85 Safari/537.36"
jomarlogistica.com.br:80 31.59.98.41 - - [13/Sep/2025:15:45:29 -0300] "GET /wp-admin/ HTTP/1.1" 302 463 "www.google.com" "Mozilla/5.0 (Windows NT 10.0; Win64; x64) AppleWebKit/537.36 (KHTML, like Gecko) Chrome/90.0.4430.85 Safari/537.36"
jomarlogistica.com.br:80 31.59.98.41 - - [13/Sep/2025:15:45:30 -0300] "GET /wp-login.php?redirect_to=https%3A%2F%2Fjomarlogistica.com.br%2Fwp-admin%2F&reauth=1 HTTP/1.1" 200 4995 "www.google.com" "Mozilla/5.0 (Windows NT 10.0; Win64; x64) AppleWebKit/537.36 (KHTML, like Gecko) Chrome/90.0.4430.85 Safari/537.36"
jomarlogistica.com.br:80 127.0.0.1 - - [13/Sep/2025:15:45:35 -0300] "OPTIONS * HTTP/1.0" 200 110 "-" "Apache/2.4.65 (Ubuntu) (internal dummy connection)"
jomarlogistica.com.br:80 177.116.188.98 - - [13/Sep/2025:15:46:31 -0300] "POST /autodiscover/autodiscover.xml HTTP/1.1" 404 448 "-" "AppleExchangeWebServices/833 accountsd/113"
jomarlogistica.com.br:80 177.116.188.98 - - [13/Sep/2025:15:46:32 -0300] "POST /autodiscover/autodiscover.xml HTTP/1.1" 404 448 "-" "AppleExchangeWebServices/833 accountsd/113"
jomarlogistica.com.br:80 172.20.1.117 - - [13/Sep/2025:15:53:42 -0300] "POST /wp-cron.php?doing_wp_cron=1757789622.2637510299682617187500 HTTP/1.1" 200 389 "https://jomarlogistica.com.br/wp-cron.php?doing_wp_cron=1757789622.2637510299682617187500" "WordPress/5.8.10; https://jomarlogistica.com.br"
jomarlogistica.com.br:80 177.116.188.98 - - [13/Sep/2025:15:53:41 -0300] "POST /autodiscover/autodiscover.xml HTTP/1.1" 404 448 "-" "AppleExchangeWebServices/833 accountsd/113"
jomarlogistica.com.br:80 127.0.0.1 - - [13/Sep/2025:15:53:47 -0300] "OPTIONS * HTTP/1.0" 200 110 "-" "Apache/2.4.65 (Ubuntu) (internal dummy connection)"
jomarlogistica.com.br:80 172.20.1.117 - - [13/Sep/2025:15:58:47 -0300] "POST /wp-cron.php?doing_wp_cron=1757789927.7029869556427001953125 HTTP/1.1" 200 389 "https://jomarlogistica.com.br/wp-cron.php?doing_wp_cron=1757789927.7029869556427001953125" "WordPress/5.8.10; https://jomarlogistica.com.br"
jomarlogistica.com.br:80 185.191.171.1 - - [13/Sep/2025:15:58:47 -0300] "GET /robots.txt HTTP/1.1" 200 584 "-" "Mozilla/5.0 (compatible; SemrushBot/7~bl; +http://www.semrush.com/bot.html)"
jomarlogistica.com.br:80 85.208.96.193 - - [13/Sep/2025:15:58:48 -0300] "GET /2023/12/22/accession-law-llc-expert-legal-services-for-business-accession/ HTTP/1.1" 200 13662 "-" "Mozilla/5.0 (compatible; SemrushBot/7~bl; +http://www.semrush.com/bot.html)"
jomarlogistica.com.br:80 127.0.0.1 - - [13/Sep/2025:15:58:52 -0300] "OPTIONS * HTTP/1.0" 200 110 "-" "Apache/2.4.65 (Ubuntu) (internal dummy connection)"
jomarlogistica.com.br:80 127.0.0.1 - - [13/Sep/2025:15:58:53 -0300] "OPTIONS * HTTP/1.0" 200 110 "-" "Apache/2.4.65 (Ubuntu) (internal dummy connection)"
jomarlogistica.com.br:80 127.0.0.1 - - [13/Sep/2025:15:58:54 -0300] "OPTIONS * HTTP/1.0" 200 110 "-" "Apache/2.4.65 (Ubuntu) (internal dummy connection)"
jomarlogistica.com.br:80 74.7.36.89 - - [13/Sep/2025:16:00:54 -0300] "GET /2022/06/23/are-cherry-bomb-mufflers-legal-legal-information-and-regulations/ HTTP/1.1" 200 14188 "-" "Mozilla/5.0 AppleWebKit/537.36 (KHTML, like Gecko); compatible; ChatGPT-User/1.0; +https://openai.com/bot"
jomarlogistica.com.br:80 172.20.1.117 - - [13/Sep/2025:16:03:28 -0300] "POST /wp-cron.php?doing_wp_cron=1757790208.4050838947296142578125 HTTP/1.1" 200 389 "https://jomarlogistica.com.br/wp-cron.php?doing_wp_cron=1757790208.4050838947296142578125" "WordPress/5.8.10; https://jomarlogistica.com.br"
jomarlogistica.com.br:80 57.141.0.50 - - [13/Sep/2025:16:03:27 -0300] "GET /2022/03/29/13-rules-to-a-gunfight-usmc-poster-essential-tips-for-tactical-defense/ HTTP/1.1" 200 64146 "-" "meta-externalagent/1.1 (+https://developers.facebook.com/docs/sharing/webmasters/crawler)"
jomarlogistica.com.br:80 127.0.0.1 - - [13/Sep/2025:16:03:33 -0300] "OPTIONS * HTTP/1.0" 200 110 "-" "Apache/2.4.65 (Ubuntu) (internal dummy connection)"
jomarlogistica.com.br:80 185.191.171.12 - - [13/Sep/2025:16:04:59 -0300] "GET /2023/page/4/ HTTP/1.1" 200 18424 "-" "Mozilla/5.0 (compatible; SemrushBot/7~bl; +http://www.semrush.com/bot.html)"
jomarlogistica.com.br:80 172.20.1.117 - - [13/Sep/2025:16:09:42 -0300] "POST /wp-cron.php?doing_wp_cron=1757790582.7083239555358886718750 HTTP/1.1" 200 389 "https://jomarlogistica.com.br/wp-cron.php?doing_wp_cron=1757790582.7083239555358886718750" "WordPress/5.8.10; https://jomarlogistica.com.br"
jomarlogistica.com.br:80 177.116.188.98 - - [13/Sep/2025:16:09:42 -0300] "POST /autodiscover/autodiscover.xml HTTP/1.1" 404 448 "-" "AppleExchangeWebServices/833 accountsd/113"
jomarlogistica.com.br:80 127.0.0.1 - - [13/Sep/2025:16:09:47 -0300] "OPTIONS * HTTP/1.0" 200 110 "-" "Apache/2.4.65 (Ubuntu) (internal dummy connection)"
jomarlogistica.com.br:80 172.20.1.117 - - [13/Sep/2025:16:12:04 -0300] "POST /wp-cron.php?doing_wp_cron=1757790724.9667909145355224609375 HTTP/1.1" 200 389 "https://jomarlogistica.com.br/wp-cron.php?doing_wp_cron=1757790724.9667909145355224609375" "WordPress/5.8.10; https://jomarlogistica.com.br"
jomarlogistica.com.br:80 185.191.171.18 - - [13/Sep/2025:16:12:04 -0300] "GET /2023/06/15/casey-council-legal-point-of-discharge-expert-legal-advice/ HTTP/1.1" 200 7353 "-" "Mozilla/5.0 (compatible; SemrushBot/7~bl; +http://www.semrush.com/bot.html)"
jomarlogistica.com.br:80 127.0.0.1 - - [13/Sep/2025:16:12:10 -0300] "OPTIONS * HTTP/1.0" 200 110 "-" "Apache/2.4.65 (Ubuntu) (internal dummy connection)"
jomarlogistica.com.br:80 172.20.1.117 - - [13/Sep/2025:16:12:47 -0300] "POST /wp-cron.php?doing_wp_cron=1757790766.9771211147308349609375 HTTP/1.1" 200 389 "https://jomarlogistica.com.br/wp-cron.php?doing_wp_cron=1757790766.9771211147308349609375" "WordPress/5.8.10; https://jomarlogistica.com.br"
jomarlogistica.com.br:80 57.141.0.16 - - [13/Sep/2025:16:12:46 -0300] "GET /2023/02/01/the-best-latin-singers-of-all-time/ HTTP/1.1" 200 81170 "-" "meta-externalagent/1.1 (+https://developers.facebook.com/docs/sharing/webmasters/crawler)"
jomarlogistica.com.br:80 127.0.0.1 - - [13/Sep/2025:16:12:52 -0300] "OPTIONS * HTTP/1.0" 200 110 "-" "Apache/2.4.65 (Ubuntu) (internal dummy connection)"
jomarlogistica.com.br:80 172.20.1.117 - - [13/Sep/2025:16:20:51 -0300] "POST /wp-cron.php?doing_wp_cron=1757791251.6183691024780273437500 HTTP/1.1" 200 389 "https://jomarlogistica.com.br/wp-cron.php?doing_wp_cron=1757791251.6183691024780273437500" "WordPress/5.8.10; https://jomarlogistica.com.br"
jomarlogistica.com.br:80 177.116.188.98 - - [13/Sep/2025:16:20:51 -0300] "POST /autodiscover/autodiscover.xml HTTP/1.1" 404 448 "-" "AppleExchangeWebServices/833 accountsd/113"
jomarlogistica.com.br:80 127.0.0.1 - - [13/Sep/2025:16:20:56 -0300] "OPTIONS * HTTP/1.0" 200 110 "-" "Apache/2.4.65 (Ubuntu) (internal dummy connection)"
jomarlogistica.com.br:80 172.20.1.117 - - [13/Sep/2025:16:26:42 -0300] "POST /wp-cron.php?doing_wp_cron=1757791602.0179829597473144531250 HTTP/1.1" 200 389 "https://jomarlogistica.com.br/wp-cron.php?doing_wp_cron=1757791602.0179829597473144531250" "WordPress/5.8.10; https://jomarlogistica.com.br"
jomarlogistica.com.br:80 177.116.188.98 - - [13/Sep/2025:16:26:41 -0300] "POST /autodiscover/autodiscover.xml HTTP/1.1" 404 448 "-" "AppleExchangeWebServices/833 accountsd/113"
jomarlogistica.com.br:80 127.0.0.1 - - [13/Sep/2025:16:26:47 -0300] "OPTIONS * HTTP/1.0" 200 110 "-" "Apache/2.4.65 (Ubuntu) (internal dummy connection)"
jomarlogistica.com.br:80 172.20.1.117 - - [13/Sep/2025:16:43:22 -0300] "POST /wp-cron.php?doing_wp_cron=1757792602.3728170394897460937500 HTTP/1.1" 200 389 "https://jomarlogistica.com.br/wp-cron.php?doing_wp_cron=1757792602.3728170394897460937500" "WordPress/5.8.10; https://jomarlogistica.com.br"
jomarlogistica.com.br:80 54.197.178.107 - - [13/Sep/2025:16:43:21 -0300] "GET /2022/11/05/feeling-ugly-about-appreciate-online-counselors-can-help/ HTTP/1.1" 200 17504 "-" "Mozilla/5.0 AppleWebKit/537.36 (KHTML, like Gecko; compatible; Amazonbot/0.1; +https://developer.amazon.com/support/amazonbot) Chrome/119.0.6045.214 Safari/537.36"
jomarlogistica.com.br:80 18.232.12.157 - - [13/Sep/2025:16:43:27 -0300] "GET /2022/11/14/social-media-red-flags-in-relationships/ HTTP/1.1" 200 17988 "-" "Mozilla/5.0 AppleWebKit/537.36 (KHTML, like Gecko; compatible; Amazonbot/0.1; +https://developer.amazon.com/support/amazonbot) Chrome/119.0.6045.214 Safari/537.36"
jomarlogistica.com.br:80 127.0.0.1 - - [13/Sep/2025:16:43:33 -0300] "OPTIONS * HTTP/1.0" 200 110 "-" "Apache/2.4.65 (Ubuntu) (internal dummy connection)"
jomarlogistica.com.br:80 57.141.0.70 - - [13/Sep/2025:16:43:59 -0300] "GET /2023/05/10/how-to-fix-a-relationship/ HTTP/1.1" 200 82654 "-" "meta-externalagent/1.1 (+https://developers.facebook.com/docs/sharing/webmasters/crawler)"
jomarlogistica.com.br:80 172.203.190.141 - - [13/Sep/2025:16:46:26 -0300] "GET /robots.txt HTTP/1.1" 200 584 "-" "Mozilla/5.0 (Macintosh; Intel Mac OS X 10_15_7) AppleWebKit/537.36 (KHTML, like Gecko) Chrome/131.0.0.0 Safari/537.36; compatible; OAI-SearchBot/1.0; +https://openai.com/searchbot"
jomarlogistica.com.br:80 172.20.1.117 - - [13/Sep/2025:16:51:18 -0300] "POST /wp-cron.php?doing_wp_cron=1757793078.2871789932250976562500 HTTP/1.1" 200 389 "https://jomarlogistica.com.br/wp-cron.php?doing_wp_cron=1757793078.2871789932250976562500" "WordPress/5.8.10; https://jomarlogistica.com.br"
jomarlogistica.com.br:80 47.82.11.13 - - [13/Sep/2025:16:51:17 -0300] "GET /2023/04/01/assertive-discipline-classroom-rules-examples-effective-strategies-for-classroom-management/ HTTP/1.1" 200 14646 "https://jomarlogistica.com.br/" "Mozilla/5.0 (Windows NT 10.0; Win64; x64; rv:137.0) Gecko/20100101 Firefox/137.0"
jomarlogistica.com.br:80 127.0.0.1 - - [13/Sep/2025:16:51:23 -0300] "OPTIONS * HTTP/1.0" 200 110 "-" "Apache/2.4.65 (Ubuntu) (internal dummy connection)"
jomarlogistica.com.br:80 172.20.1.117 - - [13/Sep/2025:17:10:36 -0300] "POST /wp-cron.php?doing_wp_cron=1757794235.9941010475158691406250 HTTP/1.1" 200 389 "https://jomarlogistica.com.br/wp-cron.php?doing_wp_cron=1757794235.9941010475158691406250" "WordPress/5.8.10; https://jomarlogistica.com.br"
jomarlogistica.com.br:80 57.141.0.66 - - [13/Sep/2025:17:10:35 -0300] "GET /2023/05/15/the-highest-19-sex-chat-websites-adult-chatrooms-18-free-entry/ HTTP/1.1" 200 85929 "-" "meta-externalagent/1.1 (+https://developers.facebook.com/docs/sharing/webmasters/crawler)"
jomarlogistica.com.br:80 127.0.0.1 - - [13/Sep/2025:17:10:41 -0300] "OPTIONS * HTTP/1.0" 200 110 "-" "Apache/2.4.65 (Ubuntu) (internal dummy connection)"
jomarlogistica.com.br:80 177.116.188.98 - - [13/Sep/2025:17:10:42 -0300] "POST /autodiscover/autodiscover.xml HTTP/1.1" 404 448 "-" "AppleExchangeWebServices/833 accountsd/113"
jomarlogistica.com.br:80 172.20.1.117 - - [13/Sep/2025:17:14:57 -0300] "POST /wp-cron.php?doing_wp_cron=1757794497.8560719490051269531250 HTTP/1.1" 200 389 "https://jomarlogistica.com.br/wp-cron.php?doing_wp_cron=1757794497.8560719490051269531250" "WordPress/5.8.10; https://jomarlogistica.com.br"
jomarlogistica.com.br:80 57.141.0.61 - - [13/Sep/2025:17:14:57 -0300] "GET /2023/02/26/getting-married-at-the-courthouse-in-alberta-everything-you-need-to-know/ HTTP/1.1" 200 61579 "-" "meta-externalagent/1.1 (+https://developers.facebook.com/docs/sharing/webmasters/crawler)"
jomarlogistica.com.br:80 127.0.0.1 - - [13/Sep/2025:17:15:03 -0300] "OPTIONS * HTTP/1.0" 200 110 "-" "Apache/2.4.65 (Ubuntu) (internal dummy connection)"
jomarlogistica.com.br:80 172.20.1.117 - - [13/Sep/2025:17:18:16 -0300] "POST /wp-cron.php?doing_wp_cron=1757794696.8318340778350830078125 HTTP/1.1" 200 389 "https://jomarlogistica.com.br/wp-cron.php?doing_wp_cron=1757794696.8318340778350830078125" "WordPress/5.8.10; https://jomarlogistica.com.br"
jomarlogistica.com.br:80 91.213.99.91 - - [13/Sep/2025:17:18:16 -0300] "GET /wp-login.php HTTP/1.1" 200 2994 "-" "GRequests/0.10"
jomarlogistica.com.br:80 91.213.99.91 - - [13/Sep/2025:17:18:18 -0300] "POST /wp-login.php HTTP/1.1" 403 2493 "-" "GRequests/0.10"
jomarlogistica.com.br:80 91.213.99.91 - - [13/Sep/2025:17:18:18 -0300] "GET /wp-admin/ HTTP/1.1" 302 463 "-" "GRequests/0.10"
jomarlogistica.com.br:80 91.213.99.91 - - [13/Sep/2025:17:18:19 -0300] "GET /wp-login.php?redirect_to=https%3A%2F%2Fjomarlogistica.com.br%2Fwp-admin%2F&reauth=1 HTTP/1.1" 200 4995 "https://jomarlogistica.com.br/wp-admin/" "GRequests/0.10"
jomarlogistica.com.br:80 127.0.0.1 - - [13/Sep/2025:17:18:24 -0300] "OPTIONS * HTTP/1.0" 200 110 "-" "Apache/2.4.65 (Ubuntu) (internal dummy connection)"
jomarlogistica.com.br:80 57.141.0.23 - - [13/Sep/2025:17:20:00 -0300] "GET /?p=7520 HTTP/1.1" 301 496 "-" "meta-externalagent/1.1 (+https://developers.facebook.com/docs/sharing/webmasters/crawler)"
jomarlogistica.com.br:80 57.141.0.19 - - [13/Sep/2025:17:20:02 -0300] "GET /2023/04/27/the-challenges-of-dating-far-away-2/ HTTP/1.1" 200 79271 "-" "meta-externalagent/1.1 (+https://developers.facebook.com/docs/sharing/webmasters/crawler)"
jomarlogistica.com.br:80 172.20.1.117 - - [13/Sep/2025:17:25:35 -0300] "POST /wp-cron.php?doing_wp_cron=1757795135.4284079074859619140625 HTTP/1.1" 200 389 "https://jomarlogistica.com.br/wp-cron.php?doing_wp_cron=1757795135.4284079074859619140625" "WordPress/5.8.10; https://jomarlogistica.com.br"
jomarlogistica.com.br:80 57.141.0.58 - - [13/Sep/2025:17:25:35 -0300] "GET /2024/01/23/checkpoint-firewall-rules-export-best-practices-and-guidelines/ HTTP/1.1" 200 62660 "-" "meta-externalagent/1.1 (+https://developers.facebook.com/docs/sharing/webmasters/crawler)"
jomarlogistica.com.br:80 127.0.0.1 - - [13/Sep/2025:17:25:40 -0300] "OPTIONS * HTTP/1.0" 200 110 "-" "Apache/2.4.65 (Ubuntu) (internal dummy connection)"
jomarlogistica.com.br:80 172.20.1.117 - - [13/Sep/2025:17:27:32 -0300] "POST /wp-cron.php?doing_wp_cron=1757795252.5405349731445312500000 HTTP/1.1" 200 389 "https://jomarlogistica.com.br/wp-cron.php?doing_wp_cron=1757795252.5405349731445312500000" "WordPress/5.8.10; https://jomarlogistica.com.br"
jomarlogistica.com.br:80 177.116.188.98 - - [13/Sep/2025:17:27:32 -0300] "POST /autodiscover/autodiscover.xml HTTP/1.1" 404 448 "-" "AppleExchangeWebServices/833 accountsd/113"
jomarlogistica.com.br:80 127.0.0.1 - - [13/Sep/2025:17:27:37 -0300] "OPTIONS * HTTP/1.0" 200 110 "-" "Apache/2.4.65 (Ubuntu) (internal dummy connection)"
jomarlogistica.com.br:80 57.141.0.74 - - [13/Sep/2025:17:30:38 -0300] "GET /2023/10/17/submit-uif-forms-online-application-process-and-requirements/ HTTP/1.1" 200 62376 "-" "meta-externalagent/1.1 (+https://developers.facebook.com/docs/sharing/webmasters/crawler)"
jomarlogistica.com.br:80 172.20.1.117 - - [13/Sep/2025:17:35:02 -0300] "POST /wp-cron.php?doing_wp_cron=1757795702.1633629798889160156250 HTTP/1.1" 200 389 "https://jomarlogistica.com.br/wp-cron.php?doing_wp_cron=1757795702.1633629798889160156250" "WordPress/5.8.10; https://jomarlogistica.com.br"
jomarlogistica.com.br:80 57.141.0.71 - - [13/Sep/2025:17:35:01 -0300] "GET /2023/03/30/the-right-way-to-talk-to-quite-girls/ HTTP/1.1" 200 80732 "-" "meta-externalagent/1.1 (+https://developers.facebook.com/docs/sharing/webmasters/crawler)"
jomarlogistica.com.br:80 127.0.0.1 - - [13/Sep/2025:17:35:08 -0300] "OPTIONS * HTTP/1.0" 200 110 "-" "Apache/2.4.65 (Ubuntu) (internal dummy connection)"
jomarlogistica.com.br:80 57.141.0.25 - - [13/Sep/2025:17:35:39 -0300] "GET /2023/07/22/breach-of-contract-sale-of-land-legal-remedies-consequences/ HTTP/1.1" 200 34000 "-" "meta-externalagent/1.1 (+https://developers.facebook.com/docs/sharing/webmasters/crawler)"
jomarlogistica.com.br:80 172.20.1.117 - - [13/Sep/2025:17:38:10 -0300] "POST /wp-cron.php?doing_wp_cron=1757795890.6741540431976318359375 HTTP/1.1" 200 389 "https://jomarlogistica.com.br/wp-cron.php?doing_wp_cron=1757795890.6741540431976318359375" "WordPress/5.8.10; https://jomarlogistica.com.br"
jomarlogistica.com.br:80 57.141.0.3 - - [13/Sep/2025:17:38:10 -0300] "GET /2023/01/09/best-evidence-rule-understanding-digital-evidence/ HTTP/1.1" 200 63187 "-" "meta-externalagent/1.1 (+https://developers.facebook.com/docs/sharing/webmasters/crawler)"
jomarlogistica.com.br:80 127.0.0.1 - - [13/Sep/2025:17:38:15 -0300] "OPTIONS * HTTP/1.0" 200 110 "-" "Apache/2.4.65 (Ubuntu) (internal dummy connection)"
jomarlogistica.com.br:80 172.20.1.117 - - [13/Sep/2025:17:43:08 -0300] "POST /wp-cron.php?doing_wp_cron=1757796188.7678430080413818359375 HTTP/1.1" 200 389 "https://jomarlogistica.com.br/wp-cron.php?doing_wp_cron=1757796188.7678430080413818359375" "WordPress/5.8.10; https://jomarlogistica.com.br"
jomarlogistica.com.br:80 57.141.0.15 - - [13/Sep/2025:17:43:08 -0300] "GET /2022/12/08/the-right-way-to-be-a-better-husband-psychologically/ HTTP/1.1" 200 79672 "-" "meta-externalagent/1.1 (+https://developers.facebook.com/docs/sharing/webmasters/crawler)"
jomarlogistica.com.br:80 127.0.0.1 - - [13/Sep/2025:17:43:14 -0300] "OPTIONS * HTTP/1.0" 200 110 "-" "Apache/2.4.65 (Ubuntu) (internal dummy connection)"
jomarlogistica.com.br:80 172.213.11.147 - - [13/Sep/2025:17:43:31 -0300] "GET /2022/05/12/baguette-laws-in-france-understanding-the-regulations/ HTTP/1.1" 200 14835 "-" "Mozilla/5.0 AppleWebKit/537.36 (KHTML, like Gecko); compatible; ChatGPT-User/1.0; +https://openai.com/bot"
jomarlogistica.com.br:80 177.116.188.98 - - [13/Sep/2025:17:44:04 -0300] "POST /autodiscover/autodiscover.xml HTTP/1.1" 404 448 "-" "AppleExchangeWebServices/833 accountsd/113"
jomarlogistica.com.br:80 172.20.1.117 - - [13/Sep/2025:17:50:23 -0300] "POST /wp-cron.php?doing_wp_cron=1757796623.0206160545349121093750 HTTP/1.1" 200 389 "https://jomarlogistica.com.br/wp-cron.php?doing_wp_cron=1757796623.0206160545349121093750" "WordPress/5.8.10; https://jomarlogistica.com.br"
jomarlogistica.com.br:80 114.119.138.207 - - [13/Sep/2025:17:50:22 -0300] "GET /2023/12/07/understanding-the-allegedly-legal-word-in-legal-contexts/ HTTP/1.1" 200 14349 "https://jomarlogistica.com.br/2023/12/08/application-for-non-renewal-of-contract-legal-guide/" "Mozilla/5.0 (Linux; Android 7.0;) AppleWebKit/537.36 (KHTML, like Gecko) Mobile Safari/537.36 (compatible; PetalBot;+https://webmaster.petalsearch.com/site/petalbot)"
jomarlogistica.com.br:80 127.0.0.1 - - [13/Sep/2025:17:50:28 -0300] "OPTIONS * HTTP/1.0" 200 110 "-" "Apache/2.4.65 (Ubuntu) (internal dummy connection)"
jomarlogistica.com.br:80 57.141.0.10 - - [13/Sep/2025:17:50:59 -0300] "GET /2022/08/07/airtime-agreement-everything-you-need-to-know-legal-insights/ HTTP/1.1" 200 62135 "-" "meta-externalagent/1.1 (+https://developers.facebook.com/docs/sharing/webmasters/crawler)"
jomarlogistica.com.br:80 3.89.170.186 - - [13/Sep/2025:17:51:17 -0300] "GET /2024/01/16/is-owning-pet-squirrels-legal-in-florida-laws-regulations/ HTTP/1.1" 200 13814 "-" "Mozilla/5.0 AppleWebKit/537.36 (KHTML, like Gecko; compatible; Amazonbot/0.1; +https://developer.amazon.com/support/amazonbot) Chrome/119.0.6045.214 Safari/537.36"
jomarlogistica.com.br:80 172.20.1.117 - - [13/Sep/2025:17:59:39 -0300] "POST /wp-cron.php?doing_wp_cron=1757797179.1513519287109375000000 HTTP/1.1" 200 389 "https://jomarlogistica.com.br/wp-cron.php?doing_wp_cron=1757797179.1513519287109375000000" "WordPress/5.8.10; https://jomarlogistica.com.br"
jomarlogistica.com.br:80 216.73.216.134 - - [13/Sep/2025:17:59:38 -0300] "GET /robots.txt HTTP/1.1" 200 584 "-" "Mozilla/5.0 AppleWebKit/537.36 (KHTML, like Gecko; compatible; ClaudeBot/1.0; +claudebot@anthropic.com)"
jomarlogistica.com.br:80 216.73.216.134 - - [13/Sep/2025:17:59:39 -0300] "GET /wp-sitemap.xml HTTP/1.1" 200 585 "-" "Mozilla/5.0 AppleWebKit/537.36 (KHTML, like Gecko; compatible; ClaudeBot/1.0; +claudebot@anthropic.com)"
jomarlogistica.com.br:80 127.0.0.1 - - [13/Sep/2025:17:59:44 -0300] "OPTIONS * HTTP/1.0" 200 110 "-" "Apache/2.4.65 (Ubuntu) (internal dummy connection)"
jomarlogistica.com.br:80 177.116.188.98 - - [13/Sep/2025:18:01:12 -0300] "POST /autodiscover/autodiscover.xml HTTP/1.1" 404 448 "-" "AppleExchangeWebServices/833 accountsd/113"
jomarlogistica.com.br:80 172.20.1.117 - - [13/Sep/2025:18:02:16 -0300] "POST /wp-cron.php?doing_wp_cron=1757797336.1437139511108398437500 HTTP/1.1" 200 389 "https://jomarlogistica.com.br/wp-cron.php?doing_wp_cron=1757797336.1437139511108398437500" "WordPress/5.8.10; https://jomarlogistica.com.br"
jomarlogistica.com.br:80 57.141.0.40 - - [13/Sep/2025:18:02:15 -0300] "GET /2022/11/30/the-importance-of-relationship-and-lifestyle/ HTTP/1.1" 200 81020 "-" "meta-externalagent/1.1 (+https://developers.facebook.com/docs/sharing/webmasters/crawler)"
jomarlogistica.com.br:80 127.0.0.1 - - [13/Sep/2025:18:02:21 -0300] "OPTIONS * HTTP/1.0" 200 110 "-" "Apache/2.4.65 (Ubuntu) (internal dummy connection)"
jomarlogistica.com.br:80 222.84.84.124 - - [13/Sep/2025:18:02:25 -0300] "POST /wp-comments-post.php HTTP/1.1" 403 2493 "-" "Mozilla/5.0 (Windows NT 10.0; Win64; x64) AppleWebKit/537.36 (KHTML, like Gecko) Chrome/108.0.0.0 Safari/537.36 Edg/108.0.1462.46"
jomarlogistica.com.br:80 172.20.1.117 - - [13/Sep/2025:18:06:41 -0300] "POST /wp-cron.php?doing_wp_cron=1757797601.5036070346832275390625 HTTP/1.1" 200 389 "https://jomarlogistica.com.br/wp-cron.php?doing_wp_cron=1757797601.5036070346832275390625" "WordPress/5.8.10; https://jomarlogistica.com.br"
jomarlogistica.com.br:80 177.137.216.194 - - [13/Sep/2025:18:06:42 -0300] "GET /wp-content/plugins/instagram-feed/css/sbi-styles.min.css?ver=2.9.7 HTTP/1.1" 200 3355 "-" "Mozilla/5.0 (Linux; Android 10; K) AppleWebKit/537.36 (KHTML, like Gecko) Chrome/140.0.0.0 Mobile Safari/537.36"
jomarlogistica.com.br:80 177.137.216.194 - - [13/Sep/2025:18:06:41 -0300] "GET /contato/ HTTP/1.1" 200 16357 "https://www.google.com/" "Mozilla/5.0 (Linux; Android 10; K) AppleWebKit/537.36 (KHTML, like Gecko) Chrome/140.0.0.0 Mobile Safari/537.36"
jomarlogistica.com.br:80 177.137.216.194 - - [13/Sep/2025:18:06:42 -0300] "GET /wp-includes/css/dist/block-library/style.min.css?ver=5.8.10 HTTP/1.1" 200 12027 "-" "Mozilla/5.0 (Linux; Android 10; K) AppleWebKit/537.36 (KHTML, like Gecko) Chrome/140.0.0.0 Mobile Safari/537.36"
jomarlogistica.com.br:80 177.137.216.194 - - [13/Sep/2025:18:06:42 -0300] "GET /wp-content/plugins/redux-framework/redux-core/extendify-sdk/public/build/extendify-utilities.css?ver=13.4 HTTP/1.1" 200 6477 "-" "Mozilla/5.0 (Linux; Android 10; K) AppleWebKit/537.36 (KHTML, like Gecko) Chrome/140.0.0.0 Mobile Safari/537.36"
jomarlogistica.com.br:80 177.137.216.194 - - [13/Sep/2025:18:06:42 -0300] "GET /wp-content/plugins/booked/assets/css/icons.css?ver=2.3.5 HTTP/1.1" 200 6985 "-" "Mozilla/5.0 (Linux; Android 10; K) AppleWebKit/537.36 (KHTML, like Gecko) Chrome/140.0.0.0 Mobile Safari/537.36"
jomarlogistica.com.br:80 177.137.216.194 - - [13/Sep/2025:18:06:42 -0300] "GET /wp-content/plugins/booked/assets/js/tooltipster/css/themes/tooltipster-light.css?ver=3.3.0 HTTP/1.1" 200 596 "https://jomarlogistica.com.br/contato/" "Mozilla/5.0 (Linux; Android 10; K) AppleWebKit/537.36 (KHTML, like Gecko) Chrome/140.0.0.0 Mobile Safari/537.36"
jomarlogistica.com.br:80 177.137.216.194 - - [13/Sep/2025:18:06:43 -0300] "GET /wp-content/plugins/booked/assets/css/animations.css?ver=2.3.5 HTTP/1.1" 200 905 "https://jomarlogistica.com.br/contato/" "Mozilla/5.0 (Linux; Android 10; K) AppleWebKit/537.36 (KHTML, like Gecko) Chrome/140.0.0.0 Mobile Safari/537.36"
jomarlogistica.com.br:80 177.137.216.194 - - [13/Sep/2025:18:06:43 -0300] "GET /wp-content/plugins/booked/assets/js/tooltipster/css/tooltipster.css?ver=3.3.0 HTTP/1.1" 200 2174 "-" "Mozilla/5.0 (Linux; Android 10; K) AppleWebKit/537.36 (KHTML, like Gecko) Chrome/140.0.0.0 Mobile Safari/537.36"
jomarlogistica.com.br:80 177.137.216.194 - - [13/Sep/2025:18:06:43 -0300] "GET /wp-content/plugins/booked/dist/booked.css?ver=2.3.5 HTTP/1.1" 200 9827 "https://jomarlogistica.com.br/contato/" "Mozilla/5.0 (Linux; Android 10; K) AppleWebKit/537.36 (KHTML, like Gecko) Chrome/140.0.0.0 Mobile Safari/537.36"
jomarlogistica.com.br:80 177.137.216.194 - - [13/Sep/2025:18:06:43 -0300] "GET /wp-content/plugins/case-theme-core/assets/css/main.css?ver=1.0.0 HTTP/1.1" 200 563 "https://jomarlogistica.com.br/contato/" "Mozilla/5.0 (Linux; Android 10; K) AppleWebKit/537.36 (KHTML, like Gecko) Chrome/140.0.0.0 Mobile Safari/537.36"
jomarlogistica.com.br:80 177.137.216.194 - - [13/Sep/2025:18:06:43 -0300] "GET /wp-content/plugins/case-theme-core/assets/css/lib/progressbar.min.css?ver=0.7.1 HTTP/1.1" 200 1103 "https://jomarlogistica.com.br/contato/" "Mozilla/5.0 (Linux; Android 10; K) AppleWebKit/537.36 (KHTML, like Gecko) Chrome/140.0.0.0 Mobile Safari/537.36"
jomarlogistica.com.br:80 177.137.216.194 - - [13/Sep/2025:18:06:43 -0300] "GET /wp-content/plugins/case-theme-core/assets/css/lib/owl.carousel.min.css?ver=2.2.1 HTTP/1.1" 200 1298 "https://jomarlogistica.com.br/contato/" "Mozilla/5.0 (Linux; Android 10; K) AppleWebKit/537.36 (KHTML, like Gecko) Chrome/140.0.0.0 Mobile Safari/537.36"
jomarlogistica.com.br:80 177.137.216.194 - - [13/Sep/2025:18:06:43 -0300] "GET /wp-content/plugins/case-theme-core/assets/plugin/font-awesome/css/font-awesome.min.css?ver=4.7.0 HTTP/1.1" 200 7624 "https://jomarlogistica.com.br/contato/" "Mozilla/5.0 (Linux; Android 10; K) AppleWebKit/537.36 (KHTML, like Gecko) Chrome/140.0.0.0 Mobile Safari/537.36"
jomarlogistica.com.br:80 177.137.216.194 - - [13/Sep/2025:18:06:43 -0300] "GET /wp-content/plugins/case-theme-user/acess/css/remodal.css?ver=5.8.10 HTTP/1.1" 200 1031 "https://jomarlogistica.com.br/contato/" "Mozilla/5.0 (Linux; Android 10; K) AppleWebKit/537.36 (KHTML, like Gecko) Chrome/140.0.0.0 Mobile Safari/537.36"
jomarlogistica.com.br:80 177.137.216.194 - - [13/Sep/2025:18:06:43 -0300] "GET /wp-content/plugins/case-theme-user/acess/css/remodal-default-theme.css?ver=5.8.10 HTTP/1.1" 200 1733 "https://jomarlogistica.com.br/contato/" "Mozilla/5.0 (Linux; Android 10; K) AppleWebKit/537.36 (KHTML, like Gecko) Chrome/140.0.0.0 Mobile Safari/537.36"
jomarlogistica.com.br:80 177.137.216.194 - - [13/Sep/2025:18:06:43 -0300] "GET /wp-content/plugins/contact-form-7-multi-step/assets/frontend/css/cf7mls.css?ver=2.5.4 HTTP/1.1" 200 2184 "https://jomarlogistica.com.br/contato/" "Mozilla/5.0 (Linux; Android 10; K) AppleWebKit/537.36 (KHTML, like Gecko) Chrome/140.0.0.0 Mobile Safari/537.36"
jomarlogistica.com.br:80 177.137.216.194 - - [13/Sep/2025:18:06:43 -0300] "GET /wp-content/plugins/contact-form-7-multi-step/assets/frontend/css/progress_bar.css?ver=2.5.4 HTTP/1.1" 200 5617 "https://jomarlogistica.com.br/contato/" "Mozilla/5.0 (Linux; Android 10; K) AppleWebKit/537.36 (KHTML, like Gecko) Chrome/140.0.0.0 Mobile Safari/537.36"
jomarlogistica.com.br:80 177.137.216.194 - - [13/Sep/2025:18:06:43 -0300] "GET /wp-content/plugins/contact-form-7-multi-step/assets/frontend/animate/animate.min.css?ver=2.5.4 HTTP/1.1" 200 5225 "https://jomarlogistica.com.br/contato/" "Mozilla/5.0 (Linux; Android 10; K) AppleWebKit/537.36 (KHTML, like Gecko) Chrome/140.0.0.0 Mobile Safari/537.36"
jomarlogistica.com.br:80 177.137.216.194 - - [13/Sep/2025:18:06:43 -0300] "GET /wp-content/plugins/contact-form-7/includes/css/styles.css?ver=5.5.3 HTTP/1.1" 200 1361 "https://jomarlogistica.com.br/contato/" "Mozilla/5.0 (Linux; Android 10; K) AppleWebKit/537.36 (KHTML, like Gecko) Chrome/140.0.0.0 Mobile Safari/537.36"
jomarlogistica.com.br:80 177.137.216.194 - - [13/Sep/2025:18:06:43 -0300] "GET /wp-content/themes/consultio/assets/css/bootstrap.min.css?ver=4.0.0 HTTP/1.1" 200 21402 "https://jomarlogistica.com.br/contato/" "Mozilla/5.0 (Linux; Android 10; K) AppleWebKit/537.36 (KHTML, like Gecko) Chrome/140.0.0.0 Mobile Safari/537.36"
jomarlogistica.com.br:80 177.137.216.194 - - [13/Sep/2025:18:06:43 -0300] "GET /wp-content/plugins/elementor/assets/lib/font-awesome/css/font-awesome.min.css?ver=4.7.0 HTTP/1.1" 200 7623 "https://jomarlogistica.com.br/contato/" "Mozilla/5.0 (Linux; Android 10; K) AppleWebKit/537.36 (KHTML, like Gecko) Chrome/140.0.0.0 Mobile Safari/537.36"
jomarlogistica.com.br:80 177.137.216.194 - - [13/Sep/2025:18:06:43 -0300] "GET /wp-content/themes/consultio/assets/css/font-awesome5.min.css?ver=5.8.0 HTTP/1.1" 200 17997 "https://jomarlogistica.com.br/contato/" "Mozilla/5.0 (Linux; Android 10; K) AppleWebKit/537.36 (KHTML, like Gecko) Chrome/140.0.0.0 Mobile Safari/537.36"
jomarlogistica.com.br:80 177.137.216.194 - - [13/Sep/2025:18:06:43 -0300] "GET /wp-content/themes/consultio/assets/css/flaticon.css?ver=2.8.0 HTTP/1.1" 200 1205 "https://jomarlogistica.com.br/contato/" "Mozilla/5.0 (Linux; Android 10; K) AppleWebKit/537.36 (KHTML, like Gecko) Chrome/140.0.0.0 Mobile Safari/537.36"
jomarlogistica.com.br:80 177.137.216.194 - - [13/Sep/2025:18:06:43 -0300] "GET /wp-content/themes/consultio/assets/css/flaticon-v2.css?ver=2.8.0 HTTP/1.1" 200 994 "https://jomarlogistica.com.br/contato/" "Mozilla/5.0 (Linux; Android 10; K) AppleWebKit/537.36 (KHTML, like Gecko) Chrome/140.0.0.0 Mobile Safari/537.36"
jomarlogistica.com.br:80 177.137.216.194 - - [13/Sep/2025:18:06:43 -0300] "GET /wp-content/themes/consultio/assets/css/flaticon-v3.css?ver=2.8.0 HTTP/1.1" 200 1156 "https://jomarlogistica.com.br/contato/" "Mozilla/5.0 (Linux; Android 10; K) AppleWebKit/537.36 (KHTML, like Gecko) Chrome/140.0.0.0 Mobile Safari/537.36"
jomarlogistica.com.br:80 177.137.216.194 - - [13/Sep/2025:18:06:43 -0300] "GET /wp-content/themes/consultio/assets/css/flaticon-v4.css?ver=2.8.0 HTTP/1.1" 200 795 "https://jomarlogistica.com.br/contato/" "Mozilla/5.0 (Linux; Android 10; K) AppleWebKit/537.36 (KHTML, like Gecko) Chrome/140.0.0.0 Mobile Safari/537.36"
jomarlogistica.com.br:80 177.137.216.194 - - [13/Sep/2025:18:06:43 -0300] "GET /wp-content/themes/consultio/assets/css/flaticon-v5.css?ver=2.8.0 HTTP/1.1" 200 1337 "https://jomarlogistica.com.br/contato/" "Mozilla/5.0 (Linux; Android 10; K) AppleWebKit/537.36 (KHTML, like Gecko) Chrome/140.0.0.0 Mobile Safari/537.36"
jomarlogistica.com.br:80 177.137.216.194 - - [13/Sep/2025:18:06:43 -0300] "GET /wp-content/themes/consultio/assets/css/flaticon-v6.css?ver=2.8.0 HTTP/1.1" 200 998 "https://jomarlogistica.com.br/contato/" "Mozilla/5.0 (Linux; Android 10; K) AppleWebKit/537.36 (KHTML, like Gecko) Chrome/140.0.0.0 Mobile Safari/537.36"
jomarlogistica.com.br:80 177.137.216.194 - - [13/Sep/2025:18:06:43 -0300] "GET /wp-content/themes/consultio/assets/css/flaticon-v7.css?ver=2.8.0 HTTP/1.1" 200 990 "https://jomarlogistica.com.br/contato/" "Mozilla/5.0 (Linux; Android 10; K) AppleWebKit/537.36 (KHTML, like Gecko) Chrome/140.0.0.0 Mobile Safari/537.36"
jomarlogistica.com.br:80 177.137.216.194 - - [13/Sep/2025:18:06:43 -0300] "GET /wp-content/themes/consultio/assets/css/material-design-iconic-font.min.css?ver=2.2.0 HTTP/1.1" 200 8981 "https://jomarlogistica.com.br/contato/" "Mozilla/5.0 (Linux; Android 10; K) AppleWebKit/537.36 (KHTML, like Gecko) Chrome/140.0.0.0 Mobile Safari/537.36"
jomarlogistica.com.br:80 177.137.216.194 - - [13/Sep/2025:18:06:43 -0300] "GET /wp-content/themes/consultio/assets/css/magnific-popup.css?ver=1.0.0 HTTP/1.1" 200 2198 "https://jomarlogistica.com.br/contato/" "Mozilla/5.0 (Linux; Android 10; K) AppleWebKit/537.36 (KHTML, like Gecko) Chrome/140.0.0.0 Mobile Safari/537.36"
jomarlogistica.com.br:80 177.137.216.194 - - [13/Sep/2025:18:06:43 -0300] "GET /wp-content/themes/consultio/assets/css/animate.css?ver=1.0.0 HTTP/1.1" 200 5563 "https://jomarlogistica.com.br/contato/" "Mozilla/5.0 (Linux; Android 10; K) AppleWebKit/537.36 (KHTML, like Gecko) Chrome/140.0.0.0 Mobile Safari/537.36"
jomarlogistica.com.br:80 177.137.216.194 - - [13/Sep/2025:18:06:43 -0300] "GET /wp-content/themes/consultio/assets/css/theme.css?ver=2.8.0 HTTP/1.1" 200 195072 "https://jomarlogistica.com.br/contato/" "Mozilla/5.0 (Linux; Android 10; K) AppleWebKit/537.36 (KHTML, like Gecko) Chrome/140.0.0.0 Mobile Safari/537.36"
jomarlogistica.com.br:80 177.137.216.194 - - [13/Sep/2025:18:06:43 -0300] "GET /wp-content/themes/consultio/style.css?ver=5.8.10 HTTP/1.1" 200 866 "https://jomarlogistica.com.br/contato/" "Mozilla/5.0 (Linux; Android 10; K) AppleWebKit/537.36 (KHTML, like Gecko) Chrome/140.0.0.0 Mobile Safari/537.36"
jomarlogistica.com.br:80 177.137.216.194 - - [13/Sep/2025:18:06:43 -0300] "GET /wp-content/plugins/meks-simple-flickr-widget/css/style.css?ver=1.2 HTTP/1.1" 200 577 "https://jomarlogistica.com.br/contato/" "Mozilla/5.0 (Linux; Android 10; K) AppleWebKit/537.36 (KHTML, like Gecko) Chrome/140.0.0.0 Mobile Safari/537.36"
jomarlogistica.com.br:80 177.137.216.194 - - [13/Sep/2025:18:06:43 -0300] "GET /wp-content/plugins/newsletter/style.css?ver=7.3.3 HTTP/1.1" 200 1636 "https://jomarlogistica.com.br/contato/" "Mozilla/5.0 (Linux; Android 10; K) AppleWebKit/537.36 (KHTML, like Gecko) Chrome/140.0.0.0 Mobile Safari/537.36"
jomarlogistica.com.br:80 177.137.216.194 - - [13/Sep/2025:18:06:43 -0300] "GET /wp-content/plugins/elementor/assets/lib/eicons/css/elementor-icons.min.css?ver=5.13.0 HTTP/1.1" 200 4378 "https://jomarlogistica.com.br/contato/" "Mozilla/5.0 (Linux; Android 10; K) AppleWebKit/537.36 (KHTML, like Gecko) Chrome/140.0.0.0 Mobile Safari/537.36"
jomarlogistica.com.br:80 177.137.216.194 - - [13/Sep/2025:18:06:43 -0300] "GET /wp-content/plugins/elementor/assets/css/frontend.min.css?ver=3.4.8 HTTP/1.1" 200 19721 "https://jomarlogistica.com.br/contato/" "Mozilla/5.0 (Linux; Android 10; K) AppleWebKit/537.36 (KHTML, like Gecko) Chrome/140.0.0.0 Mobile Safari/537.36"
jomarlogistica.com.br:80 177.137.216.194 - - [13/Sep/2025:18:06:43 -0300] "GET /wp-content/uploads/elementor/css/post-5765.css?ver=1638451937 HTTP/1.1" 200 707 "https://jomarlogistica.com.br/contato/" "Mozilla/5.0 (Linux; Android 10; K) AppleWebKit/537.36 (KHTML, like Gecko) Chrome/140.0.0.0 Mobile Safari/537.36"
jomarlogistica.com.br:80 177.137.216.194 - - [13/Sep/2025:18:06:43 -0300] "GET /wp-content/uploads/elementor/css/global.css?ver=1638452033 HTTP/1.1" 200 1265 "https://jomarlogistica.com.br/contato/" "Mozilla/5.0 (Linux; Android 10; K) AppleWebKit/537.36 (KHTML, like Gecko) Chrome/140.0.0.0 Mobile Safari/537.36"
jomarlogistica.com.br:80 177.137.216.194 - - [13/Sep/2025:18:06:43 -0300] "GET /wp-content/uploads/elementor/css/post-24.css?ver=1638963956 HTTP/1.1" 200 774 "https://jomarlogistica.com.br/contato/" "Mozilla/5.0 (Linux; Android 10; K) AppleWebKit/537.36 (KHTML, like Gecko) Chrome/140.0.0.0 Mobile Safari/537.36"
jomarlogistica.com.br:80 177.137.216.194 - - [13/Sep/2025:18:06:43 -0300] "GET /wp-content/plugins/elementor/assets/lib/font-awesome/css/fontawesome.min.css?ver=5.15.3 HTTP/1.1" 200 13797 "https://jomarlogistica.com.br/contato/" "Mozilla/5.0 (Linux; Android 10; K) AppleWebKit/537.36 (KHTML, like Gecko) Chrome/140.0.0.0 Mobile Safari/537.36"
jomarlogistica.com.br:80 177.137.216.194 - - [13/Sep/2025:18:06:43 -0300] "GET /wp-content/plugins/elementor/assets/lib/font-awesome/css/solid.min.css?ver=5.15.3 HTTP/1.1" 200 680 "https://jomarlogistica.com.br/contato/" "Mozilla/5.0 (Linux; Android 10; K) AppleWebKit/537.36 (KHTML, like Gecko) Chrome/140.0.0.0 Mobile Safari/537.36"
jomarlogistica.com.br:80 177.137.216.194 - - [13/Sep/2025:18:06:43 -0300] "GET /wp-includes/js/jquery/jquery.min.js?ver=3.6.0 HTTP/1.1" 200 32444 "https://jomarlogistica.com.br/contato/" "Mozilla/5.0 (Linux; Android 10; K) AppleWebKit/537.36 (KHTML, like Gecko) Chrome/140.0.0.0 Mobile Safari/537.36"
jomarlogistica.com.br:80 177.137.216.194 - - [13/Sep/2025:18:06:43 -0300] "GET /wp-includes/js/jquery/jquery-migrate.min.js?ver=3.3.2 HTTP/1.1" 200 4613 "https://jomarlogistica.com.br/contato/" "Mozilla/5.0 (Linux; Android 10; K) AppleWebKit/537.36 (KHTML, like Gecko) Chrome/140.0.0.0 Mobile Safari/537.36"
jomarlogistica.com.br:80 177.137.216.194 - - [13/Sep/2025:18:06:43 -0300] "GET /wp-content/plugins/case-theme-core/assets/js/main.js?ver=1.0.0 HTTP/1.1" 200 570 "https://jomarlogistica.com.br/contato/" "Mozilla/5.0 (Linux; Android 10; K) AppleWebKit/537.36 (KHTML, like Gecko) Chrome/140.0.0.0 Mobile Safari/537.36"
jomarlogistica.com.br:80 177.137.216.194 - - [13/Sep/2025:18:06:43 -0300] "GET /wp-content/themes/consultio/elementor/js/ct-inline-css.js?ver=2.8.0 HTTP/1.1" 200 864 "https://jomarlogistica.com.br/contato/" "Mozilla/5.0 (Linux; Android 10; K) AppleWebKit/537.36 (KHTML, like Gecko) Chrome/140.0.0.0 Mobile Safari/537.36"
jomarlogistica.com.br:80 177.137.216.194 - - [13/Sep/2025:18:06:43 -0300] "GET /wp-content/uploads/2021/12/logo.png HTTP/1.1" 200 32663 "https://jomarlogistica.com.br/contato/" "Mozilla/5.0 (Linux; Android 10; K) AppleWebKit/537.36 (KHTML, like Gecko) Chrome/140.0.0.0 Mobile Safari/537.36"
jomarlogistica.com.br:80 177.137.216.194 - - [13/Sep/2025:18:06:43 -0300] "GET /wp-content/uploads/elementor/css/post-20.css?ver=1692608754 HTTP/1.1" 200 1249 "https://jomarlogistica.com.br/contato/" "Mozilla/5.0 (Linux; Android 10; K) AppleWebKit/537.36 (KHTML, like Gecko) Chrome/140.0.0.0 Mobile Safari/537.36"
jomarlogistica.com.br:80 177.137.216.194 - - [13/Sep/2025:18:06:43 -0300] "GET /wp-content/plugins/elementor/assets/lib/font-awesome/css/brands.min.css?ver=5.15.3 HTTP/1.1" 200 679 "https://jomarlogistica.com.br/contato/" "Mozilla/5.0 (Linux; Android 10; K) AppleWebKit/537.36 (KHTML, like Gecko) Chrome/140.0.0.0 Mobile Safari/537.36"
jomarlogistica.com.br:80 177.137.216.194 - - [13/Sep/2025:18:06:43 -0300] "GET /wp-content/plugins/elementor/assets/lib/animations/animations.min.css?ver=3.4.8 HTTP/1.1" 200 3089 "https://jomarlogistica.com.br/contato/" "Mozilla/5.0 (Linux; Android 10; K) AppleWebKit/537.36 (KHTML, like Gecko) Chrome/140.0.0.0 Mobile Safari/537.36"
jomarlogistica.com.br:80 177.137.216.194 - - [13/Sep/2025:18:06:43 -0300] "GET /wp-content/plugins/revslider/public/assets/css/rs6.css?ver=6.5.11 HTTP/1.1" 200 13321 "https://jomarlogistica.com.br/contato/" "Mozilla/5.0 (Linux; Android 10; K) AppleWebKit/537.36 (KHTML, like Gecko) Chrome/140.0.0.0 Mobile Safari/537.36"
jomarlogistica.com.br:80 177.137.216.194 - - [13/Sep/2025:18:06:43 -0300] "GET /wp-includes/js/jquery/ui/core.min.js?ver=1.12.1 HTTP/1.1" 200 7418 "https://jomarlogistica.com.br/contato/" "Mozilla/5.0 (Linux; Android 10; K) AppleWebKit/537.36 (KHTML, like Gecko) Chrome/140.0.0.0 Mobile Safari/537.36"
jomarlogistica.com.br:80 177.137.216.194 - - [13/Sep/2025:18:06:43 -0300] "GET /wp-content/plugins/booked/assets/js/spin.jquery.js?ver=2.0.1 HTTP/1.1" 200 1167 "https://jomarlogistica.com.br/contato/" "Mozilla/5.0 (Linux; Android 10; K) AppleWebKit/537.36 (KHTML, like Gecko) Chrome/140.0.0.0 Mobile Safari/537.36"
jomarlogistica.com.br:80 177.137.216.194 - - [13/Sep/2025:18:06:43 -0300] "GET /wp-content/plugins/booked/assets/js/spin.min.js?ver=2.0.1 HTTP/1.1" 200 2463 "https://jomarlogistica.com.br/contato/" "Mozilla/5.0 (Linux; Android 10; K) AppleWebKit/537.36 (KHTML, like Gecko) Chrome/140.0.0.0 Mobile Safari/537.36"
jomarlogistica.com.br:80 177.137.216.194 - - [13/Sep/2025:18:06:43 -0300] "GET /wp-includes/js/jquery/ui/datepicker.min.js?ver=1.12.1 HTTP/1.1" 200 11555 "https://jomarlogistica.com.br/contato/" "Mozilla/5.0 (Linux; Android 10; K) AppleWebKit/537.36 (KHTML, like Gecko) Chrome/140.0.0.0 Mobile Safari/537.36"
jomarlogistica.com.br:80 177.137.216.194 - - [13/Sep/2025:18:06:43 -0300] "GET /wp-content/plugins/booked/assets/js/tooltipster/js/jquery.tooltipster.min.js?ver=3.3.0 HTTP/1.1" 200 5373 "https://jomarlogistica.com.br/contato/" "Mozilla/5.0 (Linux; Android 10; K) AppleWebKit/537.36 (KHTML, like Gecko) Chrome/140.0.0.0 Mobile Safari/537.36"
jomarlogistica.com.br:80 177.137.216.194 - - [13/Sep/2025:18:06:43 -0300] "GET /wp-content/themes/consultio/assets/js/progressbar.min.js?ver=1.0.0 HTTP/1.1" 200 1327 "https://jomarlogistica.com.br/contato/" "Mozilla/5.0 (Linux; Android 10; K) AppleWebKit/537.36 (KHTML, like Gecko) Chrome/140.0.0.0 Mobile Safari/537.36"
jomarlogistica.com.br:80 177.137.216.194 - - [13/Sep/2025:18:06:43 -0300] "GET /wp-content/plugins/case-theme-user/acess/js/notify.min.js?ver=1.0.0 HTTP/1.1" 200 7826 "https://jomarlogistica.com.br/contato/" "Mozilla/5.0 (Linux; Android 10; K) AppleWebKit/537.36 (KHTML, like Gecko) Chrome/140.0.0.0 Mobile Safari/537.36"
jomarlogistica.com.br:80 177.137.216.194 - - [13/Sep/2025:18:06:43 -0300] "GET /wp-content/plugins/booked/assets/js/functions.js?ver=2.3.5 HTTP/1.1" 200 10029 "https://jomarlogistica.com.br/contato/" "Mozilla/5.0 (Linux; Android 10; K) AppleWebKit/537.36 (KHTML, like Gecko) Chrome/140.0.0.0 Mobile Safari/537.36"
jomarlogistica.com.br:80 177.137.216.194 - - [13/Sep/2025:18:06:43 -0300] "GET /wp-content/plugins/case-theme-user/acess/js/remodal.min.js?ver=1.0.0 HTTP/1.1" 200 3045 "https://jomarlogistica.com.br/contato/" "Mozilla/5.0 (Linux; Android 10; K) AppleWebKit/537.36 (KHTML, like Gecko) Chrome/140.0.0.0 Mobile Safari/537.36"
jomarlogistica.com.br:80 177.137.216.194 - - [13/Sep/2025:18:06:43 -0300] "GET /wp-includes/js/jquery/ui/mouse.min.js?ver=1.12.1 HTTP/1.1" 200 1479 "https://jomarlogistica.com.br/contato/" "Mozilla/5.0 (Linux; Android 10; K) AppleWebKit/537.36 (KHTML, like Gecko) Chrome/140.0.0.0 Mobile Safari/537.36"
jomarlogistica.com.br:80 177.137.216.194 - - [13/Sep/2025:18:06:43 -0300] "GET /wp-content/plugins/elementor/assets/js/preloaded-modules.min.js?ver=3.4.8 HTTP/1.1" 200 9763 "https://jomarlogistica.com.br/contato/" "Mozilla/5.0 (Linux; Android 10; K) AppleWebKit/537.36 (KHTML, like Gecko) Chrome/140.0.0.0 Mobile Safari/537.36"
jomarlogistica.com.br:80 177.137.216.194 - - [13/Sep/2025:18:06:43 -0300] "GET /wp-content/plugins/case-theme-user/acess/js/ct-user-form.js?ver=1.0.0 HTTP/1.1" 200 2307 "https://jomarlogistica.com.br/contato/" "Mozilla/5.0 (Linux; Android 10; K) AppleWebKit/537.36 (KHTML, like Gecko) Chrome/140.0.0.0 Mobile Safari/537.36"
jomarlogistica.com.br:80 177.137.216.194 - - [13/Sep/2025:18:06:43 -0300] "GET /wp-content/plugins/elementor/assets/js/frontend-modules.min.js?ver=3.4.8 HTTP/1.1" 200 5016 "https://jomarlogistica.com.br/contato/" "Mozilla/5.0 (Linux; Android 10; K) AppleWebKit/537.36 (KHTML, like Gecko) Chrome/140.0.0.0 Mobile Safari/537.36"
jomarlogistica.com.br:80 177.137.216.194 - - [13/Sep/2025:18:06:43 -0300] "GET /wp-content/plugins/elementor/assets/lib/swiper/swiper.min.js?ver=5.3.6 HTTP/1.1" 200 37913 "https://jomarlogistica.com.br/contato/" "Mozilla/5.0 (Linux; Android 10; K) AppleWebKit/537.36 (KHTML, like Gecko) Chrome/140.0.0.0 Mobile Safari/537.36"
jomarlogistica.com.br:80 177.137.216.194 - - [13/Sep/2025:18:06:43 -0300] "GET /wp-content/plugins/revslider/public/assets/js/rbtools.min.js?ver=6.5.11 HTTP/1.1" 200 48787 "https://jomarlogistica.com.br/contato/" "Mozilla/5.0 (Linux; Android 10; K) AppleWebKit/537.36 (KHTML, like Gecko) Chrome/140.0.0.0 Mobile Safari/537.36"
jomarlogistica.com.br:80 177.137.216.194 - - [13/Sep/2025:18:06:43 -0300] "GET /wp-content/plugins/revslider/public/assets/js/rs6.min.js?ver=6.5.11 HTTP/1.1" 200 104993 "https://jomarlogistica.com.br/contato/" "Mozilla/5.0 (Linux; Android 10; K) AppleWebKit/537.36 (KHTML, like Gecko) Chrome/140.0.0.0 Mobile Safari/537.36"
jomarlogistica.com.br:80 177.137.216.194 - - [13/Sep/2025:18:06:43 -0300] "GET /wp-content/plugins/contact-form-7-multi-step/assets/frontend/js/cf7mls.js?ver=2.5.4 HTTP/1.1" 200 7286 "https://jomarlogistica.com.br/contato/" "Mozilla/5.0 (Linux; Android 10; K) AppleWebKit/537.36 (KHTML, like Gecko) Chrome/140.0.0.0 Mobile Safari/537.36"
jomarlogistica.com.br:80 177.137.216.194 - - [13/Sep/2025:18:06:43 -0300] "GET /wp-includes/js/dist/vendor/regenerator-runtime.min.js?ver=0.13.7 HTTP/1.1" 200 2798 "https://jomarlogistica.com.br/contato/" "Mozilla/5.0 (Linux; Android 10; K) AppleWebKit/537.36 (KHTML, like Gecko) Chrome/140.0.0.0 Mobile Safari/537.36"
jomarlogistica.com.br:80 177.137.216.194 - - [13/Sep/2025:18:06:43 -0300] "GET /wp-includes/js/dist/vendor/wp-polyfill.min.js?ver=3.15.0 HTTP/1.1" 200 6572 "https://jomarlogistica.com.br/contato/" "Mozilla/5.0 (Linux; Android 10; K) AppleWebKit/537.36 (KHTML, like Gecko) Chrome/140.0.0.0 Mobile Safari/537.36"
jomarlogistica.com.br:80 177.137.216.194 - - [13/Sep/2025:18:06:43 -0300] "GET /wp-content/plugins/contact-form-7/includes/js/index.js?ver=5.5.3 HTTP/1.1" 200 4245 "https://jomarlogistica.com.br/contato/" "Mozilla/5.0 (Linux; Android 10; K) AppleWebKit/537.36 (KHTML, like Gecko) Chrome/140.0.0.0 Mobile Safari/537.36"
jomarlogistica.com.br:80 177.137.216.194 - - [13/Sep/2025:18:06:43 -0300] "GET /wp-content/plugins/booked/includes/add-ons/frontend-agents/js/functions.js?ver=2.3.5 HTTP/1.1" 200 1592 "https://jomarlogistica.com.br/contato/" "Mozilla/5.0 (Linux; Android 10; K) AppleWebKit/537.36 (KHTML, like Gecko) Chrome/140.0.0.0 Mobile Safari/537.36"
