jomarlogistica.com.br:80 216.73.216.56 - - [13/Oct/2025:00:47:35 -0300] "GET /2023/05/page/url%20=%3Cwidth%3Ex%3Cheight%3E%20%22optional%20title%22?fileloc=%2Fvar%2Fwww%2Fvhosts%2Fjomarlogistica.com.br%2Fhttpdocs%2Fwp-admin%2Fjs%2Firis.min.js&path=%2Fvar%2Fwww%2Fvhosts%2Fjomarlogistica.com.br%2Fhttpdocs%2Fwp-admin%2Fjs HTTP/1.1" 200 11739 "-" "Mozilla/5.0 AppleWebKit/537.36 (KHTML, like Gecko; compatible; ClaudeBot/1.0; +claudebot@anthropic.com)"
jomarlogistica.com.br:80 216.73.216.56 - - [13/Oct/2025:00:47:35 -0300] "GET /2023/05/page/url%20=%3Cwidth%3Ex%3Cheight%3E%20%22optional%20title%22?fileloc=%2Fvar%2Fwww%2Fvhosts%2Fjomarlogistica.com.br%2Fhttpdocs%2Fwp-admin%2Fjs%2Fupdates.js&path=%2Fvar%2Fwww%2Fvhosts%2Fjomarlogistica.com.br%2Fhttpdocs%2Fwp-admin%2Fjs HTTP/1.1" 200 22077 "-" "Mozilla/5.0 AppleWebKit/537.36 (KHTML, like Gecko; compatible; ClaudeBot/1.0; +claudebot@anthropic.com)"
jomarlogistica.com.br:80 216.73.216.56 - - [13/Oct/2025:00:47:35 -0300] "GET /2023/05/31/'?fileloc=%2Fvar%2Fwww%2Fvhosts%2Fjomarlogistica.com.br%2Fhttpdocs%2Fwp-includes%2Fjs%2Fjcrop%2Fjquery.Jcrop.min.js&path=%2Fvar%2Fwww%2Fvhosts%2Fjomarlogistica.com.br%2Fhttpdocs%2Fwp-includes%2Fjs%2Fjcrop HTTP/1.1" 200 9409 "-" "Mozilla/5.0 AppleWebKit/537.36 (KHTML, like Gecko; compatible; ClaudeBot/1.0; +claudebot@anthropic.com)"
jomarlogistica.com.br:80 216.73.216.56 - - [13/Oct/2025:00:47:35 -0300] "GET /2024/02/07/url%20=%3Cwidth%3Ex%3Cheight%3E%20%22optional%20title%22?fileloc=%2Fvar%2Fwww%2Fvhosts%2Fjomarlogistica.com.br%2Fhttpdocs%2Fwp-admin%2Fjs%2Fsite-health.js&path=%2Fvar%2Fwww%2Fvhosts%2Fjomarlogistica.com.br%2Fhttpdocs%2Fwp-admin%2Fjs HTTP/1.1" 200 6977 "-" "Mozilla/5.0 AppleWebKit/537.36 (KHTML, like Gecko; compatible; ClaudeBot/1.0; +claudebot@anthropic.com)"
jomarlogistica.com.br:80 216.73.216.56 - - [13/Oct/2025:00:47:35 -0300] "GET /2024/02/24/%22,t+=%22%3C%22+e.getAttribute(%22src%22?fileloc=%2Fvar%2Fwww%2Fvhosts%2Fjomarlogistica.com.br%2Fhttpdocs%2Fwp-admin%2Fjs%2Fgallery.js&path=%2Fvar%2Fwww%2Fvhosts%2Fjomarlogistica.com.br%2Fhttpdocs%2Fwp-admin%2Fjs HTTP/1.1" 200 4973 "-" "Mozilla/5.0 AppleWebKit/537.36 (KHTML, like Gecko; compatible; ClaudeBot/1.0; +claudebot@anthropic.com)"
jomarlogistica.com.br:80 216.73.216.56 - - [13/Oct/2025:00:47:35 -0300] "GET /2024/02/07/url%20=%3Cwidth%3Ex%3Cheight%3E%20%22optional%20title%22?fileloc=%2Fvar%2Fwww%2Fvhosts%2Fjomarlogistica.com.br%2Fhttpdocs%2Fwp-admin%2Fjs%2Fmedia-gallery.js&path=%2Fvar%2Fwww%2Fvhosts%2Fjomarlogistica.com.br%2Fhttpdocs%2Fwp-admin%2Fjs HTTP/1.1" 200 3745 "-" "Mozilla/5.0 AppleWebKit/537.36 (KHTML, like Gecko; compatible; ClaudeBot/1.0; +claudebot@anthropic.com)"
jomarlogistica.com.br:80 216.73.216.56 - - [13/Oct/2025:00:47:35 -0300] "GET /2023/05/page/url%20=%3Cwidth%3Ex%3Cheight%3E%20%22optional%20title%22?fileloc=%2Fvar%2Fwww%2Fvhosts%2Fjomarlogistica.com.br%2Fhttpdocs%2Fwp-admin%2Fjs%2Fxfn.js&path=%2Fvar%2Fwww%2Fvhosts%2Fjomarlogistica.com.br%2Fhttpdocs%2Fwp-admin%2Fjs HTTP/1.1" 200 3459 "-" "Mozilla/5.0 AppleWebKit/537.36 (KHTML, like Gecko; compatible; ClaudeBot/1.0; +claudebot@anthropic.com)"
jomarlogistica.com.br:80 216.73.216.56 - - [13/Oct/2025:00:47:35 -0300] "GET /2023/05/page/url%20=%3Cwidth%3Ex%3Cheight%3E%20%22optional%20title%22?fileloc=%2Fvar%2Fwww%2Fvhosts%2Fjomarlogistica.com.br%2Fhttpdocs%2Fwp-admin%2Fjs%2Fsite-health.js&path=%2Fvar%2Fwww%2Fvhosts%2Fjomarlogistica.com.br%2Fhttpdocs%2Fwp-admin%2Fjs HTTP/1.1" 200 6977 "-" "Mozilla/5.0 AppleWebKit/537.36 (KHTML, like Gecko; compatible; ClaudeBot/1.0; +claudebot@anthropic.com)"
jomarlogistica.com.br:80 216.73.216.56 - - [13/Oct/2025:00:47:35 -0300] "GET /2023/12/14/'?fileloc=%2Fvar%2Fwww%2Fvhosts%2Fjomarlogistica.com.br%2Fhttpdocs%2Fwp-admin%2Fjs%2Finline-edit-post.js&path=%2Fvar%2Fwww%2Fvhosts%2Fjomarlogistica.com.br%2Fhttpdocs%2Fwp-admin%2Fjs HTTP/1.1" 200 8440 "-" "Mozilla/5.0 AppleWebKit/537.36 (KHTML, like Gecko; compatible; ClaudeBot/1.0; +claudebot@anthropic.com)"
jomarlogistica.com.br:80 216.73.216.56 - - [13/Oct/2025:00:47:35 -0300] "GET /2023/05/page/url%20=%3Cwidth%3Ex%3Cheight%3E%20%22optional%20title%22?fileloc=%2Fvar%2Fwww%2Fvhosts%2Fjomarlogistica.com.br%2Fhttpdocs%2Fwp-admin%2Fjs%2Fmedia-gallery.js&path=%2Fvar%2Fwww%2Fvhosts%2Fjomarlogistica.com.br%2Fhttpdocs%2Fwp-admin%2Fjs HTTP/1.1" 200 3726 "-" "Mozilla/5.0 AppleWebKit/537.36 (KHTML, like Gecko; compatible; ClaudeBot/1.0; +claudebot@anthropic.com)"
jomarlogistica.com.br:80 216.73.216.56 - - [13/Oct/2025:00:47:36 -0300] "GET /2023/05/31/'?fileloc=%2Fvar%2Fwww%2Fvhosts%2Fjomarlogistica.com.br%2Fhttpdocs%2Fwp-admin%2Fjs%2Fgallery.min.js&path=%2Fvar%2Fwww%2Fvhosts%2Fjomarlogistica.com.br%2Fhttpdocs%2Fwp-admin%2Fjs HTTP/1.1" 200 4635 "-" "Mozilla/5.0 AppleWebKit/537.36 (KHTML, like Gecko; compatible; ClaudeBot/1.0; +claudebot@anthropic.com)"
jomarlogistica.com.br:80 216.73.216.56 - - [13/Oct/2025:00:47:36 -0300] "GET /2024/02/24/%22,t+=%22%3C%22+e.getAttribute(%22src%22?fileloc=%2Fvar%2Fwww%2Fvhosts%2Fjomarlogistica.com.br%2Fhttpdocs%2Fwp-admin%2Fjs%2Fpostbox.min.js&path=%2Fvar%2Fwww%2Fvhosts%2Fjomarlogistica.com.br%2Fhttpdocs%2Fwp-admin%2Fjs HTTP/1.1" 200 5445 "-" "Mozilla/5.0 AppleWebKit/537.36 (KHTML, like Gecko; compatible; ClaudeBot/1.0; +claudebot@anthropic.com)"
jomarlogistica.com.br:80 216.73.216.56 - - [13/Oct/2025:00:47:36 -0300] "GET /2024/02/07/url%20=%3Cwidth%3Ex%3Cheight%3E%20%22optional%20title%22?fileloc=%2Fvar%2Fwww%2Fvhosts%2Fjomarlogistica.com.br%2Fhttpdocs%2Fwp-admin%2Fjs%2Ffarbtastic.js&path=%2Fvar%2Fwww%2Fvhosts%2Fjomarlogistica.com.br%2Fhttpdocs%2Fwp-admin%2Fjs HTTP/1.1" 200 5666 "-" "Mozilla/5.0 AppleWebKit/537.36 (KHTML, like Gecko; compatible; ClaudeBot/1.0; +claudebot@anthropic.com)"
jomarlogistica.com.br:80 216.73.216.56 - - [13/Oct/2025:00:47:36 -0300] "GET /2023/%22,t+=%22%3C%22+e.getAttribute(%22src%22?path=%2Fvar%2Fwww%2Fvhosts%2Fjomarlogistica.com.br%2Fhttpdocs%2Fwp-includes%2FRequests%2FException%2FHTTP HTTP/1.1" 200 4847 "-" "Mozilla/5.0 AppleWebKit/537.36 (KHTML, like Gecko; compatible; ClaudeBot/1.0; +claudebot@anthropic.com)"
jomarlogistica.com.br:80 216.73.216.56 - - [13/Oct/2025:00:47:36 -0300] "GET /2024/02/24/%22,t+=%22%3C%22+e.getAttribute(%22src%22?fileloc=%2Fvar%2Fwww%2Fvhosts%2Fjomarlogistica.com.br%2Fhttpdocs%2Fwp-admin%2Fjs%2Fapplication-passwords.min.js&path=%2Fvar%2Fwww%2Fvhosts%2Fjomarlogistica.com.br%2Fhttpdocs%2Fwp-admin%2Fjs HTTP/1.1" 200 4251 "-" "Mozilla/5.0 AppleWebKit/537.36 (KHTML, like Gecko; compatible; ClaudeBot/1.0; +claudebot@anthropic.com)"
jomarlogistica.com.br:80 216.73.216.56 - - [13/Oct/2025:00:47:36 -0300] "GET /2023/12/14/'?fileloc=%2Fvar%2Fwww%2Fvhosts%2Fjomarlogistica.com.br%2Fhttpdocs%2Fwp-admin%2Fjs%2Fset-post-thumbnail.min.js&path=%2Fvar%2Fwww%2Fvhosts%2Fjomarlogistica.com.br%2Fhttpdocs%2Fwp-admin%2Fjs HTTP/1.1" 200 3492 "-" "Mozilla/5.0 AppleWebKit/537.36 (KHTML, like Gecko; compatible; ClaudeBot/1.0; +claudebot@anthropic.com)"
jomarlogistica.com.br:80 216.73.216.56 - - [13/Oct/2025:00:47:36 -0300] "GET /2023/05/30/url%20=%3Cwidth%3Ex%3Cheight%3E%20%22optional%20title%22?fileloc=%2Fvar%2Fwww%2Fvhosts%2Fjomarlogistica.com.br%2Fhttpdocs%2Fwp-includes%2Fjs%2Fmedia-grid.min.js&path=%2Fvar%2Fwww%2Fvhosts%2Fjomarlogistica.com.br%2Fhttpdocs%2Fwp-includes%2Fjs HTTP/1.1" 200 7620 "-" "Mozilla/5.0 AppleWebKit/537.36 (KHTML, like Gecko; compatible; ClaudeBot/1.0; +claudebot@anthropic.com)"
jomarlogistica.com.br:80 216.73.216.56 - - [13/Oct/2025:00:47:36 -0300] "GET /2023/05/30/'?path=%2Fvar%2Fwww%2Fvhosts%2Fjomarlogistica.com.br%2Fhttpdocs%2Fwp-content%2Fplugins%2Felementor HTTP/1.1" 200 3831 "-" "Mozilla/5.0 AppleWebKit/537.36 (KHTML, like Gecko; compatible; ClaudeBot/1.0; +claudebot@anthropic.com)"
jomarlogistica.com.br:80 216.73.216.56 - - [13/Oct/2025:00:47:36 -0300] "GET /2023/12/page/%22,t+=%22%3C%22+e.getAttribute(%22src%22?fileloc=%2Fvar%2Fwww%2Fvhosts%2Fjomarlogistica.com.br%2Fhttpdocs%2Fwp-includes%2Fjs%2Fcrop%2Fcropper.js&path=%2Fvar%2Fwww%2Fvhosts%2Fjomarlogistica.com.br%2Fhttpdocs%2Fwp-includes%2Fjs%2Fcrop HTTP/1.1" 200 8352 "-" "Mozilla/5.0 AppleWebKit/537.36 (KHTML, like Gecko; compatible; ClaudeBot/1.0; +claudebot@anthropic.com)"
jomarlogistica.com.br:80 216.73.216.56 - - [13/Oct/2025:00:47:36 -0300] "GET /2023/05/30/url%20=%3Cwidth%3Ex%3Cheight%3E%20%22optional%20title%22?fileloc=%2Fvar%2Fwww%2Fvhosts%2Fjomarlogistica.com.br%2Fhttpdocs%2Fwp-includes%2Fjs%2Fautosave.min.js&path=%2Fvar%2Fwww%2Fvhosts%2Fjomarlogistica.com.br%2Fhttpdocs%2Fwp-includes%2Fjs HTTP/1.1" 200 5528 "-" "Mozilla/5.0 AppleWebKit/537.36 (KHTML, like Gecko; compatible; ClaudeBot/1.0; +claudebot@anthropic.com)"
jomarlogistica.com.br:80 216.73.216.56 - - [13/Oct/2025:00:47:37 -0300] "GET /2024/02/07/url%20=%3Cwidth%3Ex%3Cheight%3E%20%22optional%20title%22?fileloc=%2Fvar%2Fwww%2Fvhosts%2Fjomarlogistica.com.br%2Fhttpdocs%2Fwp-admin%2Fjs%2Faccordion.min.js&path=%2Fvar%2Fwww%2Fvhosts%2Fjomarlogistica.com.br%2Fhttpdocs%2Fwp-admin%2Fjs HTTP/1.1" 200 3514 "-" "Mozilla/5.0 AppleWebKit/537.36 (KHTML, like Gecko; compatible; ClaudeBot/1.0; +claudebot@anthropic.com)"
jomarlogistica.com.br:80 216.73.216.56 - - [13/Oct/2025:00:47:37 -0300] "GET /2024/02/07/url%20=%3Cwidth%3Ex%3Cheight%3E%20%22optional%20title%22?fileloc=%2Fvar%2Fwww%2Fvhosts%2Fjomarlogistica.com.br%2Fhttpdocs%2Fwp-admin%2Fjs%2Fuser-profile.min.js&path=%2Fvar%2Fwww%2Fvhosts%2Fjomarlogistica.com.br%2Fhttpdocs%2Fwp-admin%2Fjs HTTP/1.1" 200 5516 "-" "Mozilla/5.0 AppleWebKit/537.36 (KHTML, like Gecko; compatible; ClaudeBot/1.0; +claudebot@anthropic.com)"
jomarlogistica.com.br:80 216.73.216.56 - - [13/Oct/2025:00:47:37 -0300] "GET /2024/02/07/url%20=%3Cwidth%3Ex%3Cheight%3E%20%22optional%20title%22?fileloc=%2Fvar%2Fwww%2Fvhosts%2Fjomarlogistica.com.br%2Fhttpdocs%2Fwp-admin%2Fjs%2Frevisions.min.js&path=%2Fvar%2Fwww%2Fvhosts%2Fjomarlogistica.com.br%2Fhttpdocs%2Fwp-admin%2Fjs HTTP/1.1" 200 8249 "-" "Mozilla/5.0 AppleWebKit/537.36 (KHTML, like Gecko; compatible; ClaudeBot/1.0; +claudebot@anthropic.com)"
jomarlogistica.com.br:80 216.73.216.56 - - [13/Oct/2025:00:47:37 -0300] "GET /2024/02/07/url%20=%3Cwidth%3Ex%3Cheight%3E%20%22optional%20title%22?fileloc=%2Fvar%2Fwww%2Fvhosts%2Fjomarlogistica.com.br%2Fhttpdocs%2Fwp-admin%2Fjs%2Fcomment.min.js&path=%2Fvar%2Fwww%2Fvhosts%2Fjomarlogistica.com.br%2Fhttpdocs%2Fwp-admin%2Fjs HTTP/1.1" 200 3745 "-" "Mozilla/5.0 AppleWebKit/537.36 (KHTML, like Gecko; compatible; ClaudeBot/1.0; +claudebot@anthropic.com)"
jomarlogistica.com.br:80 216.73.216.56 - - [13/Oct/2025:00:47:37 -0300] "GET /2023/05/page/url%20=%3Cwidth%3Ex%3Cheight%3E%20%22optional%20title%22?fileloc=%2Fvar%2Fwww%2Fvhosts%2Fjomarlogistica.com.br%2Fhttpdocs%2Fwp-admin%2Fjs%2Ffarbtastic.js&path=%2Fvar%2Fwww%2Fvhosts%2Fjomarlogistica.com.br%2Fhttpdocs%2Fwp-admin%2Fjs HTTP/1.1" 200 5666 "-" "Mozilla/5.0 AppleWebKit/537.36 (KHTML, like Gecko; compatible; ClaudeBot/1.0; +claudebot@anthropic.com)"
jomarlogistica.com.br:80 216.73.216.56 - - [13/Oct/2025:00:47:37 -0300] "GET /2024/02/24/%22,t+=%22%3C%22+e.getAttribute(%22src%22?fileloc=%2Fvar%2Fwww%2Fvhosts%2Fjomarlogistica.com.br%2Fhttpdocs%2Fwp-admin%2Fjs%2Fword-count.js&path=%2Fvar%2Fwww%2Fvhosts%2Fjomarlogistica.com.br%2Fhttpdocs%2Fwp-admin%2Fjs HTTP/1.1" 200 5489 "-" "Mozilla/5.0 AppleWebKit/537.36 (KHTML, like Gecko; compatible; ClaudeBot/1.0; +claudebot@anthropic.com)"
jomarlogistica.com.br:80 127.0.0.1 - - [13/Oct/2025:00:47:38 -0300] "OPTIONS * HTTP/1.0" 200 110 "-" "Apache/2.4.65 (Ubuntu) (internal dummy connection)"
jomarlogistica.com.br:80 66.249.66.38 - - [13/Oct/2025:00:48:05 -0300] "GET /_profiler/phpinfo/phpinfo.php?fileloc=/var/www/vhosts/jomarlogistica.com.br/httpdocs/wp-includes/class-wp-customize-setting.php&path=/var/www/vhosts/jomarlogistica.com.br/httpdocs/wp-includes HTTP/1.1" 200 10129 "-" "Mozilla/5.0 (Linux; Android 6.0.1; Nexus 5X Build/MMB29P) AppleWebKit/537.36 (KHTML, like Gecko) Chrome/140.0.7339.207 Mobile Safari/537.36 (compatible; GoogleOther)"
jomarlogistica.com.br:80 57.141.0.25 - - [13/Oct/2025:00:48:11 -0300] "GET /2023/07/11/bc-alr-rules-your-guide-to-agricultural-land-reserve-regulations/?fileloc=/var/www/vhosts/jomarlogistica.com.br/httpdocs/readme.html&path=/var/www/vhosts/jomarlogistica.com.br/httpdocs HTTP/1.1" 200 22458 "-" "meta-externalagent/1.1 (+https://developers.facebook.com/docs/sharing/webmasters/crawler)"
jomarlogistica.com.br:80 57.141.0.55 - - [13/Oct/2025:00:48:17 -0300] "GET /2023/07/11/bc-alr-rules-your-guide-to-agricultural-land-reserve-regulations/?path=/var/www HTTP/1.1" 200 17292 "-" "meta-externalagent/1.1 (+https://developers.facebook.com/docs/sharing/webmasters/crawler)"
jomarlogistica.com.br:80 57.141.0.68 - - [13/Oct/2025:00:48:22 -0300] "GET /2022/11/21/romantic-relationship-advice-from-experts/ HTTP/1.1" 200 46229 "-" "meta-externalagent/1.1 (+https://developers.facebook.com/docs/sharing/webmasters/crawler)"
jomarlogistica.com.br:80 114.119.159.76 - - [13/Oct/2025:00:48:26 -0300] "GET /2023/02/14/5-tips-to-help-you-will-find-a-girl-right-from-another-region-online/?path=/var/www/vhosts/jomarlogistica.com.br HTTP/1.1" 200 3520 "https://jomarlogistica.com.br/2023/02/14/5-tips-to-help-you-will-find-a-girl-right-from-another-region-online/" "Mozilla/5.0 (Linux; Android 7.0;) AppleWebKit/537.36 (KHTML, like Gecko) Mobile Safari/537.36 (compatible; PetalBot;+https://webmaster.petalsearch.com/site/petalbot)"
jomarlogistica.com.br:80 66.249.66.37 - - [13/Oct/2025:00:48:49 -0300] "GET /?fileloc=/var/www/vhosts/jomarlogistica.com.br/httpdocs/wp-content/uploads/wc-logs/index.html&path=/var/www/vhosts/jomarlogistica.com.br/httpdocs/wp-content/uploads/wc-logs HTTP/1.1" 200 3124 "-" "Mozilla/5.0 (Linux; Android 6.0.1; Nexus 5X Build/MMB29P) AppleWebKit/537.36 (KHTML, like Gecko) Chrome/140.0.7339.207 Mobile Safari/537.36 (compatible; GoogleOther)"
jomarlogistica.com.br:80 107.20.181.148 - - [13/Oct/2025:00:49:23 -0300] "GET /2023/11/?path=/ HTTP/1.1" 200 3077 "-" "Mozilla/5.0 AppleWebKit/537.36 (KHTML, like Gecko; compatible; Amazonbot/0.1; +https://developer.amazon.com/support/amazonbot) Chrome/119.0.6045.214 Safari/537.36"
jomarlogistica.com.br:80 52.205.222.214 - - [13/Oct/2025:00:49:28 -0300] "GET /2022/12/14/exactly-what-is-a-soulmate/?path=/var HTTP/1.1" 200 3089 "-" "Mozilla/5.0 AppleWebKit/537.36 (KHTML, like Gecko; compatible; Amazonbot/0.1; +https://developer.amazon.com/support/amazonbot) Chrome/119.0.6045.214 Safari/537.36"
jomarlogistica.com.br:80 23.21.228.180 - - [13/Oct/2025:00:49:34 -0300] "GET /2023/09/05/headjack-link-oculus-app-content-plus-the-oculus-iphone-app-lab/?path=/ HTTP/1.1" 200 3077 "-" "Mozilla/5.0 AppleWebKit/537.36 (KHTML, like Gecko; compatible; Amazonbot/0.1; +https://developer.amazon.com/support/amazonbot) Chrome/119.0.6045.214 Safari/537.36"
jomarlogistica.com.br:80 52.4.76.156 - - [13/Oct/2025:00:49:39 -0300] "GET /2023/06/11/choosing-a-data-bedroom-provider-for-people-who-do-buiness/?path=/var HTTP/1.1" 200 3089 "-" "Mozilla/5.0 AppleWebKit/537.36 (KHTML, like Gecko; compatible; Amazonbot/0.1; +https://developer.amazon.com/support/amazonbot) Chrome/119.0.6045.214 Safari/537.36"
jomarlogistica.com.br:80 44.223.116.180 - - [13/Oct/2025:00:49:40 -0300] "GET /2023/10/03/online-antivirus-scan-for-android-mobile/?path=/ HTTP/1.1" 200 3077 "-" "Mozilla/5.0 AppleWebKit/537.36 (KHTML, like Gecko; compatible; Amazonbot/0.1; +https://developer.amazon.com/support/amazonbot) Chrome/119.0.6045.214 Safari/537.36"
jomarlogistica.com.br:80 54.152.163.42 - - [13/Oct/2025:00:49:43 -0300] "GET /2023/04/18/the-very-best-female-competition-to-marry/?path=/var/www/vhosts HTTP/1.1" 200 3368 "-" "Mozilla/5.0 AppleWebKit/537.36 (KHTML, like Gecko; compatible; Amazonbot/0.1; +https://developer.amazon.com/support/amazonbot) Chrome/119.0.6045.214 Safari/537.36"
jomarlogistica.com.br:80 66.249.66.37 - - [13/Oct/2025:00:49:43 -0300] "GET /_profiler/phpinfo/phpinfo.php?fileloc=/var/www/vhosts/jomarlogistica.com.br/httpdocs/wp-includes/default-filters.php&path=/var/www/vhosts/jomarlogistica.com.br/httpdocs/wp-includes HTTP/1.1" 200 9992 "-" "Mozilla/5.0 (Linux; Android 6.0.1; Nexus 5X Build/MMB29P) AppleWebKit/537.36 (KHTML, like Gecko) Chrome/140.0.7339.207 Mobile Safari/537.36 (compatible; GoogleOther)"
jomarlogistica.com.br:80 114.119.159.76 - - [13/Oct/2025:00:49:47 -0300] "GET /2023/02/14/5-tips-to-help-you-will-find-a-girl-right-from-another-region-online/?path=/var/www HTTP/1.1" 200 3446 "https://jomarlogistica.com.br/2023/02/14/5-tips-to-help-you-will-find-a-girl-right-from-another-region-online/" "Mozilla/5.0 (Linux; Android 7.0;) AppleWebKit/537.36 (KHTML, like Gecko) Mobile Safari/537.36 (compatible; PetalBot;+https://webmaster.petalsearch.com/site/petalbot)"
jomarlogistica.com.br:80 34.203.111.15 - - [13/Oct/2025:00:49:48 -0300] "GET /2022/10/18/can-you-really-get-married-extended-distance/?path=/var/www/vhosts/jomarlogistica.com.br HTTP/1.1" 200 3520 "-" "Mozilla/5.0 AppleWebKit/537.36 (KHTML, like Gecko; compatible; Amazonbot/0.1; +https://developer.amazon.com/support/amazonbot) Chrome/119.0.6045.214 Safari/537.36"
jomarlogistica.com.br:80 127.0.0.1 - - [13/Oct/2025:00:49:52 -0300] "OPTIONS * HTTP/1.0" 200 110 "-" "Apache/2.4.65 (Ubuntu) (internal dummy connection)"
jomarlogistica.com.br:80 54.221.203.24 - - [13/Oct/2025:00:49:53 -0300] "GET /2022/09/10/taking-care-of-expectations-in-relationships/?path=/var HTTP/1.1" 200 3089 "-" "Mozilla/5.0 AppleWebKit/537.36 (KHTML, like Gecko; compatible; Amazonbot/0.1; +https://developer.amazon.com/support/amazonbot) Chrome/119.0.6045.214 Safari/537.36"
jomarlogistica.com.br:80 3.213.85.234 - - [13/Oct/2025:00:49:55 -0300] "GET /2023/04/14/ukrainian-wedding-practices/?path=/ HTTP/1.1" 200 3077 "-" "Mozilla/5.0 AppleWebKit/537.36 (KHTML, like Gecko; compatible; Amazonbot/0.1; +https://developer.amazon.com/support/amazonbot) Chrome/119.0.6045.214 Safari/537.36"
jomarlogistica.com.br:80 127.0.0.1 - - [13/Oct/2025:00:50:00 -0300] "OPTIONS * HTTP/1.0" 200 110 "-" "Apache/2.4.65 (Ubuntu) (internal dummy connection)"
jomarlogistica.com.br:80 54.164.106.236 - - [13/Oct/2025:00:50:00 -0300] "GET /2023/10/08/american-law-students-association/?path=/var HTTP/1.1" 200 3089 "-" "Mozilla/5.0 AppleWebKit/537.36 (KHTML, like Gecko; compatible; Amazonbot/0.1; +https://developer.amazon.com/support/amazonbot) Chrome/119.0.6045.214 Safari/537.36"
jomarlogistica.com.br:80 44.223.115.10 - - [13/Oct/2025:00:50:03 -0300] "GET /2022/12/05/five-tips-for-guys-who-fight-to-find-a-woman-to-date/?path=/var/www/vhosts/jomarlogistica.com.br/httpdocs/wp-includes HTTP/1.1" 200 13071 "-" "Mozilla/5.0 AppleWebKit/537.36 (KHTML, like Gecko; compatible; Amazonbot/0.1; +https://developer.amazon.com/support/amazonbot) Chrome/119.0.6045.214 Safari/537.36"
jomarlogistica.com.br:80 52.6.5.24 - - [13/Oct/2025:00:50:08 -0300] "GET /2022/12/28/narcissistic-behavior-in-a-relationship/?path=/var/www/vhosts/jomarlogistica.com.br/httpdocs HTTP/1.1" 200 4462 "-" "Mozilla/5.0 AppleWebKit/537.36 (KHTML, like Gecko; compatible; Amazonbot/0.1; +https://developer.amazon.com/support/amazonbot) Chrome/119.0.6045.214 Safari/537.36"
jomarlogistica.com.br:80 98.84.200.43 - - [13/Oct/2025:00:50:11 -0300] "GET /2023/05/27/how-to-keep-data-secure/?path=/var/www/vhosts/jomarlogistica.com.br/httpdocs HTTP/1.1" 200 4462 "-" "Mozilla/5.0 AppleWebKit/537.36 (KHTML, like Gecko; compatible; Amazonbot/0.1; +https://developer.amazon.com/support/amazonbot) Chrome/119.0.6045.214 Safari/537.36"
jomarlogistica.com.br:80 127.0.0.1 - - [13/Oct/2025:00:50:15 -0300] "OPTIONS * HTTP/1.0" 200 110 "-" "Apache/2.4.65 (Ubuntu) (internal dummy connection)"
jomarlogistica.com.br:80 3.90.73.206 - - [13/Oct/2025:00:50:16 -0300] "GET /2023/12/30/are-signed-mediation-agreements-binding-expert-legal-insight/?path=/var HTTP/1.1" 200 3089 "-" "Mozilla/5.0 AppleWebKit/537.36 (KHTML, like Gecko; compatible; Amazonbot/0.1; +https://developer.amazon.com/support/amazonbot) Chrome/119.0.6045.214 Safari/537.36"
jomarlogistica.com.br:80 3.213.106.226 - - [13/Oct/2025:00:50:21 -0300] "GET /2023/03/16/asian-family-prospects/?path=/var HTTP/1.1" 200 3089 "-" "Mozilla/5.0 AppleWebKit/537.36 (KHTML, like Gecko; compatible; Amazonbot/0.1; +https://developer.amazon.com/support/amazonbot) Chrome/119.0.6045.214 Safari/537.36"
jomarlogistica.com.br:80 34.194.95.99 - - [13/Oct/2025:00:50:24 -0300] "GET /2024/01/23/are-led-headlights-legal-in-ct-ct-headlight-laws-explained/?path=/var/www/vhosts/jomarlogistica.com.br/httpdocs/wp-includes HTTP/1.1" 200 13071 "-" "Mozilla/5.0 AppleWebKit/537.36 (KHTML, like Gecko; compatible; Amazonbot/0.1; +https://developer.amazon.com/support/amazonbot) Chrome/119.0.6045.214 Safari/537.36"
jomarlogistica.com.br:80 127.0.0.1 - - [13/Oct/2025:00:50:26 -0300] "OPTIONS * HTTP/1.0" 200 110 "-" "Apache/2.4.65 (Ubuntu) (internal dummy connection)"
jomarlogistica.com.br:80 66.249.66.39 - - [13/Oct/2025:00:50:27 -0300] "GET /2023/05/28/talkiv-review-pricing-features-interface-june-2023/?fileloc=/var/www/vhosts/jomarlogistica.com.br/httpdocs/wp-activate.php&path=/var/www/vhosts/jomarlogistica.com.br/httpdocs HTTP/1.1" 200 5598 "-" "Mozilla/5.0 (Linux; Android 6.0.1; Nexus 5X Build/MMB29P) AppleWebKit/537.36 (KHTML, like Gecko) Chrome/140.0.7339.207 Mobile Safari/537.36 (compatible; GoogleOther)"
jomarlogistica.com.br:80 52.2.4.213 - - [13/Oct/2025:00:50:28 -0300] "GET /author/jomar/page/28/?path=/var/www HTTP/1.1" 200 3446 "-" "Mozilla/5.0 AppleWebKit/537.36 (KHTML, like Gecko; compatible; Amazonbot/0.1; +https://developer.amazon.com/support/amazonbot) Chrome/119.0.6045.214 Safari/537.36"
jomarlogistica.com.br:80 54.225.81.20 - - [13/Oct/2025:00:50:32 -0300] "GET /2023/09/27/using-a-digital-data-room-to-accelerate-due-diligence/?path=/var/www/vhosts/jomarlogistica.com.br HTTP/1.1" 200 3520 "-" "Mozilla/5.0 AppleWebKit/537.36 (KHTML, like Gecko; compatible; Amazonbot/0.1; +https://developer.amazon.com/support/amazonbot) Chrome/119.0.6045.214 Safari/537.36"
jomarlogistica.com.br:80 98.82.38.120 - - [13/Oct/2025:00:50:36 -0300] "GET /2023/06/07/dating-someone-right-from-a-different-nation/?path=/var/www/vhosts/jomarlogistica.com.br/httpdocs/wp-admin HTTP/1.1" 200 7932 "-" "Mozilla/5.0 AppleWebKit/537.36 (KHTML, like Gecko; compatible; Amazonbot/0.1; +https://developer.amazon.com/support/amazonbot) Chrome/119.0.6045.214 Safari/537.36"
stat.jomarlogistica.com.br:80 128.199.78.171 - - [13/Oct/2025:00:50:22 -0300] "HEAD / HTTP/1.1" 502 126 "-" "Mozilla/5.0 (iPad; CPU OS 16_4 like Mac OS X) AppleWebKit/605.1.15 (KHTML, like Gecko) Version/16.4 Mobile/15E148 Safari/604.1"
jomarlogistica.com.br:80 34.236.135.14 - - [13/Oct/2025:00:50:40 -0300] "GET /2024/02/19/chk-restructuring-support-agreement-legal-assistance-and-guidance/?path=/var/www/vhosts/jomarlogistica.com.br HTTP/1.1" 200 3520 "-" "Mozilla/5.0 AppleWebKit/537.36 (KHTML, like Gecko; compatible; Amazonbot/0.1; +https://developer.amazon.com/support/amazonbot) Chrome/119.0.6045.214 Safari/537.36"
jomarlogistica.com.br:80 52.3.156.186 - - [13/Oct/2025:00:50:43 -0300] "GET /2023/04/26/what-you-ought-to-know-about-eu-women-planning-to-come-to-the-us/?path=/var/www/vhosts/jomarlogistica.com.br HTTP/1.1" 200 3520 "-" "Mozilla/5.0 AppleWebKit/537.36 (KHTML, like Gecko; compatible; Amazonbot/0.1; +https://developer.amazon.com/support/amazonbot) Chrome/119.0.6045.214 Safari/537.36"
stat.jomarlogistica.com.br:80 128.199.78.171 - - [13/Oct/2025:00:50:28 -0300] "HEAD / HTTP/1.1" 301 264 "-" "Mozilla/5.0 (iPad; CPU OS 16_4 like Mac OS X) AppleWebKit/605.1.15 (KHTML, like Gecko) Version/16.4 Mobile/15E148 Safari/604.1"
jomarlogistica.com.br:80 3.217.82.254 - - [13/Oct/2025:00:50:48 -0300] "GET /2022/11/14/are-mutual-funds-legal-entities-understanding-the-legal-status/?path=/var/www/vhosts/jomarlogistica.com.br/httpdocs HTTP/1.1" 200 4462 "-" "Mozilla/5.0 AppleWebKit/537.36 (KHTML, like Gecko; compatible; Amazonbot/0.1; +https://developer.amazon.com/support/amazonbot) Chrome/119.0.6045.214 Safari/537.36"
jomarlogistica.com.br:80 3.218.103.254 - - [13/Oct/2025:00:50:52 -0300] "GET /2024/02/19/chk-restructuring-support-agreement-legal-assistance-and-guidance/?path=/var/www/vhosts/jomarlogistica.com.br/httpdocs/wp-includes HTTP/1.1" 200 13071 "-" "Mozilla/5.0 AppleWebKit/537.36 (KHTML, like Gecko; compatible; Amazonbot/0.1; +https://developer.amazon.com/support/amazonbot) Chrome/119.0.6045.214 Safari/537.36"
stat.jomarlogistica.com.br:80 128.199.78.171 - - [13/Oct/2025:00:50:35 -0300] "HEAD / HTTP/1.1" 502 126 "-" "Mozilla/5.0 (iPad; CPU OS 16_4 like Mac OS X) AppleWebKit/605.1.15 (KHTML, like Gecko) Version/16.4 Mobile/15E148 Safari/604.1"
jomarlogistica.com.br:80 127.0.0.1 - - [13/Oct/2025:00:50:53 -0300] "OPTIONS * HTTP/1.0" 200 110 "-" "Apache/2.4.65 (Ubuntu) (internal dummy connection)"
jomarlogistica.com.br:80 23.23.180.225 - - [13/Oct/2025:00:50:56 -0300] "GET /2023/05/05/intimate-things-to-do-in-suriname/?path=/var/www/vhosts/jomarlogistica.com.br/httpdocs/wp-admin HTTP/1.1" 200 7932 "-" "Mozilla/5.0 AppleWebKit/537.36 (KHTML, like Gecko; compatible; Amazonbot/0.1; +https://developer.amazon.com/support/amazonbot) Chrome/119.0.6045.214 Safari/537.36"
jomarlogistica.com.br:80 44.206.93.215 - - [13/Oct/2025:00:50:59 -0300] "GET /2023/06/20/if-avast-says-i-have-a-traveler-cookie/?path=/var/www/vhosts/jomarlogistica.com.br HTTP/1.1" 200 3520 "-" "Mozilla/5.0 AppleWebKit/537.36 (KHTML, like Gecko; compatible; Amazonbot/0.1; +https://developer.amazon.com/support/amazonbot) Chrome/119.0.6045.214 Safari/537.36"
stat.jomarlogistica.com.br:80 128.199.78.171 - - [13/Oct/2025:00:50:44 -0300] "HEAD / HTTP/1.1" 502 126 "-" "Mozilla/5.0 (iPad; CPU OS 16_4 like Mac OS X) AppleWebKit/605.1.15 (KHTML, like Gecko) Version/16.4 Mobile/15E148 Safari/604.1"
jomarlogistica.com.br:80 127.0.0.1 - - [13/Oct/2025:00:51:03 -0300] "OPTIONS * HTTP/1.0" 200 110 "-" "Apache/2.4.65 (Ubuntu) (internal dummy connection)"
jomarlogistica.com.br:80 127.0.0.1 - - [13/Oct/2025:00:51:04 -0300] "OPTIONS * HTTP/1.0" 200 110 "-" "Apache/2.4.65 (Ubuntu) (internal dummy connection)"
jomarlogistica.com.br:80 18.232.12.157 - - [13/Oct/2025:00:51:04 -0300] "GET /2023/04/26/what-you-ought-to-know-about-eu-women-planning-to-come-to-the-us/?path=/var/www/vhosts/jomarlogistica.com.br/httpdocs/wp-includes HTTP/1.1" 200 13071 "-" "Mozilla/5.0 AppleWebKit/537.36 (KHTML, like Gecko; compatible; Amazonbot/0.1; +https://developer.amazon.com/support/amazonbot) Chrome/119.0.6045.214 Safari/537.36"
jomarlogistica.com.br:80 52.3.102.51 - - [13/Oct/2025:00:51:09 -0300] "GET /2023/01/16/sugar-daddy-personality/?fileloc=/var/www/vhosts/jomarlogistica.com.br/httpdocs/wp-load.php&path=/var/www/vhosts/jomarlogistica.com.br/httpdocs HTTP/1.1" 200 4770 "-" "Mozilla/5.0 AppleWebKit/537.36 (KHTML, like Gecko; compatible; Amazonbot/0.1; +https://developer.amazon.com/support/amazonbot) Chrome/119.0.6045.214 Safari/537.36"
jomarlogistica.com.br:80 114.119.138.130 - - [13/Oct/2025:00:51:12 -0300] "GET /2023/02/14/5-tips-to-help-you-will-find-a-girl-right-from-another-region-online/?path=/ HTTP/1.1" 200 3077 "https://jomarlogistica.com.br/2023/02/14/5-tips-to-help-you-will-find-a-girl-right-from-another-region-online/" "Mozilla/5.0 (Linux; Android 7.0;) AppleWebKit/537.36 (KHTML, like Gecko) Mobile Safari/537.36 (compatible; PetalBot;+https://webmaster.petalsearch.com/site/petalbot)"
jomarlogistica.com.br:80 52.6.232.201 - - [13/Oct/2025:00:51:13 -0300] "GET /2022/08/11/tips-for-successful-sugars-daddies-and-babies-relationships/?path=/var/www/vhosts/jomarlogistica.com.br/httpdocs/wp-includes HTTP/1.1" 200 13071 "-" "Mozilla/5.0 AppleWebKit/537.36 (KHTML, like Gecko; compatible; Amazonbot/0.1; +https://developer.amazon.com/support/amazonbot) Chrome/119.0.6045.214 Safari/537.36"
jomarlogistica.com.br:80 23.21.148.226 - - [13/Oct/2025:00:51:15 -0300] "GET /2022/12/01/some-signs-you-happen-to-be-in-appreciate/?fileloc=/var/www/vhosts/jomarlogistica.com.br/httpdocs/wp-links-opml.php&path=/var/www/vhosts/jomarlogistica.com.br/httpdocs HTTP/1.1" 200 4205 "-" "Mozilla/5.0 AppleWebKit/537.36 (KHTML, like Gecko; compatible; Amazonbot/0.1; +https://developer.amazon.com/support/amazonbot) Chrome/119.0.6045.214 Safari/537.36"
jomarlogistica.com.br:80 35.173.38.202 - - [13/Oct/2025:00:51:19 -0300] "GET /2023/11/07/360-total-secureness-vs-avast/?fileloc=/var/www/vhosts/jomarlogistica.com.br/httpdocs/wp-login.php&path=/var/www/vhosts/jomarlogistica.com.br/httpdocs HTTP/1.1" 200 15576 "-" "Mozilla/5.0 AppleWebKit/537.36 (KHTML, like Gecko; compatible; Amazonbot/0.1; +https://developer.amazon.com/support/amazonbot) Chrome/119.0.6045.214 Safari/537.36"
jomarlogistica.com.br:80 66.249.66.38 - - [13/Oct/2025:00:51:21 -0300] "GET /_profiler/phpinfo/phpinfo.php?fileloc=/var/www/vhosts/jomarlogistica.com.br/httpdocs/wp-includes/revision.php&path=/var/www/vhosts/jomarlogistica.com.br/httpdocs/wp-includes HTTP/1.1" 200 9518 "-" "Mozilla/5.0 (Linux; Android 6.0.1; Nexus 5X Build/MMB29P) AppleWebKit/537.36 (KHTML, like Gecko) Chrome/140.0.7339.207 Mobile Safari/537.36 (compatible; GoogleOther)"
jomarlogistica.com.br:80 98.83.72.38 - - [13/Oct/2025:00:51:25 -0300] "GET /2023/10/02/how-to-enable-and-disable-avast-game-mode/?fileloc=/var/www/vhosts/jomarlogistica.com.br/httpdocs/wp-blog-header.php&path=/var/www/vhosts/jomarlogistica.com.br/httpdocs HTTP/1.1" 200 3276 "-" "Mozilla/5.0 AppleWebKit/537.36 (KHTML, like Gecko; compatible; Amazonbot/0.1; +https://developer.amazon.com/support/amazonbot) Chrome/119.0.6045.214 Safari/537.36"
jomarlogistica.com.br:80 216.73.216.56 - - [13/Oct/2025:00:51:26 -0300] "GET /2023/'?fileloc=%2Fvar%2Fwww%2Fvhosts%2Fjomarlogistica.com.br%2Fhttpdocs%2Fwp-content%2Fplugins%2Fcontact-form-7%2Fassets%2Ficon.png&path=%2Fvar%2Fwww%2Fvhosts%2Fjomarlogistica.com.br%2Fhttpdocs%2Fwp-content%2Fplugins%2Fcontact-form-7%2Fassets HTTP/1.1" 200 3136 "-" "Mozilla/5.0 AppleWebKit/537.36 (KHTML, like Gecko; compatible; ClaudeBot/1.0; +claudebot@anthropic.com)"
jomarlogistica.com.br:80 216.73.216.56 - - [13/Oct/2025:00:51:26 -0300] "GET /2023/09/27/'?fileloc=%2Fvar%2Fwww%2Fvhosts%2Fjomarlogistica.com.br%2Fhttpdocs%2Fwp-includes%2Fcss%2Fmedia-views.min.css&path=%2Fvar%2Fwww%2Fvhosts%2Fjomarlogistica.com.br%2Fhttpdocs%2Fwp-includes%2Fcss HTTP/1.1" 200 12438 "-" "Mozilla/5.0 AppleWebKit/537.36 (KHTML, like Gecko; compatible; ClaudeBot/1.0; +claudebot@anthropic.com)"
jomarlogistica.com.br:80 216.73.216.56 - - [13/Oct/2025:00:51:26 -0300] "GET /2023/09/27/'?fileloc=%2Fvar%2Fwww%2Fvhosts%2Fjomarlogistica.com.br%2Fhttpdocs%2Fwp-includes%2Fcss%2Fdashicons.min.css&path=%2Fvar%2Fwww%2Fvhosts%2Fjomarlogistica.com.br%2Fhttpdocs%2Fwp-includes%2Fcss HTTP/1.1" 200 39835 "-" "Mozilla/5.0 AppleWebKit/537.36 (KHTML, like Gecko; compatible; ClaudeBot/1.0; +claudebot@anthropic.com)"
jomarlogistica.com.br:80 216.73.216.56 - - [13/Oct/2025:00:51:26 -0300] "GET /2023/05/30/'?fileloc=%2Fvar%2Fwww%2Fvhosts%2Fjomarlogistica.com.br%2Fhttpdocs%2Fwp-includes%2Fblocks%2Ftext-columns%2Fblock.json&path=%2Fvar%2Fwww%2Fvhosts%2Fjomarlogistica.com.br%2Fhttpdocs%2Fwp-includes%2Fblocks%2Ftext-columns HTTP/1.1" 200 3447 "-" "Mozilla/5.0 AppleWebKit/537.36 (KHTML, like Gecko; compatible; ClaudeBot/1.0; +claudebot@anthropic.com)"
jomarlogistica.com.br:80 216.73.216.56 - - [13/Oct/2025:00:51:26 -0300] "GET /2023/09/27/'?fileloc=%2Fvar%2Fwww%2Fvhosts%2Fjomarlogistica.com.br%2Fhttpdocs%2Fwp-includes%2Fcss%2Fmedia-views.css&path=%2Fvar%2Fwww%2Fvhosts%2Fjomarlogistica.com.br%2Fhttpdocs%2Fwp-includes%2Fcss HTTP/1.1" 200 14386 "-" "Mozilla/5.0 AppleWebKit/537.36 (KHTML, like Gecko; compatible; ClaudeBot/1.0; +claudebot@anthropic.com)"
jomarlogistica.com.br:80 216.73.216.56 - - [13/Oct/2025:00:51:26 -0300] "GET /2023/09/27/'?fileloc=%2Fvar%2Fwww%2Fvhosts%2Fjomarlogistica.com.br%2Fhttpdocs%2Fwp-includes%2Fcss%2Fbuttons.min.css&path=%2Fvar%2Fwww%2Fvhosts%2Fjomarlogistica.com.br%2Fhttpdocs%2Fwp-includes%2Fcss HTTP/1.1" 200 4464 "-" "Mozilla/5.0 AppleWebKit/537.36 (KHTML, like Gecko; compatible; ClaudeBot/1.0; +claudebot@anthropic.com)"
jomarlogistica.com.br:80 216.73.216.56 - - [13/Oct/2025:00:51:26 -0300] "GET /2023/09/27/'?fileloc=%2Fvar%2Fwww%2Fvhosts%2Fjomarlogistica.com.br%2Fhttpdocs%2Fwp-includes%2Fcss%2Fmedia-views-rtl.min.css&path=%2Fvar%2Fwww%2Fvhosts%2Fjomarlogistica.com.br%2Fhttpdocs%2Fwp-includes%2Fcss HTTP/1.1" 200 12425 "-" "Mozilla/5.0 AppleWebKit/537.36 (KHTML, like Gecko; compatible; ClaudeBot/1.0; +claudebot@anthropic.com)"
jomarlogistica.com.br:80 216.73.216.56 - - [13/Oct/2025:00:51:26 -0300] "GET /2023/05/31/'?fileloc=%2Fvar%2Fwww%2Fvhosts%2Fjomarlogistica.com.br%2Fhttpdocs%2Fwp-includes%2Fjs%2Fjcrop%2FJcrop.gif&path=%2Fvar%2Fwww%2Fvhosts%2Fjomarlogistica.com.br%2Fhttpdocs%2Fwp-includes%2Fjs%2Fjcrop HTTP/1.1" 200 3123 "-" "Mozilla/5.0 AppleWebKit/537.36 (KHTML, like Gecko; compatible; ClaudeBot/1.0; +claudebot@anthropic.com)"
jomarlogistica.com.br:80 216.73.216.56 - - [13/Oct/2025:00:51:26 -0300] "GET /2023/09/27/'?fileloc=%2Fvar%2Fwww%2Fvhosts%2Fjomarlogistica.com.br%2Fhttpdocs%2Fwp-includes%2Fcss%2Fwp-embed-template.min.css&path=%2Fvar%2Fwww%2Fvhosts%2Fjomarlogistica.com.br%2Fhttpdocs%2Fwp-includes%2Fcss HTTP/1.1" 200 5009 "-" "Mozilla/5.0 AppleWebKit/537.36 (KHTML, like Gecko; compatible; ClaudeBot/1.0; +claudebot@anthropic.com)"
jomarlogistica.com.br:80 216.73.216.56 - - [13/Oct/2025:00:51:26 -0300] "GET /2023/09/27/'?path=%2Fvar%2Fwww%2Fvhosts%2Fjomarlogistica.com.br%2Fhttpdocs%2Fwp-includes%2Fcss%2Fdist HTTP/1.1" 200 3957 "-" "Mozilla/5.0 AppleWebKit/537.36 (KHTML, like Gecko; compatible; ClaudeBot/1.0; +claudebot@anthropic.com)"
jomarlogistica.com.br:80 216.73.216.56 - - [13/Oct/2025:00:51:26 -0300] "GET /2023/09/27/'?fileloc=%2Fvar%2Fwww%2Fvhosts%2Fjomarlogistica.com.br%2Fhttpdocs%2Fwp-includes%2Fcss%2Fadmin-bar.min.css&path=%2Fvar%2Fwww%2Fvhosts%2Fjomarlogistica.com.br%2Fhttpdocs%2Fwp-includes%2Fcss HTTP/1.1" 200 7034 "-" "Mozilla/5.0 AppleWebKit/537.36 (KHTML, like Gecko; compatible; ClaudeBot/1.0; +claudebot@anthropic.com)"
jomarlogistica.com.br:80 216.73.216.56 - - [13/Oct/2025:00:51:26 -0300] "GET /2023/05/30/'?fileloc=%2Fvar%2Fwww%2Fvhosts%2Fjomarlogistica.com.br%2Fhttpdocs%2Fwp-includes%2Fblocks%2Fquery-pagination%2Fblock.json&path=%2Fvar%2Fwww%2Fvhosts%2Fjomarlogistica.com.br%2Fhttpdocs%2Fwp-includes%2Fblocks%2Fquery-pagination HTTP/1.1" 200 3406 "-" "Mozilla/5.0 AppleWebKit/537.36 (KHTML, like Gecko; compatible; ClaudeBot/1.0; +claudebot@anthropic.com)"
jomarlogistica.com.br:80 216.73.216.56 - - [13/Oct/2025:00:51:26 -0300] "GET /2023/09/27/'?fileloc=%2Fvar%2Fwww%2Fvhosts%2Fjomarlogistica.com.br%2Fhttpdocs%2Fwp-includes%2Fcss%2Fwp-auth-check.min.css&path=%2Fvar%2Fwww%2Fvhosts%2Fjomarlogistica.com.br%2Fhttpdocs%2Fwp-includes%2Fcss HTTP/1.1" 200 3821 "-" "Mozilla/5.0 AppleWebKit/537.36 (KHTML, like Gecko; compatible; ClaudeBot/1.0; +claudebot@anthropic.com)"
jomarlogistica.com.br:80 216.73.216.56 - - [13/Oct/2025:00:51:27 -0300] "GET /2023/05/30/url%20=%3Cwidth%3Ex%3Cheight%3E%20%22optional%20title%22?path=%2Fvar%2Fwww%2Fvhosts%2Fjomarlogistica.com.br%2Fhttpdocs%2Fwp-includes%2Fjs%2Fimgareaselect HTTP/1.1" 200 3681 "-" "Mozilla/5.0 AppleWebKit/537.36 (KHTML, like Gecko; compatible; ClaudeBot/1.0; +claudebot@anthropic.com)"
jomarlogistica.com.br:80 216.73.216.56 - - [13/Oct/2025:00:51:27 -0300] "GET /2023/05/30/'?fileloc=%2Fvar%2Fwww%2Fvhosts%2Fjomarlogistica.com.br%2Fhttpdocs%2Fwp-includes%2Fblocks%2Ftext-columns%2Fstyle.min.css&path=%2Fvar%2Fwww%2Fvhosts%2Fjomarlogistica.com.br%2Fhttpdocs%2Fwp-includes%2Fblocks%2Ftext-columns HTTP/1.1" 200 3234 "-" "Mozilla/5.0 AppleWebKit/537.36 (KHTML, like Gecko; compatible; ClaudeBot/1.0; +claudebot@anthropic.com)"
jomarlogistica.com.br:80 216.73.216.56 - - [13/Oct/2025:00:51:27 -0300] "GET /2023/09/27/'?fileloc=%2Fvar%2Fwww%2Fvhosts%2Fjomarlogistica.com.br%2Fhttpdocs%2Fwp-includes%2Fcss%2Feditor-rtl.min.css&path=%2Fvar%2Fwww%2Fvhosts%2Fjomarlogistica.com.br%2Fhttpdocs%2Fwp-includes%2Fcss HTTP/1.1" 200 9281 "-" "Mozilla/5.0 AppleWebKit/537.36 (KHTML, like Gecko; compatible; ClaudeBot/1.0; +claudebot@anthropic.com)"
jomarlogistica.com.br:80 216.73.216.56 - - [13/Oct/2025:00:51:27 -0300] "GET /2023/12/page/%22,t+=%22%3C%22+e.getAttribute(%22src%22?fileloc=%2Fvar%2Fwww%2Fvhosts%2Fjomarlogistica.com.br%2Fhttpdocs%2Fwp-includes%2Fjs%2Fjcrop%2FJcrop.gif&path=%2Fvar%2Fwww%2Fvhosts%2Fjomarlogistica.com.br%2Fhttpdocs%2Fwp-includes%2Fjs%2Fjcrop HTTP/1.1" 200 3123 "-" "Mozilla/5.0 AppleWebKit/537.36 (KHTML, like Gecko; compatible; ClaudeBot/1.0; +claudebot@anthropic.com)"
jomarlogistica.com.br:80 216.73.216.56 - - [13/Oct/2025:00:51:27 -0300] "GET /2023/09/27/'?fileloc=%2Fvar%2Fwww%2Fvhosts%2Fjomarlogistica.com.br%2Fhttpdocs%2Fwp-includes%2Fcss%2Feditor.min.css&path=%2Fvar%2Fwww%2Fvhosts%2Fjomarlogistica.com.br%2Fhttpdocs%2Fwp-includes%2Fcss HTTP/1.1" 200 9301 "-" "Mozilla/5.0 AppleWebKit/537.36 (KHTML, like Gecko; compatible; ClaudeBot/1.0; +claudebot@anthropic.com)"
jomarlogistica.com.br:80 216.73.216.56 - - [13/Oct/2025:00:51:27 -0300] "GET /2023/09/27/'?fileloc=%2Fvar%2Fwww%2Fvhosts%2Fjomarlogistica.com.br%2Fhttpdocs%2Fwp-includes%2Fcss%2Fdashicons.css&path=%2Fvar%2Fwww%2Fvhosts%2Fjomarlogistica.com.br%2Fhttpdocs%2Fwp-includes%2Fcss HTTP/1.1" 200 40286 "-" "Mozilla/5.0 AppleWebKit/537.36 (KHTML, like Gecko; compatible; ClaudeBot/1.0; +claudebot@anthropic.com)"
jomarlogistica.com.br:80 216.73.216.56 - - [13/Oct/2025:00:51:27 -0300] "GET /2023/09/27/'?fileloc=%2Fvar%2Fwww%2Fvhosts%2Fjomarlogistica.com.br%2Fhttpdocs%2Fwp-includes%2Fcss%2Fbuttons.css&path=%2Fvar%2Fwww%2Fvhosts%2Fjomarlogistica.com.br%2Fhttpdocs%2Fwp-includes%2Fcss HTTP/1.1" 200 5494 "-" "Mozilla/5.0 AppleWebKit/537.36 (KHTML, like Gecko; compatible; ClaudeBot/1.0; +claudebot@anthropic.com)"
jomarlogistica.com.br:80 216.73.216.56 - - [13/Oct/2025:00:51:27 -0300] "GET /2023/05/30/'?fileloc=%2Fvar%2Fwww%2Fvhosts%2Fjomarlogistica.com.br%2Fhttpdocs%2Fwp-includes%2Fblocks%2Fquery-pagination%2Fstyle.min.css&path=%2Fvar%2Fwww%2Fvhosts%2Fjomarlogistica.com.br%2Fhttpdocs%2Fwp-includes%2Fblocks%2Fquery-pagination HTTP/1.1" 200 3238 "-" "Mozilla/5.0 AppleWebKit/537.36 (KHTML, like Gecko; compatible; ClaudeBot/1.0; +claudebot@anthropic.com)"
jomarlogistica.com.br:80 216.73.216.56 - - [13/Oct/2025:00:51:27 -0300] "GET /2023/09/27/'?fileloc=%2Fvar%2Fwww%2Fvhosts%2Fjomarlogistica.com.br%2Fhttpdocs%2Fwp-includes%2Fcss%2Fmedia-views-rtl.css&path=%2Fvar%2Fwww%2Fvhosts%2Fjomarlogistica.com.br%2Fhttpdocs%2Fwp-includes%2Fcss HTTP/1.1" 200 14399 "-" "Mozilla/5.0 AppleWebKit/537.36 (KHTML, like Gecko; compatible; ClaudeBot/1.0; +claudebot@anthropic.com)"
jomarlogistica.com.br:80 216.73.216.56 - - [13/Oct/2025:00:51:27 -0300] "GET /2023/09/27/'?fileloc=%2Fvar%2Fwww%2Fvhosts%2Fjomarlogistica.com.br%2Fhttpdocs%2Fwp-includes%2Fcss%2Fwp-embed-template.css&path=%2Fvar%2Fwww%2Fvhosts%2Fjomarlogistica.com.br%2Fhttpdocs%2Fwp-includes%2Fcss HTTP/1.1" 200 5094 "-" "Mozilla/5.0 AppleWebKit/537.36 (KHTML, like Gecko; compatible; ClaudeBot/1.0; +claudebot@anthropic.com)"
jomarlogistica.com.br:80 216.73.216.56 - - [13/Oct/2025:00:51:27 -0300] "GET /2023/09/27/'?fileloc=%2Fvar%2Fwww%2Fvhosts%2Fjomarlogistica.com.br%2Fhttpdocs%2Fwp-includes%2Fcss%2Fbuttons-rtl.min.css&path=%2Fvar%2Fwww%2Fvhosts%2Fjomarlogistica.com.br%2Fhttpdocs%2Fwp-includes%2Fcss HTTP/1.1" 200 4466 "-" "Mozilla/5.0 AppleWebKit/537.36 (KHTML, like Gecko; compatible; ClaudeBot/1.0; +claudebot@anthropic.com)"
jomarlogistica.com.br:80 216.73.216.56 - - [13/Oct/2025:00:51:28 -0300] "GET /2023/05/31/'?fileloc=%2Fvar%2Fwww%2Fvhosts%2Fjomarlogistica.com.br%2Fhttpdocs%2Fwp-includes%2Fjs%2Fcrop%2FmarqueeHoriz.gif&path=%2Fvar%2Fwww%2Fvhosts%2Fjomarlogistica.com.br%2Fhttpdocs%2Fwp-includes%2Fjs%2Fcrop HTTP/1.1" 200 3128 "-" "Mozilla/5.0 AppleWebKit/537.36 (KHTML, like Gecko; compatible; ClaudeBot/1.0; +claudebot@anthropic.com)"
jomarlogistica.com.br:80 216.73.216.56 - - [13/Oct/2025:00:51:28 -0300] "GET /2023/09/27/'?fileloc=%2Fvar%2Fwww%2Fvhosts%2Fjomarlogistica.com.br%2Fhttpdocs%2Fwp-includes%2Fcss%2Fadmin-bar.css&path=%2Fvar%2Fwww%2Fvhosts%2Fjomarlogistica.com.br%2Fhttpdocs%2Fwp-includes%2Fcss HTTP/1.1" 200 8037 "-" "Mozilla/5.0 AppleWebKit/537.36 (KHTML, like Gecko; compatible; ClaudeBot/1.0; +claudebot@anthropic.com)"
jomarlogistica.com.br:80 216.73.216.56 - - [13/Oct/2025:00:51:28 -0300] "GET /2023/09/27/'?fileloc=%2Fvar%2Fwww%2Fvhosts%2Fjomarlogistica.com.br%2Fhttpdocs%2Fwp-includes%2Fcss%2Fcustomize-preview.min.css&path=%2Fvar%2Fwww%2Fvhosts%2Fjomarlogistica.com.br%2Fhttpdocs%2Fwp-includes%2Fcss HTTP/1.1" 200 3897 "-" "Mozilla/5.0 AppleWebKit/537.36 (KHTML, like Gecko; compatible; ClaudeBot/1.0; +claudebot@anthropic.com)"
jomarlogistica.com.br:80 216.73.216.56 - - [13/Oct/2025:00:51:28 -0300] "GET /2023/05/31/'?fileloc=%2Fvar%2Fwww%2Fvhosts%2Fjomarlogistica.com.br%2Fhttpdocs%2Fwp-includes%2Fjs%2Fjcrop%2Fjquery.Jcrop.min.css&path=%2Fvar%2Fwww%2Fvhosts%2Fjomarlogistica.com.br%2Fhttpdocs%2Fwp-includes%2Fjs%2Fjcrop HTTP/1.1" 200 3694 "-" "Mozilla/5.0 AppleWebKit/537.36 (KHTML, like Gecko; compatible; ClaudeBot/1.0; +claudebot@anthropic.com)"
jomarlogistica.com.br:80 216.73.216.56 - - [13/Oct/2025:00:51:28 -0300] "GET /2023/09/27/'?fileloc=%2Fvar%2Fwww%2Fvhosts%2Fjomarlogistica.com.br%2Fhttpdocs%2Fwp-includes%2Fcss%2Fwp-auth-check.css&path=%2Fvar%2Fwww%2Fvhosts%2Fjomarlogistica.com.br%2Fhttpdocs%2Fwp-includes%2Fcss HTTP/1.1" 200 3906 "-" "Mozilla/5.0 AppleWebKit/537.36 (KHTML, like Gecko; compatible; ClaudeBot/1.0; +claudebot@anthropic.com)"
jomarlogistica.com.br:80 216.73.216.56 - - [13/Oct/2025:00:51:28 -0300] "GET /2024/02/07/'?fileloc=%2Fvar%2Fwww%2Fvhosts%2Fjomarlogistica.com.br%2Fhttpdocs%2Fwp-includes%2Fjs%2Fcrop%2FmarqueeHoriz.gif&path=%2Fvar%2Fwww%2Fvhosts%2Fjomarlogistica.com.br%2Fhttpdocs%2Fwp-includes%2Fjs%2Fcrop HTTP/1.1" 200 3128 "-" "Mozilla/5.0 AppleWebKit/537.36 (KHTML, like Gecko; compatible; ClaudeBot/1.0; +claudebot@anthropic.com)"
jomarlogistica.com.br:80 216.73.216.56 - - [13/Oct/2025:00:51:28 -0300] "GET /2023/05/31/'?fileloc=%2Fvar%2Fwww%2Fvhosts%2Fjomarlogistica.com.br%2Fhttpdocs%2Fwp-includes%2Fjs%2Fcrop%2FmarqueeVert.gif&path=%2Fvar%2Fwww%2Fvhosts%2Fjomarlogistica.com.br%2Fhttpdocs%2Fwp-includes%2Fjs%2Fcrop HTTP/1.1" 200 3127 "-" "Mozilla/5.0 AppleWebKit/537.36 (KHTML, like Gecko; compatible; ClaudeBot/1.0; +claudebot@anthropic.com)"
jomarlogistica.com.br:80 216.73.216.56 - - [13/Oct/2025:00:51:28 -0300] "GET /2023/05/30/'?fileloc=%2Fvar%2Fwww%2Fvhosts%2Fjomarlogistica.com.br%2Fhttpdocs%2Fwp-includes%2Fblocks%2Ftext-columns%2Fstyle.css&path=%2Fvar%2Fwww%2Fvhosts%2Fjomarlogistica.com.br%2Fhttpdocs%2Fwp-includes%2Fblocks%2Ftext-columns HTTP/1.1" 200 3874 "-" "Mozilla/5.0 AppleWebKit/537.36 (KHTML, like Gecko; compatible; ClaudeBot/1.0; +claudebot@anthropic.com)"
jomarlogistica.com.br:80 216.73.216.56 - - [13/Oct/2025:00:51:28 -0300] "GET /2023/09/27/'?fileloc=%2Fvar%2Fwww%2Fvhosts%2Fjomarlogistica.com.br%2Fhttpdocs%2Fwp-includes%2Fcss%2Fadmin-bar-rtl.min.css&path=%2Fvar%2Fwww%2Fvhosts%2Fjomarlogistica.com.br%2Fhttpdocs%2Fwp-includes%2Fcss HTTP/1.1" 200 7051 "-" "Mozilla/5.0 AppleWebKit/537.36 (KHTML, like Gecko; compatible; ClaudeBot/1.0; +claudebot@anthropic.com)"
jomarlogistica.com.br:80 216.73.216.56 - - [13/Oct/2025:00:51:28 -0300] "GET /2023/09/27/'?fileloc=%2Fvar%2Fwww%2Fvhosts%2Fjomarlogistica.com.br%2Fhttpdocs%2Fwp-includes%2Fcss%2Feditor-rtl.css&path=%2Fvar%2Fwww%2Fvhosts%2Fjomarlogistica.com.br%2Fhttpdocs%2Fwp-includes%2Fcss HTTP/1.1" 200 10131 "-" "Mozilla/5.0 AppleWebKit/537.36 (KHTML, like Gecko; compatible; ClaudeBot/1.0; +claudebot@anthropic.com)"
jomarlogistica.com.br:80 216.73.216.56 - - [13/Oct/2025:00:51:28 -0300] "GET /2023/12/page/%22,t+=%22%3C%22+e.getAttribute(%22src%22?fileloc=%2Fvar%2Fwww%2Fvhosts%2Fjomarlogistica.com.br%2Fhttpdocs%2Fwp-includes%2Fjs%2Fjcrop%2Fjquery.Jcrop.min.css&path=%2Fvar%2Fwww%2Fvhosts%2Fjomarlogistica.com.br%2Fhttpdocs%2Fwp-includes%2Fjs%2Fjcrop HTTP/1.1" 200 3675 "-" "Mozilla/5.0 AppleWebKit/537.36 (KHTML, like Gecko; compatible; ClaudeBot/1.0; +claudebot@anthropic.com)"
jomarlogistica.com.br:80 216.73.216.56 - - [13/Oct/2025:00:51:29 -0300] "GET /2023/05/30/'?fileloc=%2Fvar%2Fwww%2Fvhosts%2Fjomarlogistica.com.br%2Fhttpdocs%2Fwp-includes%2Fblocks%2Ftext-columns%2Fstyle-rtl.min.css&path=%2Fvar%2Fwww%2Fvhosts%2Fjomarlogistica.com.br%2Fhttpdocs%2Fwp-includes%2Fblocks%2Ftext-columns HTTP/1.1" 200 3237 "-" "Mozilla/5.0 AppleWebKit/537.36 (KHTML, like Gecko; compatible; ClaudeBot/1.0; +claudebot@anthropic.com)"
jomarlogistica.com.br:80 54.225.81.20 - - [13/Oct/2025:00:51:29 -0300] "GET /2023/09/25/best-iphone-antivirus-apps/?fileloc=/var/www/vhosts/jomarlogistica.com.br/httpdocs/wp-trackback.php&path=/var/www/vhosts/jomarlogistica.com.br/httpdocs HTTP/1.1" 200 4885 "-" "Mozilla/5.0 AppleWebKit/537.36 (KHTML, like Gecko; compatible; Amazonbot/0.1; +https://developer.amazon.com/support/amazonbot) Chrome/119.0.6045.214 Safari/537.36"
jomarlogistica.com.br:80 216.73.216.56 - - [13/Oct/2025:00:51:29 -0300] "GET /2023/09/27/'?fileloc=%2Fvar%2Fwww%2Fvhosts%2Fjomarlogistica.com.br%2Fhttpdocs%2Fwp-includes%2Fcss%2Fcustomize-preview-rtl.min.css&path=%2Fvar%2Fwww%2Fvhosts%2Fjomarlogistica.com.br%2Fhttpdocs%2Fwp-includes%2Fcss HTTP/1.1" 200 3898 "-" "Mozilla/5.0 AppleWebKit/537.36 (KHTML, like Gecko; compatible; ClaudeBot/1.0; +claudebot@anthropic.com)"
jomarlogistica.com.br:80 216.73.216.56 - - [13/Oct/2025:00:51:29 -0300] "GET /2023/09/27/'?fileloc=%2Fvar%2Fwww%2Fvhosts%2Fjomarlogistica.com.br%2Fhttpdocs%2Fwp-includes%2Fcss%2Feditor.css&path=%2Fvar%2Fwww%2Fvhosts%2Fjomarlogistica.com.br%2Fhttpdocs%2Fwp-includes%2Fcss HTTP/1.1" 200 10107 "-" "Mozilla/5.0 AppleWebKit/537.36 (KHTML, like Gecko; compatible; ClaudeBot/1.0; +claudebot@anthropic.com)"
jomarlogistica.com.br:80 216.73.216.56 - - [13/Oct/2025:00:51:29 -0300] "GET /2024/02/07/'?fileloc=%2Fvar%2Fwww%2Fvhosts%2Fjomarlogistica.com.br%2Fhttpdocs%2Fwp-includes%2Fjs%2Fcrop%2FmarqueeVert.gif&path=%2Fvar%2Fwww%2Fvhosts%2Fjomarlogistica.com.br%2Fhttpdocs%2Fwp-includes%2Fjs%2Fcrop HTTP/1.1" 200 3127 "-" "Mozilla/5.0 AppleWebKit/537.36 (KHTML, like Gecko; compatible; ClaudeBot/1.0; +claudebot@anthropic.com)"
jomarlogistica.com.br:80 216.73.216.56 - - [13/Oct/2025:00:51:29 -0300] "GET /2023/09/27/'?fileloc=%2Fvar%2Fwww%2Fvhosts%2Fjomarlogistica.com.br%2Fhttpdocs%2Fwp-includes%2Fcss%2Fwp-embed-template-ie.min.css&path=%2Fvar%2Fwww%2Fvhosts%2Fjomarlogistica.com.br%2Fhttpdocs%2Fwp-includes%2Fcss HTTP/1.1" 200 3943 "-" "Mozilla/5.0 AppleWebKit/537.36 (KHTML, like Gecko; compatible; ClaudeBot/1.0; +claudebot@anthropic.com)"
jomarlogistica.com.br:80 216.73.216.56 - - [13/Oct/2025:00:51:29 -0300] "GET /2023/05/31/'?fileloc=%2Fvar%2Fwww%2Fvhosts%2Fjomarlogistica.com.br%2Fhttpdocs%2Fwp-includes%2Fjs%2Fswfupload%2Flicense.txt&path=%2Fvar%2Fwww%2Fvhosts%2Fjomarlogistica.com.br%2Fhttpdocs%2Fwp-includes%2Fjs%2Fswfupload HTTP/1.1" 200 3974 "-" "Mozilla/5.0 AppleWebKit/537.36 (KHTML, like Gecko; compatible; ClaudeBot/1.0; +claudebot@anthropic.com)"
jomarlogistica.com.br:80 216.73.216.56 - - [13/Oct/2025:00:51:29 -0300] "GET /2023/'?fileloc=%2Fvar%2Fwww%2Fvhosts%2Fjomarlogistica.com.br%2Fhttpdocs%2Fwp-content%2Fplugins%2Fcontact-form-7%2Fassets%2Ficon.svg&path=%2Fvar%2Fwww%2Fvhosts%2Fjomarlogistica.com.br%2Fhttpdocs%2Fwp-content%2Fplugins%2Fcontact-form-7%2Fassets HTTP/1.1" 200 3854 "-" "Mozilla/5.0 AppleWebKit/537.36 (KHTML, like Gecko; compatible; ClaudeBot/1.0; +claudebot@anthropic.com)"
jomarlogistica.com.br:80 216.73.216.56 - - [13/Oct/2025:00:51:29 -0300] "GET /2023/05/30/url%20=%3Cwidth%3Ex%3Cheight%3E%20%22optional%20title%22?fileloc=%2Fvar%2Fwww%2Fvhosts%2Fjomarlogistica.com.br%2Fhttpdocs%2Fwp-includes%2Fjs%2Fmedia-audiovideo.min.js&path=%2Fvar%2Fwww%2Fvhosts%2Fjomarlogistica.com.br%2Fhttpdocs%2Fwp-includes%2Fjs HTTP/1.1" 200 7014 "-" "Mozilla/5.0 AppleWebKit/537.36 (KHTML, like Gecko; compatible; ClaudeBot/1.0; +claudebot@anthropic.com)"
jomarlogistica.com.br:80 216.73.216.56 - - [13/Oct/2025:00:51:29 -0300] "GET /2023/05/30/url%20=%3Cwidth%3Ex%3Cheight%3E%20%22optional%20title%22?path=%2Fvar%2Fwww%2Fvhosts%2Fjomarlogistica.com.br%2Fhttpdocs%2Fwp-includes%2Fjs%2Fcrop HTTP/1.1" 200 3615 "-" "Mozilla/5.0 AppleWebKit/537.36 (KHTML, like Gecko; compatible; ClaudeBot/1.0; +claudebot@anthropic.com)"
jomarlogistica.com.br:80 216.73.216.56 - - [13/Oct/2025:00:51:29 -0300] "GET /2023/05/30/'?fileloc=%2Fvar%2Fwww%2Fvhosts%2Fjomarlogistica.com.br%2Fhttpdocs%2Fwp-includes%2Fblocks%2Fquery-pagination%2Fstyle.css&path=%2Fvar%2Fwww%2Fvhosts%2Fjomarlogistica.com.br%2Fhttpdocs%2Fwp-includes%2Fblocks%2Fquery-pagination HTTP/1.1" 200 3900 "-" "Mozilla/5.0 AppleWebKit/537.36 (KHTML, like Gecko; compatible; ClaudeBot/1.0; +claudebot@anthropic.com)"
jomarlogistica.com.br:80 216.73.216.56 - - [13/Oct/2025:00:51:29 -0300] "GET /2023/05/30/url%20=%3Cwidth%3Ex%3Cheight%3E%20%22optional%20title%22?path=%2Fvar%2Fwww%2Fvhosts%2Fjomarlogistica.com.br%2Fhttpdocs%2Fwp-includes%2Fjs%2Fjcrop HTTP/1.1" 200 3597 "-" "Mozilla/5.0 AppleWebKit/537.36 (KHTML, like Gecko; compatible; ClaudeBot/1.0; +claudebot@anthropic.com)"
jomarlogistica.com.br:80 216.73.216.56 - - [13/Oct/2025:00:51:30 -0300] "GET /2023/09/27/'?fileloc=%2Fvar%2Fwww%2Fvhosts%2Fjomarlogistica.com.br%2Fhttpdocs%2Fwp-includes%2Fcss%2Fwp-auth-check-rtl.min.css&path=%2Fvar%2Fwww%2Fvhosts%2Fjomarlogistica.com.br%2Fhttpdocs%2Fwp-includes%2Fcss HTTP/1.1" 200 3803 "-" "Mozilla/5.0 AppleWebKit/537.36 (KHTML, like Gecko; compatible; ClaudeBot/1.0; +claudebot@anthropic.com)"
jomarlogistica.com.br:80 216.73.216.56 - - [13/Oct/2025:00:51:30 -0300] "GET /2023/05/31/'?path=%2Fvar%2Fwww%2Fvhosts%2Fjomarlogistica.com.br%2Fhttpdocs%2Fwp-includes%2Fjs%2Fdist%2Fvendor HTTP/1.1" 200 4630 "-" "Mozilla/5.0 AppleWebKit/537.36 (KHTML, like Gecko; compatible; ClaudeBot/1.0; +claudebot@anthropic.com)"
