HEX
Server: Apache
System: Linux jomarlogistica 6.14.0-29-generic #29~24.04.1-Ubuntu SMP PREEMPT_DYNAMIC Thu Aug 14 16:52:50 UTC 2 x86_64
User: jomarlogistica.com.br (1021295)
PHP: 7.4.33
Disabled: pcntl_alarm,pcntl_fork,pcntl_waitpid,pcntl_wait,pcntl_wifexited,pcntl_wifstopped,pcntl_wifsignaled,pcntl_wifcontinued,pcntl_wexitstatus,pcntl_wtermsig,pcntl_wstopsig,pcntl_signal,pcntl_signal_get_handler,pcntl_signal_dispatch,pcntl_get_last_error,pcntl_strerror,pcntl_sigprocmask,pcntl_sigwaitinfo,pcntl_sigtimedwait,pcntl_exec,pcntl_getpriority,pcntl_setpriority,pcntl_async_signals,pcntl_unshare,
Upload Files
File: /var/www/vhosts/jomarlogistica.com.br/statistics/logs/access.log
jomarlogistica.com.br:80 194.233.93.51 - - [12/Oct/2025:00:27:58 -0300] "GET /wp-login.php HTTP/1.1" 200 4462 "-" "Mozilla/5.0 (Windows NT 10.0; Win64; x64) AppleWebKit/537.36 (KHTML, like Gecko) Chrome/120.0.0.0 Safari/537.36"
jomarlogistica.com.br:80 17.246.23.215 - - [12/Oct/2025:00:28:40 -0300] "GET /contato/ HTTP/1.1" 200 4462 "-" "Mozilla/5.0 (Macintosh; Intel Mac OS X 10_15_7) AppleWebKit/605.1.15 (KHTML, like Gecko) Version/17.4 Safari/605.1.15 (Applebot/0.1; +http://www.apple.com/go/applebot)"
jomarlogistica.com.br:80 57.141.0.61 - - [12/Oct/2025:00:29:39 -0300] "GET /2023/03/30/the-right-way-to-talk-to-quite-girls/ HTTP/1.1" 200 46229 "-" "meta-externalagent/1.1 (+https://developers.facebook.com/docs/sharing/webmasters/crawler)"
jomarlogistica.com.br:80 216.244.66.226 - - [12/Oct/2025:00:30:44 -0300] "GET /robots.txt HTTP/1.1" 200 46229 "-" "Mozilla/5.0 (compatible; DotBot/1.2; +https://opensiteexplorer.org/dotbot; help@moz.com)"
jomarlogistica.com.br:80 177.116.190.244 - - [12/Oct/2025:00:50:15 -0300] "POST /autodiscover/autodiscover.xml HTTP/1.1" 200 4462 "-" "AppleExchangeWebServices/833 accountsd/113"
jomarlogistica.com.br:80 57.141.0.69 - - [12/Oct/2025:00:50:40 -0300] "GET /2023/05/12/asian-long-distance-human-relationships/ HTTP/1.1" 200 46229 "-" "meta-externalagent/1.1 (+https://developers.facebook.com/docs/sharing/webmasters/crawler)"
jomarlogistica.com.br:80 216.244.66.226 - - [12/Oct/2025:00:50:46 -0300] "GET /2023/03/23/agency-agreement-cyprus-legal-requirements-and-best-practices/ HTTP/1.1" 200 46229 "-" "Mozilla/5.0 (compatible; DotBot/1.2; +https://opensiteexplorer.org/dotbot; help@moz.com)"
jomarlogistica.com.br:80 216.244.66.226 - - [12/Oct/2025:00:52:47 -0300] "GET /2023/09/25/mcafee-antivirus-review/ HTTP/1.1" 200 46229 "-" "Mozilla/5.0 (compatible; DotBot/1.2; +https://opensiteexplorer.org/dotbot; help@moz.com)"
stat.jomarlogistica.com.br:80 45.138.16.48 - - [12/Oct/2025:00:53:02 -0300] "GET / HTTP/1.1" 301 545 "-" "-"
jomarlogistica.com.br:80 45.138.16.48 - - [12/Oct/2025:00:53:02 -0300] "GET / HTTP/1.1" 200 46229 "-" "-"
stat.jomarlogistica.com.br:80 45.138.16.48 - - [12/Oct/2025:00:53:03 -0300] "GET /awstats/awstats.pl HTTP/1.1" 401 589 "-" "-"
jomarlogistica.com.br:80 127.0.0.1 - - [12/Oct/2025:00:53:08 -0300] "OPTIONS * HTTP/1.0" 200 110 "-" "Apache/2.4.65 (Ubuntu) (internal dummy connection)"
jomarlogistica.com.br:80 57.141.0.48 - - [12/Oct/2025:01:01:01 -0300] "GET /2023/05/01/positives-and-negatives-of-dating-outside-your-culture/ HTTP/1.1" 200 46229 "-" "meta-externalagent/1.1 (+https://developers.facebook.com/docs/sharing/webmasters/crawler)"
jomarlogistica.com.br:80 216.244.66.226 - - [12/Oct/2025:01:02:27 -0300] "GET /2023/10/02/antivirus-for-iphone-keep-your-phone-and-data-secure/ HTTP/1.1" 200 46229 "-" "Mozilla/5.0 (compatible; DotBot/1.2; +https://opensiteexplorer.org/dotbot; help@moz.com)"
jomarlogistica.com.br:80 177.116.190.244 - - [12/Oct/2025:01:08:04 -0300] "POST /autodiscover/autodiscover.xml HTTP/1.1" 200 4462 "-" "AppleExchangeWebServices/833 accountsd/113"
jomarlogistica.com.br:80 114.119.134.192 - - [12/Oct/2025:01:11:51 -0300] "GET /2023/02/03/agarbatti-making-with-buyback-agreement-legal-company-services/ HTTP/1.1" 200 4462 "-" "Mozilla/5.0 (Linux; Android 7.0;) AppleWebKit/537.36 (KHTML, like Gecko) Mobile Safari/537.36 (compatible; PetalBot;+https://webmaster.petalsearch.com/site/petalbot)"
jomarlogistica.com.br:80 114.119.128.158 - - [12/Oct/2025:01:13:14 -0300] "GET /category/jomar/page/38/ HTTP/1.1" 200 4462 "https://jomarlogistica.com.br/category/jomar/page/37/" "Mozilla/5.0 (Linux; Android 7.0;) AppleWebKit/537.36 (KHTML, like Gecko) Mobile Safari/537.36 (compatible; PetalBot;+https://webmaster.petalsearch.com/site/petalbot)"
jomarlogistica.com.br:80 177.116.190.244 - - [12/Oct/2025:01:17:36 -0300] "POST /autodiscover/autodiscover.xml HTTP/1.1" 200 4462 "-" "AppleExchangeWebServices/833 accountsd/113"
stat.jomarlogistica.com.br:80 103.124.95.244 - - [12/Oct/2025:01:23:40 -0300] "HEAD / HTTP/1.1" 301 264 "http://stat.jomarlogistica.com.br/" "Mozilla/5.0 (X11; Linux x86_64) AppleWebKit/537.36 (KHTML, like Gecko) Chrome/96.0.4664.45 Safari/537.36"
stat.jomarlogistica.com.br:80 103.124.95.244 - - [12/Oct/2025:01:23:41 -0300] "HEAD /awstats/awstats.pl HTTP/1.1" 401 187 "http://stat.jomarlogistica.com.br/awstats/awstats.pl" "Mozilla/5.0 (X11; Linux x86_64) AppleWebKit/537.36 (KHTML, like Gecko) Chrome/96.0.4664.45 Safari/537.36"
jomarlogistica.com.br:80 218.21.89.233 - - [12/Oct/2025:01:24:45 -0300] "POST /wp-comments-post.php HTTP/1.1" 403 2493 "-" "Mozilla/5.0 (Windows NT 10.0; Win64; x64) AppleWebKit/537.36 (KHTML, like Gecko) Chrome/108.0.0.0 Safari/537.36 Edg/108.0.1462.46"
jomarlogistica.com.br:80 57.141.0.70 - - [12/Oct/2025:01:26:59 -0300] "GET /2022/12/08/dating-a-japanese-people-woman-cultural-dissimilarities-and-racial-stereotypes/ HTTP/1.1" 200 46229 "-" "meta-externalagent/1.1 (+https://developers.facebook.com/docs/sharing/webmasters/crawler)"
jomarlogistica.com.br:80 114.119.128.158 - - [12/Oct/2025:01:27:10 -0300] "GET /author/jomar/page/3/ HTTP/1.1" 200 4462 "https://jomarlogistica.com.br/author/jomar/page/4/" "Mozilla/5.0 (Linux; Android 7.0;) AppleWebKit/537.36 (KHTML, like Gecko) Mobile Safari/537.36 (compatible; PetalBot;+https://webmaster.petalsearch.com/site/petalbot)"
jomarlogistica.com.br:80 114.119.158.0 - - [12/Oct/2025:01:28:34 -0300] "GET /2023/11/04/get-paid-faster-considering-the-best-invoicing-software/ HTTP/1.1" 200 4462 "https://jomarlogistica.com.br/2023/11/04/get-paid-faster-considering-the-best-invoicing-software/" "Mozilla/5.0 (Linux; Android 7.0;) AppleWebKit/537.36 (KHTML, like Gecko) Mobile Safari/537.36 (compatible; PetalBot;+https://webmaster.petalsearch.com/site/petalbot)"
jomarlogistica.com.br:80 57.141.0.19 - - [12/Oct/2025:01:29:50 -0300] "GET /2023/12/13/are-otf-knives-legal-in-the-uk-uk-knife-laws-explained/ HTTP/1.1" 200 46229 "-" "meta-externalagent/1.1 (+https://developers.facebook.com/docs/sharing/webmasters/crawler)"
jomarlogistica.com.br:80 114.119.128.158 - - [12/Oct/2025:01:29:57 -0300] "GET /author/jomar/page/27/ HTTP/1.1" 200 4462 "https://jomarlogistica.com.br/author/jomar/page/28/" "Mozilla/5.0 (Linux; Android 7.0;) AppleWebKit/537.36 (KHTML, like Gecko) Mobile Safari/537.36 (compatible; PetalBot;+https://webmaster.petalsearch.com/site/petalbot)"
jomarlogistica.com.br:80 114.119.128.158 - - [12/Oct/2025:01:31:19 -0300] "GET /2023/10/03/the-best-document-management-software/ HTTP/1.1" 200 4462 "https://jomarlogistica.com.br/2023/10/03/the-best-document-management-software/" "Mozilla/5.0 (Linux; Android 7.0;) AppleWebKit/537.36 (KHTML, like Gecko) Mobile Safari/537.36 (compatible; PetalBot;+https://webmaster.petalsearch.com/site/petalbot)"
jomarlogistica.com.br:80 57.141.0.64 - - [12/Oct/2025:01:32:11 -0300] "GET /2023/05/15/how-you-can-create-a-mutually-beneficial-relationship/ HTTP/1.1" 200 46229 "-" "meta-externalagent/1.1 (+https://developers.facebook.com/docs/sharing/webmasters/crawler)"
jomarlogistica.com.br:80 114.119.159.76 - - [12/Oct/2025:01:32:44 -0300] "GET /2023/08/page/3/ HTTP/1.1" 200 4462 "https://jomarlogistica.com.br/2023/08/page/3/" "Mozilla/5.0 (Linux; Android 7.0;) AppleWebKit/537.36 (KHTML, like Gecko) Mobile Safari/537.36 (compatible; PetalBot;+https://webmaster.petalsearch.com/site/petalbot)"
stat.jomarlogistica.com.br:80 103.124.95.244 - - [12/Oct/2025:01:33:30 -0300] "HEAD /wordpress HTTP/1.1" 404 124 "http://stat.jomarlogistica.com.br/wordpress" "Mozilla/5.0 (X11; Linux x86_64) AppleWebKit/537.36 (KHTML, like Gecko) Chrome/96.0.4664.45 Safari/537.36"
jomarlogistica.com.br:80 114.119.128.158 - - [12/Oct/2025:01:34:07 -0300] "GET /2023/09/13/the-best-iphone-antivirus-apps/ HTTP/1.1" 200 4462 "https://jomarlogistica.com.br/2023/09/16/avast-antivirus-protect-review/" "Mozilla/5.0 (Linux; Android 7.0;) AppleWebKit/537.36 (KHTML, like Gecko) Mobile Safari/537.36 (compatible; PetalBot;+https://webmaster.petalsearch.com/site/petalbot)"
jomarlogistica.com.br:80 177.116.190.244 - - [12/Oct/2025:01:34:24 -0300] "POST /autodiscover/autodiscover.xml HTTP/1.1" 200 4462 "-" "AppleExchangeWebServices/833 accountsd/113"
jomarlogistica.com.br:80 114.119.138.207 - - [12/Oct/2025:01:35:30 -0300] "GET /2023/06/24/cultural-influences-on-asian-interactions/ HTTP/1.1" 200 4462 "https://jomarlogistica.com.br/2023/06/24/cultural-influences-on-asian-interactions/" "Mozilla/5.0 (Linux; Android 7.0;) AppleWebKit/537.36 (KHTML, like Gecko) Mobile Safari/537.36 (compatible; PetalBot;+https://webmaster.petalsearch.com/site/petalbot)"
stat.jomarlogistica.com.br:80 103.124.95.244 - - [12/Oct/2025:01:35:31 -0300] "HEAD /Wordpress HTTP/1.1" 404 124 "http://stat.jomarlogistica.com.br/Wordpress" "Mozilla/5.0 (X11; Linux x86_64) AppleWebKit/537.36 (KHTML, like Gecko) Chrome/96.0.4664.45 Safari/537.36"
jomarlogistica.com.br:80 127.0.0.1 - - [12/Oct/2025:01:35:37 -0300] "OPTIONS * HTTP/1.0" 200 110 "-" "Apache/2.4.65 (Ubuntu) (internal dummy connection)"
jomarlogistica.com.br:80 114.119.159.76 - - [12/Oct/2025:01:36:54 -0300] "GET /2023/page/21/ HTTP/1.1" 200 4462 "https://jomarlogistica.com.br/2023/page/21/" "Mozilla/5.0 (Linux; Android 7.0;) AppleWebKit/537.36 (KHTML, like Gecko) Mobile Safari/537.36 (compatible; PetalBot;+https://webmaster.petalsearch.com/site/petalbot)"
jomarlogistica.com.br:80 114.119.128.158 - - [12/Oct/2025:01:38:18 -0300] "GET /2023/05/20/online-data-areas-for-fund-collecting/ HTTP/1.1" 200 4462 "https://jomarlogistica.com.br/2023/05/20/deal-tracking-software-automate-your-sales-processes/" "Mozilla/5.0 (Linux; Android 7.0;) AppleWebKit/537.36 (KHTML, like Gecko) Mobile Safari/537.36 (compatible; PetalBot;+https://webmaster.petalsearch.com/site/petalbot)"
stat.jomarlogistica.com.br:80 103.124.95.244 - - [12/Oct/2025:01:39:19 -0300] "HEAD /WORDPRESS HTTP/1.1" 404 124 "http://stat.jomarlogistica.com.br/WORDPRESS" "Mozilla/5.0 (X11; Linux x86_64) AppleWebKit/537.36 (KHTML, like Gecko) Chrome/96.0.4664.45 Safari/537.36"
jomarlogistica.com.br:80 114.119.138.207 - - [12/Oct/2025:01:39:45 -0300] "GET /2023/05/15/how-you-can-create-a-mutually-beneficial-relationship/ HTTP/1.1" 200 4462 "https://jomarlogistica.com.br/category/jomar/page/25/" "Mozilla/5.0 (Linux; Android 7.0;) AppleWebKit/537.36 (KHTML, like Gecko) Mobile Safari/537.36 (compatible; PetalBot;+https://webmaster.petalsearch.com/site/petalbot)"
jomarlogistica.com.br:80 114.119.159.76 - - [12/Oct/2025:01:43:20 -0300] "GET /2023/05/03/gay-and-lesbian-horoscope-indicators-and-curiosities/ HTTP/1.1" 200 4462 "https://jomarlogistica.com.br/2023/05/03/gay-and-lesbian-horoscope-indicators-and-curiosities/" "Mozilla/5.0 (Linux; Android 7.0;) AppleWebKit/537.36 (KHTML, like Gecko) Mobile Safari/537.36 (compatible; PetalBot;+https://webmaster.petalsearch.com/site/petalbot)"
stat.jomarlogistica.com.br:80 103.124.95.244 - - [12/Oct/2025:01:43:22 -0300] "HEAD /WordPress HTTP/1.1" 404 124 "http://stat.jomarlogistica.com.br/WordPress" "Mozilla/5.0 (X11; Linux x86_64) AppleWebKit/537.36 (KHTML, like Gecko) Chrome/96.0.4664.45 Safari/537.36"
jomarlogistica.com.br:80 127.0.0.1 - - [12/Oct/2025:01:43:27 -0300] "OPTIONS * HTTP/1.0" 200 110 "-" "Apache/2.4.65 (Ubuntu) (internal dummy connection)"
jomarlogistica.com.br:80 114.119.158.0 - - [12/Oct/2025:01:43:52 -0300] "GET /2024/03/08/ccpa-non-disclosure-agreement-protect-your-data/ HTTP/1.1" 200 4462 "https://jomarlogistica.com.br/2022/11/24/romance-advice-how-advisors-can-help-you-get-around-the-tough-route-of-a-long-term-relationship/" "Mozilla/5.0 (Linux; Android 7.0;) AppleWebKit/537.36 (KHTML, like Gecko) Mobile Safari/537.36 (compatible; PetalBot;+https://webmaster.petalsearch.com/site/petalbot)"
jomarlogistica.com.br:80 114.119.138.130 - - [12/Oct/2025:01:44:22 -0300] "GET /2023/06/10/latina-brides-latin-mail-order-brides/ HTTP/1.1" 200 4462 "https://jomarlogistica.com.br/2023/06/11/exactly-what-is-a-personal-info-room/" "Mozilla/5.0 (Linux; Android 7.0;) AppleWebKit/537.36 (KHTML, like Gecko) Mobile Safari/537.36 (compatible; PetalBot;+https://webmaster.petalsearch.com/site/petalbot)"
jomarlogistica.com.br:80 114.119.128.158 - - [12/Oct/2025:01:45:19 -0300] "GET /2024/ HTTP/1.1" 200 4462 "https://jomarlogistica.com.br/2024/03/" "Mozilla/5.0 (Linux; Android 7.0;) AppleWebKit/537.36 (KHTML, like Gecko) Mobile Safari/537.36 (compatible; PetalBot;+https://webmaster.petalsearch.com/site/petalbot)"
jomarlogistica.com.br:80 85.208.96.208 - - [12/Oct/2025:01:45:32 -0300] "GET /robots.txt HTTP/1.1" 200 4462 "-" "Mozilla/5.0 (compatible; SemrushBot/7~bl; +http://www.semrush.com/bot.html)"
jomarlogistica.com.br:80 85.208.96.200 - - [12/Oct/2025:01:45:32 -0300] "GET /blog-standard-left-sidebar/ HTTP/1.1" 200 4462 "-" "Mozilla/5.0 (compatible; SemrushBot/7~bl; +http://www.semrush.com/bot.html)"
jomarlogistica.com.br:80 127.0.0.1 - - [12/Oct/2025:01:45:37 -0300] "OPTIONS * HTTP/1.0" 200 110 "-" "Apache/2.4.65 (Ubuntu) (internal dummy connection)"
jomarlogistica.com.br:80 114.119.135.84 - - [12/Oct/2025:01:46:43 -0300] "GET /author/jomar/page/53/ HTTP/1.1" 200 4462 "https://jomarlogistica.com.br/author/jomar/page/53/" "Mozilla/5.0 (Linux; Android 7.0;) AppleWebKit/537.36 (KHTML, like Gecko) Mobile Safari/537.36 (compatible; PetalBot;+https://webmaster.petalsearch.com/site/petalbot)"
stat.jomarlogistica.com.br:80 103.124.95.244 - - [12/Oct/2025:01:46:51 -0300] "HEAD /wp HTTP/1.1" 404 124 "http://stat.jomarlogistica.com.br/wp" "Mozilla/5.0 (X11; Linux x86_64) AppleWebKit/537.36 (KHTML, like Gecko) Chrome/96.0.4664.45 Safari/537.36"
jomarlogistica.com.br:80 114.119.138.207 - - [12/Oct/2025:01:48:09 -0300] "GET /2023/05/31/finest-relationship-websites-big-apple-the-7-best-courting-apps-sites-in-ny-city/ HTTP/1.1" 200 4462 "https://jomarlogistica.com.br/2023/page/20/" "Mozilla/5.0 (Linux; Android 7.0;) AppleWebKit/537.36 (KHTML, like Gecko) Mobile Safari/537.36 (compatible; PetalBot;+https://webmaster.petalsearch.com/site/petalbot)"
stat.jomarlogistica.com.br:80 103.124.95.244 - - [12/Oct/2025:01:48:43 -0300] "HEAD /Wp HTTP/1.1" 404 124 "http://stat.jomarlogistica.com.br/Wp" "Mozilla/5.0 (X11; Linux x86_64) AppleWebKit/537.36 (KHTML, like Gecko) Chrome/96.0.4664.45 Safari/537.36"
jomarlogistica.com.br:80 114.119.136.72 - - [12/Oct/2025:01:49:32 -0300] "GET /2025/ HTTP/1.1" 200 4462 "https://jomarlogistica.com.br/2025/07/" "Mozilla/5.0 (Linux; Android 7.0;) AppleWebKit/537.36 (KHTML, like Gecko) Mobile Safari/537.36 (compatible; PetalBot;+https://webmaster.petalsearch.com/site/petalbot)"
jomarlogistica.com.br:80 54.156.248.117 - - [12/Oct/2025:01:49:39 -0300] "GET /2022/09/03/fireworks-legal-in-volusia-county-know-the-regulations/ HTTP/1.1" 200 4462 "-" "Mozilla/5.0 AppleWebKit/537.36 (KHTML, like Gecko; compatible; Amazonbot/0.1; +https://developer.amazon.com/support/amazonbot) Chrome/119.0.6045.214 Safari/537.36"
jomarlogistica.com.br:80 177.116.190.244 - - [12/Oct/2025:01:50:12 -0300] "POST /autodiscover/autodiscover.xml HTTP/1.1" 200 4462 "-" "AppleExchangeWebServices/833 accountsd/113"
jomarlogistica.com.br:80 57.141.0.6 - - [12/Oct/2025:01:50:31 -0300] "GET /2022/11/30/the-importance-of-relationship-and-lifestyle/ HTTP/1.1" 200 46229 "-" "meta-externalagent/1.1 (+https://developers.facebook.com/docs/sharing/webmasters/crawler)"
jomarlogistica.com.br:80 114.119.136.72 - - [12/Oct/2025:01:50:55 -0300] "GET /2023/04/page/5/ HTTP/1.1" 200 4462 "https://jomarlogistica.com.br/2023/04/page/5/" "Mozilla/5.0 (Linux; Android 7.0;) AppleWebKit/537.36 (KHTML, like Gecko) Mobile Safari/537.36 (compatible; PetalBot;+https://webmaster.petalsearch.com/site/petalbot)"
jomarlogistica.com.br:80 114.119.128.158 - - [12/Oct/2025:01:52:17 -0300] "GET /2023/04/page/3/ HTTP/1.1" 200 4462 "https://jomarlogistica.com.br/2023/04/page/2/" "Mozilla/5.0 (Linux; Android 7.0;) AppleWebKit/537.36 (KHTML, like Gecko) Mobile Safari/537.36 (compatible; PetalBot;+https://webmaster.petalsearch.com/site/petalbot)"
jomarlogistica.com.br:80 114.119.134.192 - - [12/Oct/2025:01:53:40 -0300] "GET /2023/04/27/do-they-offer-a-free-online-online-dating-service/ HTTP/1.1" 200 4462 "https://jomarlogistica.com.br/2023/04/27/do-they-offer-a-free-online-online-dating-service/" "Mozilla/5.0 (Linux; Android 7.0;) AppleWebKit/537.36 (KHTML, like Gecko) Mobile Safari/537.36 (compatible; PetalBot;+https://webmaster.petalsearch.com/site/petalbot)"
stat.jomarlogistica.com.br:80 103.124.95.244 - - [12/Oct/2025:01:54:21 -0300] "HEAD /WP HTTP/1.1" 404 124 "http://stat.jomarlogistica.com.br/WP" "Mozilla/5.0 (X11; Linux x86_64) AppleWebKit/537.36 (KHTML, like Gecko) Chrome/96.0.4664.45 Safari/537.36"
jomarlogistica.com.br:80 114.119.136.72 - - [12/Oct/2025:01:55:04 -0300] "GET /2023/02/25/marriage-relationship-advice-how-to-keep-your-marriage-happy-healthy-and-strong/ HTTP/1.1" 200 4462 "https://jomarlogistica.com.br/2023/02/25/marriage-relationship-advice-how-to-keep-your-marriage-happy-healthy-and-strong/" "Mozilla/5.0 (Linux; Android 7.0;) AppleWebKit/537.36 (KHTML, like Gecko) Mobile Safari/537.36 (compatible; PetalBot;+https://webmaster.petalsearch.com/site/petalbot)"
jomarlogistica.com.br:80 57.141.0.34 - - [12/Oct/2025:01:56:02 -0300] "GET /2023/07/11/bc-alr-rules-your-guide-to-agricultural-land-reserve-regulations/ HTTP/1.1" 200 46229 "-" "meta-externalagent/1.1 (+https://developers.facebook.com/docs/sharing/webmasters/crawler)"
jomarlogistica.com.br:80 114.119.159.76 - - [12/Oct/2025:01:56:28 -0300] "GET /category/jomar/ HTTP/1.1" 200 4462 "https://jomarlogistica.com.br/2022/11/24/romance-advice-how-advisors-can-help-you-get-around-the-tough-route-of-a-long-term-relationship/" "Mozilla/5.0 (Linux; Android 7.0;) AppleWebKit/537.36 (KHTML, like Gecko) Mobile Safari/537.36 (compatible; PetalBot;+https://webmaster.petalsearch.com/site/petalbot)"
stat.jomarlogistica.com.br:80 103.124.95.244 - - [12/Oct/2025:01:56:36 -0300] "HEAD /old HTTP/1.1" 404 124 "http://stat.jomarlogistica.com.br/old" "Mozilla/5.0 (X11; Linux x86_64) AppleWebKit/537.36 (KHTML, like Gecko) Chrome/96.0.4664.45 Safari/537.36"
jomarlogistica.com.br:80 114.119.138.130 - - [12/Oct/2025:01:57:51 -0300] "GET /2024/03/04/quitting-contract-jobs-in-india-legalities-of-terminating-contracts-early/ HTTP/1.1" 200 4462 "https://jomarlogistica.com.br/2022/11/24/romance-advice-how-advisors-can-help-you-get-around-the-tough-route-of-a-long-term-relationship/" "Mozilla/5.0 (Linux; Android 7.0;) AppleWebKit/537.36 (KHTML, like Gecko) Mobile Safari/537.36 (compatible; PetalBot;+https://webmaster.petalsearch.com/site/petalbot)"
jomarlogistica.com.br:80 114.119.138.130 - - [12/Oct/2025:01:59:14 -0300] "GET /2022/page/16/ HTTP/1.1" 200 4462 "https://jomarlogistica.com.br/2022/page/11/" "Mozilla/5.0 (Linux; Android 7.0;) AppleWebKit/537.36 (KHTML, like Gecko) Mobile Safari/537.36 (compatible; PetalBot;+https://webmaster.petalsearch.com/site/petalbot)"
stat.jomarlogistica.com.br:80 103.124.95.244 - - [12/Oct/2025:01:59:17 -0300] "HEAD /Old HTTP/1.1" 404 124 "http://stat.jomarlogistica.com.br/Old" "Mozilla/5.0 (X11; Linux x86_64) AppleWebKit/537.36 (KHTML, like Gecko) Chrome/96.0.4664.45 Safari/537.36"
jomarlogistica.com.br:80 114.119.136.72 - - [12/Oct/2025:02:00:40 -0300] "GET /2022/12/18/where-to-get-legitimate-foreign-dating-sites-and-apps/ HTTP/1.1" 200 4462 "https://jomarlogistica.com.br/2022/12/page/3/" "Mozilla/5.0 (Linux; Android 7.0;) AppleWebKit/537.36 (KHTML, like Gecko) Mobile Safari/537.36 (compatible; PetalBot;+https://webmaster.petalsearch.com/site/petalbot)"
jomarlogistica.com.br:80 114.119.136.72 - - [12/Oct/2025:02:02:01 -0300] "GET /2022/12/02/mutually-beneficial-marriage-sugar-daddy/ HTTP/1.1" 200 4462 "https://jomarlogistica.com.br/2022/12/02/mutually-beneficial-marriage-sugar-daddy/" "Mozilla/5.0 (Linux; Android 7.0;) AppleWebKit/537.36 (KHTML, like Gecko) Mobile Safari/537.36 (compatible; PetalBot;+https://webmaster.petalsearch.com/site/petalbot)"
jomarlogistica.com.br:80 114.119.136.72 - - [12/Oct/2025:02:03:27 -0300] "GET /author/jomar/page/57/ HTTP/1.1" 200 4462 "https://jomarlogistica.com.br/author/jomar/page/7/" "Mozilla/5.0 (Linux; Android 7.0;) AppleWebKit/537.36 (KHTML, like Gecko) Mobile Safari/537.36 (compatible; PetalBot;+https://webmaster.petalsearch.com/site/petalbot)"
stat.jomarlogistica.com.br:80 103.124.95.244 - - [12/Oct/2025:02:04:35 -0300] "HEAD /OLD HTTP/1.1" 404 124 "http://stat.jomarlogistica.com.br/OLD" "Mozilla/5.0 (X11; Linux x86_64) AppleWebKit/537.36 (KHTML, like Gecko) Chrome/96.0.4664.45 Safari/537.36"
jomarlogistica.com.br:80 114.119.135.84 - - [12/Oct/2025:02:04:49 -0300] "GET /author/jomar/page/28/ HTTP/1.1" 200 4462 "https://jomarlogistica.com.br/author/jomar/page/28/" "Mozilla/5.0 (Linux; Android 7.0;) AppleWebKit/537.36 (KHTML, like Gecko) Mobile Safari/537.36 (compatible; PetalBot;+https://webmaster.petalsearch.com/site/petalbot)"
stat.jomarlogistica.com.br:80 103.124.95.244 - - [12/Oct/2025:02:05:49 -0300] "HEAD /oldsite HTTP/1.1" 404 124 "http://stat.jomarlogistica.com.br/oldsite" "Mozilla/5.0 (X11; Linux x86_64) AppleWebKit/537.36 (KHTML, like Gecko) Chrome/96.0.4664.45 Safari/537.36"
jomarlogistica.com.br:80 114.119.134.192 - - [12/Oct/2025:02:06:12 -0300] "GET /2023/10/20/10-hour-rule-trucking-compliance-and-regulations-explained/ HTTP/1.1" 200 4462 "https://jomarlogistica.com.br/2023/10/20/10-hour-rule-trucking-compliance-and-regulations-explained/" "Mozilla/5.0 (Linux; Android 7.0;) AppleWebKit/537.36 (KHTML, like Gecko) Mobile Safari/537.36 (compatible; PetalBot;+https://webmaster.petalsearch.com/site/petalbot)"
jomarlogistica.com.br:80 114.119.138.130 - - [12/Oct/2025:02:07:35 -0300] "GET /2023/09/16/how-reliable-is-scanguard/ HTTP/1.1" 200 4462 "https://jomarlogistica.com.br/2023/09/page/4/" "Mozilla/5.0 (Linux; Android 7.0;) AppleWebKit/537.36 (KHTML, like Gecko) Mobile Safari/537.36 (compatible; PetalBot;+https://webmaster.petalsearch.com/site/petalbot)"
stat.jomarlogistica.com.br:80 103.124.95.244 - - [12/Oct/2025:02:08:34 -0300] "HEAD /new HTTP/1.1" 404 124 "http://stat.jomarlogistica.com.br/new" "Mozilla/5.0 (X11; Linux x86_64) AppleWebKit/537.36 (KHTML, like Gecko) Chrome/96.0.4664.45 Safari/537.36"
jomarlogistica.com.br:80 114.119.136.72 - - [12/Oct/2025:02:08:59 -0300] "GET /wp-sitemap-users-1.xml HTTP/1.1" 200 4462 "-" "Mozilla/5.0 (Linux; Android 7.0;) AppleWebKit/537.36 (KHTML, like Gecko) Mobile Safari/537.36 (compatible; PetalBot;+https://webmaster.petalsearch.com/site/petalbot)"
jomarlogistica.com.br:80 114.119.159.76 - - [12/Oct/2025:02:10:24 -0300] "GET /2023/page/39/ HTTP/1.1" 200 4462 "https://jomarlogistica.com.br/2023/page/40/" "Mozilla/5.0 (Linux; Android 7.0;) AppleWebKit/537.36 (KHTML, like Gecko) Mobile Safari/537.36 (compatible; PetalBot;+https://webmaster.petalsearch.com/site/petalbot)"
jomarlogistica.com.br:80 114.119.128.158 - - [12/Oct/2025:02:11:47 -0300] "GET /2023/10/02/antivirus-for-iphone-keep-your-phone-and-data-secure/ HTTP/1.1" 200 4462 "https://jomarlogistica.com.br/2023/10/page/4/" "Mozilla/5.0 (Linux; Android 7.0;) AppleWebKit/537.36 (KHTML, like Gecko) Mobile Safari/537.36 (compatible; PetalBot;+https://webmaster.petalsearch.com/site/petalbot)"
jomarlogistica.com.br:80 177.116.190.244 - - [12/Oct/2025:02:12:15 -0300] "POST /autodiscover/autodiscover.xml HTTP/1.1" 200 4462 "-" "AppleExchangeWebServices/833 accountsd/113"
jomarlogistica.com.br:80 114.119.158.0 - - [12/Oct/2025:02:13:10 -0300] "GET /2023/08/01/precisely-what-is-an-online-data-room/ HTTP/1.1" 200 4462 "https://jomarlogistica.com.br/2023/page/14/" "Mozilla/5.0 (Linux; Android 7.0;) AppleWebKit/537.36 (KHTML, like Gecko) Mobile Safari/537.36 (compatible; PetalBot;+https://webmaster.petalsearch.com/site/petalbot)"
stat.jomarlogistica.com.br:80 103.124.95.244 - - [12/Oct/2025:02:13:30 -0300] "HEAD /New HTTP/1.1" 404 124 "http://stat.jomarlogistica.com.br/New" "Mozilla/5.0 (X11; Linux x86_64) AppleWebKit/537.36 (KHTML, like Gecko) Chrome/96.0.4664.45 Safari/537.36"
jomarlogistica.com.br:80 216.73.216.56 - - [12/Oct/2025:02:14:31 -0300] "GET /robots.txt HTTP/1.1" 200 4462 "-" "Mozilla/5.0 AppleWebKit/537.36 (KHTML, like Gecko; compatible; ClaudeBot/1.0; +claudebot@anthropic.com)"
jomarlogistica.com.br:80 216.73.216.56 - - [12/Oct/2025:02:14:32 -0300] "GET /?fileloc=%2Fvar%2Fwww%2Fvhosts%2Fjomarlogistica.com.br%2Fhttpdocs%2Fwp-includes%2Fclass-wp-user.php&path=%2Fvar%2Fwww%2Fvhosts%2Fjomarlogistica.com.br%2Fhttpdocs%2Fwp-includes HTTP/1.1" 200 8963 "-" "Mozilla/5.0 AppleWebKit/537.36 (KHTML, like Gecko; compatible; ClaudeBot/1.0; +claudebot@anthropic.com)"
jomarlogistica.com.br:80 216.73.216.56 - - [12/Oct/2025:02:14:32 -0300] "GET /2024/03/08/ccpa-non-disclosure-agreement-protect-your-data?fileloc=%2Fvar%2Fwww%2Fvhosts%2Fjomarlogistica.com.br%2Fhttpdocs%2Fwp-includes%2Fclass-wp-image-editor.php&path=%2Fvar%2Fwww%2Fvhosts%2Fjomarlogistica.com.br%2Fhttpdocs%2Fwp-includes HTTP/1.1" 200 7793 "-" "Mozilla/5.0 AppleWebKit/537.36 (KHTML, like Gecko; compatible; ClaudeBot/1.0; +claudebot@anthropic.com)"
jomarlogistica.com.br:80 216.73.216.56 - - [12/Oct/2025:02:14:33 -0300] "GET /2024/03/08/ccpa-non-disclosure-agreement-protect-your-data?fileloc=%2Fvar%2Fwww%2Fvhosts%2Fjomarlogistica.com.br%2Fhttpdocs%2Fwp-includes%2Fclass-wp-http-ixr-client.php&path=%2Fvar%2Fwww%2Fvhosts%2Fjomarlogistica.com.br%2Fhttpdocs%2Fwp-includes HTTP/1.1" 200 4463 "-" "Mozilla/5.0 AppleWebKit/537.36 (KHTML, like Gecko; compatible; ClaudeBot/1.0; +claudebot@anthropic.com)"
jomarlogistica.com.br:80 216.73.216.56 - - [12/Oct/2025:02:14:33 -0300] "GET /?fileloc=%2Fvar%2Fwww%2Fvhosts%2Fjomarlogistica.com.br%2Fhttpdocs%2Fwp-includes%2Fclass-wp-block-supports.php&path=%2Fvar%2Fwww%2Fvhosts%2Fjomarlogistica.com.br%2Fhttpdocs%2Fwp-includes HTTP/1.1" 200 4608 "-" "Mozilla/5.0 AppleWebKit/537.36 (KHTML, like Gecko; compatible; ClaudeBot/1.0; +claudebot@anthropic.com)"
jomarlogistica.com.br:80 216.73.216.56 - - [12/Oct/2025:02:14:34 -0300] "GET /?fileloc=%2Fvar%2Fwww%2Fvhosts%2Fjomarlogistica.com.br%2Fhttpdocs%2Fwp-includes%2Fclass-wp-block.php&path=%2Fvar%2Fwww%2Fvhosts%2Fjomarlogistica.com.br%2Fhttpdocs%2Fwp-includes HTTP/1.1" 200 5209 "-" "Mozilla/5.0 AppleWebKit/537.36 (KHTML, like Gecko; compatible; ClaudeBot/1.0; +claudebot@anthropic.com)"
jomarlogistica.com.br:80 114.119.138.130 - - [12/Oct/2025:02:14:34 -0300] "GET /category/jomar/page/16/ HTTP/1.1" 200 4462 "https://jomarlogistica.com.br/category/jomar/page/16/" "Mozilla/5.0 (Linux; Android 7.0;) AppleWebKit/537.36 (KHTML, like Gecko) Mobile Safari/537.36 (compatible; PetalBot;+https://webmaster.petalsearch.com/site/petalbot)"
jomarlogistica.com.br:80 216.73.216.56 - - [12/Oct/2025:02:14:34 -0300] "GET /2022/06/24/eavesdropping-laws-in-georgia-what-you-need-to-know?fileloc=%2Fvar%2Fwww%2Fvhosts%2Fjomarlogistica.com.br%2Fhttpdocs%2Fwp-includes%2Fclass-wp-http-encoding.php&path=%2Fvar%2Fwww%2Fvhosts%2Fjomarlogistica.com.br%2Fhttpdocs%2Fwp-includes HTTP/1.1" 200 5247 "-" "Mozilla/5.0 AppleWebKit/537.36 (KHTML, like Gecko; compatible; ClaudeBot/1.0; +claudebot@anthropic.com)"
jomarlogistica.com.br:80 216.73.216.56 - - [12/Oct/2025:02:14:35 -0300] "GET /?fileloc=%2Fvar%2Fwww%2Fvhosts%2Fjomarlogistica.com.br%2Fhttpdocs%2Fwp-includes%2Ffunctions.php&path=%2Fvar%2Fwww%2Fvhosts%2Fjomarlogistica.com.br%2Fhttpdocs%2Fwp-includes HTTP/1.1" 200 72242 "-" "Mozilla/5.0 AppleWebKit/537.36 (KHTML, like Gecko; compatible; ClaudeBot/1.0; +claudebot@anthropic.com)"
jomarlogistica.com.br:80 216.73.216.56 - - [12/Oct/2025:02:14:35 -0300] "GET /?fileloc=%2Fvar%2Fwww%2Fvhosts%2Fjomarlogistica.com.br%2Fhttpdocs%2Fwp-includes%2Fclass-wp-error.php&path=%2Fvar%2Fwww%2Fvhosts%2Fjomarlogistica.com.br%2Fhttpdocs%2Fwp-includes HTTP/1.1" 200 4964 "-" "Mozilla/5.0 AppleWebKit/537.36 (KHTML, like Gecko; compatible; ClaudeBot/1.0; +claudebot@anthropic.com)"
jomarlogistica.com.br:80 216.73.216.56 - - [12/Oct/2025:02:14:35 -0300] "GET /2024/03/08/ccpa-non-disclosure-agreement-protect-your-data?fileloc=%2Fvar%2Fwww%2Fvhosts%2Fjomarlogistica.com.br%2Fhttpdocs%2Fwp-includes%2Fclass-wp-http-response.php&path=%2Fvar%2Fwww%2Fvhosts%2Fjomarlogistica.com.br%2Fhttpdocs%2Fwp-includes HTTP/1.1" 200 4023 "-" "Mozilla/5.0 AppleWebKit/537.36 (KHTML, like Gecko; compatible; ClaudeBot/1.0; +claudebot@anthropic.com)"
jomarlogistica.com.br:80 216.73.216.56 - - [12/Oct/2025:02:14:36 -0300] "GET /?fileloc=%2Fvar%2Fwww%2Fvhosts%2Fjomarlogistica.com.br%2Fhttpdocs%2Fwp-includes%2Fclass-wp-customize-section.php&path=%2Fvar%2Fwww%2Fvhosts%2Fjomarlogistica.com.br%2Fhttpdocs%2Fwp-includes HTTP/1.1" 200 6365 "-" "Mozilla/5.0 AppleWebKit/537.36 (KHTML, like Gecko; compatible; ClaudeBot/1.0; +claudebot@anthropic.com)"
jomarlogistica.com.br:80 216.73.216.56 - - [12/Oct/2025:02:14:36 -0300] "GET /?fileloc=%2Fvar%2Fwww%2Fvhosts%2Fjomarlogistica.com.br%2Fhttpdocs%2Fwp-includes%2Fclass-wp-simplepie-file.php&path=%2Fvar%2Fwww%2Fvhosts%2Fjomarlogistica.com.br%2Fhttpdocs%2Fwp-includes HTTP/1.1" 200 4415 "-" "Mozilla/5.0 AppleWebKit/537.36 (KHTML, like Gecko; compatible; ClaudeBot/1.0; +claudebot@anthropic.com)"
jomarlogistica.com.br:80 216.73.216.56 - - [12/Oct/2025:02:14:36 -0300] "GET /?fileloc=%2Fvar%2Fwww%2Fvhosts%2Fjomarlogistica.com.br%2Fhttpdocs%2Fwp-includes%2Fclass-wp-metadata-lazyloader.php&path=%2Fvar%2Fwww%2Fvhosts%2Fjomarlogistica.com.br%2Fhttpdocs%2Fwp-includes HTTP/1.1" 200 4774 "-" "Mozilla/5.0 AppleWebKit/537.36 (KHTML, like Gecko; compatible; ClaudeBot/1.0; +claudebot@anthropic.com)"
jomarlogistica.com.br:80 216.73.216.56 - - [12/Oct/2025:02:14:36 -0300] "GET /?fileloc=%2Fvar%2Fwww%2Fvhosts%2Fjomarlogistica.com.br%2Fhttpdocs%2Fwp-includes%2Fclass-wp-network-query.php&path=%2Fvar%2Fwww%2Fvhosts%2Fjomarlogistica.com.br%2Fhttpdocs%2Fwp-includes HTTP/1.1" 200 7996 "-" "Mozilla/5.0 AppleWebKit/537.36 (KHTML, like Gecko; compatible; ClaudeBot/1.0; +claudebot@anthropic.com)"
jomarlogistica.com.br:80 127.0.0.1 - - [12/Oct/2025:02:14:37 -0300] "OPTIONS * HTTP/1.0" 200 110 "-" "Apache/2.4.65 (Ubuntu) (internal dummy connection)"
jomarlogistica.com.br:80 216.73.216.56 - - [12/Oct/2025:02:14:37 -0300] "GET /?fileloc=%2Fvar%2Fwww%2Fvhosts%2Fjomarlogistica.com.br%2Fhttpdocs%2Fwp-includes%2Fclass-wp-customize-control.php&path=%2Fvar%2Fwww%2Fvhosts%2Fjomarlogistica.com.br%2Fhttpdocs%2Fwp-includes HTTP/1.1" 200 9109 "-" "Mozilla/5.0 AppleWebKit/537.36 (KHTML, like Gecko; compatible; ClaudeBot/1.0; +claudebot@anthropic.com)"
jomarlogistica.com.br:80 216.73.216.56 - - [12/Oct/2025:02:14:37 -0300] "GET /?fileloc=%2Fvar%2Fwww%2Fvhosts%2Fjomarlogistica.com.br%2Fhttpdocs%2Fwp-includes%2Fhttps-detection.php&path=%2Fvar%2Fwww%2Fvhosts%2Fjomarlogistica.com.br%2Fhttpdocs%2Fwp-includes HTTP/1.1" 200 5310 "-" "Mozilla/5.0 AppleWebKit/537.36 (KHTML, like Gecko; compatible; ClaudeBot/1.0; +claudebot@anthropic.com)"
jomarlogistica.com.br:80 216.73.216.56 - - [12/Oct/2025:02:14:37 -0300] "GET /2024/03/08/ccpa-non-disclosure-agreement-protect-your-data?fileloc=%2Fvar%2Fwww%2Fvhosts%2Fjomarlogistica.com.br%2Fhttpdocs%2Fwp-includes%2Fclass.wp-scripts.php&path=%2Fvar%2Fwww%2Fvhosts%2Fjomarlogistica.com.br%2Fhttpdocs%2Fwp-includes HTTP/1.1" 200 7936 "-" "Mozilla/5.0 AppleWebKit/537.36 (KHTML, like Gecko; compatible; ClaudeBot/1.0; +claudebot@anthropic.com)"
jomarlogistica.com.br:80 216.73.216.56 - - [12/Oct/2025:02:14:37 -0300] "GET /?fileloc=%2Fvar%2Fwww%2Fvhosts%2Fjomarlogistica.com.br%2Fhttpdocs%2Fwp-includes%2Fclass-wp-oembed-controller.php&path=%2Fvar%2Fwww%2Fvhosts%2Fjomarlogistica.com.br%2Fhttpdocs%2Fwp-includes HTTP/1.1" 200 5191 "-" "Mozilla/5.0 AppleWebKit/537.36 (KHTML, like Gecko; compatible; ClaudeBot/1.0; +claudebot@anthropic.com)"
jomarlogistica.com.br:80 216.73.216.56 - - [12/Oct/2025:02:14:38 -0300] "GET /?fileloc=%2Fvar%2Fwww%2Fvhosts%2Fjomarlogistica.com.br%2Fhttpdocs%2Fwp-includes%2Fwp-diff.php&path=%2Fvar%2Fwww%2Fvhosts%2Fjomarlogistica.com.br%2Fhttpdocs%2Fwp-includes HTTP/1.1" 200 3377 "-" "Mozilla/5.0 AppleWebKit/537.36 (KHTML, like Gecko; compatible; ClaudeBot/1.0; +claudebot@anthropic.com)"
jomarlogistica.com.br:80 216.73.216.56 - - [12/Oct/2025:02:14:38 -0300] "GET /2022/06/24/eavesdropping-laws-in-georgia-what-you-need-to-know?fileloc=%2Fvar%2Fwww%2Fvhosts%2Fjomarlogistica.com.br%2Fhttpdocs%2Fwp-includes%2Fclass-wp-user-request.php&path=%2Fvar%2Fwww%2Fvhosts%2Fjomarlogistica.com.br%2Fhttpdocs%2Fwp-includes HTTP/1.1" 200 3661 "-" "Mozilla/5.0 AppleWebKit/537.36 (KHTML, like Gecko; compatible; ClaudeBot/1.0; +claudebot@anthropic.com)"
jomarlogistica.com.br:80 216.73.216.56 - - [12/Oct/2025:02:14:38 -0300] "GET /?fileloc=%2Fvar%2Fwww%2Fvhosts%2Fjomarlogistica.com.br%2Fhttpdocs%2Fwp-includes%2Frest-api.php&path=%2Fvar%2Fwww%2Fvhosts%2Fjomarlogistica.com.br%2Fhttpdocs%2Fwp-includes HTTP/1.1" 200 24401 "-" "Mozilla/5.0 AppleWebKit/537.36 (KHTML, like Gecko; compatible; ClaudeBot/1.0; +claudebot@anthropic.com)"
jomarlogistica.com.br:80 216.73.216.56 - - [12/Oct/2025:02:14:38 -0300] "GET /?fileloc=%2Fvar%2Fwww%2Fvhosts%2Fjomarlogistica.com.br%2Fhttpdocs%2Fwp-includes%2Fms-functions.php&path=%2Fvar%2Fwww%2Fvhosts%2Fjomarlogistica.com.br%2Fhttpdocs%2Fwp-includes HTTP/1.1" 200 25047 "-" "Mozilla/5.0 AppleWebKit/537.36 (KHTML, like Gecko; compatible; ClaudeBot/1.0; +claudebot@anthropic.com)"
jomarlogistica.com.br:80 216.73.216.56 - - [12/Oct/2025:02:14:38 -0300] "GET /?fileloc=%2Fvar%2Fwww%2Fvhosts%2Fjomarlogistica.com.br%2Fhttpdocs%2Fwp-includes%2Fclass-wp-ajax-response.php&path=%2Fvar%2Fwww%2Fvhosts%2Fjomarlogistica.com.br%2Fhttpdocs%2Fwp-includes HTTP/1.1" 200 4892 "-" "Mozilla/5.0 AppleWebKit/537.36 (KHTML, like Gecko; compatible; ClaudeBot/1.0; +claudebot@anthropic.com)"
jomarlogistica.com.br:80 216.73.216.56 - - [12/Oct/2025:02:14:39 -0300] "GET /2024/03/08/ccpa-non-disclosure-agreement-protect-your-data?fileloc=%2Fvar%2Fwww%2Fvhosts%2Fjomarlogistica.com.br%2Fhttpdocs%2Fwp-includes%2Fclass-wp-http-proxy.php&path=%2Fvar%2Fwww%2Fvhosts%2Fjomarlogistica.com.br%2Fhttpdocs%2Fwp-includes HTTP/1.1" 200 5002 "-" "Mozilla/5.0 AppleWebKit/537.36 (KHTML, like Gecko; compatible; ClaudeBot/1.0; +claudebot@anthropic.com)"
jomarlogistica.com.br:80 216.73.216.56 - - [12/Oct/2025:02:14:39 -0300] "GET /?fileloc=%2Fvar%2Fwww%2Fvhosts%2Fjomarlogistica.com.br%2Fhttpdocs%2Fwp-includes%2Fclass-wp-customize-setting.php&path=%2Fvar%2Fwww%2Fvhosts%2Fjomarlogistica.com.br%2Fhttpdocs%2Fwp-includes HTTP/1.1" 200 10129 "-" "Mozilla/5.0 AppleWebKit/537.36 (KHTML, like Gecko; compatible; ClaudeBot/1.0; +claudebot@anthropic.com)"
jomarlogistica.com.br:80 216.73.216.56 - - [12/Oct/2025:02:14:39 -0300] "GET /?fileloc=%2Fvar%2Fwww%2Fvhosts%2Fjomarlogistica.com.br%2Fhttpdocs%2Fwp-includes%2Fblock-editor.php&path=%2Fvar%2Fwww%2Fvhosts%2Fjomarlogistica.com.br%2Fhttpdocs%2Fwp-includes HTTP/1.1" 200 6888 "-" "Mozilla/5.0 AppleWebKit/537.36 (KHTML, like Gecko; compatible; ClaudeBot/1.0; +claudebot@anthropic.com)"
jomarlogistica.com.br:80 216.73.216.56 - - [12/Oct/2025:02:14:39 -0300] "GET /?fileloc=%2Fvar%2Fwww%2Fvhosts%2Fjomarlogistica.com.br%2Fhttpdocs%2Fwp-includes%2Fblock-patterns.php&path=%2Fvar%2Fwww%2Fvhosts%2Fjomarlogistica.com.br%2Fhttpdocs%2Fwp-includes HTTP/1.1" 200 3967 "-" "Mozilla/5.0 AppleWebKit/537.36 (KHTML, like Gecko; compatible; ClaudeBot/1.0; +claudebot@anthropic.com)"
jomarlogistica.com.br:80 216.73.216.56 - - [12/Oct/2025:02:14:39 -0300] "GET /?fileloc=%2Fvar%2Fwww%2Fvhosts%2Fjomarlogistica.com.br%2Fhttpdocs%2Fwp-includes%2Fclass-wp-block-styles-registry.php&path=%2Fvar%2Fwww%2Fvhosts%2Fjomarlogistica.com.br%2Fhttpdocs%2Fwp-includes HTTP/1.1" 200 4222 "-" "Mozilla/5.0 AppleWebKit/537.36 (KHTML, like Gecko; compatible; ClaudeBot/1.0; +claudebot@anthropic.com)"
jomarlogistica.com.br:80 216.73.216.56 - - [12/Oct/2025:02:14:39 -0300] "GET /?fileloc=%2Fvar%2Fwww%2Fvhosts%2Fjomarlogistica.com.br%2Fhttpdocs%2Fwp-includes%2Fclass-wp-dependency.php&path=%2Fvar%2Fwww%2Fvhosts%2Fjomarlogistica.com.br%2Fhttpdocs%2Fwp-includes HTTP/1.1" 200 3952 "-" "Mozilla/5.0 AppleWebKit/537.36 (KHTML, like Gecko; compatible; ClaudeBot/1.0; +claudebot@anthropic.com)"
jomarlogistica.com.br:80 216.73.216.56 - - [12/Oct/2025:02:14:40 -0300] "GET /?fileloc=%2Fvar%2Fwww%2Fvhosts%2Fjomarlogistica.com.br%2Fhttpdocs%2Fwp-includes%2Fclass-wp-xmlrpc-server.php&path=%2Fvar%2Fwww%2Fvhosts%2Fjomarlogistica.com.br%2Fhttpdocs%2Fwp-includes HTTP/1.1" 200 41451 "-" "Mozilla/5.0 AppleWebKit/537.36 (KHTML, like Gecko; compatible; ClaudeBot/1.0; +claudebot@anthropic.com)"
jomarlogistica.com.br:80 216.73.216.56 - - [12/Oct/2025:02:14:40 -0300] "GET /2024/03/08/ccpa-non-disclosure-agreement-protect-your-data?fileloc=%2Fvar%2Fwww%2Fvhosts%2Fjomarlogistica.com.br%2Fhttpdocs%2Fwp-includes%2Fclass-wp-block-parser.php&path=%2Fvar%2Fwww%2Fvhosts%2Fjomarlogistica.com.br%2Fhttpdocs%2Fwp-includes HTTP/1.1" 200 7365 "-" "Mozilla/5.0 AppleWebKit/537.36 (KHTML, like Gecko; compatible; ClaudeBot/1.0; +claudebot@anthropic.com)"
jomarlogistica.com.br:80 216.73.216.56 - - [12/Oct/2025:02:14:40 -0300] "GET /?fileloc=%2Fvar%2Fwww%2Fvhosts%2Fjomarlogistica.com.br%2Fhttpdocs%2Fwp-includes%2Fms-default-constants.php&path=%2Fvar%2Fwww%2Fvhosts%2Fjomarlogistica.com.br%2Fhttpdocs%2Fwp-includes HTTP/1.1" 200 4635 "-" "Mozilla/5.0 AppleWebKit/537.36 (KHTML, like Gecko; compatible; ClaudeBot/1.0; +claudebot@anthropic.com)"
jomarlogistica.com.br:80 216.73.216.56 - - [12/Oct/2025:02:14:40 -0300] "GET /2024/03/08/ccpa-non-disclosure-agreement-protect-your-data?fileloc=%2Fvar%2Fwww%2Fvhosts%2Fjomarlogistica.com.br%2Fhttpdocs%2Fwp-includes%2Fclass-wp-http-streams.php&path=%2Fvar%2Fwww%2Fvhosts%2Fjomarlogistica.com.br%2Fhttpdocs%2Fwp-includes HTTP/1.1" 200 7844 "-" "Mozilla/5.0 AppleWebKit/537.36 (KHTML, like Gecko; compatible; ClaudeBot/1.0; +claudebot@anthropic.com)"
jomarlogistica.com.br:80 216.73.216.56 - - [12/Oct/2025:02:14:40 -0300] "GET /2024/03/08/ccpa-non-disclosure-agreement-protect-your-data?fileloc=%2Fvar%2Fwww%2Fvhosts%2Fjomarlogistica.com.br%2Fhttpdocs%2Fwp-includes%2Fclass-wp-http-requests-response.php&path=%2Fvar%2Fwww%2Fvhosts%2Fjomarlogistica.com.br%2Fhttpdocs%2Fwp-includes HTTP/1.1" 200 4380 "-" "Mozilla/5.0 AppleWebKit/537.36 (KHTML, like Gecko; compatible; ClaudeBot/1.0; +claudebot@anthropic.com)"
jomarlogistica.com.br:80 216.73.216.56 - - [12/Oct/2025:02:14:40 -0300] "GET /?fileloc=%2Fvar%2Fwww%2Fvhosts%2Fjomarlogistica.com.br%2Fhttpdocs%2Fwp-includes%2Fclass-wp-editor.php&path=%2Fvar%2Fwww%2Fvhosts%2Fjomarlogistica.com.br%2Fhttpdocs%2Fwp-includes HTTP/1.1" 200 20827 "-" "Mozilla/5.0 AppleWebKit/537.36 (KHTML, like Gecko; compatible; ClaudeBot/1.0; +claudebot@anthropic.com)"
jomarlogistica.com.br:80 216.73.216.56 - - [12/Oct/2025:02:14:40 -0300] "GET /?fileloc=%2Fvar%2Fwww%2Fvhosts%2Fjomarlogistica.com.br%2Fhttpdocs%2Fwp-includes%2Fblock-template-utils.php&path=%2Fvar%2Fwww%2Fvhosts%2Fjomarlogistica.com.br%2Fhttpdocs%2Fwp-includes HTTP/1.1" 200 4307 "-" "Mozilla/5.0 AppleWebKit/537.36 (KHTML, like Gecko; compatible; ClaudeBot/1.0; +claudebot@anthropic.com)"
jomarlogistica.com.br:80 216.73.216.56 - - [12/Oct/2025:02:14:40 -0300] "GET /?fileloc=%2Fvar%2Fwww%2Fvhosts%2Fjomarlogistica.com.br%2Fhttpdocs%2Fwp-includes%2Fclass-wp-image-editor-gd.php&path=%2Fvar%2Fwww%2Fvhosts%2Fjomarlogistica.com.br%2Fhttpdocs%2Fwp-includes HTTP/1.1" 200 7338 "-" "Mozilla/5.0 AppleWebKit/537.36 (KHTML, like Gecko; compatible; ClaudeBot/1.0; +claudebot@anthropic.com)"
jomarlogistica.com.br:80 216.73.216.56 - - [12/Oct/2025:02:14:41 -0300] "GET /?fileloc=%2Fvar%2Fwww%2Fvhosts%2Fjomarlogistica.com.br%2Fhttpdocs%2Fwp-includes%2Fclass-wp-user-query.php&path=%2Fvar%2Fwww%2Fvhosts%2Fjomarlogistica.com.br%2Fhttpdocs%2Fwp-includes HTTP/1.1" 200 10838 "-" "Mozilla/5.0 AppleWebKit/537.36 (KHTML, like Gecko; compatible; ClaudeBot/1.0; +claudebot@anthropic.com)"
jomarlogistica.com.br:80 216.73.216.56 - - [12/Oct/2025:02:14:41 -0300] "GET /2024/03/08/ccpa-non-disclosure-agreement-protect-your-data?fileloc=%2Fvar%2Fwww%2Fvhosts%2Fjomarlogistica.com.br%2Fhttpdocs%2Fwp-includes%2Fclass-wp-http-curl.php&path=%2Fvar%2Fwww%2Fvhosts%2Fjomarlogistica.com.br%2Fhttpdocs%2Fwp-includes HTTP/1.1" 200 6805 "-" "Mozilla/5.0 AppleWebKit/537.36 (KHTML, like Gecko; compatible; ClaudeBot/1.0; +claudebot@anthropic.com)"
jomarlogistica.com.br:80 216.73.216.56 - - [12/Oct/2025:02:14:41 -0300] "GET /2024/03/08/ccpa-non-disclosure-agreement-protect-your-data?fileloc=%2Fvar%2Fwww%2Fvhosts%2Fjomarlogistica.com.br%2Fhttpdocs%2Fwp-includes%2Fclass-wp-block-patterns-registry.php&path=%2Fvar%2Fwww%2Fvhosts%2Fjomarlogistica.com.br%2Fhttpdocs%2Fwp-includes HTTP/1.1" 200 4247 "-" "Mozilla/5.0 AppleWebKit/537.36 (KHTML, like Gecko; compatible; ClaudeBot/1.0; +claudebot@anthropic.com)"
jomarlogistica.com.br:80 216.73.216.56 - - [12/Oct/2025:02:14:41 -0300] "GET /2024/03/08/ccpa-non-disclosure-agreement-protect-your-data?fileloc=%2Fvar%2Fwww%2Fvhosts%2Fjomarlogistica.com.br%2Fhttpdocs%2Fwp-includes%2Fclass-wp-block-editor-context.php&path=%2Fvar%2Fwww%2Fvhosts%2Fjomarlogistica.com.br%2Fhttpdocs%2Fwp-includes HTTP/1.1" 200 3539 "-" "Mozilla/5.0 AppleWebKit/537.36 (KHTML, like Gecko; compatible; ClaudeBot/1.0; +claudebot@anthropic.com)"
jomarlogistica.com.br:80 216.73.216.56 - - [12/Oct/2025:02:14:41 -0300] "GET /2024/03/08/ccpa-non-disclosure-agreement-protect-your-data?fileloc=%2Fvar%2Fwww%2Fvhosts%2Fjomarlogistica.com.br%2Fhttpdocs%2Fwp-includes%2Fclass-wp-fatal-error-handler.php&path=%2Fvar%2Fwww%2Fvhosts%2Fjomarlogistica.com.br%2Fhttpdocs%2Fwp-includes HTTP/1.1" 200 5715 "-" "Mozilla/5.0 AppleWebKit/537.36 (KHTML, like Gecko; compatible; ClaudeBot/1.0; +claudebot@anthropic.com)"
jomarlogistica.com.br:80 216.73.216.56 - - [12/Oct/2025:02:14:41 -0300] "GET /?fileloc=%2Fvar%2Fwww%2Fvhosts%2Fjomarlogistica.com.br%2Fhttpdocs%2Fwp-includes%2Fclass-wp-user-meta-session-tokens.php&path=%2Fvar%2Fwww%2Fvhosts%2Fjomarlogistica.com.br%2Fhttpdocs%2Fwp-includes HTTP/1.1" 200 3968 "-" "Mozilla/5.0 AppleWebKit/537.36 (KHTML, like Gecko; compatible; ClaudeBot/1.0; +claudebot@anthropic.com)"
jomarlogistica.com.br:80 216.73.216.56 - - [12/Oct/2025:02:14:41 -0300] "GET /?fileloc=%2Fvar%2Fwww%2Fvhosts%2Fjomarlogistica.com.br%2Fhttpdocs%2Fwp-includes%2Fclass-wp-block-list.php&path=%2Fvar%2Fwww%2Fvhosts%2Fjomarlogistica.com.br%2Fhttpdocs%2Fwp-includes HTTP/1.1" 200 4226 "-" "Mozilla/5.0 AppleWebKit/537.36 (KHTML, like Gecko; compatible; ClaudeBot/1.0; +claudebot@anthropic.com)"
jomarlogistica.com.br:80 216.73.216.56 - - [12/Oct/2025:02:14:41 -0300] "GET /?fileloc=%2Fvar%2Fwww%2Fvhosts%2Fjomarlogistica.com.br%2Fhttpdocs%2Fwp-includes%2Fscript-loader.php&path=%2Fvar%2Fwww%2Fvhosts%2Fjomarlogistica.com.br%2Fhttpdocs%2Fwp-includes HTTP/1.1" 200 29777 "-" "Mozilla/5.0 AppleWebKit/537.36 (KHTML, like Gecko; compatible; ClaudeBot/1.0; +claudebot@anthropic.com)"
jomarlogistica.com.br:80 216.73.216.56 - - [12/Oct/2025:02:14:42 -0300] "GET /?fileloc=%2Fvar%2Fwww%2Fvhosts%2Fjomarlogistica.com.br%2Fhttpdocs%2Fwp-includes%2Frss-functions.php&path=%2Fvar%2Fwww%2Fvhosts%2Fjomarlogistica.com.br%2Fhttpdocs%2Fwp-includes HTTP/1.1" 200 3276 "-" "Mozilla/5.0 AppleWebKit/537.36 (KHTML, like Gecko; compatible; ClaudeBot/1.0; +claudebot@anthropic.com)"
jomarlogistica.com.br:80 216.73.216.56 - - [12/Oct/2025:02:14:42 -0300] "GET /?fileloc=%2Fvar%2Fwww%2Fvhosts%2Fjomarlogistica.com.br%2Fhttpdocs%2Fwp-includes%2Fclass-wp-feed-cache-transient.php&path=%2Fvar%2Fwww%2Fvhosts%2Fjomarlogistica.com.br%2Fhttpdocs%2Fwp-includes HTTP/1.1" 200 3888 "-" "Mozilla/5.0 AppleWebKit/537.36 (KHTML, like Gecko; compatible; ClaudeBot/1.0; +claudebot@anthropic.com)"
jomarlogistica.com.br:80 216.73.216.56 - - [12/Oct/2025:02:14:42 -0300] "GET /2024/03/08/ccpa-non-disclosure-agreement-protect-your-data?fileloc=%2Fvar%2Fwww%2Fvhosts%2Fjomarlogistica.com.br%2Fhttpdocs%2Fwp-includes%2Fclass-wp-http-requests-hooks.php&path=%2Fvar%2Fwww%2Fvhosts%2Fjomarlogistica.com.br%2Fhttpdocs%2Fwp-includes HTTP/1.1" 200 3864 "-" "Mozilla/5.0 AppleWebKit/537.36 (KHTML, like Gecko; compatible; ClaudeBot/1.0; +claudebot@anthropic.com)"
jomarlogistica.com.br:80 216.73.216.56 - - [12/Oct/2025:02:14:42 -0300] "GET /?fileloc=%2Fvar%2Fwww%2Fvhosts%2Fjomarlogistica.com.br%2Fhttpdocs%2Fwp-includes%2Fclass-wp-list-util.php&path=%2Fvar%2Fwww%2Fvhosts%2Fjomarlogistica.com.br%2Fhttpdocs%2Fwp-includes HTTP/1.1" 200 5215 "-" "Mozilla/5.0 AppleWebKit/537.36 (KHTML, like Gecko; compatible; ClaudeBot/1.0; +claudebot@anthropic.com)"
jomarlogistica.com.br:80 216.73.216.56 - - [12/Oct/2025:02:14:42 -0300] "GET /?fileloc=%2Fvar%2Fwww%2Fvhosts%2Fjomarlogistica.com.br%2Fhttpdocs%2Fwp-includes%2Fclass-wp-customize-nav-menus.php&path=%2Fvar%2Fwww%2Fvhosts%2Fjomarlogistica.com.br%2Fhttpdocs%2Fwp-includes HTTP/1.1" 200 18099 "-" "Mozilla/5.0 AppleWebKit/537.36 (KHTML, like Gecko; compatible; ClaudeBot/1.0; +claudebot@anthropic.com)"
jomarlogistica.com.br:80 216.73.216.56 - - [12/Oct/2025:02:14:42 -0300] "GET /?fileloc=%2Fvar%2Fwww%2Fvhosts%2Fjomarlogistica.com.br%2Fhttpdocs%2Fwp-includes%2Fclass.wp-dependencies.php&path=%2Fvar%2Fwww%2Fvhosts%2Fjomarlogistica.com.br%2Fhttpdocs%2Fwp-includes HTTP/1.1" 200 6253 "-" "Mozilla/5.0 AppleWebKit/537.36 (KHTML, like Gecko; compatible; ClaudeBot/1.0; +claudebot@anthropic.com)"
jomarlogistica.com.br:80 216.73.216.56 - - [12/Oct/2025:02:14:42 -0300] "GET /?fileloc=%2Fvar%2Fwww%2Fvhosts%2Fjomarlogistica.com.br%2Fhttpdocs%2Fwp-includes%2Fclass-wp-object-cache.php&path=%2Fvar%2Fwww%2Fvhosts%2Fjomarlogistica.com.br%2Fhttpdocs%2Fwp-includes HTTP/1.1" 200 6412 "-" "Mozilla/5.0 AppleWebKit/537.36 (KHTML, like Gecko; compatible; ClaudeBot/1.0; +claudebot@anthropic.com)"
jomarlogistica.com.br:80 216.73.216.56 - - [12/Oct/2025:02:14:42 -0300] "GET /?fileloc=%2Fvar%2Fwww%2Fvhosts%2Fjomarlogistica.com.br%2Fhttpdocs%2Fwp-includes%2Fclass-wp-customize-widgets.php&path=%2Fvar%2Fwww%2Fvhosts%2Fjomarlogistica.com.br%2Fhttpdocs%2Fwp-includes HTTP/1.1" 200 20493 "-" "Mozilla/5.0 AppleWebKit/537.36 (KHTML, like Gecko; compatible; ClaudeBot/1.0; +claudebot@anthropic.com)"
jomarlogistica.com.br:80 216.73.216.56 - - [12/Oct/2025:02:14:42 -0300] "GET /?fileloc=%2Fvar%2Fwww%2Fvhosts%2Fjomarlogistica.com.br%2Fhttpdocs%2Fwp-includes%2Ffeed-rss2-comments.php&path=%2Fvar%2Fwww%2Fvhosts%2Fjomarlogistica.com.br%2Fhttpdocs%2Fwp-includes HTTP/1.1" 200 4575 "-" "Mozilla/5.0 AppleWebKit/537.36 (KHTML, like Gecko; compatible; ClaudeBot/1.0; +claudebot@anthropic.com)"
jomarlogistica.com.br:80 216.73.216.56 - - [12/Oct/2025:02:14:42 -0300] "GET /?fileloc=%2Fvar%2Fwww%2Fvhosts%2Fjomarlogistica.com.br%2Fhttpdocs%2Fwp-includes%2Fclass-wp-http-cookie.php&path=%2Fvar%2Fwww%2Fvhosts%2Fjomarlogistica.com.br%2Fhttpdocs%2Fwp-includes HTTP/1.1" 200 5587 "-" "Mozilla/5.0 AppleWebKit/537.36 (KHTML, like Gecko; compatible; ClaudeBot/1.0; +claudebot@anthropic.com)"
jomarlogistica.com.br:80 216.73.216.56 - - [12/Oct/2025:02:14:42 -0300] "GET /?fileloc=%2Fvar%2Fwww%2Fvhosts%2Fjomarlogistica.com.br%2Fhttpdocs%2Fwp-includes%2Ffunctions.wp-styles.php&path=%2Fvar%2Fwww%2Fvhosts%2Fjomarlogistica.com.br%2Fhttpdocs%2Fwp-includes HTTP/1.1" 200 5344 "-" "Mozilla/5.0 AppleWebKit/537.36 (KHTML, like Gecko; compatible; ClaudeBot/1.0; +claudebot@anthropic.com)"
jomarlogistica.com.br:80 216.73.216.56 - - [12/Oct/2025:02:14:43 -0300] "GET /?fileloc=%2Fvar%2Fwww%2Fvhosts%2Fjomarlogistica.com.br%2Fhttpdocs%2Fwp-includes%2Fclass-wp-image-editor-imagick.php&path=%2Fvar%2Fwww%2Fvhosts%2Fjomarlogistica.com.br%2Fhttpdocs%2Fwp-includes HTTP/1.1" 200 10844 "-" "Mozilla/5.0 AppleWebKit/537.36 (KHTML, like Gecko; compatible; ClaudeBot/1.0; +claudebot@anthropic.com)"
jomarlogistica.com.br:80 216.73.216.56 - - [12/Oct/2025:02:14:43 -0300] "GET /?fileloc=%2Fvar%2Fwww%2Fvhosts%2Fjomarlogistica.com.br%2Fhttpdocs%2Fwp-includes%2Fclass-wp-http-ixr-client.php&path=%2Fvar%2Fwww%2Fvhosts%2Fjomarlogistica.com.br%2Fhttpdocs%2Fwp-includes HTTP/1.1" 200 4463 "-" "Mozilla/5.0 AppleWebKit/537.36 (KHTML, like Gecko; compatible; ClaudeBot/1.0; +claudebot@anthropic.com)"
jomarlogistica.com.br:80 216.73.216.56 - - [12/Oct/2025:02:14:43 -0300] "GET /?fileloc=%2Fvar%2Fwww%2Fvhosts%2Fjomarlogistica.com.br%2Fhttpdocs%2Fwp-includes%2Fclass-wp-image-editor.php&path=%2Fvar%2Fwww%2Fvhosts%2Fjomarlogistica.com.br%2Fhttpdocs%2Fwp-includes HTTP/1.1" 200 7812 "-" "Mozilla/5.0 AppleWebKit/537.36 (KHTML, like Gecko; compatible; ClaudeBot/1.0; +claudebot@anthropic.com)"
jomarlogistica.com.br:80 216.73.216.56 - - [12/Oct/2025:02:14:43 -0300] "GET /?fileloc=%2Fvar%2Fwww%2Fvhosts%2Fjomarlogistica.com.br%2Fhttpdocs%2Fwp-includes%2Fclass-wp-http-response.php&path=%2Fvar%2Fwww%2Fvhosts%2Fjomarlogistica.com.br%2Fhttpdocs%2Fwp-includes HTTP/1.1" 200 4004 "-" "Mozilla/5.0 AppleWebKit/537.36 (KHTML, like Gecko; compatible; ClaudeBot/1.0; +claudebot@anthropic.com)"
jomarlogistica.com.br:80 216.73.216.56 - - [12/Oct/2025:02:14:43 -0300] "GET /2024/03/08/ccpa-non-disclosure-agreement-protect-your-data?fileloc=%2Fvar%2Fwww%2Fvhosts%2Fjomarlogistica.com.br%2Fhttpdocs%2Fwp-includes%2Ffunctions.wp-scripts.php&path=%2Fvar%2Fwww%2Fvhosts%2Fjomarlogistica.com.br%2Fhttpdocs%2Fwp-includes HTTP/1.1" 200 6907 "-" "Mozilla/5.0 AppleWebKit/537.36 (KHTML, like Gecko; compatible; ClaudeBot/1.0; +claudebot@anthropic.com)"
