jomarlogistica.com.br:80 169.150.203.249 - - [27/Sep/2025:14:47:58 -0300] "GET //wp-json/wp/v2/users/ HTTP/1.1" 200 1924 "-" "Mozilla/5.0 (Windows NT 10.0; Win64; x64) AppleWebKit/537.36 (KHTML, like Gecko) Chrome/78.0.3904.108 Safari/537.36"
jomarlogistica.com.br:80 169.150.203.249 - - [27/Sep/2025:14:47:58 -0300] "POST //xmlrpc.php HTTP/1.1" 403 2493 "-" "Mozilla/5.0 (Windows NT 10.0; Win64; x64) AppleWebKit/537.36 (KHTML, like Gecko) Chrome/78.0.3904.108 Safari/537.36"
jomarlogistica.com.br:80 169.150.203.249 - - [27/Sep/2025:14:47:58 -0300] "POST //xmlrpc.php HTTP/1.1" 403 2493 "-" "Mozilla/5.0 (Windows NT 10.0; Win64; x64) AppleWebKit/537.36 (KHTML, like Gecko) Chrome/78.0.3904.108 Safari/537.36"
jomarlogistica.com.br:80 127.0.0.1 - - [27/Sep/2025:14:48:03 -0300] "OPTIONS * HTTP/1.0" 200 110 "-" "Apache/2.4.65 (Ubuntu) (internal dummy connection)"
jomarlogistica.com.br:80 54.39.89.170 - - [27/Sep/2025:14:49:35 -0300] "GET /2023/09/04/precisely-what-is-document-management/ HTTP/1.1" 200 17335 "-" "Mozilla/5.0 (compatible; AhrefsBot/7.0; +http://ahrefs.com/robot/)"
jomarlogistica.com.br:80 216.244.66.226 - - [27/Sep/2025:14:52:07 -0300] "GET /2023/09/26/avg-antivirus-review-2/ HTTP/1.1" 200 79198 "-" "Mozilla/5.0 (compatible; DotBot/1.2; +https://opensiteexplorer.org/dotbot; help@moz.com)"
jomarlogistica.com.br:80 172.20.1.117 - - [27/Sep/2025:14:54:18 -0300] "POST /wp-cron.php?doing_wp_cron=1758995658.0294179916381835937500 HTTP/1.1" 200 389 "https://jomarlogistica.com.br/wp-cron.php?doing_wp_cron=1758995658.0294179916381835937500" "WordPress/5.8.10; https://jomarlogistica.com.br"
jomarlogistica.com.br:80 51.222.168.54 - - [27/Sep/2025:14:54:17 -0300] "GET /2023/page/22/ HTTP/1.1" 200 18948 "-" "Mozilla/5.0 (compatible; AhrefsBot/7.0; +http://ahrefs.com/robot/)"
jomarlogistica.com.br:80 127.0.0.1 - - [27/Sep/2025:14:54:23 -0300] "OPTIONS * HTTP/1.0" 200 110 "-" "Apache/2.4.65 (Ubuntu) (internal dummy connection)"
jomarlogistica.com.br:80 172.20.1.117 - - [27/Sep/2025:14:59:01 -0300] "POST /wp-cron.php?doing_wp_cron=1758995941.3182990550994873046875 HTTP/1.1" 200 389 "https://jomarlogistica.com.br/wp-cron.php?doing_wp_cron=1758995941.3182990550994873046875" "WordPress/5.8.10; https://jomarlogistica.com.br"
jomarlogistica.com.br:80 51.161.37.179 - - [27/Sep/2025:14:59:00 -0300] "GET /author/jomar/page/23/ HTTP/1.1" 200 18919 "-" "Mozilla/5.0 (compatible; AhrefsBot/7.0; +http://ahrefs.com/robot/)"
jomarlogistica.com.br:80 127.0.0.1 - - [27/Sep/2025:14:59:07 -0300] "OPTIONS * HTTP/1.0" 200 110 "-" "Apache/2.4.65 (Ubuntu) (internal dummy connection)"
jomarlogistica.com.br:80 172.20.1.117 - - [27/Sep/2025:15:03:54 -0300] "POST /wp-cron.php?doing_wp_cron=1758996234.8957879543304443359375 HTTP/1.1" 200 389 "https://jomarlogistica.com.br/wp-cron.php?doing_wp_cron=1758996234.8957879543304443359375" "WordPress/5.8.10; https://jomarlogistica.com.br"
jomarlogistica.com.br:80 142.44.220.80 - - [27/Sep/2025:15:03:54 -0300] "GET /author/jomar/page/14/ HTTP/1.1" 200 18762 "-" "Mozilla/5.0 (compatible; AhrefsBot/7.0; +http://ahrefs.com/robot/)"
jomarlogistica.com.br:80 127.0.0.1 - - [27/Sep/2025:15:04:00 -0300] "OPTIONS * HTTP/1.0" 200 110 "-" "Apache/2.4.65 (Ubuntu) (internal dummy connection)"
jomarlogistica.com.br:80 177.212.248.250 - - [27/Sep/2025:15:04:02 -0300] "POST /autodiscover/autodiscover.xml HTTP/1.1" 404 448 "-" "AppleExchangeWebServices/833 accountsd/113"
jomarlogistica.com.br:80 114.119.128.158 - - [27/Sep/2025:15:04:49 -0300] "GET /2023/06/05/cookware-wedding-customer-etiquette/ HTTP/1.1" 200 17450 "https://jomarlogistica.com.br/2023/06/page/3/" "Mozilla/5.0 (Linux; Android 7.0;) AppleWebKit/537.36 (KHTML, like Gecko) Mobile Safari/537.36 (compatible; PetalBot;+https://webmaster.petalsearch.com/site/petalbot)"
jomarlogistica.com.br:80 172.20.1.117 - - [27/Sep/2025:15:06:23 -0300] "POST /wp-cron.php?doing_wp_cron=1758996383.6472148895263671875000 HTTP/1.1" 200 389 "https://jomarlogistica.com.br/wp-cron.php?doing_wp_cron=1758996383.6472148895263671875000" "WordPress/5.8.10; https://jomarlogistica.com.br"
jomarlogistica.com.br:80 114.119.134.192 - - [27/Sep/2025:15:06:23 -0300] "GET /2023/05/26/best-porn-games-hentai-video-games-xxx-grownup-sex-games/ HTTP/1.1" 200 17520 "https://jomarlogistica.com.br/2023/05/25/the-way-to-date-a-ukrainian-lady-high-secrets-and-techniques-of-ukraine-girls-courting/" "Mozilla/5.0 (Linux; Android 7.0;) AppleWebKit/537.36 (KHTML, like Gecko) Mobile Safari/537.36 (compatible; PetalBot;+https://webmaster.petalsearch.com/site/petalbot)"
jomarlogistica.com.br:80 127.0.0.1 - - [27/Sep/2025:15:06:29 -0300] "OPTIONS * HTTP/1.0" 200 110 "-" "Apache/2.4.65 (Ubuntu) (internal dummy connection)"
jomarlogistica.com.br:80 172.20.1.117 - - [27/Sep/2025:15:07:14 -0300] "POST /wp-cron.php?doing_wp_cron=1758996434.6569581031799316406250 HTTP/1.1" 200 389 "https://jomarlogistica.com.br/wp-cron.php?doing_wp_cron=1758996434.6569581031799316406250" "WordPress/5.8.10; https://jomarlogistica.com.br"
jomarlogistica.com.br:80 57.141.0.13 - - [27/Sep/2025:15:07:14 -0300] "GET /2023/06/23/backdated-agreement-singapore-legal-implications-process/ HTTP/1.1" 200 64506 "-" "meta-externalagent/1.1 (+https://developers.facebook.com/docs/sharing/webmasters/crawler)"
jomarlogistica.com.br:80 127.0.0.1 - - [27/Sep/2025:15:07:19 -0300] "OPTIONS * HTTP/1.0" 200 110 "-" "Apache/2.4.65 (Ubuntu) (internal dummy connection)"
jomarlogistica.com.br:80 114.119.134.192 - - [27/Sep/2025:15:07:39 -0300] "GET /2023/01/23/trusted-amicus-law-solicitors-in-yeovil-expert-legal-services/ HTTP/1.1" 200 14213 "https://jomarlogistica.com.br/2023/01/22/understanding-the-difference-agreement-vs-annex-in-legal-documents/" "Mozilla/5.0 (Linux; Android 7.0;) AppleWebKit/537.36 (KHTML, like Gecko) Mobile Safari/537.36 (compatible; PetalBot;+https://webmaster.petalsearch.com/site/petalbot)"
jomarlogistica.com.br:80 54.39.6.243 - - [27/Sep/2025:15:08:29 -0300] "GET /author/jomar/page/36/ HTTP/1.1" 200 18939 "-" "Mozilla/5.0 (compatible; AhrefsBot/7.0; +http://ahrefs.com/robot/)"
jomarlogistica.com.br:80 177.212.248.250 - - [27/Sep/2025:15:08:33 -0300] "POST /autodiscover/autodiscover.xml HTTP/1.1" 404 448 "-" "AppleExchangeWebServices/833 accountsd/113"
jomarlogistica.com.br:80 114.119.138.207 - - [27/Sep/2025:15:09:00 -0300] "GET /2023/05/03/what-software-for-data-management-can-do-for-your-business/ HTTP/1.1" 200 17291 "https://jomarlogistica.com.br/2023/05/page/9/" "Mozilla/5.0 (Linux; Android 7.0;) AppleWebKit/537.36 (KHTML, like Gecko) Mobile Safari/537.36 (compatible; PetalBot;+https://webmaster.petalsearch.com/site/petalbot)"
jomarlogistica.com.br:80 57.141.0.27 - - [27/Sep/2025:15:10:12 -0300] "GET /2023/05/05/amazing-latina-gals/ HTTP/1.1" 200 81095 "-" "meta-externalagent/1.1 (+https://developers.facebook.com/docs/sharing/webmasters/crawler)"
jomarlogistica.com.br:80 114.119.136.72 - - [27/Sep/2025:15:10:27 -0300] "GET /2023/03/31/different-online-dating-taglines/ HTTP/1.1" 200 18644 "https://jomarlogistica.com.br/2023/03/30/so-what-do-sugar-daddies-expect/" "Mozilla/5.0 (Linux; Android 7.0;) AppleWebKit/537.36 (KHTML, like Gecko) Mobile Safari/537.36 (compatible; PetalBot;+https://webmaster.petalsearch.com/site/petalbot)"
jomarlogistica.com.br:80 114.119.135.84 - - [27/Sep/2025:15:11:53 -0300] "GET /2023/05/15/how-you-can-create-a-mutually-beneficial-relationship/ HTTP/1.1" 200 17517 "https://jomarlogistica.com.br/2023/page/24/" "Mozilla/5.0 (Linux; Android 7.0;) AppleWebKit/537.36 (KHTML, like Gecko) Mobile Safari/537.36 (compatible; PetalBot;+https://webmaster.petalsearch.com/site/petalbot)"
jomarlogistica.com.br:80 57.141.0.5 - - [27/Sep/2025:15:12:01 -0300] "GET /2023/12/08/application-for-non-renewal-of-contract-legal-guide/ HTTP/1.1" 200 61254 "-" "meta-externalagent/1.1 (+https://developers.facebook.com/docs/sharing/webmasters/crawler)"
jomarlogistica.com.br:80 172.20.1.117 - - [27/Sep/2025:15:13:10 -0300] "POST /wp-cron.php?doing_wp_cron=1758996790.8654179573059082031250 HTTP/1.1" 200 389 "https://jomarlogistica.com.br/wp-cron.php?doing_wp_cron=1758996790.8654179573059082031250" "WordPress/5.8.10; https://jomarlogistica.com.br"
jomarlogistica.com.br:80 114.119.138.130 - - [27/Sep/2025:15:13:10 -0300] "GET /2023/10/02/how-to-enable-and-disable-avast-game-mode/ HTTP/1.1" 200 17274 "https://jomarlogistica.com.br/2023/09/27/types-of-data-security/" "Mozilla/5.0 (Linux; Android 7.0;) AppleWebKit/537.36 (KHTML, like Gecko) Mobile Safari/537.36 (compatible; PetalBot;+https://webmaster.petalsearch.com/site/petalbot)"
jomarlogistica.com.br:80 51.161.37.69 - - [27/Sep/2025:15:13:11 -0300] "GET /2023/12/27/carr-legal-photos-high-quality-legal-photography-services/ HTTP/1.1" 200 14177 "-" "Mozilla/5.0 (compatible; AhrefsBot/7.0; +http://ahrefs.com/robot/)"
jomarlogistica.com.br:80 127.0.0.1 - - [27/Sep/2025:15:13:16 -0300] "OPTIONS * HTTP/1.0" 200 110 "-" "Apache/2.4.65 (Ubuntu) (internal dummy connection)"
jomarlogistica.com.br:80 114.119.158.0 - - [27/Sep/2025:15:14:37 -0300] "GET /category/jomar/page/16/ HTTP/1.1" 200 18709 "https://jomarlogistica.com.br/category/jomar/page/15/" "Mozilla/5.0 (Linux; Android 7.0;) AppleWebKit/537.36 (KHTML, like Gecko) Mobile Safari/537.36 (compatible; PetalBot;+https://webmaster.petalsearch.com/site/petalbot)"
jomarlogistica.com.br:80 216.244.66.226 - - [27/Sep/2025:15:14:43 -0300] "GET /robots.txt HTTP/1.1" 200 565 "-" "Mozilla/5.0 (compatible; DotBot/1.2; +https://opensiteexplorer.org/dotbot; help@moz.com)"
jomarlogistica.com.br:80 114.119.135.84 - - [27/Sep/2025:15:16:00 -0300] "GET /2025/07/02/cool-kids-toys-youngsters-of-everyone/ HTTP/1.1" 200 19051 "https://jomarlogistica.com.br/2023/05/28/singles-meeting-place/" "Mozilla/5.0 (Linux; Android 7.0;) AppleWebKit/537.36 (KHTML, like Gecko) Mobile Safari/537.36 (compatible; PetalBot;+https://webmaster.petalsearch.com/site/petalbot)"
jomarlogistica.com.br:80 172.20.1.117 - - [27/Sep/2025:15:17:30 -0300] "POST /wp-cron.php?doing_wp_cron=1758997050.2102680206298828125000 HTTP/1.1" 200 389 "https://jomarlogistica.com.br/wp-cron.php?doing_wp_cron=1758997050.2102680206298828125000" "WordPress/5.8.10; https://jomarlogistica.com.br"
jomarlogistica.com.br:80 114.119.138.130 - - [27/Sep/2025:15:17:29 -0300] "GET /2023/10/10/authorised-guarantee-agreement-lease-assignment-legal-guidance/ HTTP/1.1" 200 14649 "https://jomarlogistica.com.br/2023/10/03/cds-full-form-age-limit-eligibility-criteria-for-cds-exam/" "Mozilla/5.0 (Linux; Android 7.0;) AppleWebKit/537.36 (KHTML, like Gecko) Mobile Safari/537.36 (compatible; PetalBot;+https://webmaster.petalsearch.com/site/petalbot)"
jomarlogistica.com.br:80 127.0.0.1 - - [27/Sep/2025:15:17:35 -0300] "OPTIONS * HTTP/1.0" 200 110 "-" "Apache/2.4.65 (Ubuntu) (internal dummy connection)"
jomarlogistica.com.br:80 57.141.0.57 - - [27/Sep/2025:15:18:19 -0300] "GET /2022/05/25/child-marriage-case-law-in-india-key-legal-aspects/ HTTP/1.1" 200 61083 "-" "meta-externalagent/1.1 (+https://developers.facebook.com/docs/sharing/webmasters/crawler)"
jomarlogistica.com.br:80 142.44.220.69 - - [27/Sep/2025:15:18:27 -0300] "GET /author/jomar/page/24/ HTTP/1.1" 200 18957 "-" "Mozilla/5.0 (compatible; AhrefsBot/7.0; +http://ahrefs.com/robot/)"
jomarlogistica.com.br:80 57.141.0.54 - - [27/Sep/2025:15:18:33 -0300] "GET /2023/03/02/the-hazards-of-the-sugardaddy-lifestyle/ HTTP/1.1" 200 81193 "-" "meta-externalagent/1.1 (+https://developers.facebook.com/docs/sharing/webmasters/crawler)"
jomarlogistica.com.br:80 114.119.134.192 - - [27/Sep/2025:15:18:47 -0300] "GET /author/jomar/page/7/ HTTP/1.1" 200 18505 "https://jomarlogistica.com.br/author/jomar/page/8/" "Mozilla/5.0 (Linux; Android 7.0;) AppleWebKit/537.36 (KHTML, like Gecko) Mobile Safari/537.36 (compatible; PetalBot;+https://webmaster.petalsearch.com/site/petalbot)"
jomarlogistica.com.br:80 114.119.138.130 - - [27/Sep/2025:15:20:15 -0300] "GET /author/jomar/page/37/ HTTP/1.1" 200 18780 "https://jomarlogistica.com.br/author/jomar/page/37/" "Mozilla/5.0 (Linux; Android 7.0;) AppleWebKit/537.36 (KHTML, like Gecko) Mobile Safari/537.36 (compatible; PetalBot;+https://webmaster.petalsearch.com/site/petalbot)"
jomarlogistica.com.br:80 114.119.159.76 - - [27/Sep/2025:15:21:32 -0300] "GET /2023/09/27/virtual-data-room-preparation/ HTTP/1.1" 200 17092 "https://jomarlogistica.com.br/2023/09/27/virtual-data-room-preparation/" "Mozilla/5.0 (Linux; Android 7.0;) AppleWebKit/537.36 (KHTML, like Gecko) Mobile Safari/537.36 (compatible; PetalBot;+https://webmaster.petalsearch.com/site/petalbot)"
jomarlogistica.com.br:80 172.20.1.117 - - [27/Sep/2025:15:22:21 -0300] "POST /wp-cron.php?doing_wp_cron=1758997341.3214290142059326171875 HTTP/1.1" 200 389 "https://jomarlogistica.com.br/wp-cron.php?doing_wp_cron=1758997341.3214290142059326171875" "WordPress/5.8.10; https://jomarlogistica.com.br"
jomarlogistica.com.br:80 185.191.171.10 - - [27/Sep/2025:15:22:20 -0300] "GET /robots.txt HTTP/1.1" 200 584 "-" "Mozilla/5.0 (compatible; SemrushBot/7~bl; +http://www.semrush.com/bot.html)"
jomarlogistica.com.br:80 185.191.171.10 - - [27/Sep/2025:15:22:22 -0300] "GET /category/jomar/page/40/ HTTP/1.1" 200 18824 "-" "Mozilla/5.0 (compatible; SemrushBot/7~bl; +http://www.semrush.com/bot.html)"
jomarlogistica.com.br:80 127.0.0.1 - - [27/Sep/2025:15:22:28 -0300] "OPTIONS * HTTP/1.0" 200 110 "-" "Apache/2.4.65 (Ubuntu) (internal dummy connection)"
jomarlogistica.com.br:80 114.119.158.0 - - [27/Sep/2025:15:22:56 -0300] "GET /2023/09/26/how-to-fix-ipvanish-problems/ HTTP/1.1" 200 17119 "https://jomarlogistica.com.br/author/jomar/page/8/" "Mozilla/5.0 (Linux; Android 7.0;) AppleWebKit/537.36 (KHTML, like Gecko) Mobile Safari/537.36 (compatible; PetalBot;+https://webmaster.petalsearch.com/site/petalbot)"
jomarlogistica.com.br:80 54.39.89.247 - - [27/Sep/2025:15:23:16 -0300] "GET /category/jomar/page/24/ HTTP/1.1" 200 18986 "-" "Mozilla/5.0 (compatible; AhrefsBot/7.0; +http://ahrefs.com/robot/)"
jomarlogistica.com.br:80 114.119.136.72 - - [27/Sep/2025:15:24:20 -0300] "GET /2023/08/29/avast-free-assessment-windows/ HTTP/1.1" 200 16923 "https://jomarlogistica.com.br/2023/08/" "Mozilla/5.0 (Linux; Android 7.0;) AppleWebKit/537.36 (KHTML, like Gecko) Mobile Safari/537.36 (compatible; PetalBot;+https://webmaster.petalsearch.com/site/petalbot)"
jomarlogistica.com.br:80 114.119.136.72 - - [27/Sep/2025:15:25:43 -0300] "GET /2023/05/08/where-to-find-a-european-bride/ HTTP/1.1" 200 18492 "https://jomarlogistica.com.br/2023/05/page/7/" "Mozilla/5.0 (Linux; Android 7.0;) AppleWebKit/537.36 (KHTML, like Gecko) Mobile Safari/537.36 (compatible; PetalBot;+https://webmaster.petalsearch.com/site/petalbot)"
jomarlogistica.com.br:80 57.141.0.27 - - [27/Sep/2025:15:26:13 -0300] "GET /2023/12/16/air-france-covid-requirements-legal-guidelines-and-updates/ HTTP/1.1" 200 61399 "-" "meta-externalagent/1.1 (+https://developers.facebook.com/docs/sharing/webmasters/crawler)"
jomarlogistica.com.br:80 114.119.128.158 - - [27/Sep/2025:15:27:09 -0300] "GET /2022/page/8/ HTTP/1.1" 200 18698 "https://jomarlogistica.com.br/2022/page/9/" "Mozilla/5.0 (Linux; Android 7.0;) AppleWebKit/537.36 (KHTML, like Gecko) Mobile Safari/537.36 (compatible; PetalBot;+https://webmaster.petalsearch.com/site/petalbot)"
jomarlogistica.com.br:80 172.20.1.117 - - [27/Sep/2025:15:28:32 -0300] "POST /wp-cron.php?doing_wp_cron=1758997712.1389560699462890625000 HTTP/1.1" 200 389 "https://jomarlogistica.com.br/wp-cron.php?doing_wp_cron=1758997712.1389560699462890625000" "WordPress/5.8.10; https://jomarlogistica.com.br"
jomarlogistica.com.br:80 15.235.27.136 - - [27/Sep/2025:15:28:31 -0300] "GET /author/jomar/page/35/ HTTP/1.1" 200 18747 "-" "Mozilla/5.0 (compatible; AhrefsBot/7.0; +http://ahrefs.com/robot/)"
jomarlogistica.com.br:80 127.0.0.1 - - [27/Sep/2025:15:28:37 -0300] "OPTIONS * HTTP/1.0" 200 110 "-" "Apache/2.4.65 (Ubuntu) (internal dummy connection)"
jomarlogistica.com.br:80 114.119.135.84 - - [27/Sep/2025:15:28:58 -0300] "GET /2022/page/7/ HTTP/1.1" 200 18694 "https://jomarlogistica.com.br/2022/page/6/" "Mozilla/5.0 (Linux; Android 7.0;) AppleWebKit/537.36 (KHTML, like Gecko) Mobile Safari/537.36 (compatible; PetalBot;+https://webmaster.petalsearch.com/site/petalbot)"
jomarlogistica.com.br:80 114.119.128.158 - - [27/Sep/2025:15:29:53 -0300] "GET /2022/11/27/what-is-the-best-free-of-charge-dating-webpage/ HTTP/1.1" 200 17612 "https://jomarlogistica.com.br/category/jomar/page/48/" "Mozilla/5.0 (Linux; Android 7.0;) AppleWebKit/537.36 (KHTML, like Gecko) Mobile Safari/537.36 (compatible; PetalBot;+https://webmaster.petalsearch.com/site/petalbot)"
jomarlogistica.com.br:80 114.119.159.76 - - [27/Sep/2025:15:31:16 -0300] "GET /2022/11/05/feeling-hopeless-about-like-online-experienced-therapist-can-help/ HTTP/1.1" 200 17546 "https://jomarlogistica.com.br/category/jomar/page/51/" "Mozilla/5.0 (Linux; Android 7.0;) AppleWebKit/537.36 (KHTML, like Gecko) Mobile Safari/537.36 (compatible; PetalBot;+https://webmaster.petalsearch.com/site/petalbot)"
jomarlogistica.com.br:80 172.20.1.117 - - [27/Sep/2025:15:32:46 -0300] "POST /wp-cron.php?doing_wp_cron=1758997966.1933300495147705078125 HTTP/1.1" 200 389 "https://jomarlogistica.com.br/wp-cron.php?doing_wp_cron=1758997966.1933300495147705078125" "WordPress/5.8.10; https://jomarlogistica.com.br"
jomarlogistica.com.br:80 114.119.138.130 - - [27/Sep/2025:15:32:45 -0300] "GET /2022/09/10/taking-care-of-expectations-in-relationships/ HTTP/1.1" 200 18044 "https://jomarlogistica.com.br/author/jomar/page/56/" "Mozilla/5.0 (Linux; Android 7.0;) AppleWebKit/537.36 (KHTML, like Gecko) Mobile Safari/537.36 (compatible; PetalBot;+https://webmaster.petalsearch.com/site/petalbot)"
jomarlogistica.com.br:80 127.0.0.1 - - [27/Sep/2025:15:32:52 -0300] "OPTIONS * HTTP/1.0" 200 110 "-" "Apache/2.4.65 (Ubuntu) (internal dummy connection)"
jomarlogistica.com.br:80 216.244.66.226 - - [27/Sep/2025:15:33:11 -0300] "GET /2022/10/28/social-websites-red-flags-in-relationships/ HTTP/1.1" 200 81236 "-" "Mozilla/5.0 (compatible; DotBot/1.2; +https://opensiteexplorer.org/dotbot; help@moz.com)"
jomarlogistica.com.br:80 15.235.98.210 - - [27/Sep/2025:15:33:32 -0300] "GET /category/jomar/page/25/ HTTP/1.1" 200 18930 "-" "Mozilla/5.0 (compatible; AhrefsBot/7.0; +http://ahrefs.com/robot/)"
jomarlogistica.com.br:80 114.119.158.0 - - [27/Sep/2025:15:34:11 -0300] "GET /2022/04/11/legal-and-business-studies-expert-courses-training/ HTTP/1.1" 200 14321 "https://jomarlogistica.com.br/2022/04/" "Mozilla/5.0 (Linux; Android 7.0;) AppleWebKit/537.36 (KHTML, like Gecko) Mobile Safari/537.36 (compatible; PetalBot;+https://webmaster.petalsearch.com/site/petalbot)"
jomarlogistica.com.br:80 114.119.135.84 - - [27/Sep/2025:15:35:30 -0300] "GET / HTTP/1.1" 200 23930 "https://jomarlogistica.com.br/2023/05/28/singles-meeting-place/" "Mozilla/5.0 (Linux; Android 7.0;) AppleWebKit/537.36 (KHTML, like Gecko) Mobile Safari/537.36 (compatible; PetalBot;+https://webmaster.petalsearch.com/site/petalbot)"
jomarlogistica.com.br:80 216.244.66.226 - - [27/Sep/2025:15:35:40 -0300] "GET /2024/01/31/can-a-company-legally-dilute-my-shares-understanding-your-rights/ HTTP/1.1" 200 60532 "-" "Mozilla/5.0 (compatible; DotBot/1.2; +https://opensiteexplorer.org/dotbot; help@moz.com)"
jomarlogistica.com.br:80 172.20.1.117 - - [27/Sep/2025:15:37:22 -0300] "POST /wp-cron.php?doing_wp_cron=1758998242.6983990669250488281250 HTTP/1.1" 200 389 "https://jomarlogistica.com.br/wp-cron.php?doing_wp_cron=1758998242.6983990669250488281250" "WordPress/5.8.10; https://jomarlogistica.com.br"
jomarlogistica.com.br:80 185.191.171.6 - - [27/Sep/2025:15:37:22 -0300] "GET /category/jomar/page/21/ HTTP/1.1" 200 19052 "-" "Mozilla/5.0 (compatible; SemrushBot/7~bl; +http://www.semrush.com/bot.html)"
jomarlogistica.com.br:80 127.0.0.1 - - [27/Sep/2025:15:37:28 -0300] "OPTIONS * HTTP/1.0" 200 110 "-" "Apache/2.4.65 (Ubuntu) (internal dummy connection)"
jomarlogistica.com.br:80 51.161.65.233 - - [27/Sep/2025:15:38:40 -0300] "GET /category/jomar/page/37/ HTTP/1.1" 200 18834 "-" "Mozilla/5.0 (compatible; AhrefsBot/7.0; +http://ahrefs.com/robot/)"
jomarlogistica.com.br:80 172.20.1.117 - - [27/Sep/2025:15:43:26 -0300] "POST /wp-cron.php?doing_wp_cron=1758998605.9738399982452392578125 HTTP/1.1" 200 389 "https://jomarlogistica.com.br/wp-cron.php?doing_wp_cron=1758998605.9738399982452392578125" "WordPress/5.8.10; https://jomarlogistica.com.br"
jomarlogistica.com.br:80 57.141.0.6 - - [27/Sep/2025:15:43:25 -0300] "GET /2022/12/14/sense-helpless-in-relationship/ HTTP/1.1" 200 79737 "-" "meta-externalagent/1.1 (+https://developers.facebook.com/docs/sharing/webmasters/crawler)"
jomarlogistica.com.br:80 127.0.0.1 - - [27/Sep/2025:15:43:31 -0300] "OPTIONS * HTTP/1.0" 200 110 "-" "Apache/2.4.65 (Ubuntu) (internal dummy connection)"
jomarlogistica.com.br:80 148.113.128.134 - - [27/Sep/2025:15:45:15 -0300] "GET /category/jomar/page/34/ HTTP/1.1" 200 18814 "-" "Mozilla/5.0 (compatible; AhrefsBot/7.0; +http://ahrefs.com/robot/)"
jomarlogistica.com.br:80 172.20.1.117 - - [27/Sep/2025:15:50:33 -0300] "POST /wp-cron.php?doing_wp_cron=1758999033.4305489063262939453125 HTTP/1.1" 200 389 "https://jomarlogistica.com.br/wp-cron.php?doing_wp_cron=1758999033.4305489063262939453125" "WordPress/5.8.10; https://jomarlogistica.com.br"
jomarlogistica.com.br:80 57.141.0.12 - - [27/Sep/2025:15:50:33 -0300] "GET /2023/12/15/are-fire-pits-legal-in-florida-regulations-laws-explained/ HTTP/1.1" 200 60540 "-" "meta-externalagent/1.1 (+https://developers.facebook.com/docs/sharing/webmasters/crawler)"
jomarlogistica.com.br:80 127.0.0.1 - - [27/Sep/2025:15:50:38 -0300] "OPTIONS * HTTP/1.0" 200 110 "-" "Apache/2.4.65 (Ubuntu) (internal dummy connection)"
jomarlogistica.com.br:80 54.39.210.193 - - [27/Sep/2025:15:50:53 -0300] "GET /category/jomar/page/32/ HTTP/1.1" 200 19060 "-" "Mozilla/5.0 (compatible; AhrefsBot/7.0; +http://ahrefs.com/robot/)"
jomarlogistica.com.br:80 172.20.1.117 - - [27/Sep/2025:15:53:50 -0300] "POST /wp-cron.php?doing_wp_cron=1758999230.5930230617523193359375 HTTP/1.1" 200 389 "https://jomarlogistica.com.br/wp-cron.php?doing_wp_cron=1758999230.5930230617523193359375" "WordPress/5.8.10; https://jomarlogistica.com.br"
jomarlogistica.com.br:80 57.141.0.74 - - [27/Sep/2025:15:53:50 -0300] "GET /2023/06/07/dating-someone-right-from-a-different-nation/ HTTP/1.1" 200 79422 "-" "meta-externalagent/1.1 (+https://developers.facebook.com/docs/sharing/webmasters/crawler)"
jomarlogistica.com.br:80 127.0.0.1 - - [27/Sep/2025:15:53:56 -0300] "OPTIONS * HTTP/1.0" 200 110 "-" "Apache/2.4.65 (Ubuntu) (internal dummy connection)"
jomarlogistica.com.br:80 57.141.0.15 - - [27/Sep/2025:15:54:33 -0300] "GET /2022/04/19/understanding-the-key-elements-of-an-agreement-legal-contract-basics/ HTTP/1.1" 200 63730 "-" "meta-externalagent/1.1 (+https://developers.facebook.com/docs/sharing/webmasters/crawler)"
jomarlogistica.com.br:80 54.39.0.140 - - [27/Sep/2025:15:55:56 -0300] "GET /category/jomar/page/29/ HTTP/1.1" 200 18695 "-" "Mozilla/5.0 (compatible; AhrefsBot/7.0; +http://ahrefs.com/robot/)"
jomarlogistica.com.br:80 172.20.1.117 - - [27/Sep/2025:15:58:59 -0300] "POST /wp-cron.php?doing_wp_cron=1758999539.7407109737396240234375 HTTP/1.1" 200 389 "https://jomarlogistica.com.br/wp-cron.php?doing_wp_cron=1758999539.7407109737396240234375" "WordPress/5.8.10; https://jomarlogistica.com.br"
jomarlogistica.com.br:80 20.0.53.99 - - [27/Sep/2025:15:58:59 -0300] "GET /2022/05/12/baguette-laws-in-france-understanding-the-regulations/ HTTP/1.1" 200 14834 "-" "Mozilla/5.0 AppleWebKit/537.36 (KHTML, like Gecko); compatible; ChatGPT-User/1.0; +https://openai.com/bot"
jomarlogistica.com.br:80 127.0.0.1 - - [27/Sep/2025:15:59:04 -0300] "OPTIONS * HTTP/1.0" 200 110 "-" "Apache/2.4.65 (Ubuntu) (internal dummy connection)"
jomarlogistica.com.br:80 57.141.0.19 - - [27/Sep/2025:15:59:17 -0300] "GET /2023/03/30/the-right-way-to-talk-to-quite-girls/ HTTP/1.1" 200 80732 "-" "meta-externalagent/1.1 (+https://developers.facebook.com/docs/sharing/webmasters/crawler)"
jomarlogistica.com.br:80 15.235.98.60 - - [27/Sep/2025:16:01:39 -0300] "GET /2023/06/02/best-anonymous-chat-apps-for-android-2-to-avoid/ HTTP/1.1" 200 17293 "-" "Mozilla/5.0 (compatible; AhrefsBot/7.0; +http://ahrefs.com/robot/)"
jomarlogistica.com.br:80 172.20.1.117 - - [27/Sep/2025:16:02:18 -0300] "POST /wp-cron.php?doing_wp_cron=1758999738.1420049667358398437500 HTTP/1.1" 200 389 "https://jomarlogistica.com.br/wp-cron.php?doing_wp_cron=1758999738.1420049667358398437500" "WordPress/5.8.10; https://jomarlogistica.com.br"
jomarlogistica.com.br:80 66.249.66.38 - - [27/Sep/2025:16:02:17 -0300] "GET /robots.txt HTTP/1.1" 200 584 "-" "Mozilla/5.0 (compatible; Googlebot/2.1; +http://www.google.com/bot.html)"
jomarlogistica.com.br:80 127.0.0.1 - - [27/Sep/2025:16:02:22 -0300] "OPTIONS * HTTP/1.0" 200 110 "-" "Apache/2.4.65 (Ubuntu) (internal dummy connection)"
jomarlogistica.com.br:80 66.249.66.38 - - [27/Sep/2025:16:02:23 -0300] "GET /2023/05/02/test-title/ HTTP/1.1" 200 16326 "-" "Mozilla/5.0 (Linux; Android 6.0.1; Nexus 5X Build/MMB29P) AppleWebKit/537.36 (KHTML, like Gecko) Chrome/139.0.7258.127 Mobile Safari/537.36 (compatible; GoogleOther)"
jomarlogistica.com.br:80 188.166.236.44 - - [27/Sep/2025:16:02:58 -0300] "GET /style.php HTTP/1.1" 301 459 "-" "Mozilla/5.0 (Linux; Android 7.0; SM-G892A Build/NRD90M; wv) AppleWebKit/537.36 (KHTML, like Gecko) Version/4.0 Chrome/60.0.3112.107 Mobile Safari/537.36"
jomarlogistica.com.br:80 188.166.236.44 - - [27/Sep/2025:16:03:00 -0300] "GET /style.php HTTP/1.1" 404 448 "-" "Mozilla/5.0 (Linux; Android 7.0; SM-G892A Build/NRD90M; wv) AppleWebKit/537.36 (KHTML, like Gecko) Version/4.0 Chrome/60.0.3112.107 Mobile Safari/537.36"
jomarlogistica.com.br:80 127.0.0.1 - - [27/Sep/2025:16:03:04 -0300] "OPTIONS * HTTP/1.0" 200 110 "-" "Apache/2.4.65 (Ubuntu) (internal dummy connection)"
jomarlogistica.com.br:80 85.208.96.196 - - [27/Sep/2025:16:05:11 -0300] "GET /2023/10/03/best-free-antivirus-vpn-reviews/ HTTP/1.1" 200 17180 "-" "Mozilla/5.0 (compatible; SemrushBot/7~bl; +http://www.semrush.com/bot.html)"
jomarlogistica.com.br:80 172.20.1.117 - - [27/Sep/2025:16:06:20 -0300] "POST /wp-cron.php?doing_wp_cron=1758999980.9100110530853271484375 HTTP/1.1" 200 389 "https://jomarlogistica.com.br/wp-cron.php?doing_wp_cron=1758999980.9100110530853271484375" "WordPress/5.8.10; https://jomarlogistica.com.br"
jomarlogistica.com.br:80 167.114.139.137 - - [27/Sep/2025:16:06:20 -0300] "GET /category/jomar/page/26/ HTTP/1.1" 200 19131 "-" "Mozilla/5.0 (compatible; AhrefsBot/7.0; +http://ahrefs.com/robot/)"
jomarlogistica.com.br:80 127.0.0.1 - - [27/Sep/2025:16:06:26 -0300] "OPTIONS * HTTP/1.0" 200 110 "-" "Apache/2.4.65 (Ubuntu) (internal dummy connection)"
jomarlogistica.com.br:80 172.20.1.117 - - [27/Sep/2025:16:09:07 -0300] "POST /wp-cron.php?doing_wp_cron=1759000147.9489510059356689453125 HTTP/1.1" 200 389 "https://jomarlogistica.com.br/wp-cron.php?doing_wp_cron=1759000147.9489510059356689453125" "WordPress/5.8.10; https://jomarlogistica.com.br"
jomarlogistica.com.br:80 66.249.66.39 - - [27/Sep/2025:16:09:07 -0300] "GET /2023/04/30/precisely-what-is-business-operations/ HTTP/1.1" 200 17432 "-" "Mozilla/5.0 (Linux; Android 6.0.1; Nexus 5X Build/MMB29P) AppleWebKit/537.36 (KHTML, like Gecko) Chrome/139.0.7258.127 Mobile Safari/537.36 (compatible; Googlebot/2.1; +http://www.google.com/bot.html)"
jomarlogistica.com.br:80 127.0.0.1 - - [27/Sep/2025:16:09:13 -0300] "OPTIONS * HTTP/1.0" 200 110 "-" "Apache/2.4.65 (Ubuntu) (internal dummy connection)"
jomarlogistica.com.br:80 66.249.66.38 - - [27/Sep/2025:16:09:13 -0300] "GET /wp-includes/js/jquery/ui/slider.min.js?ver=1.12.1 HTTP/1.1" 200 3602 "https://jomarlogistica.com.br/2023/04/30/precisely-what-is-business-operations/" "Mozilla/5.0 (Linux; Android 6.0.1; Nexus 5X Build/MMB29P) AppleWebKit/537.36 (KHTML, like Gecko) Chrome/139.0.7258.127 Mobile Safari/537.36 (compatible; Googlebot/2.1; +http://www.google.com/bot.html)"
jomarlogistica.com.br:80 66.249.66.37 - - [27/Sep/2025:16:09:15 -0300] "GET /wp-content/plugins/case-theme-core/assets/css/main.css?ver=1.0.0 HTTP/1.1" 200 563 "https://jomarlogistica.com.br/2023/04/30/precisely-what-is-business-operations/" "Mozilla/5.0 (Linux; Android 6.0.1; Nexus 5X Build/MMB29P) AppleWebKit/537.36 (KHTML, like Gecko) Chrome/139.0.7258.127 Mobile Safari/537.36 (compatible; Googlebot/2.1; +http://www.google.com/bot.html)"
jomarlogistica.com.br:80 127.0.0.1 - - [27/Sep/2025:16:09:20 -0300] "OPTIONS * HTTP/1.0" 200 110 "-" "Apache/2.4.65 (Ubuntu) (internal dummy connection)"
jomarlogistica.com.br:80 216.244.66.226 - - [27/Sep/2025:16:10:16 -0300] "GET /robots.txt HTTP/1.1" 200 565 "-" "Mozilla/5.0 (compatible; DotBot/1.2; +https://opensiteexplorer.org/dotbot; help@moz.com)"
jomarlogistica.com.br:80 167.114.139.58 - - [27/Sep/2025:16:10:41 -0300] "GET /category/jomar/page/27/ HTTP/1.1" 200 19047 "-" "Mozilla/5.0 (compatible; AhrefsBot/7.0; +http://ahrefs.com/robot/)"
jomarlogistica.com.br:80 172.20.1.117 - - [27/Sep/2025:16:13:54 -0300] "POST /wp-cron.php?doing_wp_cron=1759000434.2555849552154541015625 HTTP/1.1" 200 389 "https://jomarlogistica.com.br/wp-cron.php?doing_wp_cron=1759000434.2555849552154541015625" "WordPress/5.8.10; https://jomarlogistica.com.br"
jomarlogistica.com.br:80 57.141.0.18 - - [27/Sep/2025:16:13:53 -0300] "GET /2022/ HTTP/1.1" 200 93932 "-" "meta-externalagent/1.1 (+https://developers.facebook.com/docs/sharing/webmasters/crawler)"
jomarlogistica.com.br:80 127.0.0.1 - - [27/Sep/2025:16:13:59 -0300] "OPTIONS * HTTP/1.0" 200 110 "-" "Apache/2.4.65 (Ubuntu) (internal dummy connection)"
jomarlogistica.com.br:80 51.222.168.234 - - [27/Sep/2025:16:15:07 -0300] "GET /author/jomar/page/25/ HTTP/1.1" 200 18952 "-" "Mozilla/5.0 (compatible; AhrefsBot/7.0; +http://ahrefs.com/robot/)"
jomarlogistica.com.br:80 172.20.1.117 - - [27/Sep/2025:16:19:05 -0300] "POST /wp-cron.php?doing_wp_cron=1759000745.1301639080047607421875 HTTP/1.1" 200 389 "https://jomarlogistica.com.br/wp-cron.php?doing_wp_cron=1759000745.1301639080047607421875" "WordPress/5.8.10; https://jomarlogistica.com.br"
jomarlogistica.com.br:80 23.98.186.198 - - [27/Sep/2025:16:19:04 -0300] "GET /2024/01/16/is-owning-pet-squirrels-legal-in-florida-laws-regulations/ HTTP/1.1" 200 13814 "-" "Mozilla/5.0 AppleWebKit/537.36 (KHTML, like Gecko); compatible; ChatGPT-User/1.0; +https://openai.com/bot"
jomarlogistica.com.br:80 23.98.186.203 - - [27/Sep/2025:16:19:04 -0300] "GET / HTTP/1.1" 200 23930 "-" "Mozilla/5.0 AppleWebKit/537.36 (KHTML, like Gecko); compatible; ChatGPT-User/1.0; +https://openai.com/bot"
jomarlogistica.com.br:80 127.0.0.1 - - [27/Sep/2025:16:19:06 -0300] "OPTIONS * HTTP/1.0" 200 110 "-" "Apache/2.4.65 (Ubuntu) (internal dummy connection)"
jomarlogistica.com.br:80 127.0.0.1 - - [27/Sep/2025:16:19:09 -0300] "OPTIONS * HTTP/1.0" 200 110 "-" "Apache/2.4.65 (Ubuntu) (internal dummy connection)"
jomarlogistica.com.br:80 127.0.0.1 - - [27/Sep/2025:16:19:10 -0300] "OPTIONS * HTTP/1.0" 200 110 "-" "Apache/2.4.65 (Ubuntu) (internal dummy connection)"
jomarlogistica.com.br:80 57.141.0.68 - - [27/Sep/2025:16:19:31 -0300] "GET /2022/11/21/romantic-relationship-advice-from-experts/ HTTP/1.1" 200 82381 "-" "meta-externalagent/1.1 (+https://developers.facebook.com/docs/sharing/webmasters/crawler)"
jomarlogistica.com.br:80 142.44.225.99 - - [27/Sep/2025:16:19:40 -0300] "GET /author/jomar/page/34/ HTTP/1.1" 200 18821 "-" "Mozilla/5.0 (compatible; AhrefsBot/7.0; +http://ahrefs.com/robot/)"
jomarlogistica.com.br:80 174.201.188.149 - - [27/Sep/2025:16:22:41 -0300] "GET /2022/06/23/are-cherry-bomb-mufflers-legal-legal-information-and-regulations/ HTTP/1.1" 200 14188 "-" "Mozilla/5.0 (iPhone; CPU iPhone OS 18_6 like Mac OS X) AppleWebKit/605.1.15 (KHTML, like Gecko) Version/26.0 Mobile/15E148 Safari/604.1"
jomarlogistica.com.br:80 172.20.1.117 - - [27/Sep/2025:16:22:42 -0300] "POST /wp-cron.php?doing_wp_cron=1759000961.8294401168823242187500 HTTP/1.1" 200 389 "https://jomarlogistica.com.br/wp-cron.php?doing_wp_cron=1759000961.8294401168823242187500" "WordPress/5.8.10; https://jomarlogistica.com.br"
jomarlogistica.com.br:80 174.201.188.149 - - [27/Sep/2025:16:22:41 -0300] "GET /2022/06/23/are-cherry-bomb-mufflers-legal-legal-information-and-regulations/ HTTP/1.1" 200 14188 "-" "Mozilla/5.0 (iPhone; CPU iPhone OS 18_6 like Mac OS X) AppleWebKit/605.1.15 (KHTML, like Gecko) Version/26.0 Mobile/15E148 Safari/604.1"
jomarlogistica.com.br:80 174.201.188.149 - - [27/Sep/2025:16:22:43 -0300] "GET /wp-includes/js/wp-emoji-release.min.js?ver=5.8.10 HTTP/1.1" 304 292 "https://jomarlogistica.com.br/2022/06/23/are-cherry-bomb-mufflers-legal-legal-information-and-regulations/" "Mozilla/5.0 (iPhone; CPU iPhone OS 18_6 like Mac OS X) AppleWebKit/605.1.15 (KHTML, like Gecko) Version/26.0 Mobile/15E148 Safari/604.1"
jomarlogistica.com.br:80 174.201.188.149 - - [27/Sep/2025:16:22:43 -0300] "GET /wp-includes/js/jquery/jquery-migrate.min.js?ver=3.3.2 HTTP/1.1" 304 292 "https://jomarlogistica.com.br/2022/06/23/are-cherry-bomb-mufflers-legal-legal-information-and-regulations/" "Mozilla/5.0 (iPhone; CPU iPhone OS 18_6 like Mac OS X) AppleWebKit/605.1.15 (KHTML, like Gecko) Version/26.0 Mobile/15E148 Safari/604.1"
jomarlogistica.com.br:80 174.201.188.149 - - [27/Sep/2025:16:22:43 -0300] "GET /wp-content/plugins/case-theme-core/assets/js/main.js?ver=1.0.0 HTTP/1.1" 304 292 "https://jomarlogistica.com.br/2022/06/23/are-cherry-bomb-mufflers-legal-legal-information-and-regulations/" "Mozilla/5.0 (iPhone; CPU iPhone OS 18_6 like Mac OS X) AppleWebKit/605.1.15 (KHTML, like Gecko) Version/26.0 Mobile/15E148 Safari/604.1"
jomarlogistica.com.br:80 174.201.188.149 - - [27/Sep/2025:16:22:43 -0300] "GET /wp-content/plugins/revslider/public/assets/js/rs6.min.js?ver=6.5.11 HTTP/1.1" 304 292 "https://jomarlogistica.com.br/2022/06/23/are-cherry-bomb-mufflers-legal-legal-information-and-regulations/" "Mozilla/5.0 (iPhone; CPU iPhone OS 18_6 like Mac OS X) AppleWebKit/605.1.15 (KHTML, like Gecko) Version/26.0 Mobile/15E148 Safari/604.1"
jomarlogistica.com.br:80 174.201.188.149 - - [27/Sep/2025:16:22:43 -0300] "GET /wp-content/themes/consultio/assets/js/progressbar.min.js?ver=1.0.0 HTTP/1.1" 304 292 "https://jomarlogistica.com.br/2022/06/23/are-cherry-bomb-mufflers-legal-legal-information-and-regulations/" "Mozilla/5.0 (iPhone; CPU iPhone OS 18_6 like Mac OS X) AppleWebKit/605.1.15 (KHTML, like Gecko) Version/26.0 Mobile/15E148 Safari/604.1"
jomarlogistica.com.br:80 174.201.188.149 - - [27/Sep/2025:16:22:43 -0300] "GET /apple-touch-icon-120x120-precomposed.png HTTP/1.1" 404 448 "-" "Mozilla/5.0 (iPhone; CPU iPhone OS 18_6 like Mac OS X) AppleWebKit/605.1.15 (KHTML, like Gecko) Safari"
jomarlogistica.com.br:80 174.201.188.149 - - [27/Sep/2025:16:22:44 -0300] "GET /wp-includes/js/jquery/jquery.min.js?ver=3.6.0 HTTP/1.1" 304 292 "https://jomarlogistica.com.br/2022/06/23/are-cherry-bomb-mufflers-legal-legal-information-and-regulations/" "Mozilla/5.0 (iPhone; CPU iPhone OS 18_6 like Mac OS X) AppleWebKit/605.1.15 (KHTML, like Gecko) Version/26.0 Mobile/15E148 Safari/604.1"
jomarlogistica.com.br:80 174.201.188.149 - - [27/Sep/2025:16:22:44 -0300] "GET /wp-content/themes/consultio/elementor/js/ct-inline-css.js?ver=2.8.0 HTTP/1.1" 304 292 "https://jomarlogistica.com.br/2022/06/23/are-cherry-bomb-mufflers-legal-legal-information-and-regulations/" "Mozilla/5.0 (iPhone; CPU iPhone OS 18_6 like Mac OS X) AppleWebKit/605.1.15 (KHTML, like Gecko) Version/26.0 Mobile/15E148 Safari/604.1"
jomarlogistica.com.br:80 174.201.188.149 - - [27/Sep/2025:16:22:44 -0300] "GET /wp-includes/js/jquery/ui/core.min.js?ver=1.12.1 HTTP/1.1" 304 292 "https://jomarlogistica.com.br/2022/06/23/are-cherry-bomb-mufflers-legal-legal-information-and-regulations/" "Mozilla/5.0 (iPhone; CPU iPhone OS 18_6 like Mac OS X) AppleWebKit/605.1.15 (KHTML, like Gecko) Version/26.0 Mobile/15E148 Safari/604.1"
jomarlogistica.com.br:80 174.201.188.149 - - [27/Sep/2025:16:22:44 -0300] "GET /wp-content/plugins/booked/assets/js/spin.min.js?ver=2.0.1 HTTP/1.1" 304 292 "https://jomarlogistica.com.br/2022/06/23/are-cherry-bomb-mufflers-legal-legal-information-and-regulations/" "Mozilla/5.0 (iPhone; CPU iPhone OS 18_6 like Mac OS X) AppleWebKit/605.1.15 (KHTML, like Gecko) Version/26.0 Mobile/15E148 Safari/604.1"
jomarlogistica.com.br:80 174.201.188.149 - - [27/Sep/2025:16:22:44 -0300] "GET /wp-content/plugins/booked/assets/js/spin.jquery.js?ver=2.0.1 HTTP/1.1" 304 292 "https://jomarlogistica.com.br/2022/06/23/are-cherry-bomb-mufflers-legal-legal-information-and-regulations/" "Mozilla/5.0 (iPhone; CPU iPhone OS 18_6 like Mac OS X) AppleWebKit/605.1.15 (KHTML, like Gecko) Version/26.0 Mobile/15E148 Safari/604.1"
jomarlogistica.com.br:80 174.201.188.149 - - [27/Sep/2025:16:22:44 -0300] "GET /wp-includes/js/jquery/ui/datepicker.min.js?ver=1.12.1 HTTP/1.1" 304 292 "https://jomarlogistica.com.br/2022/06/23/are-cherry-bomb-mufflers-legal-legal-information-and-regulations/" "Mozilla/5.0 (iPhone; CPU iPhone OS 18_6 like Mac OS X) AppleWebKit/605.1.15 (KHTML, like Gecko) Version/26.0 Mobile/15E148 Safari/604.1"
jomarlogistica.com.br:80 174.201.188.149 - - [27/Sep/2025:16:22:44 -0300] "GET /wp-content/plugins/booked/assets/js/tooltipster/js/jquery.tooltipster.min.js?ver=3.3.0 HTTP/1.1" 304 292 "https://jomarlogistica.com.br/2022/06/23/are-cherry-bomb-mufflers-legal-legal-information-and-regulations/" "Mozilla/5.0 (iPhone; CPU iPhone OS 18_6 like Mac OS X) AppleWebKit/605.1.15 (KHTML, like Gecko) Version/26.0 Mobile/15E148 Safari/604.1"
jomarlogistica.com.br:80 174.201.188.149 - - [27/Sep/2025:16:22:44 -0300] "GET /wp-content/plugins/case-theme-user/acess/js/notify.min.js?ver=1.0.0 HTTP/1.1" 304 292 "https://jomarlogistica.com.br/2022/06/23/are-cherry-bomb-mufflers-legal-legal-information-and-regulations/" "Mozilla/5.0 (iPhone; CPU iPhone OS 18_6 like Mac OS X) AppleWebKit/605.1.15 (KHTML, like Gecko) Version/26.0 Mobile/15E148 Safari/604.1"
jomarlogistica.com.br:80 174.201.188.149 - - [27/Sep/2025:16:22:44 -0300] "GET /wp-content/plugins/case-theme-user/acess/js/remodal.min.js?ver=1.0.0 HTTP/1.1" 304 292 "https://jomarlogistica.com.br/2022/06/23/are-cherry-bomb-mufflers-legal-legal-information-and-regulations/" "Mozilla/5.0 (iPhone; CPU iPhone OS 18_6 like Mac OS X) AppleWebKit/605.1.15 (KHTML, like Gecko) Version/26.0 Mobile/15E148 Safari/604.1"
jomarlogistica.com.br:80 174.201.188.149 - - [27/Sep/2025:16:22:44 -0300] "GET /wp-content/plugins/case-theme-user/acess/js/ct-user-form.js?ver=1.0.0 HTTP/1.1" 304 292 "https://jomarlogistica.com.br/2022/06/23/are-cherry-bomb-mufflers-legal-legal-information-and-regulations/" "Mozilla/5.0 (iPhone; CPU iPhone OS 18_6 like Mac OS X) AppleWebKit/605.1.15 (KHTML, like Gecko) Version/26.0 Mobile/15E148 Safari/604.1"
jomarlogistica.com.br:80 174.201.188.149 - - [27/Sep/2025:16:22:44 -0300] "GET /wp-content/plugins/booked/assets/js/functions.js?ver=2.3.5 HTTP/1.1" 304 292 "https://jomarlogistica.com.br/2022/06/23/are-cherry-bomb-mufflers-legal-legal-information-and-regulations/" "Mozilla/5.0 (iPhone; CPU iPhone OS 18_6 like Mac OS X) AppleWebKit/605.1.15 (KHTML, like Gecko) Version/26.0 Mobile/15E148 Safari/604.1"
jomarlogistica.com.br:80 174.201.188.149 - - [27/Sep/2025:16:22:44 -0300] "GET /wp-includes/js/dist/vendor/regenerator-runtime.min.js?ver=0.13.7 HTTP/1.1" 304 292 "https://jomarlogistica.com.br/2022/06/23/are-cherry-bomb-mufflers-legal-legal-information-and-regulations/" "Mozilla/5.0 (iPhone; CPU iPhone OS 18_6 like Mac OS X) AppleWebKit/605.1.15 (KHTML, like Gecko) Version/26.0 Mobile/15E148 Safari/604.1"
jomarlogistica.com.br:80 174.201.188.149 - - [27/Sep/2025:16:22:44 -0300] "GET /wp-content/plugins/contact-form-7-multi-step/assets/frontend/js/cf7mls.js?ver=2.5.4 HTTP/1.1" 304 292 "https://jomarlogistica.com.br/2022/06/23/are-cherry-bomb-mufflers-legal-legal-information-and-regulations/" "Mozilla/5.0 (iPhone; CPU iPhone OS 18_6 like Mac OS X) AppleWebKit/605.1.15 (KHTML, like Gecko) Version/26.0 Mobile/15E148 Safari/604.1"
jomarlogistica.com.br:80 174.201.188.149 - - [27/Sep/2025:16:22:44 -0300] "GET /wp-content/plugins/contact-form-7/includes/js/index.js?ver=5.5.3 HTTP/1.1" 304 292 "https://jomarlogistica.com.br/2022/06/23/are-cherry-bomb-mufflers-legal-legal-information-and-regulations/" "Mozilla/5.0 (iPhone; CPU iPhone OS 18_6 like Mac OS X) AppleWebKit/605.1.15 (KHTML, like Gecko) Version/26.0 Mobile/15E148 Safari/604.1"
jomarlogistica.com.br:80 174.201.188.149 - - [27/Sep/2025:16:22:44 -0300] "GET /wp-includes/js/dist/vendor/wp-polyfill.min.js?ver=3.15.0 HTTP/1.1" 304 292 "https://jomarlogistica.com.br/2022/06/23/are-cherry-bomb-mufflers-legal-legal-information-and-regulations/" "Mozilla/5.0 (iPhone; CPU iPhone OS 18_6 like Mac OS X) AppleWebKit/605.1.15 (KHTML, like Gecko) Version/26.0 Mobile/15E148 Safari/604.1"
jomarlogistica.com.br:80 174.201.188.149 - - [27/Sep/2025:16:22:44 -0300] "GET /wp-content/plugins/booked/includes/add-ons/frontend-agents/js/functions.js?ver=2.3.5 HTTP/1.1" 304 292 "https://jomarlogistica.com.br/2022/06/23/are-cherry-bomb-mufflers-legal-legal-information-and-regulations/" "Mozilla/5.0 (iPhone; CPU iPhone OS 18_6 like Mac OS X) AppleWebKit/605.1.15 (KHTML, like Gecko) Version/26.0 Mobile/15E148 Safari/604.1"
jomarlogistica.com.br:80 174.201.188.149 - - [27/Sep/2025:16:22:44 -0300] "GET /wp-content/plugins/revslider/public/assets/js/rbtools.min.js?ver=6.5.11 HTTP/1.1" 304 292 "https://jomarlogistica.com.br/2022/06/23/are-cherry-bomb-mufflers-legal-legal-information-and-regulations/" "Mozilla/5.0 (iPhone; CPU iPhone OS 18_6 like Mac OS X) AppleWebKit/605.1.15 (KHTML, like Gecko) Version/26.0 Mobile/15E148 Safari/604.1"
jomarlogistica.com.br:80 174.201.188.149 - - [27/Sep/2025:16:22:44 -0300] "GET /wp-content/themes/consultio/assets/js/bootstrap.min.js?ver=4.0.0 HTTP/1.1" 304 292 "https://jomarlogistica.com.br/2022/06/23/are-cherry-bomb-mufflers-legal-legal-information-and-regulations/" "Mozilla/5.0 (iPhone; CPU iPhone OS 18_6 like Mac OS X) AppleWebKit/605.1.15 (KHTML, like Gecko) Version/26.0 Mobile/15E148 Safari/604.1"
jomarlogistica.com.br:80 174.201.188.149 - - [27/Sep/2025:16:22:44 -0300] "GET /wp-content/themes/consultio/assets/js/nice-select.min.js?ver=all HTTP/1.1" 304 292 "https://jomarlogistica.com.br/2022/06/23/are-cherry-bomb-mufflers-legal-legal-information-and-regulations/" "Mozilla/5.0 (iPhone; CPU iPhone OS 18_6 like Mac OS X) AppleWebKit/605.1.15 (KHTML, like Gecko) Version/26.0 Mobile/15E148 Safari/604.1"
jomarlogistica.com.br:80 174.201.188.149 - - [27/Sep/2025:16:22:44 -0300] "GET /wp-content/themes/consultio/assets/js/match-height-min.js?ver=1.0.0 HTTP/1.1" 304 292 "https://jomarlogistica.com.br/2022/06/23/are-cherry-bomb-mufflers-legal-legal-information-and-regulations/" "Mozilla/5.0 (iPhone; CPU iPhone OS 18_6 like Mac OS X) AppleWebKit/605.1.15 (KHTML, like Gecko) Version/26.0 Mobile/15E148 Safari/604.1"
jomarlogistica.com.br:80 174.201.188.149 - - [27/Sep/2025:16:22:44 -0300] "GET /wp-content/themes/consultio/assets/js/wow.min.js?ver=1.0.0 HTTP/1.1" 304 292 "https://jomarlogistica.com.br/2022/06/23/are-cherry-bomb-mufflers-legal-legal-information-and-regulations/" "Mozilla/5.0 (iPhone; CPU iPhone OS 18_6 like Mac OS X) AppleWebKit/605.1.15 (KHTML, like Gecko) Version/26.0 Mobile/15E148 Safari/604.1"
jomarlogistica.com.br:80 174.201.188.149 - - [27/Sep/2025:16:22:44 -0300] "GET /wp-includes/js/jquery/ui/mouse.min.js?ver=1.12.1 HTTP/1.1" 304 292 "https://jomarlogistica.com.br/2022/06/23/are-cherry-bomb-mufflers-legal-legal-information-and-regulations/" "Mozilla/5.0 (iPhone; CPU iPhone OS 18_6 like Mac OS X) AppleWebKit/605.1.15 (KHTML, like Gecko) Version/26.0 Mobile/15E148 Safari/604.1"
jomarlogistica.com.br:80 174.201.188.149 - - [27/Sep/2025:16:22:44 -0300] "GET /wp-content/themes/consultio/assets/js/magnific-popup.min.js?ver=1.0.0 HTTP/1.1" 304 292 "https://jomarlogistica.com.br/2022/06/23/are-cherry-bomb-mufflers-legal-legal-information-and-regulations/" "Mozilla/5.0 (iPhone; CPU iPhone OS 18_6 like Mac OS X) AppleWebKit/605.1.15 (KHTML, like Gecko) Version/26.0 Mobile/15E148 Safari/604.1"
jomarlogistica.com.br:80 174.201.188.149 - - [27/Sep/2025:16:22:44 -0300] "GET /wp-includes/js/jquery/ui/slider.min.js?ver=1.12.1 HTTP/1.1" 304 292 "https://jomarlogistica.com.br/2022/06/23/are-cherry-bomb-mufflers-legal-legal-information-and-regulations/" "Mozilla/5.0 (iPhone; CPU iPhone OS 18_6 like Mac OS X) AppleWebKit/605.1.15 (KHTML, like Gecko) Version/26.0 Mobile/15E148 Safari/604.1"
jomarlogistica.com.br:80 174.201.188.149 - - [27/Sep/2025:16:22:44 -0300] "GET /wp-includes/js/wp-embed.min.js?ver=5.8.10 HTTP/1.1" 304 292 "https://jomarlogistica.com.br/2022/06/23/are-cherry-bomb-mufflers-legal-legal-information-and-regulations/" "Mozilla/5.0 (iPhone; CPU iPhone OS 18_6 like Mac OS X) AppleWebKit/605.1.15 (KHTML, like Gecko) Version/26.0 Mobile/15E148 Safari/604.1"
jomarlogistica.com.br:80 174.201.188.149 - - [27/Sep/2025:16:22:44 -0300] "GET /wp-content/themes/consultio/assets/js/main.js?ver=2.8.0 HTTP/1.1" 304 292 "https://jomarlogistica.com.br/2022/06/23/are-cherry-bomb-mufflers-legal-legal-information-and-regulations/" "Mozilla/5.0 (iPhone; CPU iPhone OS 18_6 like Mac OS X) AppleWebKit/605.1.15 (KHTML, like Gecko) Version/26.0 Mobile/15E148 Safari/604.1"
jomarlogistica.com.br:80 174.201.188.149 - - [27/Sep/2025:16:22:43 -0300] "GET /apple-touch-icon-120x120.png HTTP/1.1" 404 390 "-" "Mozilla/5.0 (iPhone; CPU iPhone OS 18_6 like Mac OS X) AppleWebKit/605.1.15 (KHTML, like Gecko) Safari"
jomarlogistica.com.br:80 174.201.188.149 - - [27/Sep/2025:16:22:44 -0300] "GET /apple-touch-icon-precomposed.png HTTP/1.1" 404 390 "-" "Mozilla/5.0 (iPhone; CPU iPhone OS 18_6 like Mac OS X) AppleWebKit/605.1.15 (KHTML, like Gecko) Safari"
jomarlogistica.com.br:80 174.201.188.149 - - [27/Sep/2025:16:22:45 -0300] "GET /apple-touch-icon.png HTTP/1.1" 404 409 "-" "Mozilla/5.0 (iPhone; CPU iPhone OS 18_6 like Mac OS X) AppleWebKit/605.1.15 (KHTML, like Gecko) Safari"
jomarlogistica.com.br:80 174.201.188.149 - - [27/Sep/2025:16:22:45 -0300] "GET /wp-content/uploads/2021/12/icone.jpg HTTP/1.1" 200 2901 "-" "Mozilla/5.0 (iPhone; CPU iPhone OS 18_6 like Mac OS X) AppleWebKit/605.1.15 (KHTML, like Gecko) Safari"
jomarlogistica.com.br:80 127.0.0.1 - - [27/Sep/2025:16:22:49 -0300] "OPTIONS * HTTP/1.0" 200 110 "-" "Apache/2.4.65 (Ubuntu) (internal dummy connection)"
jomarlogistica.com.br:80 127.0.0.1 - - [27/Sep/2025:16:22:50 -0300] "OPTIONS * HTTP/1.0" 200 110 "-" "Apache/2.4.65 (Ubuntu) (internal dummy connection)"
jomarlogistica.com.br:80 127.0.0.1 - - [27/Sep/2025:16:22:51 -0300] "OPTIONS * HTTP/1.0" 200 110 "-" "Apache/2.4.65 (Ubuntu) (internal dummy connection)"
jomarlogistica.com.br:80 174.201.188.149 - - [27/Sep/2025:16:22:43 -0300] "GET /?a7b529c=7168835 HTTP/1.1" 200 287 "https://jomarlogistica.com.br/2022/06/23/are-cherry-bomb-mufflers-legal-legal-information-and-regulations/" "Mozilla/5.0 (iPhone; CPU iPhone OS 18_6 like Mac OS X) AppleWebKit/605.1.15 (KHTML, like Gecko) Version/26.0 Mobile/15E148 Safari/604.1"
jomarlogistica.com.br:80 174.201.188.149 - - [27/Sep/2025:16:22:54 -0300] "GET /apple-touch-icon-precomposed.png HTTP/1.1" 404 448 "-" "NetworkingExtension/8622.1.22.10.9 Network/5569.2.3 iOS/26.0"
jomarlogistica.com.br:80 174.201.188.149 - - [27/Sep/2025:16:22:54 -0300] "GET /apple-touch-icon.png HTTP/1.1" 404 448 "-" "NetworkingExtension/8622.1.22.10.9 Network/5569.2.3 iOS/26.0"
jomarlogistica.com.br:80 174.201.188.149 - - [27/Sep/2025:16:22:55 -0300] "GET /favicon.ico HTTP/1.1" 302 547 "-" "NetworkingExtension/8622.1.22.10.9 Network/5569.2.3 iOS/26.0"
jomarlogistica.com.br:80 174.201.188.149 - - [27/Sep/2025:16:22:55 -0300] "GET /wp-content/uploads/2021/12/icone.jpg HTTP/1.1" 200 2901 "-" "NetworkingExtension/8622.1.22.10.9 Network/5569.2.3 iOS/26.0"
jomarlogistica.com.br:80 174.201.188.149 - - [27/Sep/2025:16:22:55 -0300] "GET /wp-content/uploads/2021/12/icone.jpg HTTP/1.1" 200 2901 "-" "NetworkingExtension/8622.1.22.10.9 Network/5569.2.3 iOS/26.0"
jomarlogistica.com.br:80 66.249.88.1 - - [27/Sep/2025:16:22:57 -0300] "GET /.well-known/traffic-advice HTTP/1.1" 404 448 "-" "Chrome Privacy Preserving Prefetch Proxy"
jomarlogistica.com.br:80 127.0.0.1 - - [27/Sep/2025:16:23:00 -0300] "OPTIONS * HTTP/1.0" 200 110 "-" "Apache/2.4.65 (Ubuntu) (internal dummy connection)"
jomarlogistica.com.br:80 127.0.0.1 - - [27/Sep/2025:16:23:02 -0300] "OPTIONS * HTTP/1.0" 200 110 "-" "Apache/2.4.65 (Ubuntu) (internal dummy connection)"
jomarlogistica.com.br:80 172.20.1.117 - - [27/Sep/2025:16:28:51 -0300] "POST /wp-cron.php?doing_wp_cron=1759001331.0703980922698974609375 HTTP/1.1" 200 389 "https://jomarlogistica.com.br/wp-cron.php?doing_wp_cron=1759001331.0703980922698974609375" "WordPress/5.8.10; https://jomarlogistica.com.br"
jomarlogistica.com.br:80 142.44.225.161 - - [27/Sep/2025:16:28:50 -0300] "GET /category/jomar/page/33/ HTTP/1.1" 200 18827 "-" "Mozilla/5.0 (compatible; AhrefsBot/7.0; +http://ahrefs.com/robot/)"
jomarlogistica.com.br:80 127.0.0.1 - - [27/Sep/2025:16:28:56 -0300] "OPTIONS * HTTP/1.0" 200 110 "-" "Apache/2.4.65 (Ubuntu) (internal dummy connection)"
jomarlogistica.com.br:80 113.16.16.33 - - [27/Sep/2025:16:30:30 -0300] "POST /wp-comments-post.php HTTP/1.1" 403 2493 "-" "Mozilla/5.0 (Windows NT 10.0; Win64; x64) AppleWebKit/537.36 (KHTML, like Gecko) Chrome/108.0.0.0 Safari/537.36 Edg/108.0.1462.46"
jomarlogistica.com.br:80 172.20.1.117 - - [27/Sep/2025:16:36:09 -0300] "POST /wp-cron.php?doing_wp_cron=1759001769.3936181068420410156250 HTTP/1.1" 200 389 "https://jomarlogistica.com.br/wp-cron.php?doing_wp_cron=1759001769.3936181068420410156250" "WordPress/5.8.10; https://jomarlogistica.com.br"
jomarlogistica.com.br:80 85.208.96.206 - - [27/Sep/2025:16:36:08 -0300] "GET /robots.txt HTTP/1.1" 200 584 "-" "Mozilla/5.0 (compatible; SemrushBot/7~bl; +http://www.semrush.com/bot.html)"
