jomarlogistica.com.br:80 66.249.66.38 - - [27/Sep/2025:02:28:39 -0300] "GET /wp-content/plugins/booked/assets/js/tooltipster/css/tooltipster.css?ver=3.3.0 HTTP/1.1" 200 2174 "https://jomarlogistica.com.br/" "Mozilla/5.0 AppleWebKit/537.36 (KHTML, like Gecko; compatible; Googlebot/2.1; +http://www.google.com/bot.html) Chrome/139.0.7258.127 Safari/537.36"
jomarlogistica.com.br:80 66.249.66.37 - - [27/Sep/2025:02:28:39 -0300] "GET /wp-content/plugins/booked/dist/booked.css?ver=2.3.5 HTTP/1.1" 200 9827 "https://jomarlogistica.com.br/" "Mozilla/5.0 AppleWebKit/537.36 (KHTML, like Gecko; compatible; Googlebot/2.1; +http://www.google.com/bot.html) Chrome/139.0.7258.127 Safari/537.36"
jomarlogistica.com.br:80 66.249.66.37 - - [27/Sep/2025:02:28:40 -0300] "GET /wp-content/plugins/booked/assets/css/animations.css?ver=2.3.5 HTTP/1.1" 200 905 "https://jomarlogistica.com.br/" "Mozilla/5.0 AppleWebKit/537.36 (KHTML, like Gecko; compatible; Googlebot/2.1; +http://www.google.com/bot.html) Chrome/139.0.7258.127 Safari/537.36"
jomarlogistica.com.br:80 66.249.66.37 - - [27/Sep/2025:02:28:41 -0300] "GET /wp-content/plugins/case-theme-core/assets/plugin/font-awesome/css/font-awesome.min.css?ver=4.7.0 HTTP/1.1" 200 7643 "https://jomarlogistica.com.br/" "Mozilla/5.0 AppleWebKit/537.36 (KHTML, like Gecko; compatible; Googlebot/2.1; +http://www.google.com/bot.html) Chrome/139.0.7258.127 Safari/537.36"
jomarlogistica.com.br:80 66.249.66.37 - - [27/Sep/2025:02:28:41 -0300] "GET /wp-content/plugins/contact-form-7-multi-step/assets/frontend/css/progress_bar.css?ver=2.5.4 HTTP/1.1" 200 5617 "https://jomarlogistica.com.br/" "Mozilla/5.0 AppleWebKit/537.36 (KHTML, like Gecko; compatible; Googlebot/2.1; +http://www.google.com/bot.html) Chrome/139.0.7258.127 Safari/537.36"
jomarlogistica.com.br:80 66.249.66.37 - - [27/Sep/2025:02:28:42 -0300] "GET /wp-content/themes/consultio/elementor/js/ct-inline-css.js?ver=2.8.0 HTTP/1.1" 200 864 "https://jomarlogistica.com.br/" "Mozilla/5.0 AppleWebKit/537.36 (KHTML, like Gecko; compatible; Googlebot/2.1; +http://www.google.com/bot.html) Chrome/139.0.7258.127 Safari/537.36"
jomarlogistica.com.br:80 66.249.66.37 - - [27/Sep/2025:02:28:43 -0300] "GET /wp-content/plugins/elementor/assets/lib/font-awesome/css/solid.min.css?ver=5.15.3 HTTP/1.1" 200 680 "https://jomarlogistica.com.br/" "Mozilla/5.0 AppleWebKit/537.36 (KHTML, like Gecko; compatible; Googlebot/2.1; +http://www.google.com/bot.html) Chrome/139.0.7258.127 Safari/537.36"
jomarlogistica.com.br:80 66.249.66.37 - - [27/Sep/2025:02:28:44 -0300] "GET /wp-content/plugins/meks-simple-flickr-widget/css/style.css?ver=1.2 HTTP/1.1" 200 577 "https://jomarlogistica.com.br/" "Mozilla/5.0 AppleWebKit/537.36 (KHTML, like Gecko; compatible; Googlebot/2.1; +http://www.google.com/bot.html) Chrome/139.0.7258.127 Safari/537.36"
jomarlogistica.com.br:80 66.249.66.37 - - [27/Sep/2025:02:28:44 -0300] "GET /wp-content/plugins/case-theme-core/assets/css/lib/progressbar.min.css?ver=0.7.1 HTTP/1.1" 200 1122 "https://jomarlogistica.com.br/" "Mozilla/5.0 AppleWebKit/537.36 (KHTML, like Gecko; compatible; Googlebot/2.1; +http://www.google.com/bot.html) Chrome/139.0.7258.127 Safari/537.36"
jomarlogistica.com.br:80 66.249.66.37 - - [27/Sep/2025:02:28:45 -0300] "GET /wp-content/plugins/case-theme-core/assets/css/lib/owl.carousel.min.css?ver=2.2.1 HTTP/1.1" 200 1298 "https://jomarlogistica.com.br/" "Mozilla/5.0 AppleWebKit/537.36 (KHTML, like Gecko; compatible; Googlebot/2.1; +http://www.google.com/bot.html) Chrome/139.0.7258.127 Safari/537.36"
jomarlogistica.com.br:80 66.249.66.37 - - [27/Sep/2025:02:28:46 -0300] "GET /wp-content/plugins/elementor/assets/css/frontend.min.css?ver=3.4.8 HTTP/1.1" 200 19721 "https://jomarlogistica.com.br/" "Mozilla/5.0 AppleWebKit/537.36 (KHTML, like Gecko; compatible; Googlebot/2.1; +http://www.google.com/bot.html) Chrome/139.0.7258.127 Safari/537.36"
jomarlogistica.com.br:80 66.249.66.37 - - [27/Sep/2025:02:28:46 -0300] "GET /wp-includes/js/jquery/jquery.min.js?ver=3.6.0 HTTP/1.1" 200 32444 "https://jomarlogistica.com.br/" "Mozilla/5.0 AppleWebKit/537.36 (KHTML, like Gecko; compatible; Googlebot/2.1; +http://www.google.com/bot.html) Chrome/139.0.7258.127 Safari/537.36"
jomarlogistica.com.br:80 66.249.66.37 - - [27/Sep/2025:02:28:47 -0300] "GET /wp-content/plugins/revslider/public/assets/css/rs6.css?ver=6.5.11 HTTP/1.1" 200 13321 "https://jomarlogistica.com.br/" "Mozilla/5.0 AppleWebKit/537.36 (KHTML, like Gecko; compatible; Googlebot/2.1; +http://www.google.com/bot.html) Chrome/139.0.7258.127 Safari/537.36"
jomarlogistica.com.br:80 66.249.66.37 - - [27/Sep/2025:02:28:48 -0300] "GET /wp-content/plugins/elementor/assets/lib/font-awesome/css/brands.min.css?ver=5.15.3 HTTP/1.1" 200 698 "https://jomarlogistica.com.br/" "Mozilla/5.0 AppleWebKit/537.36 (KHTML, like Gecko; compatible; Googlebot/2.1; +http://www.google.com/bot.html) Chrome/139.0.7258.127 Safari/537.36"
jomarlogistica.com.br:80 66.249.66.37 - - [27/Sep/2025:02:28:48 -0300] "GET /wp-includes/js/jquery/ui/core.min.js?ver=1.12.1 HTTP/1.1" 200 7418 "https://jomarlogistica.com.br/" "Mozilla/5.0 AppleWebKit/537.36 (KHTML, like Gecko; compatible; Googlebot/2.1; +http://www.google.com/bot.html) Chrome/139.0.7258.127 Safari/537.36"
jomarlogistica.com.br:80 66.249.66.37 - - [27/Sep/2025:02:28:49 -0300] "GET /wp-content/plugins/booked/assets/js/spin.jquery.js?ver=2.0.1 HTTP/1.1" 200 1167 "https://jomarlogistica.com.br/" "Mozilla/5.0 AppleWebKit/537.36 (KHTML, like Gecko; compatible; Googlebot/2.1; +http://www.google.com/bot.html) Chrome/139.0.7258.127 Safari/537.36"
jomarlogistica.com.br:80 66.249.66.37 - - [27/Sep/2025:02:28:50 -0300] "GET /wp-content/plugins/booked/assets/js/tooltipster/js/jquery.tooltipster.min.js?ver=3.3.0 HTTP/1.1" 200 5373 "https://jomarlogistica.com.br/" "Mozilla/5.0 AppleWebKit/537.36 (KHTML, like Gecko; compatible; Googlebot/2.1; +http://www.google.com/bot.html) Chrome/139.0.7258.127 Safari/537.36"
jomarlogistica.com.br:80 66.249.66.37 - - [27/Sep/2025:02:28:50 -0300] "GET /wp-content/plugins/case-theme-user/acess/js/notify.min.js?ver=1.0.0 HTTP/1.1" 200 7826 "https://jomarlogistica.com.br/" "Mozilla/5.0 AppleWebKit/537.36 (KHTML, like Gecko; compatible; Googlebot/2.1; +http://www.google.com/bot.html) Chrome/139.0.7258.127 Safari/537.36"
jomarlogistica.com.br:80 66.249.66.37 - - [27/Sep/2025:02:28:51 -0300] "GET /wp-content/plugins/booked/assets/js/spin.min.js?ver=2.0.1 HTTP/1.1" 200 2482 "https://jomarlogistica.com.br/" "Mozilla/5.0 AppleWebKit/537.36 (KHTML, like Gecko; compatible; Googlebot/2.1; +http://www.google.com/bot.html) Chrome/139.0.7258.127 Safari/537.36"
jomarlogistica.com.br:80 66.249.66.37 - - [27/Sep/2025:02:28:52 -0300] "GET /wp-content/plugins/booked/assets/js/functions.js?ver=2.3.5 HTTP/1.1" 200 10029 "https://jomarlogistica.com.br/" "Mozilla/5.0 AppleWebKit/537.36 (KHTML, like Gecko; compatible; Googlebot/2.1; +http://www.google.com/bot.html) Chrome/139.0.7258.127 Safari/537.36"
jomarlogistica.com.br:80 66.249.66.37 - - [27/Sep/2025:02:28:52 -0300] "GET /wp-content/plugins/case-theme-user/acess/js/ct-user-form.js?ver=1.0.0 HTTP/1.1" 200 2307 "https://jomarlogistica.com.br/" "Mozilla/5.0 AppleWebKit/537.36 (KHTML, like Gecko; compatible; Googlebot/2.1; +http://www.google.com/bot.html) Chrome/139.0.7258.127 Safari/537.36"
jomarlogistica.com.br:80 66.249.66.37 - - [27/Sep/2025:02:28:53 -0300] "GET /wp-content/plugins/contact-form-7-multi-step/assets/frontend/js/cf7mls.js?ver=2.5.4 HTTP/1.1" 200 7286 "https://jomarlogistica.com.br/" "Mozilla/5.0 AppleWebKit/537.36 (KHTML, like Gecko; compatible; Googlebot/2.1; +http://www.google.com/bot.html) Chrome/139.0.7258.127 Safari/537.36"
jomarlogistica.com.br:80 66.249.66.37 - - [27/Sep/2025:02:28:53 -0300] "GET /wp-content/plugins/case-theme-user/acess/js/remodal.min.js?ver=1.0.0 HTTP/1.1" 200 3045 "https://jomarlogistica.com.br/" "Mozilla/5.0 AppleWebKit/537.36 (KHTML, like Gecko; compatible; Googlebot/2.1; +http://www.google.com/bot.html) Chrome/139.0.7258.127 Safari/537.36"
jomarlogistica.com.br:80 66.249.66.37 - - [27/Sep/2025:02:28:54 -0300] "GET /wp-includes/js/dist/vendor/wp-polyfill.min.js?ver=3.15.0 HTTP/1.1" 200 6591 "https://jomarlogistica.com.br/" "Mozilla/5.0 AppleWebKit/537.36 (KHTML, like Gecko; compatible; Googlebot/2.1; +http://www.google.com/bot.html) Chrome/139.0.7258.127 Safari/537.36"
jomarlogistica.com.br:80 66.249.66.37 - - [27/Sep/2025:02:28:55 -0300] "GET /wp-includes/js/dist/vendor/regenerator-runtime.min.js?ver=0.13.7 HTTP/1.1" 200 2798 "https://jomarlogistica.com.br/" "Mozilla/5.0 AppleWebKit/537.36 (KHTML, like Gecko; compatible; Googlebot/2.1; +http://www.google.com/bot.html) Chrome/139.0.7258.127 Safari/537.36"
jomarlogistica.com.br:80 66.249.66.37 - - [27/Sep/2025:02:28:55 -0300] "GET /wp-content/themes/consultio/assets/js/nice-select.min.js?ver=all HTTP/1.1" 200 1420 "https://jomarlogistica.com.br/" "Mozilla/5.0 AppleWebKit/537.36 (KHTML, like Gecko; compatible; Googlebot/2.1; +http://www.google.com/bot.html) Chrome/139.0.7258.127 Safari/537.36"
jomarlogistica.com.br:80 66.249.66.37 - - [27/Sep/2025:02:28:56 -0300] "GET /wp-content/plugins/contact-form-7/includes/js/index.js?ver=5.5.3 HTTP/1.1" 200 4245 "https://jomarlogistica.com.br/" "Mozilla/5.0 AppleWebKit/537.36 (KHTML, like Gecko; compatible; Googlebot/2.1; +http://www.google.com/bot.html) Chrome/139.0.7258.127 Safari/537.36"
jomarlogistica.com.br:80 66.249.66.37 - - [27/Sep/2025:02:28:56 -0300] "GET /wp-content/themes/consultio/assets/js/match-height-min.js?ver=1.0.0 HTTP/1.1" 200 3557 "https://jomarlogistica.com.br/" "Mozilla/5.0 AppleWebKit/537.36 (KHTML, like Gecko; compatible; Googlebot/2.1; +http://www.google.com/bot.html) Chrome/139.0.7258.127 Safari/537.36"
jomarlogistica.com.br:80 66.249.66.37 - - [27/Sep/2025:02:28:57 -0300] "GET /wp-content/themes/consultio/assets/js/bootstrap.min.js?ver=4.0.0 HTTP/1.1" 200 14187 "https://jomarlogistica.com.br/" "Mozilla/5.0 AppleWebKit/537.36 (KHTML, like Gecko; compatible; Googlebot/2.1; +http://www.google.com/bot.html) Chrome/139.0.7258.127 Safari/537.36"
jomarlogistica.com.br:80 66.249.66.37 - - [27/Sep/2025:02:28:58 -0300] "GET /wp-content/plugins/booked/includes/add-ons/frontend-agents/js/functions.js?ver=2.3.5 HTTP/1.1" 200 1592 "https://jomarlogistica.com.br/" "Mozilla/5.0 AppleWebKit/537.36 (KHTML, like Gecko; compatible; Googlebot/2.1; +http://www.google.com/bot.html) Chrome/139.0.7258.127 Safari/537.36"
jomarlogistica.com.br:80 66.249.66.37 - - [27/Sep/2025:02:28:58 -0300] "GET /wp-content/themes/consultio/assets/js/progressbar.min.js?ver=1.0.0 HTTP/1.1" 200 1327 "https://jomarlogistica.com.br/" "Mozilla/5.0 AppleWebKit/537.36 (KHTML, like Gecko; compatible; Googlebot/2.1; +http://www.google.com/bot.html) Chrome/139.0.7258.127 Safari/537.36"
jomarlogistica.com.br:80 198.244.168.48 - - [27/Sep/2025:02:32:02 -0300] "GET /2023/10/03/cds-full-form-age-limit-eligibility-criteria-for-cds-exam/feed/ HTTP/1.1" 200 1001 "-" "Mozilla/5.0 (compatible; AhrefsBot/7.0; +http://ahrefs.com/robot/)"
jomarlogistica.com.br:80 66.249.66.39 - - [27/Sep/2025:02:34:24 -0300] "GET /wp-content/uploads/2021/12/5.jpg HTTP/1.1" 200 4416 "-" "Googlebot-Image/1.0"
jomarlogistica.com.br:80 172.20.1.117 - - [27/Sep/2025:02:35:39 -0300] "POST /wp-cron.php?doing_wp_cron=1758951339.1961090564727783203125 HTTP/1.1" 200 389 "https://jomarlogistica.com.br/wp-cron.php?doing_wp_cron=1758951339.1961090564727783203125" "WordPress/5.8.10; https://jomarlogistica.com.br"
jomarlogistica.com.br:80 216.244.66.226 - - [27/Sep/2025:02:35:38 -0300] "GET /2023/06/17/how-you-can-protect-yourself-from-cyber-criminals/ HTTP/1.1" 200 79545 "-" "Mozilla/5.0 (compatible; DotBot/1.2; +https://opensiteexplorer.org/dotbot; help@moz.com)"
jomarlogistica.com.br:80 127.0.0.1 - - [27/Sep/2025:02:35:44 -0300] "OPTIONS * HTTP/1.0" 200 110 "-" "Apache/2.4.65 (Ubuntu) (internal dummy connection)"
jomarlogistica.com.br:80 198.244.226.130 - - [27/Sep/2025:02:36:55 -0300] "GET /2023/09/04/job-tips-how-to-find-a-brand-new-job/ HTTP/1.1" 200 17404 "-" "Mozilla/5.0 (compatible; AhrefsBot/7.0; +http://ahrefs.com/robot/)"
jomarlogistica.com.br:80 216.244.66.226 - - [27/Sep/2025:02:37:06 -0300] "GET /2023/01/14/get-a-bride-via-the-internet/ HTTP/1.1" 200 79121 "-" "Mozilla/5.0 (compatible; DotBot/1.2; +https://opensiteexplorer.org/dotbot; help@moz.com)"
jomarlogistica.com.br:80 172.20.1.117 - - [27/Sep/2025:02:38:54 -0300] "POST /wp-cron.php?doing_wp_cron=1758951534.0230650901794433593750 HTTP/1.1" 200 389 "https://jomarlogistica.com.br/wp-cron.php?doing_wp_cron=1758951534.0230650901794433593750" "WordPress/5.8.10; https://jomarlogistica.com.br"
jomarlogistica.com.br:80 216.244.66.226 - - [27/Sep/2025:02:38:53 -0300] "GET /2023/06/17/leading-antivirus-meant-for-android/ HTTP/1.1" 200 79453 "-" "Mozilla/5.0 (compatible; DotBot/1.2; +https://opensiteexplorer.org/dotbot; help@moz.com)"
jomarlogistica.com.br:80 127.0.0.1 - - [27/Sep/2025:02:38:59 -0300] "OPTIONS * HTTP/1.0" 200 110 "-" "Apache/2.4.65 (Ubuntu) (internal dummy connection)"
jomarlogistica.com.br:80 172.20.1.117 - - [27/Sep/2025:02:42:05 -0300] "POST /wp-cron.php?doing_wp_cron=1758951725.7585630416870117187500 HTTP/1.1" 200 389 "https://jomarlogistica.com.br/wp-cron.php?doing_wp_cron=1758951725.7585630416870117187500" "WordPress/5.8.10; https://jomarlogistica.com.br"
jomarlogistica.com.br:80 51.195.244.120 - - [27/Sep/2025:02:42:05 -0300] "GET /2023/06/10/11-best-hookup-sites-in-2023-prime-websites-for-hook-ups/ HTTP/1.1" 200 17306 "-" "Mozilla/5.0 (compatible; AhrefsBot/7.0; +http://ahrefs.com/robot/)"
jomarlogistica.com.br:80 127.0.0.1 - - [27/Sep/2025:02:42:11 -0300] "OPTIONS * HTTP/1.0" 200 110 "-" "Apache/2.4.65 (Ubuntu) (internal dummy connection)"
jomarlogistica.com.br:80 172.20.1.117 - - [27/Sep/2025:02:44:44 -0300] "POST /wp-cron.php?doing_wp_cron=1758951884.1599690914154052734375 HTTP/1.1" 200 389 "https://jomarlogistica.com.br/wp-cron.php?doing_wp_cron=1758951884.1599690914154052734375" "WordPress/5.8.10; https://jomarlogistica.com.br"
jomarlogistica.com.br:80 114.119.159.76 - - [27/Sep/2025:02:44:43 -0300] "GET /2023/05/04/english-chats-free-asian-on-line-chat-rooms-with-out-registration-asia-chat/ HTTP/1.1" 200 18645 "https://jomarlogistica.com.br/2023/05/page/9/" "Mozilla/5.0 (Linux; Android 7.0;) AppleWebKit/537.36 (KHTML, like Gecko) Mobile Safari/537.36 (compatible; PetalBot;+https://webmaster.petalsearch.com/site/petalbot)"
jomarlogistica.com.br:80 127.0.0.1 - - [27/Sep/2025:02:44:50 -0300] "OPTIONS * HTTP/1.0" 200 110 "-" "Apache/2.4.65 (Ubuntu) (internal dummy connection)"
jomarlogistica.com.br:80 114.119.136.72 - - [27/Sep/2025:02:46:01 -0300] "GET /2022/page/6/ HTTP/1.1" 200 18624 "https://jomarlogistica.com.br/2022/page/5/" "Mozilla/5.0 (Linux; Android 7.0;) AppleWebKit/537.36 (KHTML, like Gecko) Mobile Safari/537.36 (compatible; PetalBot;+https://webmaster.petalsearch.com/site/petalbot)"
jomarlogistica.com.br:80 52.22.87.224 - - [27/Sep/2025:02:46:36 -0300] "GET /2022/09/29/advanced-legal-studies-institute-expert-legal-training-education/ HTTP/1.1" 200 14269 "-" "Mozilla/5.0 AppleWebKit/537.36 (KHTML, like Gecko; compatible; Amazonbot/0.1; +https://developer.amazon.com/support/amazonbot) Chrome/119.0.6045.214 Safari/537.36"
jomarlogistica.com.br:80 177.212.248.250 - - [27/Sep/2025:02:47:06 -0300] "POST /autodiscover/autodiscover.xml HTTP/1.1" 404 448 "-" "AppleExchangeWebServices/833 accountsd/113"
jomarlogistica.com.br:80 172.20.1.117 - - [27/Sep/2025:02:47:38 -0300] "POST /wp-cron.php?doing_wp_cron=1758952058.3107240200042724609375 HTTP/1.1" 200 389 "https://jomarlogistica.com.br/wp-cron.php?doing_wp_cron=1758952058.3107240200042724609375" "WordPress/5.8.10; https://jomarlogistica.com.br"
jomarlogistica.com.br:80 198.244.226.1 - - [27/Sep/2025:02:47:37 -0300] "GET /2023/09/04/how-to-find-the-best-free-vpn/ HTTP/1.1" 200 17230 "-" "Mozilla/5.0 (compatible; AhrefsBot/7.0; +http://ahrefs.com/robot/)"
jomarlogistica.com.br:80 127.0.0.1 - - [27/Sep/2025:02:47:44 -0300] "OPTIONS * HTTP/1.0" 200 110 "-" "Apache/2.4.65 (Ubuntu) (internal dummy connection)"
jomarlogistica.com.br:80 216.244.66.226 - - [27/Sep/2025:02:48:42 -0300] "GET /robots.txt HTTP/1.1" 200 565 "-" "Mozilla/5.0 (compatible; DotBot/1.2; +https://opensiteexplorer.org/dotbot; help@moz.com)"
jomarlogistica.com.br:80 114.119.134.192 - - [27/Sep/2025:02:50:07 -0300] "GET /2023/06/10/what-you-should-expect-in-a-mother-board-room-provider/ HTTP/1.1" 200 17369 "https://jomarlogistica.com.br/2023/06/page/3/" "Mozilla/5.0 (Linux; Android 7.0;) AppleWebKit/537.36 (KHTML, like Gecko) Mobile Safari/537.36 (compatible; PetalBot;+https://webmaster.petalsearch.com/site/petalbot)"
jomarlogistica.com.br:80 114.119.159.76 - - [27/Sep/2025:02:51:31 -0300] "GET /2023/04/19/passionate-ideas-for-her/ HTTP/1.1" 200 19083 "https://jomarlogistica.com.br/2023/04/20/internet-dating-foreigners-can-be-exciting-and-romantic-but-it-may-also-be-difficult/" "Mozilla/5.0 (Linux; Android 7.0;) AppleWebKit/537.36 (KHTML, like Gecko) Mobile Safari/537.36 (compatible; PetalBot;+https://webmaster.petalsearch.com/site/petalbot)"
jomarlogistica.com.br:80 213.180.203.231 - - [27/Sep/2025:02:51:44 -0300] "GET /robots.txt HTTP/1.1" 200 565 "-" "Mozilla/5.0 (compatible; YandexBot/3.0; +http://yandex.com/bots)"
jomarlogistica.com.br:80 87.250.224.74 - - [27/Sep/2025:02:51:45 -0300] "GET /2023/09/09/evaluating-a-data-place-service/ HTTP/1.1" 200 17407 "-" "Mozilla/5.0 (compatible; YandexBot/3.0; +http://yandex.com/bots)"
jomarlogistica.com.br:80 172.20.1.117 - - [27/Sep/2025:02:52:31 -0300] "POST /wp-cron.php?doing_wp_cron=1758952351.5063929557800292968750 HTTP/1.1" 200 389 "https://jomarlogistica.com.br/wp-cron.php?doing_wp_cron=1758952351.5063929557800292968750" "WordPress/5.8.10; https://jomarlogistica.com.br"
jomarlogistica.com.br:80 198.244.226.1 - - [27/Sep/2025:02:52:31 -0300] "GET /2023/09/04/what-is-digital-promoting/ HTTP/1.1" 200 17336 "-" "Mozilla/5.0 (compatible; AhrefsBot/7.0; +http://ahrefs.com/robot/)"
jomarlogistica.com.br:80 127.0.0.1 - - [27/Sep/2025:02:52:37 -0300] "OPTIONS * HTTP/1.0" 200 110 "-" "Apache/2.4.65 (Ubuntu) (internal dummy connection)"
jomarlogistica.com.br:80 114.119.138.130 - - [27/Sep/2025:02:52:57 -0300] "GET /2023/03/page/2/ HTTP/1.1" 200 18552 "https://jomarlogistica.com.br/2023/03/page/3/" "Mozilla/5.0 (Linux; Android 7.0;) AppleWebKit/537.36 (KHTML, like Gecko) Mobile Safari/537.36 (compatible; PetalBot;+https://webmaster.petalsearch.com/site/petalbot)"
jomarlogistica.com.br:80 61.185.73.2 - - [27/Sep/2025:02:53:01 -0300] "GET / HTTP/1.1" 200 23930 "http://jomarlogistica.com.br" "Mozilla/5.0 (Windows NT 10.0; Win64; x64) AppleWebKit/537.36 (KHTML, like Gecko) Chrome/122.0.0.0 Safari/537.36 Edg/122.0.0.0"
jomarlogistica.com.br:80 61.185.73.2 - - [27/Sep/2025:02:53:15 -0300] "GET /favicon.ico HTTP/1.1" 302 547 "-" "Mozilla/5.0 (Windows NT 10.0; Win64; x64) AppleWebKit/537.36 (KHTML, like Gecko) Chrome/122.0.0.0 Safari/537.36 Edg/122.0.0.0"
jomarlogistica.com.br:80 61.185.73.2 - - [27/Sep/2025:02:53:21 -0300] "GET /wp-content/uploads/2021/12/icone.jpg HTTP/1.1" 200 2901 "https://jomarlogistica.com.br/favicon.ico" "Mozilla/5.0 (Windows NT 10.0; Win64; x64) AppleWebKit/537.36 (KHTML, like Gecko) Chrome/122.0.0.0 Safari/537.36 Edg/122.0.0.0"
jomarlogistica.com.br:80 114.119.159.76 - - [27/Sep/2025:02:54:18 -0300] "GET /2023/01/page/3/ HTTP/1.1" 200 17872 "https://jomarlogistica.com.br/2023/01/page/2/" "Mozilla/5.0 (Linux; Android 7.0;) AppleWebKit/537.36 (KHTML, like Gecko) Mobile Safari/537.36 (compatible; PetalBot;+https://webmaster.petalsearch.com/site/petalbot)"
jomarlogistica.com.br:80 114.119.134.192 - - [27/Sep/2025:02:55:41 -0300] "GET /2023/01/22/understanding-the-difference-agreement-vs-annex-in-legal-documents/ HTTP/1.1" 200 14036 "https://jomarlogistica.com.br/2023/01/23/trusted-amicus-law-solicitors-in-yeovil-expert-legal-services/" "Mozilla/5.0 (Linux; Android 7.0;) AppleWebKit/537.36 (KHTML, like Gecko) Mobile Safari/537.36 (compatible; PetalBot;+https://webmaster.petalsearch.com/site/petalbot)"
jomarlogistica.com.br:80 172.20.1.117 - - [27/Sep/2025:02:57:31 -0300] "POST /wp-cron.php?doing_wp_cron=1758952651.1737110614776611328125 HTTP/1.1" 200 389 "https://jomarlogistica.com.br/wp-cron.php?doing_wp_cron=1758952651.1737110614776611328125" "WordPress/5.8.10; https://jomarlogistica.com.br"
jomarlogistica.com.br:80 51.89.129.23 - - [27/Sep/2025:02:57:30 -0300] "GET /2023/10/02/how-virtual-data-rooms-can-facilitate-ma-transactions/ HTTP/1.1" 200 17196 "-" "Mozilla/5.0 (compatible; AhrefsBot/7.0; +http://ahrefs.com/robot/)"
jomarlogistica.com.br:80 127.0.0.1 - - [27/Sep/2025:02:57:36 -0300] "OPTIONS * HTTP/1.0" 200 110 "-" "Apache/2.4.65 (Ubuntu) (internal dummy connection)"
jomarlogistica.com.br:80 172.20.1.117 - - [27/Sep/2025:03:02:31 -0300] "POST /wp-cron.php?doing_wp_cron=1758952951.5880229473114013671875 HTTP/1.1" 200 389 "https://jomarlogistica.com.br/wp-cron.php?doing_wp_cron=1758952951.5880229473114013671875" "WordPress/5.8.10; https://jomarlogistica.com.br"
jomarlogistica.com.br:80 51.195.215.7 - - [27/Sep/2025:03:02:31 -0300] "GET /2023/10/02/the-best-android-antivirus-apps/ HTTP/1.1" 200 17254 "-" "Mozilla/5.0 (compatible; AhrefsBot/7.0; +http://ahrefs.com/robot/)"
jomarlogistica.com.br:80 127.0.0.1 - - [27/Sep/2025:03:02:37 -0300] "OPTIONS * HTTP/1.0" 200 110 "-" "Apache/2.4.65 (Ubuntu) (internal dummy connection)"
jomarlogistica.com.br:80 205.210.31.85 - - [27/Sep/2025:03:02:52 -0300] "GET / HTTP/1.1" 200 134115 "-" "Hello from Palo Alto Networks, find out more about our scans in https://docs-cortex.paloaltonetworks.com/r/1/Cortex-Xpanse/Scanning-activity"
jomarlogistica.com.br:80 172.20.1.117 - - [27/Sep/2025:03:07:48 -0300] "POST /wp-cron.php?doing_wp_cron=1758953268.4808468818664550781250 HTTP/1.1" 200 389 "https://jomarlogistica.com.br/wp-cron.php?doing_wp_cron=1758953268.4808468818664550781250" "WordPress/5.8.10; https://jomarlogistica.com.br"
jomarlogistica.com.br:80 51.195.244.107 - - [27/Sep/2025:03:07:48 -0300] "GET /2022/09/10/taking-care-of-expectations-in-relationships/ HTTP/1.1" 200 18044 "-" "Mozilla/5.0 (compatible; AhrefsBot/7.0; +http://ahrefs.com/robot/)"
jomarlogistica.com.br:80 127.0.0.1 - - [27/Sep/2025:03:07:53 -0300] "OPTIONS * HTTP/1.0" 200 110 "-" "Apache/2.4.65 (Ubuntu) (internal dummy connection)"
jomarlogistica.com.br:80 114.119.158.0 - - [27/Sep/2025:03:08:44 -0300] "GET /2023/10/ HTTP/1.1" 200 18556 "https://jomarlogistica.com.br/2023/09/04/vdr-technologies-and-their-uses/" "Mozilla/5.0 (Linux; Android 7.0;) AppleWebKit/537.36 (KHTML, like Gecko) Mobile Safari/537.36 (compatible; PetalBot;+https://webmaster.petalsearch.com/site/petalbot)"
jomarlogistica.com.br:80 114.119.136.72 - - [27/Sep/2025:03:10:12 -0300] "GET /2023/05/07/the-mail-order-birdes-to-be-of-jamestown-virginia/ HTTP/1.1" 200 19356 "https://jomarlogistica.com.br/2023/05/page/8/" "Mozilla/5.0 (Linux; Android 7.0;) AppleWebKit/537.36 (KHTML, like Gecko) Mobile Safari/537.36 (compatible; PetalBot;+https://webmaster.petalsearch.com/site/petalbot)"
jomarlogistica.com.br:80 172.20.1.117 - - [27/Sep/2025:03:12:37 -0300] "POST /wp-cron.php?doing_wp_cron=1758953557.0882151126861572265625 HTTP/1.1" 200 389 "https://jomarlogistica.com.br/wp-cron.php?doing_wp_cron=1758953557.0882151126861572265625" "WordPress/5.8.10; https://jomarlogistica.com.br"
jomarlogistica.com.br:80 198.244.226.10 - - [27/Sep/2025:03:12:36 -0300] "GET /2023/02/09/having-a-small-ceremony-wedding/ HTTP/1.1" 200 18079 "-" "Mozilla/5.0 (compatible; AhrefsBot/7.0; +http://ahrefs.com/robot/)"
jomarlogistica.com.br:80 127.0.0.1 - - [27/Sep/2025:03:12:42 -0300] "OPTIONS * HTTP/1.0" 200 110 "-" "Apache/2.4.65 (Ubuntu) (internal dummy connection)"
jomarlogistica.com.br:80 172.20.1.117 - - [27/Sep/2025:03:17:46 -0300] "POST /wp-cron.php?doing_wp_cron=1758953866.6791870594024658203125 HTTP/1.1" 200 389 "https://jomarlogistica.com.br/wp-cron.php?doing_wp_cron=1758953866.6791870594024658203125" "WordPress/5.8.10; https://jomarlogistica.com.br"
jomarlogistica.com.br:80 198.244.183.74 - - [27/Sep/2025:03:17:46 -0300] "GET /2023/09/09/the-best-mac-operating-system-antivirus-courses/ HTTP/1.1" 200 17443 "-" "Mozilla/5.0 (compatible; AhrefsBot/7.0; +http://ahrefs.com/robot/)"
jomarlogistica.com.br:80 127.0.0.1 - - [27/Sep/2025:03:17:52 -0300] "OPTIONS * HTTP/1.0" 200 110 "-" "Apache/2.4.65 (Ubuntu) (internal dummy connection)"
jomarlogistica.com.br:80 43.155.140.157 - - [27/Sep/2025:03:19:47 -0300] "GET / HTTP/1.1" 200 23930 "http://jomarlogistica.com.br" "Mozilla/5.0 (iPhone; CPU iPhone OS 13_2_3 like Mac OS X) AppleWebKit/605.1.15 (KHTML, like Gecko) Version/13.0.3 Mobile/15E148 Safari/604.1"
jomarlogistica.com.br:80 216.244.66.226 - - [27/Sep/2025:03:20:25 -0300] "GET /2023/04/14/ukrainian-wedding-practices/ HTTP/1.1" 200 81037 "-" "Mozilla/5.0 (compatible; DotBot/1.2; +https://opensiteexplorer.org/dotbot; help@moz.com)"
jomarlogistica.com.br:80 85.208.96.211 - - [27/Sep/2025:03:20:42 -0300] "GET /robots.txt HTTP/1.1" 200 584 "-" "Mozilla/5.0 (compatible; SemrushBot/7~bl; +http://www.semrush.com/bot.html)"
jomarlogistica.com.br:80 185.191.171.9 - - [27/Sep/2025:03:20:43 -0300] "GET /2023/08/07/greatest-vpn-just-for-playerunknowns-battlegrounds-global-pc/ HTTP/1.1" 200 17399 "-" "Mozilla/5.0 (compatible; SemrushBot/7~bl; +http://www.semrush.com/bot.html)"
jomarlogistica.com.br:80 172.20.1.117 - - [27/Sep/2025:03:22:51 -0300] "POST /wp-cron.php?doing_wp_cron=1758954171.2237360477447509765625 HTTP/1.1" 200 389 "https://jomarlogistica.com.br/wp-cron.php?doing_wp_cron=1758954171.2237360477447509765625" "WordPress/5.8.10; https://jomarlogistica.com.br"
jomarlogistica.com.br:80 54.38.147.133 - - [27/Sep/2025:03:22:50 -0300] "GET /2022/11/05/feeling-ugly-about-appreciate-online-counselors-can-help/ HTTP/1.1" 200 17504 "-" "Mozilla/5.0 (compatible; AhrefsBot/7.0; +http://ahrefs.com/robot/)"
jomarlogistica.com.br:80 127.0.0.1 - - [27/Sep/2025:03:22:56 -0300] "OPTIONS * HTTP/1.0" 200 110 "-" "Apache/2.4.65 (Ubuntu) (internal dummy connection)"
jomarlogistica.com.br:80 114.119.134.192 - - [27/Sep/2025:03:25:07 -0300] "GET /2023/11/22/burrows-finn-and-todd-law-of-contract-in-new-zealand/ HTTP/1.1" 200 13850 "https://jomarlogistica.com.br/2023/11/23/advocates-account-rules-1988-sarawak-guidelines-for-legal-professionals/" "Mozilla/5.0 (Linux; Android 7.0;) AppleWebKit/537.36 (KHTML, like Gecko) Mobile Safari/537.36 (compatible; PetalBot;+https://webmaster.petalsearch.com/site/petalbot)"
jomarlogistica.com.br:80 114.119.138.130 - - [27/Sep/2025:03:26:34 -0300] "GET /2023/06/11/organising-data-supervision/ HTTP/1.1" 200 17446 "https://jomarlogistica.com.br/2023/06/10/11-best-hookup-sites-in-2023-prime-websites-for-hook-ups/" "Mozilla/5.0 (Linux; Android 7.0;) AppleWebKit/537.36 (KHTML, like Gecko) Mobile Safari/537.36 (compatible; PetalBot;+https://webmaster.petalsearch.com/site/petalbot)"
jomarlogistica.com.br:80 172.20.1.117 - - [27/Sep/2025:03:27:43 -0300] "POST /wp-cron.php?doing_wp_cron=1758954463.4778399467468261718750 HTTP/1.1" 200 389 "https://jomarlogistica.com.br/wp-cron.php?doing_wp_cron=1758954463.4778399467468261718750" "WordPress/5.8.10; https://jomarlogistica.com.br"
jomarlogistica.com.br:80 216.244.66.226 - - [27/Sep/2025:03:27:43 -0300] "GET /2023/09/02/virtual-data-rooms-why-you-need-one/ HTTP/1.1" 200 79240 "-" "Mozilla/5.0 (compatible; DotBot/1.2; +https://opensiteexplorer.org/dotbot; help@moz.com)"
jomarlogistica.com.br:80 127.0.0.1 - - [27/Sep/2025:03:27:48 -0300] "OPTIONS * HTTP/1.0" 200 110 "-" "Apache/2.4.65 (Ubuntu) (internal dummy connection)"
jomarlogistica.com.br:80 114.119.136.72 - - [27/Sep/2025:03:28:00 -0300] "GET /2023/05/10/greatest-antivirus-review-how-you-can-find-the-best-ant-virus-software-pertaining-to-mac/ HTTP/1.1" 200 17397 "https://jomarlogistica.com.br/2023/05/page/7/" "Mozilla/5.0 (Linux; Android 7.0;) AppleWebKit/537.36 (KHTML, like Gecko) Mobile Safari/537.36 (compatible; PetalBot;+https://webmaster.petalsearch.com/site/petalbot)"
jomarlogistica.com.br:80 51.195.183.57 - - [27/Sep/2025:03:28:53 -0300] "GET /2023/07/09/edinburgh-legal-theory-group-exploring-legal-philosophies/ HTTP/1.1" 200 13730 "-" "Mozilla/5.0 (compatible; AhrefsBot/7.0; +http://ahrefs.com/robot/)"
jomarlogistica.com.br:80 114.119.138.130 - - [27/Sep/2025:03:29:19 -0300] "GET /2022/12/05/mixte-relationships-stars/ HTTP/1.1" 200 17419 "https://jomarlogistica.com.br/author/jomar/page/47/" "Mozilla/5.0 (Linux; Android 7.0;) AppleWebKit/537.36 (KHTML, like Gecko) Mobile Safari/537.36 (compatible; PetalBot;+https://webmaster.petalsearch.com/site/petalbot)"
jomarlogistica.com.br:80 51.195.183.11 - - [27/Sep/2025:03:30:03 -0300] "GET /?a7b529c=7785563 HTTP/1.1" 200 287 "-" "Mozilla/5.0 (compatible; AhrefsBot/7.0; +http://ahrefs.com/robot/)"
jomarlogistica.com.br:80 114.119.158.0 - - [27/Sep/2025:03:30:42 -0300] "GET /2022/09/10/pretty-ways-to-ask-someone-to-become-your-girlfriend/ HTTP/1.1" 200 17975 "https://jomarlogistica.com.br/author/jomar/page/56/" "Mozilla/5.0 (Linux; Android 7.0;) AppleWebKit/537.36 (KHTML, like Gecko) Mobile Safari/537.36 (compatible; PetalBot;+https://webmaster.petalsearch.com/site/petalbot)"
jomarlogistica.com.br:80 216.244.66.226 - - [27/Sep/2025:03:30:49 -0300] "GET /2023/07/11/dataroom-software-review-brainloop/ HTTP/1.1" 200 78647 "-" "Mozilla/5.0 (compatible; DotBot/1.2; +https://opensiteexplorer.org/dotbot; help@moz.com)"
jomarlogistica.com.br:80 172.20.1.117 - - [27/Sep/2025:03:35:17 -0300] "POST /wp-cron.php?doing_wp_cron=1758954917.2494020462036132812500 HTTP/1.1" 200 389 "https://jomarlogistica.com.br/wp-cron.php?doing_wp_cron=1758954917.2494020462036132812500" "WordPress/5.8.10; https://jomarlogistica.com.br"
jomarlogistica.com.br:80 51.195.244.135 - - [27/Sep/2025:03:35:16 -0300] "GET /2023/07/01/are-wire-balustrades-legal-legal-requirements-regulations-explained/feed/ HTTP/1.1" 200 1002 "-" "Mozilla/5.0 (compatible; AhrefsBot/7.0; +http://ahrefs.com/robot/)"
jomarlogistica.com.br:80 127.0.0.1 - - [27/Sep/2025:03:35:22 -0300] "OPTIONS * HTTP/1.0" 200 110 "-" "Apache/2.4.65 (Ubuntu) (internal dummy connection)"
jomarlogistica.com.br:80 172.20.1.117 - - [27/Sep/2025:03:41:08 -0300] "POST /wp-cron.php?doing_wp_cron=1758955268.1588840484619140625000 HTTP/1.1" 200 389 "https://jomarlogistica.com.br/wp-cron.php?doing_wp_cron=1758955268.1588840484619140625000" "WordPress/5.8.10; https://jomarlogistica.com.br"
jomarlogistica.com.br:80 51.89.129.150 - - [27/Sep/2025:03:41:07 -0300] "GET /2023/04/20/carry-out-latina-girls-like-white-colored-guys/ HTTP/1.1" 200 19083 "-" "Mozilla/5.0 (compatible; AhrefsBot/7.0; +http://ahrefs.com/robot/)"
jomarlogistica.com.br:80 127.0.0.1 - - [27/Sep/2025:03:41:13 -0300] "OPTIONS * HTTP/1.0" 200 110 "-" "Apache/2.4.65 (Ubuntu) (internal dummy connection)"
jomarlogistica.com.br:80 114.119.138.207 - - [27/Sep/2025:03:41:43 -0300] "GET /category/jomar/page/21/ HTTP/1.1" 200 19015 "https://jomarlogistica.com.br/category/jomar/page/22/" "Mozilla/5.0 (Linux; Android 7.0;) AppleWebKit/537.36 (KHTML, like Gecko) Mobile Safari/537.36 (compatible; PetalBot;+https://webmaster.petalsearch.com/site/petalbot)"
jomarlogistica.com.br:80 172.20.1.117 - - [27/Sep/2025:03:42:53 -0300] "POST /wp-cron.php?doing_wp_cron=1758955373.3842210769653320312500 HTTP/1.1" 200 389 "https://jomarlogistica.com.br/wp-cron.php?doing_wp_cron=1758955373.3842210769653320312500" "WordPress/5.8.10; https://jomarlogistica.com.br"
jomarlogistica.com.br:80 216.244.66.226 - - [27/Sep/2025:03:42:53 -0300] "GET /robots.txt HTTP/1.1" 200 565 "-" "Mozilla/5.0 (compatible; DotBot/1.2; +https://opensiteexplorer.org/dotbot; help@moz.com)"
jomarlogistica.com.br:80 127.0.0.1 - - [27/Sep/2025:03:42:57 -0300] "OPTIONS * HTTP/1.0" 200 110 "-" "Apache/2.4.65 (Ubuntu) (internal dummy connection)"
jomarlogistica.com.br:80 114.119.138.207 - - [27/Sep/2025:03:43:08 -0300] "GET /2023/04/25/the-puma-corporation-%E8%A8%BB%E5%86%8A-ditt-%E5%9F%9F%E5%90%8D%EF%BC%8Ctwitter-%E8%B3%AC%E8%99%9F%E6%9B%B4%E5%90%8D%E7%82%BA-puma-eth/ HTTP/1.1" 200 19286 "https://jomarlogistica.com.br/2023/04/26/what-you-ought-to-know-about-eu-women-planning-to-come-to-the-us/" "Mozilla/5.0 (Linux; Android 7.0;) AppleWebKit/537.36 (KHTML, like Gecko) Mobile Safari/537.36 (compatible; PetalBot;+https://webmaster.petalsearch.com/site/petalbot)"
jomarlogistica.com.br:80 51.195.215.82 - - [27/Sep/2025:03:46:29 -0300] "GET /category/jomar/page/16/ HTTP/1.1" 200 18725 "-" "Mozilla/5.0 (compatible; AhrefsBot/7.0; +http://ahrefs.com/robot/)"
jomarlogistica.com.br:80 113.15.122.247 - - [27/Sep/2025:03:47:11 -0300] "POST /wp-comments-post.php HTTP/1.1" 403 2493 "-" "Mozilla/5.0 (Windows NT 10.0; Win64; x64) AppleWebKit/537.36 (KHTML, like Gecko) Chrome/108.0.0.0 Safari/537.36 Edg/108.0.1462.46"
jomarlogistica.com.br:80 172.20.1.117 - - [27/Sep/2025:03:49:45 -0300] "POST /wp-cron.php?doing_wp_cron=1758955785.7339999675750732421875 HTTP/1.1" 200 389 "https://jomarlogistica.com.br/wp-cron.php?doing_wp_cron=1758955785.7339999675750732421875" "WordPress/5.8.10; https://jomarlogistica.com.br"
jomarlogistica.com.br:80 66.249.66.68 - - [27/Sep/2025:03:49:45 -0300] "GET /robots.txt HTTP/1.1" 200 584 "-" "Mozilla/5.0 (compatible; Googlebot/2.1; +http://www.google.com/bot.html)"
jomarlogistica.com.br:80 66.249.66.37 - - [27/Sep/2025:03:49:46 -0300] "GET /favicon.ico HTTP/1.1" 302 547 "-" "Googlebot-Image/1.0"
jomarlogistica.com.br:80 66.249.66.5 - - [27/Sep/2025:03:49:47 -0300] "GET /wp-content/uploads/2021/12/icone.jpg HTTP/1.1" 200 2901 "-" "Googlebot-Image/1.0"
jomarlogistica.com.br:80 127.0.0.1 - - [27/Sep/2025:03:49:52 -0300] "OPTIONS * HTTP/1.0" 200 110 "-" "Apache/2.4.65 (Ubuntu) (internal dummy connection)"
jomarlogistica.com.br:80 198.244.183.72 - - [27/Sep/2025:03:51:16 -0300] "GET /2023/05/23/the-role-of-any-virtual-data-room/ HTTP/1.1" 200 17273 "-" "Mozilla/5.0 (compatible; AhrefsBot/7.0; +http://ahrefs.com/robot/)"
jomarlogistica.com.br:80 172.20.1.117 - - [27/Sep/2025:03:56:06 -0300] "POST /wp-cron.php?doing_wp_cron=1758956166.5848278999328613281250 HTTP/1.1" 200 389 "https://jomarlogistica.com.br/wp-cron.php?doing_wp_cron=1758956166.5848278999328613281250" "WordPress/5.8.10; https://jomarlogistica.com.br"
jomarlogistica.com.br:80 54.38.147.33 - - [27/Sep/2025:03:56:06 -0300] "GET /2023/09/09/the-way-to-select-the-best-vdr-providers/ HTTP/1.1" 200 17345 "-" "Mozilla/5.0 (compatible; AhrefsBot/7.0; +http://ahrefs.com/robot/)"
jomarlogistica.com.br:80 127.0.0.1 - - [27/Sep/2025:03:56:12 -0300] "OPTIONS * HTTP/1.0" 200 110 "-" "Apache/2.4.65 (Ubuntu) (internal dummy connection)"
jomarlogistica.com.br:80 172.20.1.117 - - [27/Sep/2025:03:58:41 -0300] "POST /wp-cron.php?doing_wp_cron=1758956321.4438469409942626953125 HTTP/1.1" 200 389 "https://jomarlogistica.com.br/wp-cron.php?doing_wp_cron=1758956321.4438469409942626953125" "WordPress/5.8.10; https://jomarlogistica.com.br"
jomarlogistica.com.br:80 114.119.128.158 - - [27/Sep/2025:03:58:41 -0300] "GET /author/jomar/page/8/ HTTP/1.1" 200 18600 "https://jomarlogistica.com.br/author/jomar/page/8/" "Mozilla/5.0 (Linux; Android 7.0;) AppleWebKit/537.36 (KHTML, like Gecko) Mobile Safari/537.36 (compatible; PetalBot;+https://webmaster.petalsearch.com/site/petalbot)"
jomarlogistica.com.br:80 127.0.0.1 - - [27/Sep/2025:03:58:46 -0300] "OPTIONS * HTTP/1.0" 200 110 "-" "Apache/2.4.65 (Ubuntu) (internal dummy connection)"
jomarlogistica.com.br:80 66.249.66.38 - - [27/Sep/2025:03:58:59 -0300] "GET /wp-content/uploads/2021/12/4.jpg HTTP/1.1" 304 280 "-" "Googlebot-Image/1.0"
jomarlogistica.com.br:80 51.195.215.129 - - [27/Sep/2025:04:00:43 -0300] "GET /2023/09/09/avast-secureline-vpn-review/ HTTP/1.1" 200 17281 "-" "Mozilla/5.0 (compatible; AhrefsBot/7.0; +http://ahrefs.com/robot/)"
jomarlogistica.com.br:80 216.244.66.226 - - [27/Sep/2025:04:02:09 -0300] "GET /2023/08/ HTTP/1.1" 200 93694 "-" "Mozilla/5.0 (compatible; DotBot/1.2; +https://opensiteexplorer.org/dotbot; help@moz.com)"
jomarlogistica.com.br:80 172.20.1.117 - - [27/Sep/2025:04:05:32 -0300] "POST /wp-cron.php?doing_wp_cron=1758956732.9450700283050537109375 HTTP/1.1" 200 389 "https://jomarlogistica.com.br/wp-cron.php?doing_wp_cron=1758956732.9450700283050537109375" "WordPress/5.8.10; https://jomarlogistica.com.br"
jomarlogistica.com.br:80 51.89.129.213 - - [27/Sep/2025:04:05:32 -0300] "GET /2023/09/09/potential-benefits-to-using-a-organization-data-bedroom/ HTTP/1.1" 200 17387 "-" "Mozilla/5.0 (compatible; AhrefsBot/7.0; +http://ahrefs.com/robot/)"
jomarlogistica.com.br:80 127.0.0.1 - - [27/Sep/2025:04:05:39 -0300] "OPTIONS * HTTP/1.0" 200 110 "-" "Apache/2.4.65 (Ubuntu) (internal dummy connection)"
jomarlogistica.com.br:80 172.20.1.117 - - [27/Sep/2025:04:09:47 -0300] "POST /wp-cron.php?doing_wp_cron=1758956987.4891090393066406250000 HTTP/1.1" 200 389 "https://jomarlogistica.com.br/wp-cron.php?doing_wp_cron=1758956987.4891090393066406250000" "WordPress/5.8.10; https://jomarlogistica.com.br"
jomarlogistica.com.br:80 51.89.129.220 - - [27/Sep/2025:04:09:47 -0300] "GET /2023/06/02/guia-sobre-la-caducidad-de-hipotecas-legales-en-peru/ HTTP/1.1" 200 14636 "-" "Mozilla/5.0 (compatible; AhrefsBot/7.0; +http://ahrefs.com/robot/)"
jomarlogistica.com.br:80 127.0.0.1 - - [27/Sep/2025:04:09:52 -0300] "OPTIONS * HTTP/1.0" 200 110 "-" "Apache/2.4.65 (Ubuntu) (internal dummy connection)"
jomarlogistica.com.br:80 172.20.1.117 - - [27/Sep/2025:04:14:28 -0300] "POST /wp-cron.php?doing_wp_cron=1758957268.2860460281372070312500 HTTP/1.1" 200 389 "https://jomarlogistica.com.br/wp-cron.php?doing_wp_cron=1758957268.2860460281372070312500" "WordPress/5.8.10; https://jomarlogistica.com.br"
jomarlogistica.com.br:80 198.244.168.41 - - [27/Sep/2025:04:14:27 -0300] "GET /2023/09/04/innovating-with-impressive-technologies-with-regards-to-audit/ HTTP/1.1" 200 17484 "-" "Mozilla/5.0 (compatible; AhrefsBot/7.0; +http://ahrefs.com/robot/)"
jomarlogistica.com.br:80 127.0.0.1 - - [27/Sep/2025:04:14:33 -0300] "OPTIONS * HTTP/1.0" 200 110 "-" "Apache/2.4.65 (Ubuntu) (internal dummy connection)"
jomarlogistica.com.br:80 172.20.1.117 - - [27/Sep/2025:04:19:06 -0300] "POST /wp-cron.php?doing_wp_cron=1758957546.8781189918518066406250 HTTP/1.1" 200 389 "https://jomarlogistica.com.br/wp-cron.php?doing_wp_cron=1758957546.8781189918518066406250" "WordPress/5.8.10; https://jomarlogistica.com.br"
jomarlogistica.com.br:80 198.244.168.25 - - [27/Sep/2025:04:19:06 -0300] "GET /2023/page/14/ HTTP/1.1" 200 18621 "-" "Mozilla/5.0 (compatible; AhrefsBot/7.0; +http://ahrefs.com/robot/)"
jomarlogistica.com.br:80 127.0.0.1 - - [27/Sep/2025:04:19:12 -0300] "OPTIONS * HTTP/1.0" 200 110 "-" "Apache/2.4.65 (Ubuntu) (internal dummy connection)"
jomarlogistica.com.br:80 114.119.159.76 - - [27/Sep/2025:04:21:50 -0300] "GET /?pg=contato HTTP/1.1" 200 23941 "https://jomarlogistica.com.br/?pg=contato" "Mozilla/5.0 (Linux; Android 7.0;) AppleWebKit/537.36 (KHTML, like Gecko) Mobile Safari/537.36 (compatible; PetalBot;+https://webmaster.petalsearch.com/site/petalbot)"
jomarlogistica.com.br:80 172.20.1.117 - - [27/Sep/2025:04:22:15 -0300] "POST /wp-cron.php?doing_wp_cron=1758957735.7561099529266357421875 HTTP/1.1" 200 389 "https://jomarlogistica.com.br/wp-cron.php?doing_wp_cron=1758957735.7561099529266357421875" "WordPress/5.8.10; https://jomarlogistica.com.br"
jomarlogistica.com.br:80 216.244.66.226 - - [27/Sep/2025:04:22:15 -0300] "GET /2023/08/26/how-to-choose-the-best-data-room-software/ HTTP/1.1" 200 79569 "-" "Mozilla/5.0 (compatible; DotBot/1.2; +https://opensiteexplorer.org/dotbot; help@moz.com)"
jomarlogistica.com.br:80 127.0.0.1 - - [27/Sep/2025:04:22:21 -0300] "OPTIONS * HTTP/1.0" 200 110 "-" "Apache/2.4.65 (Ubuntu) (internal dummy connection)"
jomarlogistica.com.br:80 91.205.161.101 - - [27/Sep/2025:04:23:27 -0300] "GET /wp-login.php HTTP/1.1" 200 8426 "http://jomarlogistica.com.br" "Mozilla/5.0 (Windows NT 6.1; Win64; x64; rv:94.0) Gecko/20100101 Firefox/94.0"
jomarlogistica.com.br:80 91.205.161.101 - - [27/Sep/2025:04:23:27 -0300] "GET /wp-login.php HTTP/1.1" 200 8426 "http://jomarlogistica.com.br" "Mozilla/5.0 (Windows NT 6.1; Win64; x64; rv:94.0) Gecko/20100101 Firefox/94.0"
jomarlogistica.com.br:80 91.205.161.101 - - [27/Sep/2025:04:23:29 -0300] "POST /wp-login.php HTTP/1.1" 200 8798 "https://jomarlogistica.com.br/wp-login.php" "Mozilla/5.0 (Windows NT 6.1; Win64; x64; rv:94.0) Gecko/20100101 Firefox/94.0"
jomarlogistica.com.br:80 91.205.161.101 - - [27/Sep/2025:04:23:29 -0300] "POST /wp-login.php HTTP/1.1" 200 8800 "https://jomarlogistica.com.br/wp-login.php" "Mozilla/5.0 (Windows NT 6.1; Win64; x64; rv:94.0) Gecko/20100101 Firefox/94.0"
jomarlogistica.com.br:80 91.205.161.101 - - [27/Sep/2025:04:23:30 -0300] "GET /wp-admin/profile.php HTTP/1.1" 302 474 "https://jomarlogistica.com.br/wp-login.php" "Mozilla/5.0 (Windows NT 6.1; Win64; x64; rv:94.0) Gecko/20100101 Firefox/94.0"
jomarlogistica.com.br:80 91.205.161.101 - - [27/Sep/2025:04:23:31 -0300] "GET /wp-admin/profile.php HTTP/1.1" 302 474 "https://jomarlogistica.com.br/wp-login.php" "Mozilla/5.0 (Windows NT 6.1; Win64; x64; rv:94.0) Gecko/20100101 Firefox/94.0"
jomarlogistica.com.br:80 91.205.161.101 - - [27/Sep/2025:04:23:31 -0300] "GET /wp-login.php?redirect_to=https%3A%2F%2Fjomarlogistica.com.br%2Fwp-admin%2Fprofile.php&reauth=1 HTTP/1.1" 200 10438 "https://jomarlogistica.com.br/wp-login.php" "Mozilla/5.0 (Windows NT 6.1; Win64; x64; rv:94.0) Gecko/20100101 Firefox/94.0"
jomarlogistica.com.br:80 91.205.161.101 - - [27/Sep/2025:04:23:31 -0300] "GET /wp-login.php?redirect_to=https%3A%2F%2Fjomarlogistica.com.br%2Fwp-admin%2Fprofile.php&reauth=1 HTTP/1.1" 200 10438 "https://jomarlogistica.com.br/wp-login.php" "Mozilla/5.0 (Windows NT 6.1; Win64; x64; rv:94.0) Gecko/20100101 Firefox/94.0"
jomarlogistica.com.br:80 127.0.0.1 - - [27/Sep/2025:04:23:34 -0300] "OPTIONS * HTTP/1.0" 200 110 "-" "Apache/2.4.65 (Ubuntu) (internal dummy connection)"
jomarlogistica.com.br:80 127.0.0.1 - - [27/Sep/2025:04:23:35 -0300] "OPTIONS * HTTP/1.0" 200 110 "-" "Apache/2.4.65 (Ubuntu) (internal dummy connection)"
jomarlogistica.com.br:80 127.0.0.1 - - [27/Sep/2025:04:23:36 -0300] "OPTIONS * HTTP/1.0" 200 110 "-" "Apache/2.4.65 (Ubuntu) (internal dummy connection)"
jomarlogistica.com.br:80 127.0.0.1 - - [27/Sep/2025:04:23:37 -0300] "OPTIONS * HTTP/1.0" 200 110 "-" "Apache/2.4.65 (Ubuntu) (internal dummy connection)"
jomarlogistica.com.br:80 198.244.168.240 - - [27/Sep/2025:04:23:54 -0300] "GET /2022/12/19/how-to-show-a-woman-that-you-appreciate-her/ HTTP/1.1" 200 17858 "-" "Mozilla/5.0 (compatible; AhrefsBot/7.0; +http://ahrefs.com/robot/)"
jomarlogistica.com.br:80 216.244.66.226 - - [27/Sep/2025:04:23:57 -0300] "GET /2022/11/19/how-to-find-millionaire-on-line/ HTTP/1.1" 200 79610 "-" "Mozilla/5.0 (compatible; DotBot/1.2; +https://opensiteexplorer.org/dotbot; help@moz.com)"
jomarlogistica.com.br:80 172.20.1.117 - - [27/Sep/2025:04:28:59 -0300] "POST /wp-cron.php?doing_wp_cron=1758958139.6278250217437744140625 HTTP/1.1" 200 389 "https://jomarlogistica.com.br/wp-cron.php?doing_wp_cron=1758958139.6278250217437744140625" "WordPress/5.8.10; https://jomarlogistica.com.br"
jomarlogistica.com.br:80 198.244.242.97 - - [27/Sep/2025:04:28:59 -0300] "GET /2023/page/30/ HTTP/1.1" 200 18900 "-" "Mozilla/5.0 (compatible; AhrefsBot/7.0; +http://ahrefs.com/robot/)"
jomarlogistica.com.br:80 127.0.0.1 - - [27/Sep/2025:04:29:05 -0300] "OPTIONS * HTTP/1.0" 200 110 "-" "Apache/2.4.65 (Ubuntu) (internal dummy connection)"
jomarlogistica.com.br:80 172.20.1.117 - - [27/Sep/2025:04:33:54 -0300] "POST /wp-cron.php?doing_wp_cron=1758958434.8318390846252441406250 HTTP/1.1" 200 389 "https://jomarlogistica.com.br/wp-cron.php?doing_wp_cron=1758958434.8318390846252441406250" "WordPress/5.8.10; https://jomarlogistica.com.br"
jomarlogistica.com.br:80 198.244.183.54 - - [27/Sep/2025:04:33:54 -0300] "GET /2023/07/01/become-a-member-of-elsa-qmul-the-worlds-largest-college-student-association-with-regards-to-european-laws-students/ HTTP/1.1" 200 17587 "-" "Mozilla/5.0 (compatible; AhrefsBot/7.0; +http://ahrefs.com/robot/)"
jomarlogistica.com.br:80 127.0.0.1 - - [27/Sep/2025:04:34:00 -0300] "OPTIONS * HTTP/1.0" 200 110 "-" "Apache/2.4.65 (Ubuntu) (internal dummy connection)"
jomarlogistica.com.br:80 172.20.1.117 - - [27/Sep/2025:04:37:12 -0300] "POST /wp-cron.php?doing_wp_cron=1758958632.9777510166168212890625 HTTP/1.1" 200 389 "https://jomarlogistica.com.br/wp-cron.php?doing_wp_cron=1758958632.9777510166168212890625" "WordPress/5.8.10; https://jomarlogistica.com.br"
jomarlogistica.com.br:80 216.244.66.226 - - [27/Sep/2025:04:37:12 -0300] "GET /robots.txt HTTP/1.1" 200 565 "-" "Mozilla/5.0 (compatible; DotBot/1.2; +https://opensiteexplorer.org/dotbot; help@moz.com)"
jomarlogistica.com.br:80 127.0.0.1 - - [27/Sep/2025:04:37:18 -0300] "OPTIONS * HTTP/1.0" 200 110 "-" "Apache/2.4.65 (Ubuntu) (internal dummy connection)"
jomarlogistica.com.br:80 51.195.215.153 - - [27/Sep/2025:04:38:45 -0300] "GET /2023/09/04/vdr-technologies-and-their-uses/ HTTP/1.1" 200 17275 "-" "Mozilla/5.0 (compatible; AhrefsBot/7.0; +http://ahrefs.com/robot/)"
jomarlogistica.com.br:80 184.73.195.18 - - [27/Sep/2025:04:41:15 -0300] "GET /2022/06/02/understanding-independent-contractor-case-laws-what-you-need-to-know/ HTTP/1.1" 200 14886 "-" "Mozilla/5.0 AppleWebKit/537.36 (KHTML, like Gecko; compatible; Amazonbot/0.1; +https://developer.amazon.com/support/amazonbot) Chrome/119.0.6045.214 Safari/537.36"
jomarlogistica.com.br:80 172.20.1.117 - - [27/Sep/2025:04:43:35 -0300] "POST /wp-cron.php?doing_wp_cron=1758959015.5039629936218261718750 HTTP/1.1" 200 389 "https://jomarlogistica.com.br/wp-cron.php?doing_wp_cron=1758959015.5039629936218261718750" "WordPress/5.8.10; https://jomarlogistica.com.br"
jomarlogistica.com.br:80 51.195.244.156 - - [27/Sep/2025:04:43:35 -0300] "GET /2023/07/04/on-the-net-antivirus-check-android-cell/ HTTP/1.1" 200 17356 "-" "Mozilla/5.0 (compatible; AhrefsBot/7.0; +http://ahrefs.com/robot/)"
jomarlogistica.com.br:80 127.0.0.1 - - [27/Sep/2025:04:43:41 -0300] "OPTIONS * HTTP/1.0" 200 110 "-" "Apache/2.4.65 (Ubuntu) (internal dummy connection)"
jomarlogistica.com.br:80 185.191.171.8 - - [27/Sep/2025:04:45:16 -0300] "GET /robots.txt HTTP/1.1" 200 584 "-" "Mozilla/5.0 (compatible; SemrushBot/7~bl; +http://www.semrush.com/bot.html)"
jomarlogistica.com.br:80 85.208.96.203 - - [27/Sep/2025:04:45:18 -0300] "GET /2023/03/page/3/ HTTP/1.1" 200 16765 "-" "Mozilla/5.0 (compatible; SemrushBot/7~bl; +http://www.semrush.com/bot.html)"
jomarlogistica.com.br:80 114.119.136.72 - - [27/Sep/2025:04:46:13 -0300] "GET /2023/09/ HTTP/1.1" 200 18390 "https://jomarlogistica.com.br/2023/05/28/singles-meeting-place/" "Mozilla/5.0 (Linux; Android 7.0;) AppleWebKit/537.36 (KHTML, like Gecko) Mobile Safari/537.36 (compatible; PetalBot;+https://webmaster.petalsearch.com/site/petalbot)"
jomarlogistica.com.br:80 172.20.1.117 - - [27/Sep/2025:04:48:04 -0300] "POST /wp-cron.php?doing_wp_cron=1758959284.5127880573272705078125 HTTP/1.1" 200 389 "https://jomarlogistica.com.br/wp-cron.php?doing_wp_cron=1758959284.5127880573272705078125" "WordPress/5.8.10; https://jomarlogistica.com.br"
jomarlogistica.com.br:80 198.244.226.69 - - [27/Sep/2025:04:48:04 -0300] "GET /2023/09/25/what-is-web-attack/ HTTP/1.1" 200 17309 "-" "Mozilla/5.0 (compatible; AhrefsBot/7.0; +http://ahrefs.com/robot/)"
jomarlogistica.com.br:80 127.0.0.1 - - [27/Sep/2025:04:48:09 -0300] "OPTIONS * HTTP/1.0" 200 110 "-" "Apache/2.4.65 (Ubuntu) (internal dummy connection)"
jomarlogistica.com.br:80 93.41.115.134 - - [27/Sep/2025:04:49:10 -0300] "GET /wp-json/wp/v2/users HTTP/1.1" 200 1095 "https://www.google.com" "Mozilla/5.0 (X11; Linux x86_64) AppleWebKit/537.36 (KHTML, like Gecko) Chrome/119.0.0.0 Safari/537.36"
jomarlogistica.com.br:80 93.41.115.134 - - [27/Sep/2025:04:49:13 -0300] "GET /wp-json/wp/v2/users HTTP/1.1" 200 1095 "https://www.google.com" "Mozilla/5.0 (X11; Linux x86_64) AppleWebKit/537.36 (KHTML, like Gecko) Chrome/119.0.0.0 Safari/537.36"
jomarlogistica.com.br:80 93.41.115.134 - - [27/Sep/2025:04:49:15 -0300] "GET /?author=1 HTTP/1.1" 301 462 "https://www.google.com" "Mozilla/5.0 (X11; Linux x86_64) AppleWebKit/537.36 (KHTML, like Gecko) Chrome/119.0.0.0 Safari/537.36"
jomarlogistica.com.br:80 93.41.115.134 - - [27/Sep/2025:04:49:19 -0300] "GET /wp-admin/plugins.php HTTP/1.1" 302 532 "https://www.google.com" "Mozilla/5.0 (X11; Linux x86_64) AppleWebKit/537.36 (KHTML, like Gecko) Chrome/119.0.0.0 Safari/537.36"
jomarlogistica.com.br:80 93.41.115.134 - - [27/Sep/2025:04:49:21 -0300] "GET /wp-login.php?redirect_to=https%3A%2F%2Fjomarlogistica.com.br%2Fwp-admin%2Fplugins.php&reauth=1 HTTP/1.1" 200 5021 "https://www.google.com" "Mozilla/5.0 (X11; Linux x86_64) AppleWebKit/537.36 (KHTML, like Gecko) Chrome/119.0.0.0 Safari/537.36"
jomarlogistica.com.br:80 46.12.194.125 - - [27/Sep/2025:04:49:24 -0300] "POST /wp-admin/plugins.php HTTP/1.1" 302 474 "http://jomarlogistica.com.br/wp-admin/plugins.php" "Mozilla/5.0 (X11; Linux x86_64) AppleWebKit/537.36 (KHTML, like Gecko) Chrome/119.0.0.0 Safari/537.36"
jomarlogistica.com.br:80 46.12.194.125 - - [27/Sep/2025:04:49:26 -0300] "GET /wp-login.php?redirect_to=https%3A%2F%2Fjomarlogistica.com.br%2Fwp-admin%2Fplugins.php&reauth=1 HTTP/1.1" 200 5002 "http://jomarlogistica.com.br/wp-admin/plugins.php" "Mozilla/5.0 (X11; Linux x86_64) AppleWebKit/537.36 (KHTML, like Gecko) Chrome/119.0.0.0 Safari/537.36"
jomarlogistica.com.br:80 178.147.45.152 - - [27/Sep/2025:04:49:31 -0300] "POST /wp-admin/plugins.php HTTP/1.1" 302 474 "http://jomarlogistica.com.br/wp-admin/plugins.php" "Mozilla/5.0 (X11; Linux x86_64) AppleWebKit/537.36 (KHTML, like Gecko) Chrome/119.0.0.0 Safari/537.36"
jomarlogistica.com.br:80 172.213.21.145 - - [27/Sep/2025:04:50:06 -0300] "GET / HTTP/1.1" 200 23930 "-" "Mozilla/5.0 AppleWebKit/537.36 (KHTML, like Gecko); compatible; ChatGPT-User/1.0; +https://openai.com/bot"
