File: /var/www/vhosts/jomarlogistica.com.br/statistics/logs/access.log.14
jomarlogistica.com.br:80 172.20.1.117 - - [27/Sep/2025:00:24:28 -0300] "POST /wp-cron.php?doing_wp_cron=1758943468.2332060337066650390625 HTTP/1.1" 200 389 "https://jomarlogistica.com.br/wp-cron.php?doing_wp_cron=1758943468.2332060337066650390625" "WordPress/5.8.10; https://jomarlogistica.com.br"
jomarlogistica.com.br:80 54.38.147.253 - - [27/Sep/2025:00:24:24 -0300] "GET /2022/10/15/a-ecu-girl-looking-for-american-man/ HTTP/1.1" 200 18234 "-" "Mozilla/5.0 (compatible; AhrefsBot/7.0; +http://ahrefs.com/robot/)"
jomarlogistica.com.br:80 127.0.0.1 - - [27/Sep/2025:00:24:33 -0300] "OPTIONS * HTTP/1.0" 200 110 "-" "Apache/2.4.65 (Ubuntu) (internal dummy connection)"
jomarlogistica.com.br:80 216.244.66.226 - - [27/Sep/2025:00:26:33 -0300] "GET /2024/01/17/new-number-agreement-in-france-summer-legal-requirements/ HTTP/1.1" 200 62126 "-" "Mozilla/5.0 (compatible; DotBot/1.2; +https://opensiteexplorer.org/dotbot; help@moz.com)"
jomarlogistica.com.br:80 172.20.1.117 - - [27/Sep/2025:00:34:40 -0300] "POST /wp-cron.php?doing_wp_cron=1758944080.1484661102294921875000 HTTP/1.1" 200 389 "https://jomarlogistica.com.br/wp-cron.php?doing_wp_cron=1758944080.1484661102294921875000" "WordPress/5.8.10; https://jomarlogistica.com.br"
jomarlogistica.com.br:80 54.38.147.46 - - [27/Sep/2025:00:34:39 -0300] "GET /2023/04/06/amazing-interracial-couples/ HTTP/1.1" 200 17524 "-" "Mozilla/5.0 (compatible; AhrefsBot/7.0; +http://ahrefs.com/robot/)"
jomarlogistica.com.br:80 127.0.0.1 - - [27/Sep/2025:00:34:46 -0300] "OPTIONS * HTTP/1.0" 200 110 "-" "Apache/2.4.65 (Ubuntu) (internal dummy connection)"
jomarlogistica.com.br:80 172.20.1.117 - - [27/Sep/2025:00:38:11 -0300] "POST /wp-cron.php?doing_wp_cron=1758944291.8257400989532470703125 HTTP/1.1" 200 389 "https://jomarlogistica.com.br/wp-cron.php?doing_wp_cron=1758944291.8257400989532470703125" "WordPress/5.8.10; https://jomarlogistica.com.br"
jomarlogistica.com.br:80 216.244.66.226 - - [27/Sep/2025:00:38:07 -0300] "GET /2023/10/02/how-to-enable-and-disable-avast-game-mode/ HTTP/1.1" 200 79405 "-" "Mozilla/5.0 (compatible; DotBot/1.2; +https://opensiteexplorer.org/dotbot; help@moz.com)"
jomarlogistica.com.br:80 127.0.0.1 - - [27/Sep/2025:00:38:17 -0300] "OPTIONS * HTTP/1.0" 200 110 "-" "Apache/2.4.65 (Ubuntu) (internal dummy connection)"
jomarlogistica.com.br:80 114.119.128.158 - - [27/Sep/2025:00:40:30 -0300] "GET /2022/09/06/a-few-qualities-which-will-make-an-oriental-woman-a-very-good-wife/ HTTP/1.1" 200 18031 "https://jomarlogistica.com.br/author/jomar/page/56/" "Mozilla/5.0 (Linux; Android 7.0;) AppleWebKit/537.36 (KHTML, like Gecko) Mobile Safari/537.36 (compatible; PetalBot;+https://webmaster.petalsearch.com/site/petalbot)"
jomarlogistica.com.br:80 172.20.1.117 - - [27/Sep/2025:00:45:45 -0300] "POST /wp-cron.php?doing_wp_cron=1758944745.8183898925781250000000 HTTP/1.1" 200 389 "https://jomarlogistica.com.br/wp-cron.php?doing_wp_cron=1758944745.8183898925781250000000" "WordPress/5.8.10; https://jomarlogistica.com.br"
jomarlogistica.com.br:80 51.195.215.199 - - [27/Sep/2025:00:45:45 -0300] "GET /2023/09/25/how-to-choose-a-secure-data-repository/ HTTP/1.1" 200 17251 "-" "Mozilla/5.0 (compatible; AhrefsBot/7.0; +http://ahrefs.com/robot/)"
jomarlogistica.com.br:80 127.0.0.1 - - [27/Sep/2025:00:45:51 -0300] "OPTIONS * HTTP/1.0" 200 110 "-" "Apache/2.4.65 (Ubuntu) (internal dummy connection)"
jomarlogistica.com.br:80 172.20.1.117 - - [27/Sep/2025:00:52:07 -0300] "POST /wp-cron.php?doing_wp_cron=1758945127.8929109573364257812500 HTTP/1.1" 200 389 "https://jomarlogistica.com.br/wp-cron.php?doing_wp_cron=1758945127.8929109573364257812500" "WordPress/5.8.10; https://jomarlogistica.com.br"
jomarlogistica.com.br:80 20.171.207.106 - - [27/Sep/2025:00:52:07 -0300] "GET /wp-sitemap.xml HTTP/1.1" 200 643 "-" "Mozilla/5.0 AppleWebKit/537.36 (KHTML, like Gecko; compatible; GPTBot/1.2; +https://openai.com/gptbot)"
jomarlogistica.com.br:80 127.0.0.1 - - [27/Sep/2025:00:52:12 -0300] "OPTIONS * HTTP/1.0" 200 110 "-" "Apache/2.4.65 (Ubuntu) (internal dummy connection)"
jomarlogistica.com.br:80 172.20.1.117 - - [27/Sep/2025:00:56:06 -0300] "POST /wp-cron.php?doing_wp_cron=1758945366.6382811069488525390625 HTTP/1.1" 200 389 "https://jomarlogistica.com.br/wp-cron.php?doing_wp_cron=1758945366.6382811069488525390625" "WordPress/5.8.10; https://jomarlogistica.com.br"
jomarlogistica.com.br:80 198.244.240.37 - - [27/Sep/2025:00:56:06 -0300] "GET /2023/05/02/where-to-buy-the-bride-online/ HTTP/1.1" 200 18180 "-" "Mozilla/5.0 (compatible; AhrefsBot/7.0; +http://ahrefs.com/robot/)"
jomarlogistica.com.br:80 127.0.0.1 - - [27/Sep/2025:00:56:12 -0300] "OPTIONS * HTTP/1.0" 200 110 "-" "Apache/2.4.65 (Ubuntu) (internal dummy connection)"
jomarlogistica.com.br:80 172.20.1.117 - - [27/Sep/2025:01:01:20 -0300] "POST /wp-cron.php?doing_wp_cron=1758945680.0368289947509765625000 HTTP/1.1" 200 389 "https://jomarlogistica.com.br/wp-cron.php?doing_wp_cron=1758945680.0368289947509765625000" "WordPress/5.8.10; https://jomarlogistica.com.br"
jomarlogistica.com.br:80 216.244.66.226 - - [27/Sep/2025:01:01:19 -0300] "GET /robots.txt HTTP/1.1" 200 565 "-" "Mozilla/5.0 (compatible; DotBot/1.2; +https://opensiteexplorer.org/dotbot; help@moz.com)"
jomarlogistica.com.br:80 127.0.0.1 - - [27/Sep/2025:01:01:24 -0300] "OPTIONS * HTTP/1.0" 200 110 "-" "Apache/2.4.65 (Ubuntu) (internal dummy connection)"
jomarlogistica.com.br:80 172.20.1.117 - - [27/Sep/2025:01:04:48 -0300] "POST /wp-cron.php?doing_wp_cron=1758945888.8815391063690185546875 HTTP/1.1" 200 389 "https://jomarlogistica.com.br/wp-cron.php?doing_wp_cron=1758945888.8815391063690185546875" "WordPress/5.8.10; https://jomarlogistica.com.br"
jomarlogistica.com.br:80 114.119.135.84 - - [27/Sep/2025:01:04:48 -0300] "GET /2023/page/23/ HTTP/1.1" 200 18766 "https://jomarlogistica.com.br/2023/page/24/" "Mozilla/5.0 (Linux; Android 7.0;) AppleWebKit/537.36 (KHTML, like Gecko) Mobile Safari/537.36 (compatible; PetalBot;+https://webmaster.petalsearch.com/site/petalbot)"
jomarlogistica.com.br:80 127.0.0.1 - - [27/Sep/2025:01:04:54 -0300] "OPTIONS * HTTP/1.0" 200 110 "-" "Apache/2.4.65 (Ubuntu) (internal dummy connection)"
jomarlogistica.com.br:80 172.20.1.117 - - [27/Sep/2025:01:06:09 -0300] "POST /wp-cron.php?doing_wp_cron=1758945969.3711650371551513671875 HTTP/1.1" 200 389 "https://jomarlogistica.com.br/wp-cron.php?doing_wp_cron=1758945969.3711650371551513671875" "WordPress/5.8.10; https://jomarlogistica.com.br"
jomarlogistica.com.br:80 198.244.240.133 - - [27/Sep/2025:01:06:09 -0300] "GET /2023/10/10/authorised-guarantee-agreement-lease-assignment-legal-guidance/feed/ HTTP/1.1" 200 1000 "-" "Mozilla/5.0 (compatible; AhrefsBot/7.0; +http://ahrefs.com/robot/)"
jomarlogistica.com.br:80 127.0.0.1 - - [27/Sep/2025:01:06:14 -0300] "OPTIONS * HTTP/1.0" 200 110 "-" "Apache/2.4.65 (Ubuntu) (internal dummy connection)"
jomarlogistica.com.br:80 194.38.27.212 - - [27/Sep/2025:01:06:22 -0300] "GET / HTTP/1.1" 200 23930 "-" "Mozilla/5.0 (Windows NT 10.0; WOW64) AppleWebKit/537.36 (KHTML, like Gecko) Chrome/78.0.3495.119 Safari/537.36"
jomarlogistica.com.br:80 194.38.27.212 - - [27/Sep/2025:01:06:23 -0300] "POST /wp-login.php HTTP/1.1" 403 2493 "-" "Mozilla/5.0 (Windows NT 10.0; WOW64) AppleWebKit/537.36 (KHTML, like Gecko) Chrome/78.0.3495.119 Safari/537.36"
jomarlogistica.com.br:80 194.38.27.212 - - [27/Sep/2025:01:06:24 -0300] "POST /xmlrpc.php HTTP/1.1" 403 2493 "-" "Mozilla/5.0 (Windows NT 10.0; WOW64) AppleWebKit/537.36 (KHTML, like Gecko) Chrome/78.0.3495.119 Safari/537.36"
jomarlogistica.com.br:80 82.23.235.221 - - [27/Sep/2025:01:06:27 -0300] "GET / HTTP/1.1" 200 23930 "-" "Mozilla/5.0 (Windows NT 10.0; Win64; x64) AppleWebKit/537.36 (KHTML, like Gecko) Chrome/72.0.3563.138 Safari/537.36"
jomarlogistica.com.br:80 114.119.128.158 - - [27/Sep/2025:01:06:28 -0300] "GET /2023/06/18/relationship-site-to-fulfill-singles-discover-actual-love/ HTTP/1.1" 200 17416 "https://jomarlogistica.com.br/2023/06/17/leading-antivirus-meant-for-android/" "Mozilla/5.0 (Linux; Android 7.0;) AppleWebKit/537.36 (KHTML, like Gecko) Mobile Safari/537.36 (compatible; PetalBot;+https://webmaster.petalsearch.com/site/petalbot)"
jomarlogistica.com.br:80 82.23.235.221 - - [27/Sep/2025:01:06:29 -0300] "GET / HTTP/1.1" 200 23872 "-" "Mozilla/5.0 (Windows NT 10.0; Win64; x64) AppleWebKit/537.36 (KHTML, like Gecko) Chrome/72.0.3563.138 Safari/537.36"
jomarlogistica.com.br:80 82.23.235.221 - - [27/Sep/2025:01:06:32 -0300] "GET /wp-login.php HTTP/1.1" 200 2936 "-" "Mozilla/5.0 (Windows NT 10.0; Win64; x64) AppleWebKit/537.36 (KHTML, like Gecko) Chrome/72.0.3563.138 Safari/537.36"
jomarlogistica.com.br:80 82.23.235.221 - - [27/Sep/2025:01:06:33 -0300] "POST /wp-login.php HTTP/1.1" 403 2493 "-" "Mozilla/5.0 (Windows NT 10.0; Win64; x64) AppleWebKit/537.36 (KHTML, like Gecko) Chrome/72.0.3563.138 Safari/537.36"
jomarlogistica.com.br:80 127.0.0.1 - - [27/Sep/2025:01:06:38 -0300] "OPTIONS * HTTP/1.0" 200 110 "-" "Apache/2.4.65 (Ubuntu) (internal dummy connection)"
jomarlogistica.com.br:80 172.20.1.117 - - [27/Sep/2025:01:15:56 -0300] "POST /wp-cron.php?doing_wp_cron=1758946556.7822790145874023437500 HTTP/1.1" 200 389 "https://jomarlogistica.com.br/wp-cron.php?doing_wp_cron=1758946556.7822790145874023437500" "WordPress/5.8.10; https://jomarlogistica.com.br"
jomarlogistica.com.br:80 51.195.215.18 - - [27/Sep/2025:01:15:56 -0300] "GET /2023/09/09/legal-solutions-designed-for-small-businesses/ HTTP/1.1" 200 17385 "-" "Mozilla/5.0 (compatible; AhrefsBot/7.0; +http://ahrefs.com/robot/)"
jomarlogistica.com.br:80 127.0.0.1 - - [27/Sep/2025:01:16:02 -0300] "OPTIONS * HTTP/1.0" 200 110 "-" "Apache/2.4.65 (Ubuntu) (internal dummy connection)"
jomarlogistica.com.br:80 172.20.1.117 - - [27/Sep/2025:01:25:49 -0300] "POST /wp-cron.php?doing_wp_cron=1758947149.7757079601287841796875 HTTP/1.1" 200 389 "https://jomarlogistica.com.br/wp-cron.php?doing_wp_cron=1758947149.7757079601287841796875" "WordPress/5.8.10; https://jomarlogistica.com.br"
jomarlogistica.com.br:80 51.195.183.201 - - [27/Sep/2025:01:25:49 -0300] "GET /2023/page/31/ HTTP/1.1" 200 21277 "-" "Mozilla/5.0 (compatible; AhrefsBot/7.0; +http://ahrefs.com/robot/)"
jomarlogistica.com.br:80 127.0.0.1 - - [27/Sep/2025:01:25:55 -0300] "OPTIONS * HTTP/1.0" 200 110 "-" "Apache/2.4.65 (Ubuntu) (internal dummy connection)"
jomarlogistica.com.br:80 172.20.1.117 - - [27/Sep/2025:01:33:27 -0300] "POST /wp-cron.php?doing_wp_cron=1758947607.2012140750885009765625 HTTP/1.1" 200 389 "https://jomarlogistica.com.br/wp-cron.php?doing_wp_cron=1758947607.2012140750885009765625" "WordPress/5.8.10; https://jomarlogistica.com.br"
jomarlogistica.com.br:80 114.119.135.84 - - [27/Sep/2025:01:33:26 -0300] "GET /2023/03/02/fun-first-particular-date-ideas-to-present-youre-imaginative-and-playful/ HTTP/1.1" 200 17455 "https://jomarlogistica.com.br/2023/page/36/" "Mozilla/5.0 (Linux; Android 7.0;) AppleWebKit/537.36 (KHTML, like Gecko) Mobile Safari/537.36 (compatible; PetalBot;+https://webmaster.petalsearch.com/site/petalbot)"
jomarlogistica.com.br:80 127.0.0.1 - - [27/Sep/2025:01:33:32 -0300] "OPTIONS * HTTP/1.0" 200 110 "-" "Apache/2.4.65 (Ubuntu) (internal dummy connection)"
jomarlogistica.com.br:80 166.88.83.251 - - [27/Sep/2025:01:33:57 -0300] "GET / HTTP/1.1" 200 23930 "-" "Opera/9.80 (Windows NT 10.0; WOW64); U) Presto/2.10.289 Version/12.02"
jomarlogistica.com.br:80 166.88.83.251 - - [27/Sep/2025:01:33:59 -0300] "POST /wp-login.php HTTP/1.1" 403 2493 "-" "Opera/9.80 (Windows NT 10.0; WOW64); U) Presto/2.10.289 Version/12.02"
jomarlogistica.com.br:80 166.88.83.251 - - [27/Sep/2025:01:34:00 -0300] "POST /xmlrpc.php HTTP/1.1" 403 2493 "-" "Opera/9.80 (Windows NT 10.0; WOW64); U) Presto/2.10.289 Version/12.02"
jomarlogistica.com.br:80 114.119.136.72 - - [27/Sep/2025:01:35:11 -0300] "GET /2022/12/31/how-to-locate-the-best-all-mail-order-star-of-the-event-service/ HTTP/1.1" 200 17185 "https://jomarlogistica.com.br/2022/" "Mozilla/5.0 (Linux; Android 7.0;) AppleWebKit/537.36 (KHTML, like Gecko) Mobile Safari/537.36 (compatible; PetalBot;+https://webmaster.petalsearch.com/site/petalbot)"
jomarlogistica.com.br:80 114.119.138.207 - - [27/Sep/2025:01:36:28 -0300] "GET /2022/10/15/how-to-find-a-katalog-frauen/ HTTP/1.1" 200 17838 "https://jomarlogistica.com.br/author/jomar/page/54/" "Mozilla/5.0 (Linux; Android 7.0;) AppleWebKit/537.36 (KHTML, like Gecko) Mobile Safari/537.36 (compatible; PetalBot;+https://webmaster.petalsearch.com/site/petalbot)"
jomarlogistica.com.br:80 172.20.1.117 - - [27/Sep/2025:01:37:18 -0300] "POST /wp-cron.php?doing_wp_cron=1758947838.8041629791259765625000 HTTP/1.1" 200 389 "https://jomarlogistica.com.br/wp-cron.php?doing_wp_cron=1758947838.8041629791259765625000" "WordPress/5.8.10; https://jomarlogistica.com.br"
jomarlogistica.com.br:80 216.244.66.226 - - [27/Sep/2025:01:37:18 -0300] "GET /2023/05/27/how-to-keep-data-secure/ HTTP/1.1" 200 79157 "-" "Mozilla/5.0 (compatible; DotBot/1.2; +https://opensiteexplorer.org/dotbot; help@moz.com)"
jomarlogistica.com.br:80 127.0.0.1 - - [27/Sep/2025:01:37:24 -0300] "OPTIONS * HTTP/1.0" 200 110 "-" "Apache/2.4.65 (Ubuntu) (internal dummy connection)"
jomarlogistica.com.br:80 51.195.183.222 - - [27/Sep/2025:01:38:53 -0300] "GET /category/jomar/page/15/ HTTP/1.1" 200 18832 "-" "Mozilla/5.0 (compatible; AhrefsBot/7.0; +http://ahrefs.com/robot/)"
jomarlogistica.com.br:80 216.244.66.226 - - [27/Sep/2025:01:40:31 -0300] "GET /2023/05/30/sts-kod-promocji-sts-kupon-na-obecnie-darmowy-voucher-sts/ HTTP/1.1" 200 84562 "-" "Mozilla/5.0 (compatible; DotBot/1.2; +https://opensiteexplorer.org/dotbot; help@moz.com)"
jomarlogistica.com.br:80 216.244.66.226 - - [27/Sep/2025:01:42:09 -0300] "GET /2023/09/25/top-vpn-services-reviews/ HTTP/1.1" 200 79265 "-" "Mozilla/5.0 (compatible; DotBot/1.2; +https://opensiteexplorer.org/dotbot; help@moz.com)"
jomarlogistica.com.br:80 172.20.1.117 - - [27/Sep/2025:01:43:49 -0300] "POST /wp-cron.php?doing_wp_cron=1758948229.7043321132659912109375 HTTP/1.1" 200 389 "https://jomarlogistica.com.br/wp-cron.php?doing_wp_cron=1758948229.7043321132659912109375" "WordPress/5.8.10; https://jomarlogistica.com.br"
jomarlogistica.com.br:80 216.244.66.226 - - [27/Sep/2025:01:43:49 -0300] "GET /2023/05/01/latina-women-latin-dating-latin-singles-latina-personals-match-latin-women-for-like/ HTTP/1.1" 200 133441 "-" "Mozilla/5.0 (compatible; DotBot/1.2; +https://opensiteexplorer.org/dotbot; help@moz.com)"
jomarlogistica.com.br:80 127.0.0.1 - - [27/Sep/2025:01:43:55 -0300] "OPTIONS * HTTP/1.0" 200 110 "-" "Apache/2.4.65 (Ubuntu) (internal dummy connection)"
jomarlogistica.com.br:80 185.208.159.101 - - [27/Sep/2025:01:44:04 -0300] "GET /wp-json/wp/v2/users HTTP/1.1" 200 1095 "https://www.google.com" "Mozilla/5.0 (X11; Linux x86_64) AppleWebKit/537.36 (KHTML, like Gecko) Chrome/119.0.0.0 Safari/537.36"
jomarlogistica.com.br:80 185.208.159.101 - - [27/Sep/2025:01:44:05 -0300] "GET /?author=1 HTTP/1.1" 301 462 "https://www.google.com" "Mozilla/5.0 (X11; Linux x86_64) AppleWebKit/537.36 (KHTML, like Gecko) Chrome/119.0.0.0 Safari/537.36"
jomarlogistica.com.br:80 185.208.159.101 - - [27/Sep/2025:01:44:06 -0300] "GET /wp-login.php HTTP/1.1" 200 2994 "https://www.google.com" "Mozilla/5.0 (X11; Linux x86_64) AppleWebKit/537.36 (KHTML, like Gecko) Chrome/119.0.0.0 Safari/537.36"
jomarlogistica.com.br:80 185.208.159.101 - - [27/Sep/2025:01:44:08 -0300] "POST /wp-login.php HTTP/1.1" 200 3095 "https://jomarlogistica.com.br/wp-login.php" "Mozilla/5.0 (X11; Linux x86_64) AppleWebKit/537.36 (KHTML, like Gecko) Chrome/119.0.0.0 Safari/537.36"
jomarlogistica.com.br:80 185.208.159.101 - - [27/Sep/2025:01:44:09 -0300] "GET /wp-admin/ HTTP/1.1" 302 463 "https://jomarlogistica.com.br/wp-login.php" "Mozilla/5.0 (X11; Linux x86_64) AppleWebKit/537.36 (KHTML, like Gecko) Chrome/119.0.0.0 Safari/537.36"
jomarlogistica.com.br:80 185.208.159.101 - - [27/Sep/2025:01:44:11 -0300] "GET /wp-login.php?redirect_to=https%3A%2F%2Fjomarlogistica.com.br%2Fwp-admin%2F&reauth=1 HTTP/1.1" 200 5014 "https://jomarlogistica.com.br/wp-login.php" "Mozilla/5.0 (X11; Linux x86_64) AppleWebKit/537.36 (KHTML, like Gecko) Chrome/119.0.0.0 Safari/537.36"
jomarlogistica.com.br:80 127.0.0.1 - - [27/Sep/2025:01:44:12 -0300] "OPTIONS * HTTP/1.0" 200 110 "-" "Apache/2.4.65 (Ubuntu) (internal dummy connection)"
jomarlogistica.com.br:80 185.208.159.101 - - [27/Sep/2025:01:44:13 -0300] "POST /wp-login.php HTTP/1.1" 200 3058 "https://jomarlogistica.com.br/wp-login.php" "Mozilla/5.0 (X11; Linux x86_64) AppleWebKit/537.36 (KHTML, like Gecko) Chrome/119.0.0.0 Safari/537.36"
jomarlogistica.com.br:80 185.208.159.101 - - [27/Sep/2025:01:44:14 -0300] "GET /wp-admin/ HTTP/1.1" 302 463 "https://jomarlogistica.com.br/wp-login.php" "Mozilla/5.0 (X11; Linux x86_64) AppleWebKit/537.36 (KHTML, like Gecko) Chrome/119.0.0.0 Safari/537.36"
jomarlogistica.com.br:80 185.208.159.101 - - [27/Sep/2025:01:44:15 -0300] "GET /wp-login.php?redirect_to=https%3A%2F%2Fjomarlogistica.com.br%2Fwp-admin%2F&reauth=1 HTTP/1.1" 200 4995 "https://jomarlogistica.com.br/wp-login.php" "Mozilla/5.0 (X11; Linux x86_64) AppleWebKit/537.36 (KHTML, like Gecko) Chrome/119.0.0.0 Safari/537.36"
jomarlogistica.com.br:80 185.208.159.101 - - [27/Sep/2025:01:44:17 -0300] "POST /wp-login.php HTTP/1.1" 200 3061 "https://jomarlogistica.com.br/wp-login.php" "Mozilla/5.0 (X11; Linux x86_64) AppleWebKit/537.36 (KHTML, like Gecko) Chrome/119.0.0.0 Safari/537.36"
jomarlogistica.com.br:80 185.208.159.101 - - [27/Sep/2025:01:44:18 -0300] "GET /wp-admin/ HTTP/1.1" 302 482 "https://jomarlogistica.com.br/wp-login.php" "Mozilla/5.0 (X11; Linux x86_64) AppleWebKit/537.36 (KHTML, like Gecko) Chrome/119.0.0.0 Safari/537.36"
jomarlogistica.com.br:80 185.208.159.101 - - [27/Sep/2025:01:44:19 -0300] "GET /wp-login.php?redirect_to=https%3A%2F%2Fjomarlogistica.com.br%2Fwp-admin%2F&reauth=1 HTTP/1.1" 200 4995 "https://jomarlogistica.com.br/wp-login.php" "Mozilla/5.0 (X11; Linux x86_64) AppleWebKit/537.36 (KHTML, like Gecko) Chrome/119.0.0.0 Safari/537.36"
jomarlogistica.com.br:80 185.208.159.101 - - [27/Sep/2025:01:44:21 -0300] "POST /wp-login.php HTTP/1.1" 200 3058 "https://jomarlogistica.com.br/wp-login.php" "Mozilla/5.0 (X11; Linux x86_64) AppleWebKit/537.36 (KHTML, like Gecko) Chrome/119.0.0.0 Safari/537.36"
jomarlogistica.com.br:80 185.208.159.101 - - [27/Sep/2025:01:44:22 -0300] "GET /wp-admin/ HTTP/1.1" 302 463 "https://jomarlogistica.com.br/wp-login.php" "Mozilla/5.0 (X11; Linux x86_64) AppleWebKit/537.36 (KHTML, like Gecko) Chrome/119.0.0.0 Safari/537.36"
jomarlogistica.com.br:80 185.208.159.101 - - [27/Sep/2025:01:44:23 -0300] "GET /wp-login.php?redirect_to=https%3A%2F%2Fjomarlogistica.com.br%2Fwp-admin%2F&reauth=1 HTTP/1.1" 200 4995 "https://jomarlogistica.com.br/wp-login.php" "Mozilla/5.0 (X11; Linux x86_64) AppleWebKit/537.36 (KHTML, like Gecko) Chrome/119.0.0.0 Safari/537.36"
jomarlogistica.com.br:80 185.208.159.101 - - [27/Sep/2025:01:44:25 -0300] "GET /admin HTTP/1.1" 302 540 "https://www.google.com" "Mozilla/5.0 (X11; Linux x86_64) AppleWebKit/537.36 (KHTML, like Gecko) Chrome/119.0.0.0 Safari/537.36"
jomarlogistica.com.br:80 185.208.159.101 - - [27/Sep/2025:01:44:26 -0300] "GET /wp-admin/ HTTP/1.1" 302 463 "https://www.google.com" "Mozilla/5.0 (X11; Linux x86_64) AppleWebKit/537.36 (KHTML, like Gecko) Chrome/119.0.0.0 Safari/537.36"
jomarlogistica.com.br:80 185.208.159.101 - - [27/Sep/2025:01:44:27 -0300] "GET /wp-login.php?redirect_to=https%3A%2F%2Fjomarlogistica.com.br%2Fwp-admin%2F&reauth=1 HTTP/1.1" 200 4995 "https://www.google.com" "Mozilla/5.0 (X11; Linux x86_64) AppleWebKit/537.36 (KHTML, like Gecko) Chrome/119.0.0.0 Safari/537.36"
jomarlogistica.com.br:80 185.208.159.101 - - [27/Sep/2025:01:44:29 -0300] "GET /admin HTTP/1.1" 302 521 "https://www.google.com" "Mozilla/5.0 (X11; Linux x86_64) AppleWebKit/537.36 (KHTML, like Gecko) Chrome/119.0.0.0 Safari/537.36"
jomarlogistica.com.br:80 185.208.159.101 - - [27/Sep/2025:01:44:30 -0300] "GET /wp-admin/ HTTP/1.1" 302 463 "https://www.google.com" "Mozilla/5.0 (X11; Linux x86_64) AppleWebKit/537.36 (KHTML, like Gecko) Chrome/119.0.0.0 Safari/537.36"
jomarlogistica.com.br:80 185.208.159.101 - - [27/Sep/2025:01:44:31 -0300] "GET /wp-login.php?redirect_to=https%3A%2F%2Fjomarlogistica.com.br%2Fwp-admin%2F&reauth=1 HTTP/1.1" 200 4995 "https://www.google.com" "Mozilla/5.0 (X11; Linux x86_64) AppleWebKit/537.36 (KHTML, like Gecko) Chrome/119.0.0.0 Safari/537.36"
jomarlogistica.com.br:80 3.212.205.90 - - [27/Sep/2025:01:44:31 -0300] "GET /2023/05/21/free-stay-sex-chat-rooms-video-intercourse-chat/ HTTP/1.1" 200 17775 "-" "Mozilla/5.0 AppleWebKit/537.36 (KHTML, like Gecko; compatible; Amazonbot/0.1; +https://developer.amazon.com/support/amazonbot) Chrome/119.0.6045.214 Safari/537.36"
jomarlogistica.com.br:80 127.0.0.1 - - [27/Sep/2025:01:44:36 -0300] "OPTIONS * HTTP/1.0" 200 110 "-" "Apache/2.4.65 (Ubuntu) (internal dummy connection)"
jomarlogistica.com.br:80 172.20.1.117 - - [27/Sep/2025:01:49:19 -0300] "POST /wp-cron.php?doing_wp_cron=1758948559.2522211074829101562500 HTTP/1.1" 200 389 "https://jomarlogistica.com.br/wp-cron.php?doing_wp_cron=1758948559.2522211074829101562500" "WordPress/5.8.10; https://jomarlogistica.com.br"
jomarlogistica.com.br:80 114.119.136.72 - - [27/Sep/2025:01:49:18 -0300] "GET /author/jomar/page/53/ HTTP/1.1" 200 18832 "https://jomarlogistica.com.br/author/jomar/page/52/" "Mozilla/5.0 (Linux; Android 7.0;) AppleWebKit/537.36 (KHTML, like Gecko) Mobile Safari/537.36 (compatible; PetalBot;+https://webmaster.petalsearch.com/site/petalbot)"
jomarlogistica.com.br:80 127.0.0.1 - - [27/Sep/2025:01:49:24 -0300] "OPTIONS * HTTP/1.0" 200 110 "-" "Apache/2.4.65 (Ubuntu) (internal dummy connection)"
jomarlogistica.com.br:80 198.244.240.99 - - [27/Sep/2025:01:50:36 -0300] "GET /2023/page/13/ HTTP/1.1" 200 18573 "-" "Mozilla/5.0 (compatible; AhrefsBot/7.0; +http://ahrefs.com/robot/)"
jomarlogistica.com.br:80 114.119.134.192 - - [27/Sep/2025:01:50:43 -0300] "GET /2023/09/20/universal-life-church-marriages-in-ohio-legal-status-explained/ HTTP/1.1" 200 13676 "https://jomarlogistica.com.br/2023/09/20/universal-life-church-marriages-in-ohio-legal-status-explained/" "Mozilla/5.0 (Linux; Android 7.0;) AppleWebKit/537.36 (KHTML, like Gecko) Mobile Safari/537.36 (compatible; PetalBot;+https://webmaster.petalsearch.com/site/petalbot)"
jomarlogistica.com.br:80 114.119.135.84 - - [27/Sep/2025:01:52:05 -0300] "GET /2023/09/09/avast-secureline-vpn-review/ HTTP/1.1" 200 17281 "https://jomarlogistica.com.br/author/jomar/page/10/" "Mozilla/5.0 (Linux; Android 7.0;) AppleWebKit/537.36 (KHTML, like Gecko) Mobile Safari/537.36 (compatible; PetalBot;+https://webmaster.petalsearch.com/site/petalbot)"
jomarlogistica.com.br:80 172.20.1.117 - - [27/Sep/2025:01:53:12 -0300] "POST /wp-cron.php?doing_wp_cron=1758948792.7206480503082275390625 HTTP/1.1" 200 389 "https://jomarlogistica.com.br/wp-cron.php?doing_wp_cron=1758948792.7206480503082275390625" "WordPress/5.8.10; https://jomarlogistica.com.br"
jomarlogistica.com.br:80 85.208.96.196 - - [27/Sep/2025:01:53:12 -0300] "GET /robots.txt HTTP/1.1" 200 584 "-" "Mozilla/5.0 (compatible; SemrushBot/7~bl; +http://www.semrush.com/bot.html)"
jomarlogistica.com.br:80 85.208.96.206 - - [27/Sep/2025:01:53:13 -0300] "GET /2023/10/02/the-best-android-antivirus-apps/ HTTP/1.1" 200 17254 "-" "Mozilla/5.0 (compatible; SemrushBot/7~bl; +http://www.semrush.com/bot.html)"
jomarlogistica.com.br:80 127.0.0.1 - - [27/Sep/2025:01:53:19 -0300] "OPTIONS * HTTP/1.0" 200 110 "-" "Apache/2.4.65 (Ubuntu) (internal dummy connection)"
jomarlogistica.com.br:80 114.119.159.76 - - [27/Sep/2025:01:53:31 -0300] "GET /2023/01/14/signs-and-symptoms-a-first-day-went-well/ HTTP/1.1" 200 18597 "https://jomarlogistica.com.br/2023/01/page/2/" "Mozilla/5.0 (Linux; Android 7.0;) AppleWebKit/537.36 (KHTML, like Gecko) Mobile Safari/537.36 (compatible; PetalBot;+https://webmaster.petalsearch.com/site/petalbot)"
jomarlogistica.com.br:80 216.244.66.226 - - [27/Sep/2025:01:54:49 -0300] "GET /robots.txt HTTP/1.1" 200 565 "-" "Mozilla/5.0 (compatible; DotBot/1.2; +https://opensiteexplorer.org/dotbot; help@moz.com)"
jomarlogistica.com.br:80 66.249.66.160 - - [27/Sep/2025:01:55:35 -0300] "GET /robots.txt HTTP/1.1" 200 584 "-" "Mozilla/5.0 (compatible; Googlebot/2.1; +http://www.google.com/bot.html)"
jomarlogistica.com.br:80 66.249.66.70 - - [27/Sep/2025:01:55:36 -0300] "GET /wp-content/uploads/2020/10/women-01.png HTTP/1.1" 200 166675 "-" "Googlebot-Image/1.0"
jomarlogistica.com.br:80 51.195.244.168 - - [27/Sep/2025:01:55:43 -0300] "GET /2023/05/15/which-usually-female-competition-is-the-best-to-marry/ HTTP/1.1" 200 18289 "-" "Mozilla/5.0 (compatible; AhrefsBot/7.0; +http://ahrefs.com/robot/)"
jomarlogistica.com.br:80 172.20.1.117 - - [27/Sep/2025:02:00:48 -0300] "POST /wp-cron.php?doing_wp_cron=1758949248.5383780002593994140625 HTTP/1.1" 200 389 "https://jomarlogistica.com.br/wp-cron.php?doing_wp_cron=1758949248.5383780002593994140625" "WordPress/5.8.10; https://jomarlogistica.com.br"
jomarlogistica.com.br:80 51.195.244.70 - - [27/Sep/2025:02:00:48 -0300] "GET /category/jomar/page/44/ HTTP/1.1" 200 19005 "-" "Mozilla/5.0 (compatible; AhrefsBot/7.0; +http://ahrefs.com/robot/)"
jomarlogistica.com.br:80 127.0.0.1 - - [27/Sep/2025:02:00:54 -0300] "OPTIONS * HTTP/1.0" 200 110 "-" "Apache/2.4.65 (Ubuntu) (internal dummy connection)"
jomarlogistica.com.br:80 172.20.1.117 - - [27/Sep/2025:02:05:27 -0300] "POST /wp-cron.php?doing_wp_cron=1758949527.6148331165313720703125 HTTP/1.1" 200 389 "https://jomarlogistica.com.br/wp-cron.php?doing_wp_cron=1758949527.6148331165313720703125" "WordPress/5.8.10; https://jomarlogistica.com.br"
jomarlogistica.com.br:80 54.166.126.132 - - [27/Sep/2025:02:05:27 -0300] "GET /2023/10/02/antivirus-for-iphone-keep-your-phone-and-data-secure/ HTTP/1.1" 200 17214 "-" "Mozilla/5.0 AppleWebKit/537.36 (KHTML, like Gecko; compatible; Amazonbot/0.1; +https://developer.amazon.com/support/amazonbot) Chrome/119.0.6045.214 Safari/537.36"
jomarlogistica.com.br:80 98.82.214.73 - - [27/Sep/2025:02:05:31 -0300] "GET /2022/12/14/sense-helpless-in-relationship/ HTTP/1.1" 200 17452 "-" "Mozilla/5.0 AppleWebKit/537.36 (KHTML, like Gecko; compatible; Amazonbot/0.1; +https://developer.amazon.com/support/amazonbot) Chrome/119.0.6045.214 Safari/537.36"
jomarlogistica.com.br:80 54.84.161.62 - - [27/Sep/2025:02:05:35 -0300] "GET /2023/01/14/what-is-a-mail-order-wife/ HTTP/1.1" 200 17431 "-" "Mozilla/5.0 AppleWebKit/537.36 (KHTML, like Gecko; compatible; Amazonbot/0.1; +https://developer.amazon.com/support/amazonbot) Chrome/119.0.6045.214 Safari/537.36"
jomarlogistica.com.br:80 98.82.59.253 - - [27/Sep/2025:02:05:39 -0300] "GET /2023/08/08/datarooms-india/ HTTP/1.1" 200 17030 "-" "Mozilla/5.0 AppleWebKit/537.36 (KHTML, like Gecko; compatible; Amazonbot/0.1; +https://developer.amazon.com/support/amazonbot) Chrome/119.0.6045.214 Safari/537.36"
jomarlogistica.com.br:80 54.88.84.219 - - [27/Sep/2025:02:05:43 -0300] "GET /2023/05/19/flirting-through-flattery-and-elegance/ HTTP/1.1" 200 17625 "-" "Mozilla/5.0 AppleWebKit/537.36 (KHTML, like Gecko; compatible; Amazonbot/0.1; +https://developer.amazon.com/support/amazonbot) Chrome/119.0.6045.214 Safari/537.36"
jomarlogistica.com.br:80 127.0.0.1 - - [27/Sep/2025:02:05:44 -0300] "OPTIONS * HTTP/1.0" 200 110 "-" "Apache/2.4.65 (Ubuntu) (internal dummy connection)"
jomarlogistica.com.br:80 34.202.88.37 - - [27/Sep/2025:02:05:47 -0300] "GET /2023/07/28/choosing-love-after-divorce-at-40/ HTTP/1.1" 200 18680 "-" "Mozilla/5.0 AppleWebKit/537.36 (KHTML, like Gecko; compatible; Amazonbot/0.1; +https://developer.amazon.com/support/amazonbot) Chrome/119.0.6045.214 Safari/537.36"
jomarlogistica.com.br:80 3.231.193.38 - - [27/Sep/2025:02:05:51 -0300] "GET /2023/06/17/leading-antivirus-meant-for-android/ HTTP/1.1" 200 17387 "-" "Mozilla/5.0 AppleWebKit/537.36 (KHTML, like Gecko; compatible; Amazonbot/0.1; +https://developer.amazon.com/support/amazonbot) Chrome/119.0.6045.214 Safari/537.36"
jomarlogistica.com.br:80 34.231.77.232 - - [27/Sep/2025:02:05:55 -0300] "GET /2023/07/22/how-to-take-assembly-notes-efficiently/ HTTP/1.1" 200 17318 "-" "Mozilla/5.0 AppleWebKit/537.36 (KHTML, like Gecko; compatible; Amazonbot/0.1; +https://developer.amazon.com/support/amazonbot) Chrome/119.0.6045.214 Safari/537.36"
jomarlogistica.com.br:80 52.73.142.41 - - [27/Sep/2025:02:05:59 -0300] "GET /2023/07/04/advantage-and-risikomanagement/ HTTP/1.1" 200 17405 "-" "Mozilla/5.0 AppleWebKit/537.36 (KHTML, like Gecko; compatible; Amazonbot/0.1; +https://developer.amazon.com/support/amazonbot) Chrome/119.0.6045.214 Safari/537.36"
jomarlogistica.com.br:80 3.89.176.255 - - [27/Sep/2025:02:06:03 -0300] "GET /2023/05/20/deal-tracking-software-automate-your-sales-processes/ HTTP/1.1" 200 17319 "-" "Mozilla/5.0 AppleWebKit/537.36 (KHTML, like Gecko; compatible; Amazonbot/0.1; +https://developer.amazon.com/support/amazonbot) Chrome/119.0.6045.214 Safari/537.36"
jomarlogistica.com.br:80 3.218.103.254 - - [27/Sep/2025:02:06:07 -0300] "GET /2023/09/27/how-to-use-data-room-software-for-a-merger-plan/ HTTP/1.1" 200 17324 "-" "Mozilla/5.0 AppleWebKit/537.36 (KHTML, like Gecko; compatible; Amazonbot/0.1; +https://developer.amazon.com/support/amazonbot) Chrome/119.0.6045.214 Safari/537.36"
jomarlogistica.com.br:80 34.239.197.197 - - [27/Sep/2025:02:06:11 -0300] "GET /2023/08/13/ideal-free-vpn-for-mac/ HTTP/1.1" 200 17336 "-" "Mozilla/5.0 AppleWebKit/537.36 (KHTML, like Gecko; compatible; Amazonbot/0.1; +https://developer.amazon.com/support/amazonbot) Chrome/119.0.6045.214 Safari/537.36"
jomarlogistica.com.br:80 198.244.240.163 - - [27/Sep/2025:02:06:12 -0300] "GET /2023/07/01/are-wire-balustrades-legal-legal-requirements-regulations-explained/ HTTP/1.1" 200 14232 "-" "Mozilla/5.0 (compatible; AhrefsBot/7.0; +http://ahrefs.com/robot/)"
jomarlogistica.com.br:80 52.3.127.170 - - [27/Sep/2025:02:06:15 -0300] "GET /2023/05/10/how-to-choose-a-safeguarded-data-room-service-provider/ HTTP/1.1" 200 17313 "-" "Mozilla/5.0 AppleWebKit/537.36 (KHTML, like Gecko; compatible; Amazonbot/0.1; +https://developer.amazon.com/support/amazonbot) Chrome/119.0.6045.214 Safari/537.36"
jomarlogistica.com.br:80 34.231.181.240 - - [27/Sep/2025:02:06:19 -0300] "GET /2022/11/07/california-layoff-laws-what-employers-need-to-know/ HTTP/1.1" 200 14279 "-" "Mozilla/5.0 AppleWebKit/537.36 (KHTML, like Gecko; compatible; Amazonbot/0.1; +https://developer.amazon.com/support/amazonbot) Chrome/119.0.6045.214 Safari/537.36"
jomarlogistica.com.br:80 127.0.0.1 - - [27/Sep/2025:02:06:23 -0300] "OPTIONS * HTTP/1.0" 200 110 "-" "Apache/2.4.65 (Ubuntu) (internal dummy connection)"
jomarlogistica.com.br:80 184.73.68.20 - - [27/Sep/2025:02:06:24 -0300] "GET /2023/06/18/relationship-site-to-fulfill-singles-discover-actual-love/ HTTP/1.1" 200 17416 "-" "Mozilla/5.0 AppleWebKit/537.36 (KHTML, like Gecko; compatible; Amazonbot/0.1; +https://developer.amazon.com/support/amazonbot) Chrome/119.0.6045.214 Safari/537.36"
jomarlogistica.com.br:80 54.157.84.74 - - [27/Sep/2025:02:06:27 -0300] "GET /2022/11/21/cfo-full-form-in-forest-department-explanation-and-importance/ HTTP/1.1" 200 14774 "-" "Mozilla/5.0 AppleWebKit/537.36 (KHTML, like Gecko; compatible; Amazonbot/0.1; +https://developer.amazon.com/support/amazonbot) Chrome/119.0.6045.214 Safari/537.36"
jomarlogistica.com.br:80 18.209.201.119 - - [27/Sep/2025:02:06:31 -0300] "GET /2022/09/10/the-best-way-to-find-overseas-woman-via-the-internet/ HTTP/1.1" 200 18202 "-" "Mozilla/5.0 AppleWebKit/537.36 (KHTML, like Gecko; compatible; Amazonbot/0.1; +https://developer.amazon.com/support/amazonbot) Chrome/119.0.6045.214 Safari/537.36"
jomarlogistica.com.br:80 64.227.159.214 - - [27/Sep/2025:02:07:54 -0300] "GET /wp-admin/css/ HTTP/1.1" 403 2493 "binance.com" "Mozilla/5.0 (Windows NT 10.0; Win64; x64) AppleWebKit/537.36 (KHTML, like Gecko) Chrome/90.0.4430.85 Safari/537.36"
jomarlogistica.com.br:80 198.244.242.95 - - [27/Sep/2025:02:10:01 -0300] "GET /?a7b529c=7208264 HTTP/1.1" 200 287 "-" "Mozilla/5.0 (compatible; AhrefsBot/7.0; +http://ahrefs.com/robot/)"
jomarlogistica.com.br:80 172.20.1.117 - - [27/Sep/2025:02:11:12 -0300] "POST /wp-cron.php?doing_wp_cron=1758949872.4205899238586425781250 HTTP/1.1" 200 389 "https://jomarlogistica.com.br/wp-cron.php?doing_wp_cron=1758949872.4205899238586425781250" "WordPress/5.8.10; https://jomarlogistica.com.br"
jomarlogistica.com.br:80 51.195.183.23 - - [27/Sep/2025:02:11:12 -0300] "GET /2023/05/23/virtual-data-room-features/ HTTP/1.1" 200 17281 "-" "Mozilla/5.0 (compatible; AhrefsBot/7.0; +http://ahrefs.com/robot/)"
jomarlogistica.com.br:80 127.0.0.1 - - [27/Sep/2025:02:11:18 -0300] "OPTIONS * HTTP/1.0" 200 110 "-" "Apache/2.4.65 (Ubuntu) (internal dummy connection)"
jomarlogistica.com.br:80 172.20.1.117 - - [27/Sep/2025:02:15:58 -0300] "POST /wp-cron.php?doing_wp_cron=1758950158.5443060398101806640625 HTTP/1.1" 200 389 "https://jomarlogistica.com.br/wp-cron.php?doing_wp_cron=1758950158.5443060398101806640625" "WordPress/5.8.10; https://jomarlogistica.com.br"
jomarlogistica.com.br:80 114.119.159.76 - - [27/Sep/2025:02:15:58 -0300] "GET /author/jomar/page/9/ HTTP/1.1" 200 18769 "https://jomarlogistica.com.br/author/jomar/page/10/" "Mozilla/5.0 (Linux; Android 7.0;) AppleWebKit/537.36 (KHTML, like Gecko) Mobile Safari/537.36 (compatible; PetalBot;+https://webmaster.petalsearch.com/site/petalbot)"
jomarlogistica.com.br:80 127.0.0.1 - - [27/Sep/2025:02:16:04 -0300] "OPTIONS * HTTP/1.0" 200 110 "-" "Apache/2.4.65 (Ubuntu) (internal dummy connection)"
jomarlogistica.com.br:80 51.195.183.186 - - [27/Sep/2025:02:16:21 -0300] "GET /2022/05/page/2/ HTTP/1.1" 200 11992 "-" "Mozilla/5.0 (compatible; AhrefsBot/7.0; +http://ahrefs.com/robot/)"
jomarlogistica.com.br:80 141.98.11.188 - - [27/Sep/2025:02:16:25 -0300] "GET /wp-login.php HTTP/1.1" 200 2994 "https://duckduckgo.com/" "Mozilla/5.0 (Windows NT 10.0; Win64; x64) AppleWebKit/537.36 (KHTML, like Gecko) Chrome/121.0.0.0 Safari/537.36"
jomarlogistica.com.br:80 141.98.11.188 - - [27/Sep/2025:02:16:26 -0300] "GET /?author=1 HTTP/1.1" 301 404 "https://www.google.com/search?q=wordpress" "Mozilla/5.0 (Macintosh; Intel Mac OS X 10_15_7) AppleWebKit/605.1.15 (KHTML, like Gecko) Version/17.2 Safari/605.1.15"
jomarlogistica.com.br:80 141.98.11.188 - - [27/Sep/2025:02:16:26 -0300] "GET /author/jomar/ HTTP/1.1" 200 17123 "https://www.google.com/search?q=wordpress" "Mozilla/5.0 (Macintosh; Intel Mac OS X 10_15_7) AppleWebKit/605.1.15 (KHTML, like Gecko) Version/17.2 Safari/605.1.15"
jomarlogistica.com.br:80 141.98.11.188 - - [27/Sep/2025:02:16:28 -0300] "GET /?author=2 HTTP/1.1" 301 425 "https://duckduckgo.com/" "Mozilla/5.0 (X11; Ubuntu; Linux x86_64) AppleWebKit/537.36 (KHTML, like Gecko) Chrome/121.0.0.0 Safari/537.36"
jomarlogistica.com.br:80 141.98.11.188 - - [27/Sep/2025:02:16:28 -0300] "GET /author/wadminw/ HTTP/1.1" 200 14389 "https://duckduckgo.com/" "Mozilla/5.0 (X11; Ubuntu; Linux x86_64) AppleWebKit/537.36 (KHTML, like Gecko) Chrome/121.0.0.0 Safari/537.36"
jomarlogistica.com.br:80 141.98.11.188 - - [27/Sep/2025:02:16:30 -0300] "GET /?author=3 HTTP/1.1" 404 390 "https://t.co/" "Mozilla/5.0 (Macintosh; Intel Mac OS X 10_15_7) AppleWebKit/537.36 (KHTML, like Gecko) Chrome/119.0.0.0 Safari/537.36"
jomarlogistica.com.br:80 141.98.11.188 - - [27/Sep/2025:02:16:31 -0300] "GET /?author=4 HTTP/1.1" 404 390 "https://www.google.com/" "Mozilla/5.0 (Windows NT 11.0; Win64; x64) AppleWebKit/537.36 (KHTML, like Gecko) Chrome/121.0.0.0 Safari/537.36"
jomarlogistica.com.br:80 141.98.11.188 - - [27/Sep/2025:02:16:31 -0300] "GET /?author=5 HTTP/1.1" 404 390 "-" "Mozilla/5.0 (Macintosh; Intel Mac OS X 13_6_1) AppleWebKit/537.36 (KHTML, like Gecko) Chrome/120.0.0.0 Safari/537.36"
jomarlogistica.com.br:80 141.98.11.188 - - [27/Sep/2025:02:16:32 -0300] "GET /?author=6 HTTP/1.1" 404 409 "-" "Mozilla/5.0 (Windows NT 11.0; Win64; x64; rv:121.0) Gecko/20100101 Firefox/121.0"
jomarlogistica.com.br:80 141.98.11.188 - - [27/Sep/2025:02:16:33 -0300] "GET /?author=7 HTTP/1.1" 404 390 "https://www.google.com/search?q=wordpress" "Mozilla/5.0 (Windows NT 11.0; Win64; x64) AppleWebKit/537.36 (KHTML, like Gecko) Chrome/121.0.0.0 Safari/537.36"
jomarlogistica.com.br:80 141.98.11.188 - - [27/Sep/2025:02:16:33 -0300] "GET /?author=8 HTTP/1.1" 404 390 "https://www.google.com/search?q=wordpress" "Mozilla/5.0 (Windows NT 11.0; Win64; x64; rv:120.0) Gecko/20100101 Firefox/120.0"
jomarlogistica.com.br:80 141.98.11.188 - - [27/Sep/2025:02:16:34 -0300] "GET /?author=9 HTTP/1.1" 404 390 "-" "Mozilla/5.0 (Macintosh; Intel Mac OS X 13_6_1; rv:120.0) Gecko/20100101 Firefox/120.0"
jomarlogistica.com.br:80 141.98.11.188 - - [27/Sep/2025:02:16:34 -0300] "GET /wp-json/wp/v2/users HTTP/1.1" 200 1037 "https://www.facebook.com/" "Mozilla/5.0 (Windows NT 10.0; Win64; x64; rv:120.0) Gecko/20100101 Firefox/120.0"
jomarlogistica.com.br:80 141.98.11.188 - - [27/Sep/2025:02:16:35 -0300] "GET / HTTP/1.1" 200 22372 "-" "Mozilla/5.0 (Macintosh; Intel Mac OS X 10_15_7) AppleWebKit/537.36 (KHTML, like Gecko) Chrome/120.0.0.0 Safari/537.36"
jomarlogistica.com.br:80 141.98.11.188 - - [27/Sep/2025:02:16:37 -0300] "POST /wp-login.php HTTP/1.1" 200 3093 "https://jomarlogistica.com.br/wp-login.php" "Mozilla/5.0 (Macintosh; Intel Mac OS X 13_6_1; rv:121.0) Gecko/20100101 Firefox/121.0"
jomarlogistica.com.br:80 141.98.11.188 - - [27/Sep/2025:02:16:38 -0300] "GET /wp-admin/index.php HTTP/1.1" 302 472 "https://jomarlogistica.com.br/wp-login.php" "Mozilla/5.0 (Windows NT 11.0; Win64; x64; rv:118.0) Gecko/20100101 Firefox/118.0"
jomarlogistica.com.br:80 141.98.11.188 - - [27/Sep/2025:02:16:39 -0300] "GET /wp-login.php?redirect_to=https%3A%2F%2Fjomarlogistica.com.br%2Fwp-admin%2Findex.php&reauth=1 HTTP/1.1" 200 4999 "https://jomarlogistica.com.br/wp-login.php" "Mozilla/5.0 (Windows NT 11.0; Win64; x64; rv:118.0) Gecko/20100101 Firefox/118.0"
jomarlogistica.com.br:80 141.98.11.188 - - [27/Sep/2025:02:16:39 -0300] "POST /wp-login.php HTTP/1.1" 200 3091 "https://jomarlogistica.com.br/wp-login.php" "Mozilla/5.0 (Windows NT 11.0; Win64; x64; rv:121.0) Gecko/20100101 Firefox/121.0"
jomarlogistica.com.br:80 141.98.11.188 - - [27/Sep/2025:02:16:40 -0300] "GET /wp-admin/index.php HTTP/1.1" 302 491 "https://jomarlogistica.com.br/wp-login.php" "Mozilla/5.0 (X11; Linux x86_64) AppleWebKit/537.36 (KHTML, like Gecko) Chrome/120.0.0.0 Safari/537.36"
jomarlogistica.com.br:80 141.98.11.188 - - [27/Sep/2025:02:16:41 -0300] "GET /wp-login.php?redirect_to=https%3A%2F%2Fjomarlogistica.com.br%2Fwp-admin%2Findex.php&reauth=1 HTTP/1.1" 200 4999 "https://jomarlogistica.com.br/wp-login.php" "Mozilla/5.0 (X11; Linux x86_64) AppleWebKit/537.36 (KHTML, like Gecko) Chrome/120.0.0.0 Safari/537.36"
jomarlogistica.com.br:80 141.98.11.188 - - [27/Sep/2025:02:16:42 -0300] "POST /wp-login.php HTTP/1.1" 200 3092 "https://jomarlogistica.com.br/wp-login.php" "Mozilla/5.0 (Macintosh; Intel Mac OS X 10_15_7) AppleWebKit/605.1.15 (KHTML, like Gecko) Version/16.6 Safari/605.1.15"
jomarlogistica.com.br:80 141.98.11.188 - - [27/Sep/2025:02:16:42 -0300] "GET /wp-admin/index.php HTTP/1.1" 302 472 "https://jomarlogistica.com.br/wp-login.php" "Mozilla/5.0 (Windows NT 11.0; Win64; x64) AppleWebKit/537.36 (KHTML, like Gecko) Chrome/119.0.0.0 Safari/537.36"
jomarlogistica.com.br:80 141.98.11.188 - - [27/Sep/2025:02:16:43 -0300] "GET /wp-login.php?redirect_to=https%3A%2F%2Fjomarlogistica.com.br%2Fwp-admin%2Findex.php&reauth=1 HTTP/1.1" 200 4999 "https://jomarlogistica.com.br/wp-login.php" "Mozilla/5.0 (Windows NT 11.0; Win64; x64) AppleWebKit/537.36 (KHTML, like Gecko) Chrome/119.0.0.0 Safari/537.36"
jomarlogistica.com.br:80 141.98.11.188 - - [27/Sep/2025:02:16:43 -0300] "POST /wp-login.php HTTP/1.1" 200 3113 "https://jomarlogistica.com.br/wp-login.php" "Mozilla/5.0 (Windows NT 10.0; Win64; x64) AppleWebKit/537.36 (KHTML, like Gecko) Chrome/118.0.0.0 Safari/537.36"
jomarlogistica.com.br:80 141.98.11.188 - - [27/Sep/2025:02:16:44 -0300] "GET /wp-admin/index.php HTTP/1.1" 302 472 "https://jomarlogistica.com.br/wp-login.php" "Mozilla/5.0 (Macintosh; Intel Mac OS X 10_15_7; rv:119.0) Gecko/20100101 Firefox/119.0"
jomarlogistica.com.br:80 141.98.11.188 - - [27/Sep/2025:02:16:45 -0300] "GET /wp-login.php?redirect_to=https%3A%2F%2Fjomarlogistica.com.br%2Fwp-admin%2Findex.php&reauth=1 HTTP/1.1" 200 4999 "https://jomarlogistica.com.br/wp-login.php" "Mozilla/5.0 (Macintosh; Intel Mac OS X 10_15_7; rv:119.0) Gecko/20100101 Firefox/119.0"
jomarlogistica.com.br:80 141.98.11.188 - - [27/Sep/2025:02:16:47 -0300] "POST /wp-login.php HTTP/1.1" 302 1287 "https://jomarlogistica.com.br/wp-login.php" "Mozilla/5.0 (Macintosh; Intel Mac OS X 10_15_7) AppleWebKit/537.36 (KHTML, like Gecko) Chrome/121.0.0.0 Safari/537.36"
jomarlogistica.com.br:80 141.98.11.188 - - [27/Sep/2025:02:16:48 -0300] "GET /wp-admin/index.php HTTP/1.1" 200 52201 "https://jomarlogistica.com.br/wp-login.php" "Mozilla/5.0 (Macintosh; Intel Mac OS X 10_15_7) AppleWebKit/605.1.15 (KHTML, like Gecko) Version/17.1 Safari/605.1.15"
jomarlogistica.com.br:80 141.98.11.188 - - [27/Sep/2025:02:16:53 -0300] "GET /wp-admin/profile.php HTTP/1.1" 200 29897 "https://jomarlogistica.com.br/wp-login.php" "Mozilla/5.0 (Macintosh; Intel Mac OS X 10_15_7) AppleWebKit/605.1.15 (KHTML, like Gecko) Version/17.1 Safari/605.1.15"
jomarlogistica.com.br:80 141.98.11.188 - - [27/Sep/2025:02:16:56 -0300] "GET /wp-admin/plugin-install.php?tab=upload HTTP/1.1" 200 27280 "www.google.com" "Mozilla/5.0 (Windows NT 10.0; Win64; x64) AppleWebKit/537.36 (KHTML, like Gecko) Chrome/91.0.4472.124 Safari/537.36"
jomarlogistica.com.br:80 141.98.11.188 - - [27/Sep/2025:02:16:59 -0300] "POST /wp-admin/update.php?action=upload-plugin HTTP/1.1" 200 23662 "www.google.com" "Mozilla/5.0 (Windows NT 10.0; Win64; x64) AppleWebKit/537.36 (KHTML, like Gecko) Chrome/91.0.4472.124 Safari/537.36"
jomarlogistica.com.br:80 141.98.11.188 - - [27/Sep/2025:02:17:02 -0300] "GET /wp-content/plugins/mnixwhz/index.php HTTP/1.1" 301 477 "www.google.com" "Mozilla/5.0 (Windows NT 10.0; Win64; x64) AppleWebKit/537.36 (KHTML, like Gecko) Chrome/91.0.4472.124 Safari/537.36"
jomarlogistica.com.br:80 141.98.11.188 - - [27/Sep/2025:02:17:03 -0300] "GET /wp-content/plugins/mnixwhz/ HTTP/1.1" 404 390 "www.google.com" "Mozilla/5.0 (Windows NT 10.0; Win64; x64) AppleWebKit/537.36 (KHTML, like Gecko) Chrome/91.0.4472.124 Safari/537.36"
jomarlogistica.com.br:80 141.98.11.188 - - [27/Sep/2025:02:17:03 -0300] "GET /wp-admin/plugin-install.php?s=File+Manager&tab=search&type=term HTTP/1.1" 200 37423 "www.google.com" "Mozilla/5.0 (Windows NT 10.0; Win64; x64) AppleWebKit/537.36 (KHTML, like Gecko) Chrome/91.0.4472.124 Safari/537.36"
jomarlogistica.com.br:80 141.98.11.188 - - [27/Sep/2025:02:17:06 -0300] "GET /wp-admin/theme-install.php?tab=upload HTTP/1.1" 200 30543 "www.google.com" "Mozilla/5.0 (Windows NT 10.0; Win64; x64) AppleWebKit/537.36 (KHTML, like Gecko) Chrome/91.0.4472.124 Safari/537.36"
jomarlogistica.com.br:80 141.98.11.188 - - [27/Sep/2025:02:17:08 -0300] "POST /wp-admin/update.php?action=upload-theme HTTP/1.1" 200 23650 "www.google.com" "Mozilla/5.0 (Windows NT 10.0; Win64; x64) AppleWebKit/537.36 (KHTML, like Gecko) Chrome/91.0.4472.124 Safari/537.36"
jomarlogistica.com.br:80 141.98.11.188 - - [27/Sep/2025:02:17:11 -0300] "GET /wp-content/themes/csscqrx/about.php HTTP/1.1" 404 448 "www.google.com" "Mozilla/5.0 (Windows NT 10.0; Win64; x64) AppleWebKit/537.36 (KHTML, like Gecko) Chrome/91.0.4472.124 Safari/537.36"
jomarlogistica.com.br:80 172.20.1.117 - - [27/Sep/2025:02:17:12 -0300] "POST /wp-cron.php?doing_wp_cron=1758950232.3685870170593261718750 HTTP/1.1" 200 389 "https://jomarlogistica.com.br/wp-cron.php?doing_wp_cron=1758950232.3685870170593261718750" "WordPress/5.8.10; https://jomarlogistica.com.br"
jomarlogistica.com.br:80 114.119.158.0 - - [27/Sep/2025:02:17:21 -0300] "GET /2023/05/30/how-you-can-calculate-intrinsic-value/ HTTP/1.1" 200 17317 "https://jomarlogistica.com.br/author/jomar/page/21/" "Mozilla/5.0 (Linux; Android 7.0;) AppleWebKit/537.36 (KHTML, like Gecko) Mobile Safari/537.36 (compatible; PetalBot;+https://webmaster.petalsearch.com/site/petalbot)"
jomarlogistica.com.br:80 141.98.11.188 - - [27/Sep/2025:02:17:11 -0300] "GET /wp-admin/theme-editor.php?file=404.php HTTP/1.1" 200 40980 "www.google.com" "Mozilla/5.0 (Windows NT 10.0; Win64; x64) AppleWebKit/537.36 (KHTML, like Gecko) Chrome/91.0.4472.124 Safari/537.36"
jomarlogistica.com.br:80 127.0.0.1 - - [27/Sep/2025:02:17:34 -0300] "OPTIONS * HTTP/1.0" 200 110 "-" "Apache/2.4.65 (Ubuntu) (internal dummy connection)"
jomarlogistica.com.br:80 114.119.128.158 - - [27/Sep/2025:02:18:44 -0300] "GET /2022/11/23/the-way-to-get-out-of-feeling-helpless-about-like/ HTTP/1.1" 200 17626 "https://jomarlogistica.com.br/2022/11/22/pfadfinderinnen-zum-verkauf-drei-moglichkeiten-die-truppe-uber-unterstutzen/" "Mozilla/5.0 (Linux; Android 7.0;) AppleWebKit/537.36 (KHTML, like Gecko) Mobile Safari/537.36 (compatible; PetalBot;+https://webmaster.petalsearch.com/site/petalbot)"
jomarlogistica.com.br:80 114.119.158.0 - - [27/Sep/2025:02:20:07 -0300] "GET /2022/10/25/cohechar-esposa-lucro-correo/ HTTP/1.1" 200 17893 "https://jomarlogistica.com.br/category/jomar/page/53/" "Mozilla/5.0 (Linux; Android 7.0;) AppleWebKit/537.36 (KHTML, like Gecko) Mobile Safari/537.36 (compatible; PetalBot;+https://webmaster.petalsearch.com/site/petalbot)"
jomarlogistica.com.br:80 198.244.168.209 - - [27/Sep/2025:02:21:46 -0300] "GET /2023/04/14/understanding-the-carinity-schools-enterprise-agreement/ HTTP/1.1" 200 14206 "-" "Mozilla/5.0 (compatible; AhrefsBot/7.0; +http://ahrefs.com/robot/)"
jomarlogistica.com.br:80 172.20.1.117 - - [27/Sep/2025:02:25:13 -0300] "POST /wp-cron.php?doing_wp_cron=1758950713.5388140678405761718750 HTTP/1.1" 200 389 "https://jomarlogistica.com.br/wp-cron.php?doing_wp_cron=1758950713.5388140678405761718750" "WordPress/5.8.10; https://jomarlogistica.com.br"
jomarlogistica.com.br:80 198.235.24.56 - - [27/Sep/2025:02:25:13 -0300] "GET / HTTP/1.1" 301 449 "-" "Hello from Palo Alto Networks, find out more about our scans in https://docs-cortex.paloaltonetworks.com/r/1/Cortex-Xpanse/Scanning-activity"
jomarlogistica.com.br:80 127.0.0.1 - - [27/Sep/2025:02:25:18 -0300] "OPTIONS * HTTP/1.0" 200 110 "-" "Apache/2.4.65 (Ubuntu) (internal dummy connection)"
jomarlogistica.com.br:80 198.244.242.185 - - [27/Sep/2025:02:26:03 -0300] "GET /?a7b529c=7427105 HTTP/1.1" 200 287 "-" "Mozilla/5.0 (compatible; AhrefsBot/7.0; +http://ahrefs.com/robot/)"
jomarlogistica.com.br:80 198.244.240.8 - - [27/Sep/2025:02:26:50 -0300] "GET /2022/08/25/what-exactly-is-mutually-effective-arrangement/ HTTP/1.1" 200 18080 "-" "Mozilla/5.0 (compatible; AhrefsBot/7.0; +http://ahrefs.com/robot/)"
jomarlogistica.com.br:80 172.20.1.117 - - [27/Sep/2025:02:27:58 -0300] "POST /wp-cron.php?doing_wp_cron=1758950878.9638390541076660156250 HTTP/1.1" 200 389 "https://jomarlogistica.com.br/wp-cron.php?doing_wp_cron=1758950878.9638390541076660156250" "WordPress/5.8.10; https://jomarlogistica.com.br"
jomarlogistica.com.br:80 85.208.96.198 - - [27/Sep/2025:02:27:58 -0300] "GET /2022/12/24/how-to-keep-your-lengthy-distance-relationship-alive/ HTTP/1.1" 200 18259 "-" "Mozilla/5.0 (compatible; SemrushBot/7~bl; +http://www.semrush.com/bot.html)"
jomarlogistica.com.br:80 127.0.0.1 - - [27/Sep/2025:02:28:04 -0300] "OPTIONS * HTTP/1.0" 200 110 "-" "Apache/2.4.65 (Ubuntu) (internal dummy connection)"
jomarlogistica.com.br:80 66.249.66.38 - - [27/Sep/2025:02:28:09 -0300] "GET / HTTP/1.1" 200 23930 "-" "Mozilla/5.0 (compatible; Googlebot/2.1; +http://www.google.com/bot.html)"
jomarlogistica.com.br:80 66.249.66.38 - - [27/Sep/2025:02:28:35 -0300] "GET /wp-includes/js/wp-emoji-release.min.js?ver=5.8.10 HTTP/1.1" 200 5577 "https://jomarlogistica.com.br/" "Mozilla/5.0 AppleWebKit/537.36 (KHTML, like Gecko; compatible; Googlebot/2.1; +http://www.google.com/bot.html) Chrome/139.0.7258.127 Safari/537.36"
jomarlogistica.com.br:80 66.249.66.38 - - [27/Sep/2025:02:28:35 -0300] "GET /wp-content/plugins/booked/assets/js/tooltipster/css/themes/tooltipster-light.css?ver=3.3.0 HTTP/1.1" 200 596 "https://jomarlogistica.com.br/" "Mozilla/5.0 AppleWebKit/537.36 (KHTML, like Gecko; compatible; Googlebot/2.1; +http://www.google.com/bot.html) Chrome/139.0.7258.127 Safari/537.36"
jomarlogistica.com.br:80 66.249.66.38 - - [27/Sep/2025:02:28:36 -0300] "GET /wp-content/plugins/instagram-feed/css/sbi-styles.min.css?ver=2.9.7 HTTP/1.1" 200 3355 "https://jomarlogistica.com.br/" "Mozilla/5.0 AppleWebKit/537.36 (KHTML, like Gecko; compatible; Googlebot/2.1; +http://www.google.com/bot.html) Chrome/139.0.7258.127 Safari/537.36"
jomarlogistica.com.br:80 66.249.66.38 - - [27/Sep/2025:02:28:36 -0300] "GET /wp-includes/css/dist/block-library/style.min.css?ver=5.8.10 HTTP/1.1" 200 12027 "https://jomarlogistica.com.br/" "Mozilla/5.0 AppleWebKit/537.36 (KHTML, like Gecko; compatible; Googlebot/2.1; +http://www.google.com/bot.html) Chrome/139.0.7258.127 Safari/537.36"
jomarlogistica.com.br:80 66.249.66.38 - - [27/Sep/2025:02:28:37 -0300] "GET /wp-content/plugins/booked/assets/css/icons.css?ver=2.3.5 HTTP/1.1" 200 7004 "https://jomarlogistica.com.br/" "Mozilla/5.0 AppleWebKit/537.36 (KHTML, like Gecko; compatible; Googlebot/2.1; +http://www.google.com/bot.html) Chrome/139.0.7258.127 Safari/537.36"
jomarlogistica.com.br:80 66.249.66.37 - - [27/Sep/2025:02:28:38 -0300] "GET /wp-content/plugins/redux-framework/redux-core/extendify-sdk/public/build/extendify-utilities.css?ver=13.4 HTTP/1.1" 200 6477 "https://jomarlogistica.com.br/" "Mozilla/5.0 AppleWebKit/537.36 (KHTML, like Gecko; compatible; Googlebot/2.1; +http://www.google.com/bot.html) Chrome/139.0.7258.127 Safari/537.36"
