jomarlogistica.com.br:80 127.0.0.1 - - [28/Sep/2025:10:24:58 -0300] "OPTIONS * HTTP/1.0" 200 110 "-" "Apache/2.4.65 (Ubuntu) (internal dummy connection)"
jomarlogistica.com.br:80 66.249.66.37 - - [28/Sep/2025:10:25:07 -0300] "GET / HTTP/1.1" 200 23930 "-" "Mozilla/5.0 (compatible; Googlebot/2.1; +http://www.google.com/bot.html)"
jomarlogistica.com.br:80 66.249.66.37 - - [28/Sep/2025:10:25:11 -0300] "GET /wp-content/plugins/booked/assets/css/icons.css?ver=2.3.5 HTTP/1.1" 200 6985 "https://jomarlogistica.com.br/" "Mozilla/5.0 AppleWebKit/537.36 (KHTML, like Gecko; compatible; Googlebot/2.1; +http://www.google.com/bot.html) Chrome/139.0.7258.127 Safari/537.36"
jomarlogistica.com.br:80 66.249.66.37 - - [28/Sep/2025:10:25:12 -0300] "GET /wp-content/plugins/redux-framework/redux-core/extendify-sdk/public/build/extendify-utilities.css?ver=13.4 HTTP/1.1" 200 6477 "https://jomarlogistica.com.br/" "Mozilla/5.0 AppleWebKit/537.36 (KHTML, like Gecko; compatible; Googlebot/2.1; +http://www.google.com/bot.html) Chrome/139.0.7258.127 Safari/537.36"
jomarlogistica.com.br:80 66.249.66.37 - - [28/Sep/2025:10:25:12 -0300] "GET /wp-content/plugins/booked/assets/css/animations.css?ver=2.3.5 HTTP/1.1" 200 905 "https://jomarlogistica.com.br/" "Mozilla/5.0 AppleWebKit/537.36 (KHTML, like Gecko; compatible; Googlebot/2.1; +http://www.google.com/bot.html) Chrome/139.0.7258.127 Safari/537.36"
jomarlogistica.com.br:80 66.249.66.38 - - [28/Sep/2025:10:25:13 -0300] "GET /wp-content/plugins/case-theme-core/assets/css/main.css?ver=1.0.0 HTTP/1.1" 200 582 "https://jomarlogistica.com.br/" "Mozilla/5.0 AppleWebKit/537.36 (KHTML, like Gecko; compatible; Googlebot/2.1; +http://www.google.com/bot.html) Chrome/139.0.7258.127 Safari/537.36"
jomarlogistica.com.br:80 66.249.66.37 - - [28/Sep/2025:10:25:13 -0300] "GET /wp-content/plugins/case-theme-core/assets/plugin/font-awesome/css/font-awesome.min.css?ver=4.7.0 HTTP/1.1" 200 7624 "https://jomarlogistica.com.br/" "Mozilla/5.0 AppleWebKit/537.36 (KHTML, like Gecko; compatible; Googlebot/2.1; +http://www.google.com/bot.html) Chrome/139.0.7258.127 Safari/537.36"
jomarlogistica.com.br:80 66.249.66.38 - - [28/Sep/2025:10:25:13 -0300] "GET /wp-content/plugins/booked/assets/js/tooltipster/css/themes/tooltipster-light.css?ver=3.3.0 HTTP/1.1" 200 596 "https://jomarlogistica.com.br/" "Mozilla/5.0 AppleWebKit/537.36 (KHTML, like Gecko; compatible; Googlebot/2.1; +http://www.google.com/bot.html) Chrome/139.0.7258.127 Safari/537.36"
jomarlogistica.com.br:80 66.249.66.37 - - [28/Sep/2025:10:25:14 -0300] "GET /wp-content/plugins/instagram-feed/css/sbi-styles.min.css?ver=2.9.7 HTTP/1.1" 200 3355 "https://jomarlogistica.com.br/" "Mozilla/5.0 AppleWebKit/537.36 (KHTML, like Gecko; compatible; Googlebot/2.1; +http://www.google.com/bot.html) Chrome/139.0.7258.127 Safari/537.36"
jomarlogistica.com.br:80 66.249.66.38 - - [28/Sep/2025:10:25:14 -0300] "GET /wp-content/plugins/contact-form-7-multi-step/assets/frontend/css/progress_bar.css?ver=2.5.4 HTTP/1.1" 200 5617 "https://jomarlogistica.com.br/" "Mozilla/5.0 AppleWebKit/537.36 (KHTML, like Gecko; compatible; Googlebot/2.1; +http://www.google.com/bot.html) Chrome/139.0.7258.127 Safari/537.36"
jomarlogistica.com.br:80 66.249.66.37 - - [28/Sep/2025:10:25:14 -0300] "GET /wp-content/plugins/case-theme-core/assets/css/lib/progressbar.min.css?ver=0.7.1 HTTP/1.1" 200 1122 "https://jomarlogistica.com.br/" "Mozilla/5.0 AppleWebKit/537.36 (KHTML, like Gecko; compatible; Googlebot/2.1; +http://www.google.com/bot.html) Chrome/139.0.7258.127 Safari/537.36"
jomarlogistica.com.br:80 66.249.66.37 - - [28/Sep/2025:10:25:15 -0300] "GET /wp-content/plugins/contact-form-7-multi-step/assets/frontend/css/cf7mls.css?ver=2.5.4 HTTP/1.1" 200 2184 "https://jomarlogistica.com.br/" "Mozilla/5.0 AppleWebKit/537.36 (KHTML, like Gecko; compatible; Googlebot/2.1; +http://www.google.com/bot.html) Chrome/139.0.7258.127 Safari/537.36"
jomarlogistica.com.br:80 66.249.66.37 - - [28/Sep/2025:10:25:15 -0300] "GET /wp-includes/js/wp-emoji-release.min.js?ver=5.8.10 HTTP/1.1" 200 5577 "https://jomarlogistica.com.br/" "Mozilla/5.0 AppleWebKit/537.36 (KHTML, like Gecko; compatible; Googlebot/2.1; +http://www.google.com/bot.html) Chrome/139.0.7258.127 Safari/537.36"
jomarlogistica.com.br:80 66.249.66.37 - - [28/Sep/2025:10:25:15 -0300] "GET /wp-content/plugins/elementor/assets/lib/font-awesome/css/font-awesome.min.css?ver=4.7.0 HTTP/1.1" 200 7623 "https://jomarlogistica.com.br/" "Mozilla/5.0 AppleWebKit/537.36 (KHTML, like Gecko; compatible; Googlebot/2.1; +http://www.google.com/bot.html) Chrome/139.0.7258.127 Safari/537.36"
jomarlogistica.com.br:80 66.249.66.37 - - [28/Sep/2025:10:25:16 -0300] "GET /wp-content/plugins/contact-form-7-multi-step/assets/frontend/animate/animate.min.css?ver=2.5.4 HTTP/1.1" 200 5225 "https://jomarlogistica.com.br/" "Mozilla/5.0 AppleWebKit/537.36 (KHTML, like Gecko; compatible; Googlebot/2.1; +http://www.google.com/bot.html) Chrome/139.0.7258.127 Safari/537.36"
jomarlogistica.com.br:80 66.249.66.37 - - [28/Sep/2025:10:25:16 -0300] "GET /wp-content/plugins/contact-form-7/includes/css/styles.css?ver=5.5.3 HTTP/1.1" 200 1380 "https://jomarlogistica.com.br/" "Mozilla/5.0 AppleWebKit/537.36 (KHTML, like Gecko; compatible; Googlebot/2.1; +http://www.google.com/bot.html) Chrome/139.0.7258.127 Safari/537.36"
jomarlogistica.com.br:80 66.249.66.37 - - [28/Sep/2025:10:25:16 -0300] "GET /wp-includes/css/dist/block-library/style.min.css?ver=5.8.10 HTTP/1.1" 200 12027 "https://jomarlogistica.com.br/" "Mozilla/5.0 AppleWebKit/537.36 (KHTML, like Gecko; compatible; Googlebot/2.1; +http://www.google.com/bot.html) Chrome/139.0.7258.127 Safari/537.36"
jomarlogistica.com.br:80 66.249.66.37 - - [28/Sep/2025:10:25:17 -0300] "GET /wp-content/plugins/case-theme-core/assets/css/lib/owl.carousel.min.css?ver=2.2.1 HTTP/1.1" 200 1298 "https://jomarlogistica.com.br/" "Mozilla/5.0 AppleWebKit/537.36 (KHTML, like Gecko; compatible; Googlebot/2.1; +http://www.google.com/bot.html) Chrome/139.0.7258.127 Safari/537.36"
jomarlogistica.com.br:80 66.249.66.37 - - [28/Sep/2025:10:25:17 -0300] "GET /wp-content/themes/consultio/assets/css/font-awesome5.min.css?ver=5.8.0 HTTP/1.1" 200 17997 "https://jomarlogistica.com.br/" "Mozilla/5.0 AppleWebKit/537.36 (KHTML, like Gecko; compatible; Googlebot/2.1; +http://www.google.com/bot.html) Chrome/139.0.7258.127 Safari/537.36"
jomarlogistica.com.br:80 66.249.66.37 - - [28/Sep/2025:10:25:17 -0300] "GET /wp-content/themes/consultio/assets/css/flaticon-v2.css?ver=2.8.0 HTTP/1.1" 200 994 "https://jomarlogistica.com.br/" "Mozilla/5.0 AppleWebKit/537.36 (KHTML, like Gecko; compatible; Googlebot/2.1; +http://www.google.com/bot.html) Chrome/139.0.7258.127 Safari/537.36"
jomarlogistica.com.br:80 66.249.66.37 - - [28/Sep/2025:10:25:18 -0300] "GET /wp-content/plugins/case-theme-user/acess/css/remodal-default-theme.css?ver=5.8.10 HTTP/1.1" 200 1752 "https://jomarlogistica.com.br/" "Mozilla/5.0 AppleWebKit/537.36 (KHTML, like Gecko; compatible; Googlebot/2.1; +http://www.google.com/bot.html) Chrome/139.0.7258.127 Safari/537.36"
jomarlogistica.com.br:80 66.249.66.37 - - [28/Sep/2025:10:25:18 -0300] "GET /wp-content/plugins/booked/assets/js/tooltipster/css/tooltipster.css?ver=3.3.0 HTTP/1.1" 200 2174 "https://jomarlogistica.com.br/" "Mozilla/5.0 AppleWebKit/537.36 (KHTML, like Gecko; compatible; Googlebot/2.1; +http://www.google.com/bot.html) Chrome/139.0.7258.127 Safari/537.36"
jomarlogistica.com.br:80 66.249.66.37 - - [28/Sep/2025:10:25:18 -0300] "GET /wp-content/themes/consultio/assets/css/magnific-popup.css?ver=1.0.0 HTTP/1.1" 200 2198 "https://jomarlogistica.com.br/" "Mozilla/5.0 AppleWebKit/537.36 (KHTML, like Gecko; compatible; Googlebot/2.1; +http://www.google.com/bot.html) Chrome/139.0.7258.127 Safari/537.36"
jomarlogistica.com.br:80 66.249.66.37 - - [28/Sep/2025:10:25:19 -0300] "GET /wp-content/themes/consultio/assets/css/flaticon-v7.css?ver=2.8.0 HTTP/1.1" 200 990 "https://jomarlogistica.com.br/" "Mozilla/5.0 AppleWebKit/537.36 (KHTML, like Gecko; compatible; Googlebot/2.1; +http://www.google.com/bot.html) Chrome/139.0.7258.127 Safari/537.36"
jomarlogistica.com.br:80 66.249.66.37 - - [28/Sep/2025:10:25:19 -0300] "GET /wp-content/themes/consultio/assets/css/flaticon-v3.css?ver=2.8.0 HTTP/1.1" 200 1156 "https://jomarlogistica.com.br/" "Mozilla/5.0 AppleWebKit/537.36 (KHTML, like Gecko; compatible; Googlebot/2.1; +http://www.google.com/bot.html) Chrome/139.0.7258.127 Safari/537.36"
jomarlogistica.com.br:80 66.249.66.37 - - [28/Sep/2025:10:25:19 -0300] "GET /wp-content/themes/consultio/assets/css/flaticon-v6.css?ver=2.8.0 HTTP/1.1" 200 1017 "https://jomarlogistica.com.br/" "Mozilla/5.0 AppleWebKit/537.36 (KHTML, like Gecko; compatible; Googlebot/2.1; +http://www.google.com/bot.html) Chrome/139.0.7258.127 Safari/537.36"
jomarlogistica.com.br:80 66.249.66.37 - - [28/Sep/2025:10:25:20 -0300] "GET /wp-content/themes/consultio/assets/css/flaticon-v4.css?ver=2.8.0 HTTP/1.1" 200 795 "https://jomarlogistica.com.br/" "Mozilla/5.0 AppleWebKit/537.36 (KHTML, like Gecko; compatible; Googlebot/2.1; +http://www.google.com/bot.html) Chrome/139.0.7258.127 Safari/537.36"
jomarlogistica.com.br:80 66.249.66.37 - - [28/Sep/2025:10:25:20 -0300] "GET /wp-content/themes/consultio/assets/css/animate.css?ver=1.0.0 HTTP/1.1" 200 5563 "https://jomarlogistica.com.br/" "Mozilla/5.0 AppleWebKit/537.36 (KHTML, like Gecko; compatible; Googlebot/2.1; +http://www.google.com/bot.html) Chrome/139.0.7258.127 Safari/537.36"
jomarlogistica.com.br:80 66.249.66.37 - - [28/Sep/2025:10:25:21 -0300] "GET /wp-content/plugins/booked/dist/booked.css?ver=2.3.5 HTTP/1.1" 200 9827 "https://jomarlogistica.com.br/" "Mozilla/5.0 AppleWebKit/537.36 (KHTML, like Gecko; compatible; Googlebot/2.1; +http://www.google.com/bot.html) Chrome/139.0.7258.127 Safari/537.36"
jomarlogistica.com.br:80 66.249.66.37 - - [28/Sep/2025:10:25:21 -0300] "GET /wp-content/themes/consultio/assets/css/material-design-iconic-font.min.css?ver=2.2.0 HTTP/1.1" 200 8981 "https://jomarlogistica.com.br/" "Mozilla/5.0 AppleWebKit/537.36 (KHTML, like Gecko; compatible; Googlebot/2.1; +http://www.google.com/bot.html) Chrome/139.0.7258.127 Safari/537.36"
jomarlogistica.com.br:80 66.249.66.37 - - [28/Sep/2025:10:25:21 -0300] "GET /wp-content/plugins/elementor/assets/lib/animations/animations.min.css?ver=3.4.8 HTTP/1.1" 200 3108 "https://jomarlogistica.com.br/" "Mozilla/5.0 AppleWebKit/537.36 (KHTML, like Gecko; compatible; Googlebot/2.1; +http://www.google.com/bot.html) Chrome/139.0.7258.127 Safari/537.36"
jomarlogistica.com.br:80 66.249.66.37 - - [28/Sep/2025:10:25:24 -0300] "GET /wp-content/plugins/elementor/assets/lib/dialog/dialog.min.js?ver=4.8.1 HTTP/1.1" 200 3967 "https://jomarlogistica.com.br/" "Mozilla/5.0 AppleWebKit/537.36 (KHTML, like Gecko; compatible; Googlebot/2.1; +http://www.google.com/bot.html) Chrome/139.0.7258.127 Safari/537.36"
jomarlogistica.com.br:80 66.249.66.37 - - [28/Sep/2025:10:25:25 -0300] "GET /wp-content/plugins/revslider/public/assets/js/rbtools.min.js?ver=6.5.11 HTTP/1.1" 200 48787 "https://jomarlogistica.com.br/" "Mozilla/5.0 AppleWebKit/537.36 (KHTML, like Gecko; compatible; Googlebot/2.1; +http://www.google.com/bot.html) Chrome/139.0.7258.127 Safari/537.36"
jomarlogistica.com.br:80 66.249.66.37 - - [28/Sep/2025:10:25:25 -0300] "GET /wp-content/plugins/elementor/assets/lib/share-link/share-link.min.js?ver=3.4.8 HTTP/1.1" 200 1484 "https://jomarlogistica.com.br/" "Mozilla/5.0 AppleWebKit/537.36 (KHTML, like Gecko; compatible; Googlebot/2.1; +http://www.google.com/bot.html) Chrome/139.0.7258.127 Safari/537.36"
jomarlogistica.com.br:80 66.249.66.37 - - [28/Sep/2025:10:25:25 -0300] "GET /wp-content/plugins/elementor/assets/js/frontend-modules.min.js?ver=3.4.8 HTTP/1.1" 200 5016 "https://jomarlogistica.com.br/" "Mozilla/5.0 AppleWebKit/537.36 (KHTML, like Gecko; compatible; Googlebot/2.1; +http://www.google.com/bot.html) Chrome/139.0.7258.127 Safari/537.36"
jomarlogistica.com.br:80 66.249.66.37 - - [28/Sep/2025:10:25:26 -0300] "GET /wp-includes/js/jquery/ui/mouse.min.js?ver=1.12.1 HTTP/1.1" 200 1498 "https://jomarlogistica.com.br/" "Mozilla/5.0 AppleWebKit/537.36 (KHTML, like Gecko; compatible; Googlebot/2.1; +http://www.google.com/bot.html) Chrome/139.0.7258.127 Safari/537.36"
jomarlogistica.com.br:80 66.249.66.37 - - [28/Sep/2025:10:25:26 -0300] "GET /wp-content/plugins/elementor/assets/lib/waypoints/waypoints.min.js?ver=4.0.2 HTTP/1.1" 200 3464 "https://jomarlogistica.com.br/" "Mozilla/5.0 AppleWebKit/537.36 (KHTML, like Gecko; compatible; Googlebot/2.1; +http://www.google.com/bot.html) Chrome/139.0.7258.127 Safari/537.36"
jomarlogistica.com.br:80 66.249.66.37 - - [28/Sep/2025:10:25:26 -0300] "GET /wp-content/themes/consultio/elementor/js/ct-post-carousel-widget.js?ver=2.8.0 HTTP/1.1" 200 1609 "https://jomarlogistica.com.br/" "Mozilla/5.0 AppleWebKit/537.36 (KHTML, like Gecko; compatible; Googlebot/2.1; +http://www.google.com/bot.html) Chrome/139.0.7258.127 Safari/537.36"
jomarlogistica.com.br:80 66.249.66.37 - - [28/Sep/2025:10:25:27 -0300] "GET /wp-content/plugins/elementor/assets/lib/slick/slick.min.js?ver=1.8.1 HTTP/1.1" 200 11405 "https://jomarlogistica.com.br/" "Mozilla/5.0 AppleWebKit/537.36 (KHTML, like Gecko; compatible; Googlebot/2.1; +http://www.google.com/bot.html) Chrome/139.0.7258.127 Safari/537.36"
jomarlogistica.com.br:80 66.249.66.37 - - [28/Sep/2025:10:25:27 -0300] "GET /wp-content/plugins/elementor/assets/lib/swiper/swiper.min.js?ver=5.3.6 HTTP/1.1" 200 37913 "https://jomarlogistica.com.br/" "Mozilla/5.0 AppleWebKit/537.36 (KHTML, like Gecko; compatible; Googlebot/2.1; +http://www.google.com/bot.html) Chrome/139.0.7258.127 Safari/537.36"
jomarlogistica.com.br:80 66.249.66.37 - - [28/Sep/2025:10:25:27 -0300] "GET /wp-content/plugins/elementor/assets/lib/jquery-numerator/jquery-numerator.min.js?ver=0.2.1 HTTP/1.1" 200 1135 "https://jomarlogistica.com.br/" "Mozilla/5.0 AppleWebKit/537.36 (KHTML, like Gecko; compatible; Googlebot/2.1; +http://www.google.com/bot.html) Chrome/139.0.7258.127 Safari/537.36"
jomarlogistica.com.br:80 66.249.66.37 - - [28/Sep/2025:10:25:28 -0300] "GET /wp-content/themes/consultio/elementor/js/ct-counter-widget.js?ver=2.8.0 HTTP/1.1" 200 845 "https://jomarlogistica.com.br/" "Mozilla/5.0 AppleWebKit/537.36 (KHTML, like Gecko; compatible; Googlebot/2.1; +http://www.google.com/bot.html) Chrome/139.0.7258.127 Safari/537.36"
jomarlogistica.com.br:80 66.249.66.37 - - [28/Sep/2025:10:25:28 -0300] "GET /wp-content/themes/consultio/assets/js/wow.min.js?ver=1.0.0 HTTP/1.1" 200 3260 "https://jomarlogistica.com.br/" "Mozilla/5.0 AppleWebKit/537.36 (KHTML, like Gecko; compatible; Googlebot/2.1; +http://www.google.com/bot.html) Chrome/139.0.7258.127 Safari/537.36"
jomarlogistica.com.br:80 66.249.66.37 - - [28/Sep/2025:10:25:29 -0300] "GET /wp-content/plugins/case-theme-core/assets/js/lib/isotope.pkgd.min.js?ver=3.0.5 HTTP/1.1" 200 10708 "https://jomarlogistica.com.br/" "Mozilla/5.0 AppleWebKit/537.36 (KHTML, like Gecko; compatible; Googlebot/2.1; +http://www.google.com/bot.html) Chrome/139.0.7258.127 Safari/537.36"
jomarlogistica.com.br:80 66.249.66.37 - - [28/Sep/2025:10:25:29 -0300] "GET /wp-content/plugins/elementor/assets/js/webpack.runtime.min.js?ver=3.4.8 HTTP/1.1" 200 2544 "https://jomarlogistica.com.br/" "Mozilla/5.0 AppleWebKit/537.36 (KHTML, like Gecko; compatible; Googlebot/2.1; +http://www.google.com/bot.html) Chrome/139.0.7258.127 Safari/537.36"
jomarlogistica.com.br:80 66.249.66.37 - - [28/Sep/2025:10:25:30 -0300] "GET /wp-content/themes/consultio/elementor/js/ct-post-masonry-widget.js?ver=2.8.0 HTTP/1.1" 200 1725 "https://jomarlogistica.com.br/" "Mozilla/5.0 AppleWebKit/537.36 (KHTML, like Gecko; compatible; Googlebot/2.1; +http://www.google.com/bot.html) Chrome/139.0.7258.127 Safari/537.36"
jomarlogistica.com.br:80 66.249.66.37 - - [28/Sep/2025:10:25:30 -0300] "GET /wp-content/themes/consultio/elementor/js/ct-post-grid-widget.js?ver=2.8.0 HTTP/1.1" 200 760 "https://jomarlogistica.com.br/" "Mozilla/5.0 AppleWebKit/537.36 (KHTML, like Gecko; compatible; Googlebot/2.1; +http://www.google.com/bot.html) Chrome/139.0.7258.127 Safari/537.36"
jomarlogistica.com.br:80 66.249.66.37 - - [28/Sep/2025:10:25:31 -0300] "GET /wp-content/themes/consultio/assets/fonts/Flaticon-v3.woff2 HTTP/1.1" 200 8049 "https://jomarlogistica.com.br/wp-content/themes/consultio/assets/css/flaticon-v3.css?ver=2.8.0" "Mozilla/5.0 AppleWebKit/537.36 (KHTML, like Gecko; compatible; Googlebot/2.1; +http://www.google.com/bot.html) Chrome/139.0.7258.127 Safari/537.36"
jomarlogistica.com.br:80 66.249.66.37 - - [28/Sep/2025:10:25:31 -0300] "GET /wp-includes/js/jquery/ui/slider.min.js?ver=1.12.1 HTTP/1.1" 200 3602 "https://jomarlogistica.com.br/" "Mozilla/5.0 AppleWebKit/537.36 (KHTML, like Gecko; compatible; Googlebot/2.1; +http://www.google.com/bot.html) Chrome/139.0.7258.127 Safari/537.36"
jomarlogistica.com.br:80 66.249.66.37 - - [28/Sep/2025:10:25:31 -0300] "GET /wp-content/themes/consultio/assets/js/magnific-popup.min.js?ver=1.0.0 HTTP/1.1" 200 14895 "https://jomarlogistica.com.br/" "Mozilla/5.0 AppleWebKit/537.36 (KHTML, like Gecko; compatible; Googlebot/2.1; +http://www.google.com/bot.html) Chrome/139.0.7258.127 Safari/537.36"
jomarlogistica.com.br:80 66.249.66.37 - - [28/Sep/2025:10:25:32 -0300] "GET /wp-content/themes/consultio/assets/js/main.js?ver=2.8.0 HTTP/1.1" 200 6474 "https://jomarlogistica.com.br/" "Mozilla/5.0 AppleWebKit/537.36 (KHTML, like Gecko; compatible; Googlebot/2.1; +http://www.google.com/bot.html) Chrome/139.0.7258.127 Safari/537.36"
jomarlogistica.com.br:80 66.249.66.37 - - [28/Sep/2025:10:25:32 -0300] "GET /wp-includes/js/wp-embed.min.js?ver=5.8.10 HTTP/1.1" 200 1177 "https://jomarlogistica.com.br/" "Mozilla/5.0 AppleWebKit/537.36 (KHTML, like Gecko; compatible; Googlebot/2.1; +http://www.google.com/bot.html) Chrome/139.0.7258.127 Safari/537.36"
jomarlogistica.com.br:80 66.249.66.37 - - [28/Sep/2025:10:25:32 -0300] "GET /wp-content/themes/consultio/assets/js/nice-select.min.js?ver=all HTTP/1.1" 200 1420 "https://jomarlogistica.com.br/" "Mozilla/5.0 AppleWebKit/537.36 (KHTML, like Gecko; compatible; Googlebot/2.1; +http://www.google.com/bot.html) Chrome/139.0.7258.127 Safari/537.36"
jomarlogistica.com.br:80 66.249.66.37 - - [28/Sep/2025:10:25:33 -0300] "GET /wp-content/themes/consultio/assets/js/progressbar.min.js?ver=1.0.0 HTTP/1.1" 200 1327 "https://jomarlogistica.com.br/" "Mozilla/5.0 AppleWebKit/537.36 (KHTML, like Gecko; compatible; Googlebot/2.1; +http://www.google.com/bot.html) Chrome/139.0.7258.127 Safari/537.36"
jomarlogistica.com.br:80 66.249.66.37 - - [28/Sep/2025:10:25:33 -0300] "GET /wp-content/plugins/booked/includes/add-ons/frontend-agents/js/functions.js?ver=2.3.5 HTTP/1.1" 200 1592 "https://jomarlogistica.com.br/" "Mozilla/5.0 AppleWebKit/537.36 (KHTML, like Gecko; compatible; Googlebot/2.1; +http://www.google.com/bot.html) Chrome/139.0.7258.127 Safari/537.36"
jomarlogistica.com.br:80 172.20.1.117 - - [28/Sep/2025:10:27:26 -0300] "POST /wp-cron.php?doing_wp_cron=1759066046.2534489631652832031250 HTTP/1.1" 200 389 "https://jomarlogistica.com.br/wp-cron.php?doing_wp_cron=1759066046.2534489631652832031250" "WordPress/5.8.10; https://jomarlogistica.com.br"
jomarlogistica.com.br:80 216.244.66.226 - - [28/Sep/2025:10:27:25 -0300] "GET /2023/04/25/the-puma-corporation-%E8%A8%BB%E5%86%8A-ditt-%E5%9F%9F%E5%90%8D%EF%BC%8Ctwitter-%E8%B3%AC%E8%99%9F%E6%9B%B4%E5%90%8D%E7%82%BA-puma-eth/ HTTP/1.1" 200 82074 "-" "Mozilla/5.0 (compatible; DotBot/1.2; +https://opensiteexplorer.org/dotbot; help@moz.com)"
jomarlogistica.com.br:80 127.0.0.1 - - [28/Sep/2025:10:27:31 -0300] "OPTIONS * HTTP/1.0" 200 110 "-" "Apache/2.4.65 (Ubuntu) (internal dummy connection)"
jomarlogistica.com.br:80 85.208.96.209 - - [28/Sep/2025:10:29:10 -0300] "GET /2023/page/29/ HTTP/1.1" 200 18540 "-" "Mozilla/5.0 (compatible; SemrushBot/7~bl; +http://www.semrush.com/bot.html)"
jomarlogistica.com.br:80 85.208.96.212 - - [28/Sep/2025:10:30:14 -0300] "GET /2023/09/25/the-most-secure-vpn-for-android/ HTTP/1.1" 200 17151 "-" "Mozilla/5.0 (compatible; SemrushBot/7~bl; +http://www.semrush.com/bot.html)"
jomarlogistica.com.br:80 172.20.1.117 - - [28/Sep/2025:10:33:12 -0300] "POST /wp-cron.php?doing_wp_cron=1759066392.3126978874206542968750 HTTP/1.1" 200 389 "https://jomarlogistica.com.br/wp-cron.php?doing_wp_cron=1759066392.3126978874206542968750" "WordPress/5.8.10; https://jomarlogistica.com.br"
jomarlogistica.com.br:80 216.244.66.226 - - [28/Sep/2025:10:33:11 -0300] "GET /2023/05/24/east-european-mail-order-brides-how-and-where-to-get/ HTTP/1.1" 200 84951 "-" "Mozilla/5.0 (compatible; DotBot/1.2; +https://opensiteexplorer.org/dotbot; help@moz.com)"
jomarlogistica.com.br:80 127.0.0.1 - - [28/Sep/2025:10:33:18 -0300] "OPTIONS * HTTP/1.0" 200 110 "-" "Apache/2.4.65 (Ubuntu) (internal dummy connection)"
jomarlogistica.com.br:80 216.244.66.226 - - [28/Sep/2025:10:33:33 -0300] "GET /2023/06/02/best-anonymous-chat-apps-for-android-2-to-avoid/ HTTP/1.1" 200 79471 "-" "Mozilla/5.0 (compatible; DotBot/1.2; +https://opensiteexplorer.org/dotbot; help@moz.com)"
jomarlogistica.com.br:80 85.208.96.204 - - [28/Sep/2025:10:34:02 -0300] "GET /2023/02/13/the-right-way-to-impress-an-european-girl/ HTTP/1.1" 200 18292 "-" "Mozilla/5.0 (compatible; SemrushBot/7~bl; +http://www.semrush.com/bot.html)"
jomarlogistica.com.br:80 177.212.248.250 - - [28/Sep/2025:10:36:19 -0300] "POST /autodiscover/autodiscover.xml HTTP/1.1" 404 448 "-" "AppleExchangeWebServices/833 accountsd/113"
jomarlogistica.com.br:80 172.20.1.117 - - [28/Sep/2025:10:40:30 -0300] "POST /wp-cron.php?doing_wp_cron=1759066830.3666479587554931640625 HTTP/1.1" 200 389 "https://jomarlogistica.com.br/wp-cron.php?doing_wp_cron=1759066830.3666479587554931640625" "WordPress/5.8.10; https://jomarlogistica.com.br"
jomarlogistica.com.br:80 216.244.66.226 - - [28/Sep/2025:10:40:29 -0300] "GET /2024/01/ HTTP/1.1" 200 69634 "-" "Mozilla/5.0 (compatible; DotBot/1.2; +https://opensiteexplorer.org/dotbot; help@moz.com)"
jomarlogistica.com.br:80 127.0.0.1 - - [28/Sep/2025:10:40:35 -0300] "OPTIONS * HTTP/1.0" 200 110 "-" "Apache/2.4.65 (Ubuntu) (internal dummy connection)"
jomarlogistica.com.br:80 85.208.96.201 - - [28/Sep/2025:10:41:57 -0300] "GET /2023/08/29/very-best-data-rooms-review/ HTTP/1.1" 200 17352 "-" "Mozilla/5.0 (compatible; SemrushBot/7~bl; +http://www.semrush.com/bot.html)"
jomarlogistica.com.br:80 172.20.1.117 - - [28/Sep/2025:10:42:57 -0300] "POST /wp-cron.php?doing_wp_cron=1759066977.3611669540405273437500 HTTP/1.1" 200 389 "https://jomarlogistica.com.br/wp-cron.php?doing_wp_cron=1759066977.3611669540405273437500" "WordPress/5.8.10; https://jomarlogistica.com.br"
jomarlogistica.com.br:80 216.244.66.226 - - [28/Sep/2025:10:42:57 -0300] "GET /2023/03/05/antecedent-meaning-law-understanding-legal-precedents/ HTTP/1.1" 200 62041 "-" "Mozilla/5.0 (compatible; DotBot/1.2; +https://opensiteexplorer.org/dotbot; help@moz.com)"
jomarlogistica.com.br:80 127.0.0.1 - - [28/Sep/2025:10:43:02 -0300] "OPTIONS * HTTP/1.0" 200 110 "-" "Apache/2.4.65 (Ubuntu) (internal dummy connection)"
jomarlogistica.com.br:80 172.20.1.117 - - [28/Sep/2025:10:52:18 -0300] "POST /wp-cron.php?doing_wp_cron=1759067538.8116040229797363281250 HTTP/1.1" 200 389 "https://jomarlogistica.com.br/wp-cron.php?doing_wp_cron=1759067538.8116040229797363281250" "WordPress/5.8.10; https://jomarlogistica.com.br"
jomarlogistica.com.br:80 85.208.96.200 - - [28/Sep/2025:10:52:18 -0300] "GET /robots.txt HTTP/1.1" 200 584 "-" "Mozilla/5.0 (compatible; SemrushBot/7~bl; +http://www.semrush.com/bot.html)"
jomarlogistica.com.br:80 85.208.96.208 - - [28/Sep/2025:10:52:20 -0300] "GET /2023/05/19/flirting-through-flattery-and-elegance/ HTTP/1.1" 200 17607 "-" "Mozilla/5.0 (compatible; SemrushBot/7~bl; +http://www.semrush.com/bot.html)"
jomarlogistica.com.br:80 127.0.0.1 - - [28/Sep/2025:10:52:23 -0300] "OPTIONS * HTTP/1.0" 200 110 "-" "Apache/2.4.65 (Ubuntu) (internal dummy connection)"
jomarlogistica.com.br:80 127.0.0.1 - - [28/Sep/2025:10:52:24 -0300] "OPTIONS * HTTP/1.0" 200 110 "-" "Apache/2.4.65 (Ubuntu) (internal dummy connection)"
jomarlogistica.com.br:80 127.0.0.1 - - [28/Sep/2025:10:52:26 -0300] "OPTIONS * HTTP/1.0" 200 110 "-" "Apache/2.4.65 (Ubuntu) (internal dummy connection)"
jomarlogistica.com.br:80 177.212.248.250 - - [28/Sep/2025:10:54:19 -0300] "POST /autodiscover/autodiscover.xml HTTP/1.1" 404 448 "-" "AppleExchangeWebServices/833 accountsd/113"
jomarlogistica.com.br:80 185.191.171.13 - - [28/Sep/2025:10:56:34 -0300] "GET /2023/page/28/ HTTP/1.1" 200 18973 "-" "Mozilla/5.0 (compatible; SemrushBot/7~bl; +http://www.semrush.com/bot.html)"
jomarlogistica.com.br:80 216.244.66.226 - - [28/Sep/2025:10:56:41 -0300] "GET /robots.txt HTTP/1.1" 200 565 "-" "Mozilla/5.0 (compatible; DotBot/1.2; +https://opensiteexplorer.org/dotbot; help@moz.com)"
jomarlogistica.com.br:80 172.20.1.117 - - [28/Sep/2025:11:03:22 -0300] "POST /wp-cron.php?doing_wp_cron=1759068202.3156599998474121093750 HTTP/1.1" 200 389 "https://jomarlogistica.com.br/wp-cron.php?doing_wp_cron=1759068202.3156599998474121093750" "WordPress/5.8.10; https://jomarlogistica.com.br"
jomarlogistica.com.br:80 114.119.158.0 - - [28/Sep/2025:11:03:21 -0300] "GET /2023/page/7/ HTTP/1.1" 200 18366 "https://jomarlogistica.com.br/2023/page/6/" "Mozilla/5.0 (Linux; Android 7.0;) AppleWebKit/537.36 (KHTML, like Gecko) Mobile Safari/537.36 (compatible; PetalBot;+https://webmaster.petalsearch.com/site/petalbot)"
jomarlogistica.com.br:80 127.0.0.1 - - [28/Sep/2025:11:03:28 -0300] "OPTIONS * HTTP/1.0" 200 110 "-" "Apache/2.4.65 (Ubuntu) (internal dummy connection)"
jomarlogistica.com.br:80 185.191.171.17 - - [28/Sep/2025:11:04:12 -0300] "GET /2023/08/28/the-benefits-and-challenges-of-virtual-board-meetings/ HTTP/1.1" 200 17296 "-" "Mozilla/5.0 (compatible; SemrushBot/7~bl; +http://www.semrush.com/bot.html)"
jomarlogistica.com.br:80 114.119.158.0 - - [28/Sep/2025:11:04:40 -0300] "GET /wp-sitemap.xml HTTP/1.1" 200 643 "-" "Mozilla/5.0 (Linux; Android 7.0;) AppleWebKit/537.36 (KHTML, like Gecko) Mobile Safari/537.36 (compatible; PetalBot;+https://webmaster.petalsearch.com/site/petalbot)"
jomarlogistica.com.br:80 172.20.1.117 - - [28/Sep/2025:11:06:11 -0300] "POST /wp-cron.php?doing_wp_cron=1759068371.4785740375518798828125 HTTP/1.1" 200 389 "https://jomarlogistica.com.br/wp-cron.php?doing_wp_cron=1759068371.4785740375518798828125" "WordPress/5.8.10; https://jomarlogistica.com.br"
jomarlogistica.com.br:80 114.119.138.207 - - [28/Sep/2025:11:06:11 -0300] "GET /category/jomar/page/17/ HTTP/1.1" 200 19072 "https://jomarlogistica.com.br/category/jomar/page/16/" "Mozilla/5.0 (Linux; Android 7.0;) AppleWebKit/537.36 (KHTML, like Gecko) Mobile Safari/537.36 (compatible; PetalBot;+https://webmaster.petalsearch.com/site/petalbot)"
jomarlogistica.com.br:80 127.0.0.1 - - [28/Sep/2025:11:06:17 -0300] "OPTIONS * HTTP/1.0" 200 110 "-" "Apache/2.4.65 (Ubuntu) (internal dummy connection)"
jomarlogistica.com.br:80 172.20.1.117 - - [28/Sep/2025:11:07:31 -0300] "POST /wp-cron.php?doing_wp_cron=1759068451.1954669952392578125000 HTTP/1.1" 200 389 "https://jomarlogistica.com.br/wp-cron.php?doing_wp_cron=1759068451.1954669952392578125000" "WordPress/5.8.10; https://jomarlogistica.com.br"
jomarlogistica.com.br:80 114.119.136.72 - - [28/Sep/2025:11:07:30 -0300] "GET /2025/07/ HTTP/1.1" 200 15832 "https://jomarlogistica.com.br/2023/05/03/what-software-for-data-management-can-do-for-your-business/" "Mozilla/5.0 (Linux; Android 7.0;) AppleWebKit/537.36 (KHTML, like Gecko) Mobile Safari/537.36 (compatible; PetalBot;+https://webmaster.petalsearch.com/site/petalbot)"
jomarlogistica.com.br:80 127.0.0.1 - - [28/Sep/2025:11:07:36 -0300] "OPTIONS * HTTP/1.0" 200 110 "-" "Apache/2.4.65 (Ubuntu) (internal dummy connection)"
jomarlogistica.com.br:80 114.119.128.158 - - [28/Sep/2025:11:10:15 -0300] "GET /author/jomar/page/42/ HTTP/1.1" 200 18946 "https://jomarlogistica.com.br/author/jomar/page/43/" "Mozilla/5.0 (Linux; Android 7.0;) AppleWebKit/537.36 (KHTML, like Gecko) Mobile Safari/537.36 (compatible; PetalBot;+https://webmaster.petalsearch.com/site/petalbot)"
jomarlogistica.com.br:80 114.119.138.207 - - [28/Sep/2025:11:11:42 -0300] "GET /2024/page/3/ HTTP/1.1" 200 11659 "https://jomarlogistica.com.br/2024/" "Mozilla/5.0 (Linux; Android 7.0;) AppleWebKit/537.36 (KHTML, like Gecko) Mobile Safari/537.36 (compatible; PetalBot;+https://webmaster.petalsearch.com/site/petalbot)"
jomarlogistica.com.br:80 171.109.91.67 - - [28/Sep/2025:11:12:03 -0300] "POST /wp-comments-post.php HTTP/1.1" 403 2493 "-" "Mozilla/5.0 (Windows NT 10.0; Win64; x64) AppleWebKit/537.36 (KHTML, like Gecko) Chrome/108.0.0.0 Safari/537.36 Edg/108.0.1462.46"
jomarlogistica.com.br:80 172.20.1.117 - - [28/Sep/2025:11:13:03 -0300] "POST /wp-cron.php?doing_wp_cron=1759068783.3143949508666992187500 HTTP/1.1" 200 389 "https://jomarlogistica.com.br/wp-cron.php?doing_wp_cron=1759068783.3143949508666992187500" "WordPress/5.8.10; https://jomarlogistica.com.br"
jomarlogistica.com.br:80 114.119.138.207 - - [28/Sep/2025:11:13:02 -0300] "GET /2024/01/17/new-number-agreement-in-france-summer-legal-requirements/ HTTP/1.1" 200 14369 "https://jomarlogistica.com.br/2023/05/03/what-software-for-data-management-can-do-for-your-business/" "Mozilla/5.0 (Linux; Android 7.0;) AppleWebKit/537.36 (KHTML, like Gecko) Mobile Safari/537.36 (compatible; PetalBot;+https://webmaster.petalsearch.com/site/petalbot)"
jomarlogistica.com.br:80 127.0.0.1 - - [28/Sep/2025:11:13:08 -0300] "OPTIONS * HTTP/1.0" 200 110 "-" "Apache/2.4.65 (Ubuntu) (internal dummy connection)"
jomarlogistica.com.br:80 114.119.138.207 - - [28/Sep/2025:11:14:25 -0300] "GET /2023/page/9/ HTTP/1.1" 200 18627 "https://jomarlogistica.com.br/2023/page/8/" "Mozilla/5.0 (Linux; Android 7.0;) AppleWebKit/537.36 (KHTML, like Gecko) Mobile Safari/537.36 (compatible; PetalBot;+https://webmaster.petalsearch.com/site/petalbot)"
jomarlogistica.com.br:80 114.119.135.84 - - [28/Sep/2025:11:15:54 -0300] "GET /2023/12/18/alien-wedge-legal-understanding-the-legalities-of-alienation-of-land/ HTTP/1.1" 200 15010 "https://jomarlogistica.com.br/2023/12/" "Mozilla/5.0 (Linux; Android 7.0;) AppleWebKit/537.36 (KHTML, like Gecko) Mobile Safari/537.36 (compatible; PetalBot;+https://webmaster.petalsearch.com/site/petalbot)"
jomarlogistica.com.br:80 172.20.1.117 - - [28/Sep/2025:11:17:12 -0300] "POST /wp-cron.php?doing_wp_cron=1759069032.3735721111297607421875 HTTP/1.1" 200 389 "https://jomarlogistica.com.br/wp-cron.php?doing_wp_cron=1759069032.3735721111297607421875" "WordPress/5.8.10; https://jomarlogistica.com.br"
jomarlogistica.com.br:80 114.119.128.158 - - [28/Sep/2025:11:17:12 -0300] "GET /2023/11/07/expressvpn-prices-is-it-well-worth-the-extra-expense/ HTTP/1.1" 200 17369 "https://jomarlogistica.com.br/category/jomar/" "Mozilla/5.0 (Linux; Android 7.0;) AppleWebKit/537.36 (KHTML, like Gecko) Mobile Safari/537.36 (compatible; PetalBot;+https://webmaster.petalsearch.com/site/petalbot)"
jomarlogistica.com.br:80 127.0.0.1 - - [28/Sep/2025:11:17:17 -0300] "OPTIONS * HTTP/1.0" 200 110 "-" "Apache/2.4.65 (Ubuntu) (internal dummy connection)"
jomarlogistica.com.br:80 185.191.171.8 - - [28/Sep/2025:11:17:47 -0300] "GET /2023/07/08/some-essential-info-room-features-for-ma-due-diligence/ HTTP/1.1" 200 17415 "-" "Mozilla/5.0 (compatible; SemrushBot/7~bl; +http://www.semrush.com/bot.html)"
jomarlogistica.com.br:80 114.119.135.84 - - [28/Sep/2025:11:18:36 -0300] "GET /2023/11/04/get-paid-faster-considering-the-best-invoicing-software/ HTTP/1.1" 200 17385 "https://jomarlogistica.com.br/category/jomar/page/2/" "Mozilla/5.0 (Linux; Android 7.0;) AppleWebKit/537.36 (KHTML, like Gecko) Mobile Safari/537.36 (compatible; PetalBot;+https://webmaster.petalsearch.com/site/petalbot)"
jomarlogistica.com.br:80 114.119.138.130 - - [28/Sep/2025:11:21:22 -0300] "GET /2023/09/25/what-is-data-room-confidential-mode/ HTTP/1.1" 200 17241 "https://jomarlogistica.com.br/2023/09/page/3/" "Mozilla/5.0 (Linux; Android 7.0;) AppleWebKit/537.36 (KHTML, like Gecko) Mobile Safari/537.36 (compatible; PetalBot;+https://webmaster.petalsearch.com/site/petalbot)"
jomarlogistica.com.br:80 185.191.171.7 - - [28/Sep/2025:11:21:45 -0300] "GET /2023/02/25/the-challenges-of-dating-someone-from-various-country/ HTTP/1.1" 200 18188 "-" "Mozilla/5.0 (compatible; SemrushBot/7~bl; +http://www.semrush.com/bot.html)"
jomarlogistica.com.br:80 216.244.66.226 - - [28/Sep/2025:11:22:02 -0300] "GET /2023/10/15/a-few-board-reaching-tips/ HTTP/1.1" 200 79162 "-" "Mozilla/5.0 (compatible; DotBot/1.2; +https://opensiteexplorer.org/dotbot; help@moz.com)"
jomarlogistica.com.br:80 172.20.1.117 - - [28/Sep/2025:11:22:32 -0300] "POST /wp-cron.php?doing_wp_cron=1759069351.5966999530792236328125 HTTP/1.1" 200 389 "https://jomarlogistica.com.br/wp-cron.php?doing_wp_cron=1759069351.5966999530792236328125" "WordPress/5.8.10; https://jomarlogistica.com.br"
jomarlogistica.com.br:80 66.249.66.38 - - [28/Sep/2025:11:22:31 -0300] "GET /robots.txt HTTP/1.1" 200 584 "-" "Mozilla/5.0 (compatible; Googlebot/2.1; +http://www.google.com/bot.html)"
jomarlogistica.com.br:80 66.249.66.37 - - [28/Sep/2025:11:22:32 -0300] "GET /2023/02/02/arya-samaj-rules-in-english-comprehensive-guide-and-explanation/ HTTP/1.1" 200 14090 "-" "Mozilla/5.0 (Linux; Android 6.0.1; Nexus 5X Build/MMB29P) AppleWebKit/537.36 (KHTML, like Gecko) Chrome/139.0.7258.127 Mobile Safari/537.36 (compatible; Googlebot/2.1; +http://www.google.com/bot.html)"
jomarlogistica.com.br:80 127.0.0.1 - - [28/Sep/2025:11:22:37 -0300] "OPTIONS * HTTP/1.0" 200 110 "-" "Apache/2.4.65 (Ubuntu) (internal dummy connection)"
jomarlogistica.com.br:80 66.249.66.37 - - [28/Sep/2025:11:22:36 -0300] "GET /?a7b529c=7219996 HTTP/1.1" 200 287 "https://jomarlogistica.com.br/2023/02/02/arya-samaj-rules-in-english-comprehensive-guide-and-explanation/" "Mozilla/5.0 (Linux; Android 6.0.1; Nexus 5X Build/MMB29P) AppleWebKit/537.36 (KHTML, like Gecko) Chrome/139.0.7258.127 Mobile Safari/537.36 (compatible; Googlebot/2.1; +http://www.google.com/bot.html)"
jomarlogistica.com.br:80 114.119.136.72 - - [28/Sep/2025:11:22:46 -0300] "GET /2023/08/29/why-startups-need-a-vdr-for-startup/ HTTP/1.1" 200 17149 "https://jomarlogistica.com.br/2023/08/" "Mozilla/5.0 (Linux; Android 7.0;) AppleWebKit/537.36 (KHTML, like Gecko) Mobile Safari/537.36 (compatible; PetalBot;+https://webmaster.petalsearch.com/site/petalbot)"
jomarlogistica.com.br:80 127.0.0.1 - - [28/Sep/2025:11:22:52 -0300] "OPTIONS * HTTP/1.0" 200 110 "-" "Apache/2.4.65 (Ubuntu) (internal dummy connection)"
jomarlogistica.com.br:80 216.244.66.226 - - [28/Sep/2025:11:22:57 -0300] "GET /2023/01/26/marriage-certificate-procedure-the-biggest-launch-of-the-century/ HTTP/1.1" 200 82184 "-" "Mozilla/5.0 (compatible; DotBot/1.2; +https://opensiteexplorer.org/dotbot; help@moz.com)"
jomarlogistica.com.br:80 216.244.66.226 - - [28/Sep/2025:11:23:06 -0300] "GET /2023/08/13/ideal-free-vpn-for-mac/ HTTP/1.1" 200 79207 "-" "Mozilla/5.0 (compatible; DotBot/1.2; +https://opensiteexplorer.org/dotbot; help@moz.com)"
jomarlogistica.com.br:80 85.208.96.206 - - [28/Sep/2025:11:24:01 -0300] "GET /author/jomar/page/39/ HTTP/1.1" 200 19030 "-" "Mozilla/5.0 (compatible; SemrushBot/7~bl; +http://www.semrush.com/bot.html)"
jomarlogistica.com.br:80 114.119.128.158 - - [28/Sep/2025:11:24:10 -0300] "GET /2023/08/28/books-about-programming-and-web-development/ HTTP/1.1" 200 17236 "https://jomarlogistica.com.br/2023/page/13/" "Mozilla/5.0 (Linux; Android 7.0;) AppleWebKit/537.36 (KHTML, like Gecko) Mobile Safari/537.36 (compatible; PetalBot;+https://webmaster.petalsearch.com/site/petalbot)"
jomarlogistica.com.br:80 66.249.66.37 - - [28/Sep/2025:11:24:52 -0300] "GET /2023/06/27/avast-antitrack-high-grade-review/ HTTP/1.1" 200 17594 "-" "Mozilla/5.0 (Linux; Android 6.0.1; Nexus 5X Build/MMB29P) AppleWebKit/537.36 (KHTML, like Gecko) Chrome/139.0.7258.127 Mobile Safari/537.36 (compatible; Googlebot/2.1; +http://www.google.com/bot.html)"
jomarlogistica.com.br:80 114.119.128.158 - - [28/Sep/2025:11:25:34 -0300] "GET /2023/08/28/books-about-programming-and-web-development/ HTTP/1.1" 200 17236 "https://jomarlogistica.com.br/2023/page/13/" "Mozilla/5.0 (Linux; Android 7.0;) AppleWebKit/537.36 (KHTML, like Gecko) Mobile Safari/537.36 (compatible; PetalBot;+https://webmaster.petalsearch.com/site/petalbot)"
jomarlogistica.com.br:80 114.119.158.0 - - [28/Sep/2025:11:26:56 -0300] "GET /2023/07/11/plank-portal-india/ HTTP/1.1" 200 17337 "https://jomarlogistica.com.br/category/jomar/page/15/" "Mozilla/5.0 (Linux; Android 7.0;) AppleWebKit/537.36 (KHTML, like Gecko) Mobile Safari/537.36 (compatible; PetalBot;+https://webmaster.petalsearch.com/site/petalbot)"
jomarlogistica.com.br:80 172.20.1.117 - - [28/Sep/2025:11:27:57 -0300] "POST /wp-cron.php?doing_wp_cron=1759069677.5653939247131347656250 HTTP/1.1" 200 389 "https://jomarlogistica.com.br/wp-cron.php?doing_wp_cron=1759069677.5653939247131347656250" "WordPress/5.8.10; https://jomarlogistica.com.br"
jomarlogistica.com.br:80 66.249.66.37 - - [28/Sep/2025:11:27:57 -0300] "GET /2022/12/05/five-tips-for-guys-who-fight-to-find-a-woman-to-date/ HTTP/1.1" 200 18226 "-" "Mozilla/5.0 (Linux; Android 6.0.1; Nexus 5X Build/MMB29P) AppleWebKit/537.36 (KHTML, like Gecko) Chrome/139.0.7258.127 Mobile Safari/537.36 (compatible; Googlebot/2.1; +http://www.google.com/bot.html)"
jomarlogistica.com.br:80 127.0.0.1 - - [28/Sep/2025:11:28:02 -0300] "OPTIONS * HTTP/1.0" 200 110 "-" "Apache/2.4.65 (Ubuntu) (internal dummy connection)"
jomarlogistica.com.br:80 114.119.158.0 - - [28/Sep/2025:11:28:21 -0300] "GET /2023/06/17/how-you-can-protect-yourself-from-cyber-criminals/ HTTP/1.1" 200 17366 "https://jomarlogistica.com.br/2023/06/18/relationship-site-to-fulfill-singles-discover-actual-love/" "Mozilla/5.0 (Linux; Android 7.0;) AppleWebKit/537.36 (KHTML, like Gecko) Mobile Safari/537.36 (compatible; PetalBot;+https://webmaster.petalsearch.com/site/petalbot)"
jomarlogistica.com.br:80 114.119.138.207 - - [28/Sep/2025:11:29:44 -0300] "GET /2023/05/08/the-board-bedroom-and-its-importance/ HTTP/1.1" 200 17340 "https://jomarlogistica.com.br/2023/page/27/" "Mozilla/5.0 (Linux; Android 7.0;) AppleWebKit/537.36 (KHTML, like Gecko) Mobile Safari/537.36 (compatible; PetalBot;+https://webmaster.petalsearch.com/site/petalbot)"
jomarlogistica.com.br:80 74.7.36.84 - - [28/Sep/2025:11:30:56 -0300] "GET /2024/01/16/is-owning-pet-squirrels-legal-in-florida-laws-regulations/ HTTP/1.1" 200 13815 "-" "Mozilla/5.0 AppleWebKit/537.36 (KHTML, like Gecko); compatible; ChatGPT-User/1.0; +https://openai.com/bot"
jomarlogistica.com.br:80 114.119.134.192 - - [28/Sep/2025:11:31:08 -0300] "GET /2023/05/08/computer-protection-reviews/ HTTP/1.1" 200 17332 "https://jomarlogistica.com.br/2023/page/27/" "Mozilla/5.0 (Linux; Android 7.0;) AppleWebKit/537.36 (KHTML, like Gecko) Mobile Safari/537.36 (compatible; PetalBot;+https://webmaster.petalsearch.com/site/petalbot)"
jomarlogistica.com.br:80 172.20.1.117 - - [28/Sep/2025:11:32:31 -0300] "POST /wp-cron.php?doing_wp_cron=1759069951.7046329975128173828125 HTTP/1.1" 200 389 "https://jomarlogistica.com.br/wp-cron.php?doing_wp_cron=1759069951.7046329975128173828125" "WordPress/5.8.10; https://jomarlogistica.com.br"
jomarlogistica.com.br:80 114.119.158.0 - - [28/Sep/2025:11:32:31 -0300] "GET /2023/02/19/wedding-tradition-in-croatia/ HTTP/1.1" 200 18012 "https://jomarlogistica.com.br/author/jomar/page/37/" "Mozilla/5.0 (Linux; Android 7.0;) AppleWebKit/537.36 (KHTML, like Gecko) Mobile Safari/537.36 (compatible; PetalBot;+https://webmaster.petalsearch.com/site/petalbot)"
jomarlogistica.com.br:80 127.0.0.1 - - [28/Sep/2025:11:32:37 -0300] "OPTIONS * HTTP/1.0" 200 110 "-" "Apache/2.4.65 (Ubuntu) (internal dummy connection)"
jomarlogistica.com.br:80 114.119.135.84 - - [28/Sep/2025:11:33:55 -0300] "GET /2023/02/04/can-simplisafe-be-used-for-business-legal-considerations-explained/ HTTP/1.1" 200 14362 "https://jomarlogistica.com.br/2023/02/03/agarbatti-making-with-buyback-agreement-legal-company-services/" "Mozilla/5.0 (Linux; Android 7.0;) AppleWebKit/537.36 (KHTML, like Gecko) Mobile Safari/537.36 (compatible; PetalBot;+https://webmaster.petalsearch.com/site/petalbot)"
jomarlogistica.com.br:80 47.128.63.152 - - [28/Sep/2025:11:34:33 -0300] "GET /robots.txt HTTP/1.1" 200 584 "-" "Mozilla/5.0 (Linux; Android 5.0) AppleWebKit/537.36 (KHTML, like Gecko) Mobile Safari/537.36 (compatible; Bytespider; spider-feedback@bytedance.com)"
jomarlogistica.com.br:80 114.119.135.84 - - [28/Sep/2025:11:35:19 -0300] "GET /2023/02/ HTTP/1.1" 200 18614 "https://jomarlogistica.com.br/2023/05/03/what-software-for-data-management-can-do-for-your-business/" "Mozilla/5.0 (Linux; Android 7.0;) AppleWebKit/537.36 (KHTML, like Gecko) Mobile Safari/537.36 (compatible; PetalBot;+https://webmaster.petalsearch.com/site/petalbot)"
jomarlogistica.com.br:80 114.119.159.76 - - [28/Sep/2025:11:36:42 -0300] "GET /2023/01/25/understanding-ambiguous-requirements-example-scenarios/ HTTP/1.1" 200 15110 "https://jomarlogistica.com.br/2023/02/02/arya-samaj-rules-in-english-comprehensive-guide-and-explanation/" "Mozilla/5.0 (Linux; Android 7.0;) AppleWebKit/537.36 (KHTML, like Gecko) Mobile Safari/537.36 (compatible; PetalBot;+https://webmaster.petalsearch.com/site/petalbot)"
jomarlogistica.com.br:80 172.20.1.117 - - [28/Sep/2025:11:38:05 -0300] "POST /wp-cron.php?doing_wp_cron=1759070285.6084120273590087890625 HTTP/1.1" 200 389 "https://jomarlogistica.com.br/wp-cron.php?doing_wp_cron=1759070285.6084120273590087890625" "WordPress/5.8.10; https://jomarlogistica.com.br"
jomarlogistica.com.br:80 114.119.159.76 - - [28/Sep/2025:11:38:05 -0300] "GET /2023/01/25/how-to-locate-russian-women-of-all-ages-dating-in-foreign-countries/ HTTP/1.1" 200 18217 "https://jomarlogistica.com.br/2023/01/" "Mozilla/5.0 (Linux; Android 7.0;) AppleWebKit/537.36 (KHTML, like Gecko) Mobile Safari/537.36 (compatible; PetalBot;+https://webmaster.petalsearch.com/site/petalbot)"
jomarlogistica.com.br:80 127.0.0.1 - - [28/Sep/2025:11:38:11 -0300] "OPTIONS * HTTP/1.0" 200 110 "-" "Apache/2.4.65 (Ubuntu) (internal dummy connection)"
jomarlogistica.com.br:80 114.119.135.84 - - [28/Sep/2025:11:39:29 -0300] "GET /2023/01/22/callide-power-station-enterprise-agreement-2018-legal-implications-explained/ HTTP/1.1" 200 14584 "https://jomarlogistica.com.br/2023/01/22/understanding-the-difference-agreement-vs-annex-in-legal-documents/" "Mozilla/5.0 (Linux; Android 7.0;) AppleWebKit/537.36 (KHTML, like Gecko) Mobile Safari/537.36 (compatible; PetalBot;+https://webmaster.petalsearch.com/site/petalbot)"
jomarlogistica.com.br:80 172.20.1.117 - - [28/Sep/2025:11:42:20 -0300] "POST /wp-cron.php?doing_wp_cron=1759070540.7434659004211425781250 HTTP/1.1" 200 389 "https://jomarlogistica.com.br/wp-cron.php?doing_wp_cron=1759070540.7434659004211425781250" "WordPress/5.8.10; https://jomarlogistica.com.br"
jomarlogistica.com.br:80 114.119.135.84 - - [28/Sep/2025:11:42:20 -0300] "GET /2022/12/page/4/ HTTP/1.1" 200 18496 "https://jomarlogistica.com.br/2022/12/page/3/" "Mozilla/5.0 (Linux; Android 7.0;) AppleWebKit/537.36 (KHTML, like Gecko) Mobile Safari/537.36 (compatible; PetalBot;+https://webmaster.petalsearch.com/site/petalbot)"
jomarlogistica.com.br:80 127.0.0.1 - - [28/Sep/2025:11:42:26 -0300] "OPTIONS * HTTP/1.0" 200 110 "-" "Apache/2.4.65 (Ubuntu) (internal dummy connection)"
jomarlogistica.com.br:80 216.244.66.226 - - [28/Sep/2025:11:43:05 -0300] "GET /2022/06/18/charter-party-agreement-india-legal-guide-expert-advice/ HTTP/1.1" 200 66003 "-" "Mozilla/5.0 (compatible; DotBot/1.2; +https://opensiteexplorer.org/dotbot; help@moz.com)"
jomarlogistica.com.br:80 114.119.135.84 - - [28/Sep/2025:11:43:40 -0300] "GET /2022/12/20/ways-to-date-gorgeous-european-females/ HTTP/1.1" 200 18338 "https://jomarlogistica.com.br/author/jomar/page/44/" "Mozilla/5.0 (Linux; Android 7.0;) AppleWebKit/537.36 (KHTML, like Gecko) Mobile Safari/537.36 (compatible; PetalBot;+https://webmaster.petalsearch.com/site/petalbot)"
jomarlogistica.com.br:80 114.119.159.76 - - [28/Sep/2025:11:45:03 -0300] "GET /2022/12/18/how-much-does-a-man-like-most-in-a-female/ HTTP/1.1" 200 18042 "https://jomarlogistica.com.br/author/jomar/page/44/" "Mozilla/5.0 (Linux; Android 7.0;) AppleWebKit/537.36 (KHTML, like Gecko) Mobile Safari/537.36 (compatible; PetalBot;+https://webmaster.petalsearch.com/site/petalbot)"
jomarlogistica.com.br:80 114.119.136.72 - - [28/Sep/2025:11:46:27 -0300] "GET /2022/11/19/how-to-find-millionaire-on-line/ HTTP/1.1" 200 17425 "https://jomarlogistica.com.br/2022/11/page/2/" "Mozilla/5.0 (Linux; Android 7.0;) AppleWebKit/537.36 (KHTML, like Gecko) Mobile Safari/537.36 (compatible; PetalBot;+https://webmaster.petalsearch.com/site/petalbot)"
jomarlogistica.com.br:80 172.20.1.117 - - [28/Sep/2025:11:47:51 -0300] "POST /wp-cron.php?doing_wp_cron=1759070871.8015489578247070312500 HTTP/1.1" 200 389 "https://jomarlogistica.com.br/wp-cron.php?doing_wp_cron=1759070871.8015489578247070312500" "WordPress/5.8.10; https://jomarlogistica.com.br"
jomarlogistica.com.br:80 114.119.159.76 - - [28/Sep/2025:11:47:51 -0300] "GET /2022/11/02/free-of-charge-dating-and-chatting-sites-for-available-singles/ HTTP/1.1" 200 17449 "https://jomarlogistica.com.br/author/jomar/page/52/" "Mozilla/5.0 (Linux; Android 7.0;) AppleWebKit/537.36 (KHTML, like Gecko) Mobile Safari/537.36 (compatible; PetalBot;+https://webmaster.petalsearch.com/site/petalbot)"
jomarlogistica.com.br:80 127.0.0.1 - - [28/Sep/2025:11:47:57 -0300] "OPTIONS * HTTP/1.0" 200 110 "-" "Apache/2.4.65 (Ubuntu) (internal dummy connection)"
jomarlogistica.com.br:80 114.119.158.0 - - [28/Sep/2025:11:49:18 -0300] "GET /2022/05/06/buying-property-contractor-essential-tips-for-legal-real-estate-transactions/ HTTP/1.1" 200 14495 "https://jomarlogistica.com.br/2022/05/08/california-school-start-time-law-impact-on-education/" "Mozilla/5.0 (Linux; Android 7.0;) AppleWebKit/537.36 (KHTML, like Gecko) Mobile Safari/537.36 (compatible; PetalBot;+https://webmaster.petalsearch.com/site/petalbot)"
jomarlogistica.com.br:80 114.119.134.192 - - [28/Sep/2025:11:50:41 -0300] "GET /2022/04/20/alabama-suboxone-laws-what-you-need-to-know/ HTTP/1.1" 200 14012 "https://jomarlogistica.com.br/2022/04/" "Mozilla/5.0 (Linux; Android 7.0;) AppleWebKit/537.36 (KHTML, like Gecko) Mobile Safari/537.36 (compatible; PetalBot;+https://webmaster.petalsearch.com/site/petalbot)"
jomarlogistica.com.br:80 172.20.1.117 - - [28/Sep/2025:12:06:35 -0300] "POST /wp-cron.php?doing_wp_cron=1759071995.8116629123687744140625 HTTP/1.1" 200 389 "https://jomarlogistica.com.br/wp-cron.php?doing_wp_cron=1759071995.8116629123687744140625" "WordPress/5.8.10; https://jomarlogistica.com.br"
jomarlogistica.com.br:80 185.191.171.3 - - [28/Sep/2025:12:06:35 -0300] "GET /robots.txt HTTP/1.1" 200 584 "-" "Mozilla/5.0 (compatible; SemrushBot/7~bl; +http://www.semrush.com/bot.html)"
jomarlogistica.com.br:80 85.208.96.211 - - [28/Sep/2025:12:06:36 -0300] "GET /2023/page/11/ HTTP/1.1" 200 18629 "-" "Mozilla/5.0 (compatible; SemrushBot/7~bl; +http://www.semrush.com/bot.html)"
jomarlogistica.com.br:80 127.0.0.1 - - [28/Sep/2025:12:06:41 -0300] "OPTIONS * HTTP/1.0" 200 110 "-" "Apache/2.4.65 (Ubuntu) (internal dummy connection)"
jomarlogistica.com.br:80 172.20.1.117 - - [28/Sep/2025:12:07:18 -0300] "POST /wp-cron.php?doing_wp_cron=1759072038.8167369365692138671875 HTTP/1.1" 200 389 "https://jomarlogistica.com.br/wp-cron.php?doing_wp_cron=1759072038.8167369365692138671875" "WordPress/5.8.10; https://jomarlogistica.com.br"
jomarlogistica.com.br:80 177.212.248.250 - - [28/Sep/2025:12:07:18 -0300] "POST /autodiscover/autodiscover.xml HTTP/1.1" 404 448 "-" "AppleExchangeWebServices/833 accountsd/113"
jomarlogistica.com.br:80 127.0.0.1 - - [28/Sep/2025:12:07:23 -0300] "OPTIONS * HTTP/1.0" 200 110 "-" "Apache/2.4.65 (Ubuntu) (internal dummy connection)"
jomarlogistica.com.br:80 172.20.1.117 - - [28/Sep/2025:12:14:09 -0300] "POST /wp-cron.php?doing_wp_cron=1759072449.0187010765075683593750 HTTP/1.1" 200 389 "https://jomarlogistica.com.br/wp-cron.php?doing_wp_cron=1759072449.0187010765075683593750" "WordPress/5.8.10; https://jomarlogistica.com.br"
jomarlogistica.com.br:80 170.106.193.108 - - [28/Sep/2025:12:14:08 -0300] "GET / HTTP/1.1" 200 23930 "http://jomarlogistica.com.br" "Mozilla/5.0 (iPhone; CPU iPhone OS 13_2_3 like Mac OS X) AppleWebKit/605.1.15 (KHTML, like Gecko) Version/13.0.3 Mobile/15E148 Safari/604.1"
jomarlogistica.com.br:80 127.0.0.1 - - [28/Sep/2025:12:14:14 -0300] "OPTIONS * HTTP/1.0" 200 110 "-" "Apache/2.4.65 (Ubuntu) (internal dummy connection)"
jomarlogistica.com.br:80 172.20.1.117 - - [28/Sep/2025:12:23:50 -0300] "POST /wp-cron.php?doing_wp_cron=1759073030.9356019496917724609375 HTTP/1.1" 200 389 "https://jomarlogistica.com.br/wp-cron.php?doing_wp_cron=1759073030.9356019496917724609375" "WordPress/5.8.10; https://jomarlogistica.com.br"
jomarlogistica.com.br:80 17.241.227.204 - - [28/Sep/2025:12:23:50 -0300] "GET /robots.txt HTTP/1.1" 200 584 "-" "Mozilla/5.0 (Macintosh; Intel Mac OS X 10_15_7) AppleWebKit/605.1.15 (KHTML, like Gecko) Version/17.4 Safari/605.1.15 (Applebot/0.1; +http://www.apple.com/go/applebot)"
jomarlogistica.com.br:80 17.241.227.204 - - [28/Sep/2025:12:23:51 -0300] "GET /2023/03/25/business-partnership-agreement-proposal-essential-guidelines-for-success/ HTTP/1.1" 200 14494 "-" "Mozilla/5.0 (Macintosh; Intel Mac OS X 10_15_7) AppleWebKit/605.1.15 (KHTML, like Gecko) Version/17.4 Safari/605.1.15 (Applebot/0.1; +http://www.apple.com/go/applebot)"
jomarlogistica.com.br:80 85.208.96.212 - - [28/Sep/2025:12:23:55 -0300] "GET /author/jomar/page/44/ HTTP/1.1" 200 18893 "-" "Mozilla/5.0 (compatible; SemrushBot/7~bl; +http://www.semrush.com/bot.html)"
jomarlogistica.com.br:80 127.0.0.1 - - [28/Sep/2025:12:24:00 -0300] "OPTIONS * HTTP/1.0" 200 110 "-" "Apache/2.4.65 (Ubuntu) (internal dummy connection)"
