jomarlogistica.com.br:80 66.249.66.38 - - [28/Sep/2025:02:26:09 -0300] "GET /wp-content/plugins/instagram-feed/css/sbi-styles.min.css?ver=2.9.7 HTTP/1.1" 200 3355 "https://jomarlogistica.com.br/" "Mozilla/5.0 AppleWebKit/537.36 (KHTML, like Gecko; compatible; Googlebot/2.1; +http://www.google.com/bot.html) Chrome/139.0.7258.127 Safari/537.36"
jomarlogistica.com.br:80 66.249.66.37 - - [28/Sep/2025:02:26:09 -0300] "GET /wp-content/plugins/case-theme-user/acess/css/remodal.css?ver=5.8.10 HTTP/1.1" 200 1031 "https://jomarlogistica.com.br/" "Mozilla/5.0 AppleWebKit/537.36 (KHTML, like Gecko; compatible; Googlebot/2.1; +http://www.google.com/bot.html) Chrome/139.0.7258.127 Safari/537.36"
jomarlogistica.com.br:80 66.249.66.37 - - [28/Sep/2025:02:26:10 -0300] "GET /wp-content/plugins/case-theme-core/assets/css/lib/owl.carousel.min.css?ver=2.2.1 HTTP/1.1" 200 1298 "https://jomarlogistica.com.br/" "Mozilla/5.0 AppleWebKit/537.36 (KHTML, like Gecko; compatible; Googlebot/2.1; +http://www.google.com/bot.html) Chrome/139.0.7258.127 Safari/537.36"
jomarlogistica.com.br:80 66.249.66.37 - - [28/Sep/2025:02:26:10 -0300] "GET /wp-content/plugins/booked/assets/js/tooltipster/css/themes/tooltipster-light.css?ver=3.3.0 HTTP/1.1" 200 615 "https://jomarlogistica.com.br/" "Mozilla/5.0 AppleWebKit/537.36 (KHTML, like Gecko; compatible; Googlebot/2.1; +http://www.google.com/bot.html) Chrome/139.0.7258.127 Safari/537.36"
jomarlogistica.com.br:80 66.249.66.37 - - [28/Sep/2025:02:26:10 -0300] "GET /wp-content/plugins/booked/assets/js/tooltipster/css/tooltipster.css?ver=3.3.0 HTTP/1.1" 200 2174 "https://jomarlogistica.com.br/" "Mozilla/5.0 AppleWebKit/537.36 (KHTML, like Gecko; compatible; Googlebot/2.1; +http://www.google.com/bot.html) Chrome/139.0.7258.127 Safari/537.36"
jomarlogistica.com.br:80 66.249.66.37 - - [28/Sep/2025:02:26:10 -0300] "GET /wp-content/plugins/case-theme-core/assets/css/lib/progressbar.min.css?ver=0.7.1 HTTP/1.1" 200 1103 "https://jomarlogistica.com.br/" "Mozilla/5.0 AppleWebKit/537.36 (KHTML, like Gecko; compatible; Googlebot/2.1; +http://www.google.com/bot.html) Chrome/139.0.7258.127 Safari/537.36"
jomarlogistica.com.br:80 66.249.66.204 - - [28/Sep/2025:02:26:11 -0300] "GET /wp-content/plugins/contact-form-7/includes/css/styles.css?ver=5.5.3 HTTP/1.1" 200 1361 "https://jomarlogistica.com.br/" "Mozilla/5.0 AppleWebKit/537.36 (KHTML, like Gecko; compatible; Googlebot/2.1; +http://www.google.com/bot.html) Chrome/139.0.7258.127 Safari/537.36"
jomarlogistica.com.br:80 66.249.66.38 - - [28/Sep/2025:02:26:11 -0300] "GET /wp-content/plugins/contact-form-7-multi-step/assets/frontend/css/cf7mls.css?ver=2.5.4 HTTP/1.1" 200 2184 "https://jomarlogistica.com.br/" "Mozilla/5.0 AppleWebKit/537.36 (KHTML, like Gecko; compatible; Googlebot/2.1; +http://www.google.com/bot.html) Chrome/139.0.7258.127 Safari/537.36"
jomarlogistica.com.br:80 66.249.66.38 - - [28/Sep/2025:02:26:11 -0300] "GET /wp-content/themes/consultio/assets/css/flaticon-v5.css?ver=2.8.0 HTTP/1.1" 200 1356 "https://jomarlogistica.com.br/" "Mozilla/5.0 AppleWebKit/537.36 (KHTML, like Gecko; compatible; Googlebot/2.1; +http://www.google.com/bot.html) Chrome/139.0.7258.127 Safari/537.36"
jomarlogistica.com.br:80 66.249.66.37 - - [28/Sep/2025:02:26:12 -0300] "GET /wp-content/themes/consultio/assets/css/flaticon-v3.css?ver=2.8.0 HTTP/1.1" 200 1156 "https://jomarlogistica.com.br/" "Mozilla/5.0 AppleWebKit/537.36 (KHTML, like Gecko; compatible; Googlebot/2.1; +http://www.google.com/bot.html) Chrome/139.0.7258.127 Safari/537.36"
jomarlogistica.com.br:80 66.249.66.169 - - [28/Sep/2025:02:26:12 -0300] "GET /wp-content/themes/consultio/assets/css/flaticon-v7.css?ver=2.8.0 HTTP/1.1" 200 990 "https://jomarlogistica.com.br/" "Mozilla/5.0 AppleWebKit/537.36 (KHTML, like Gecko; compatible; Googlebot/2.1; +http://www.google.com/bot.html) Chrome/139.0.7258.127 Safari/537.36"
jomarlogistica.com.br:80 66.249.66.37 - - [28/Sep/2025:02:26:12 -0300] "GET /wp-content/uploads/elementor/css/post-5765.css?ver=1638451937 HTTP/1.1" 200 707 "https://jomarlogistica.com.br/" "Mozilla/5.0 AppleWebKit/537.36 (KHTML, like Gecko; compatible; Googlebot/2.1; +http://www.google.com/bot.html) Chrome/139.0.7258.127 Safari/537.36"
jomarlogistica.com.br:80 66.249.66.169 - - [28/Sep/2025:02:26:13 -0300] "GET /wp-content/themes/consultio/elementor/js/ct-inline-css.js?ver=2.8.0 HTTP/1.1" 200 864 "https://jomarlogistica.com.br/" "Mozilla/5.0 AppleWebKit/537.36 (KHTML, like Gecko; compatible; Googlebot/2.1; +http://www.google.com/bot.html) Chrome/139.0.7258.127 Safari/537.36"
jomarlogistica.com.br:80 66.249.66.37 - - [28/Sep/2025:02:26:13 -0300] "GET /wp-content/plugins/elementor/assets/css/frontend.min.css?ver=3.4.8 HTTP/1.1" 200 19740 "https://jomarlogistica.com.br/" "Mozilla/5.0 AppleWebKit/537.36 (KHTML, like Gecko; compatible; Googlebot/2.1; +http://www.google.com/bot.html) Chrome/139.0.7258.127 Safari/537.36"
jomarlogistica.com.br:80 66.249.66.169 - - [28/Sep/2025:02:26:13 -0300] "GET /wp-content/themes/consultio/assets/css/flaticon-v6.css?ver=2.8.0 HTTP/1.1" 200 998 "https://jomarlogistica.com.br/" "Mozilla/5.0 AppleWebKit/537.36 (KHTML, like Gecko; compatible; Googlebot/2.1; +http://www.google.com/bot.html) Chrome/139.0.7258.127 Safari/537.36"
jomarlogistica.com.br:80 66.249.66.37 - - [28/Sep/2025:02:26:14 -0300] "GET /wp-content/themes/consultio/assets/css/magnific-popup.css?ver=1.0.0 HTTP/1.1" 200 2198 "https://jomarlogistica.com.br/" "Mozilla/5.0 AppleWebKit/537.36 (KHTML, like Gecko; compatible; Googlebot/2.1; +http://www.google.com/bot.html) Chrome/139.0.7258.127 Safari/537.36"
jomarlogistica.com.br:80 66.249.66.37 - - [28/Sep/2025:02:26:14 -0300] "GET /wp-content/themes/consultio/assets/css/animate.css?ver=1.0.0 HTTP/1.1" 200 5563 "https://jomarlogistica.com.br/" "Mozilla/5.0 AppleWebKit/537.36 (KHTML, like Gecko; compatible; Googlebot/2.1; +http://www.google.com/bot.html) Chrome/139.0.7258.127 Safari/537.36"
jomarlogistica.com.br:80 66.249.66.169 - - [28/Sep/2025:02:26:15 -0300] "GET /wp-includes/js/jquery/jquery.min.js?ver=3.6.0 HTTP/1.1" 200 32444 "https://jomarlogistica.com.br/" "Mozilla/5.0 AppleWebKit/537.36 (KHTML, like Gecko; compatible; Googlebot/2.1; +http://www.google.com/bot.html) Chrome/139.0.7258.127 Safari/537.36"
jomarlogistica.com.br:80 66.249.66.68 - - [28/Sep/2025:02:26:15 -0300] "GET /wp-content/themes/consultio/assets/css/flaticon.css?ver=2.8.0 HTTP/1.1" 200 1224 "https://jomarlogistica.com.br/" "Mozilla/5.0 AppleWebKit/537.36 (KHTML, like Gecko; compatible; Googlebot/2.1; +http://www.google.com/bot.html) Chrome/139.0.7258.127 Safari/537.36"
jomarlogistica.com.br:80 66.249.66.169 - - [28/Sep/2025:02:26:15 -0300] "GET /wp-content/plugins/elementor/assets/lib/font-awesome/css/fontawesome.min.css?ver=5.15.3 HTTP/1.1" 200 13797 "https://jomarlogistica.com.br/" "Mozilla/5.0 AppleWebKit/537.36 (KHTML, like Gecko; compatible; Googlebot/2.1; +http://www.google.com/bot.html) Chrome/139.0.7258.127 Safari/537.36"
jomarlogistica.com.br:80 66.249.66.37 - - [28/Sep/2025:02:26:16 -0300] "GET /wp-content/plugins/elementor/assets/lib/font-awesome/css/solid.min.css?ver=5.15.3 HTTP/1.1" 200 680 "https://jomarlogistica.com.br/" "Mozilla/5.0 AppleWebKit/537.36 (KHTML, like Gecko; compatible; Googlebot/2.1; +http://www.google.com/bot.html) Chrome/139.0.7258.127 Safari/537.36"
jomarlogistica.com.br:80 66.249.66.68 - - [28/Sep/2025:02:26:16 -0300] "GET /wp-content/plugins/contact-form-7-multi-step/assets/frontend/css/progress_bar.css?ver=2.5.4 HTTP/1.1" 200 5617 "https://jomarlogistica.com.br/" "Mozilla/5.0 AppleWebKit/537.36 (KHTML, like Gecko; compatible; Googlebot/2.1; +http://www.google.com/bot.html) Chrome/139.0.7258.127 Safari/537.36"
jomarlogistica.com.br:80 66.249.66.37 - - [28/Sep/2025:02:26:16 -0300] "GET /wp-content/plugins/elementor/assets/lib/eicons/css/elementor-icons.min.css?ver=5.13.0 HTTP/1.1" 200 4378 "https://jomarlogistica.com.br/" "Mozilla/5.0 AppleWebKit/537.36 (KHTML, like Gecko; compatible; Googlebot/2.1; +http://www.google.com/bot.html) Chrome/139.0.7258.127 Safari/537.36"
jomarlogistica.com.br:80 66.249.66.204 - - [28/Sep/2025:02:26:17 -0300] "GET /wp-content/plugins/case-theme-core/assets/css/main.css?ver=1.0.0 HTTP/1.1" 200 582 "https://jomarlogistica.com.br/" "Mozilla/5.0 AppleWebKit/537.36 (KHTML, like Gecko; compatible; Googlebot/2.1; +http://www.google.com/bot.html) Chrome/139.0.7258.127 Safari/537.36"
jomarlogistica.com.br:80 66.249.66.37 - - [28/Sep/2025:02:26:17 -0300] "GET /wp-content/plugins/contact-form-7-multi-step/assets/frontend/animate/animate.min.css?ver=2.5.4 HTTP/1.1" 200 5225 "https://jomarlogistica.com.br/" "Mozilla/5.0 AppleWebKit/537.36 (KHTML, like Gecko; compatible; Googlebot/2.1; +http://www.google.com/bot.html) Chrome/139.0.7258.127 Safari/537.36"
jomarlogistica.com.br:80 66.249.66.37 - - [28/Sep/2025:02:26:17 -0300] "GET /wp-content/plugins/redux-framework/redux-core/extendify-sdk/public/build/extendify-utilities.css?ver=13.4 HTTP/1.1" 200 6477 "https://jomarlogistica.com.br/" "Mozilla/5.0 AppleWebKit/537.36 (KHTML, like Gecko; compatible; Googlebot/2.1; +http://www.google.com/bot.html) Chrome/139.0.7258.127 Safari/537.36"
jomarlogistica.com.br:80 66.249.66.37 - - [28/Sep/2025:02:26:18 -0300] "GET /wp-content/themes/consultio/assets/css/theme.css?ver=2.8.0 HTTP/1.1" 200 195072 "https://jomarlogistica.com.br/" "Mozilla/5.0 AppleWebKit/537.36 (KHTML, like Gecko; compatible; Googlebot/2.1; +http://www.google.com/bot.html) Chrome/139.0.7258.127 Safari/537.36"
jomarlogistica.com.br:80 66.249.66.68 - - [28/Sep/2025:02:26:19 -0300] "GET /wp-content/plugins/elementor/assets/lib/font-awesome/css/brands.min.css?ver=5.15.3 HTTP/1.1" 200 679 "https://jomarlogistica.com.br/" "Mozilla/5.0 AppleWebKit/537.36 (KHTML, like Gecko; compatible; Googlebot/2.1; +http://www.google.com/bot.html) Chrome/139.0.7258.127 Safari/537.36"
jomarlogistica.com.br:80 66.249.66.37 - - [28/Sep/2025:02:26:19 -0300] "GET /wp-content/plugins/revslider/public/assets/css/rs6.css?ver=6.5.11 HTTP/1.1" 200 13340 "https://jomarlogistica.com.br/" "Mozilla/5.0 AppleWebKit/537.36 (KHTML, like Gecko; compatible; Googlebot/2.1; +http://www.google.com/bot.html) Chrome/139.0.7258.127 Safari/537.36"
jomarlogistica.com.br:80 66.249.66.37 - - [28/Sep/2025:02:26:20 -0300] "GET /wp-includes/js/jquery/ui/core.min.js?ver=1.12.1 HTTP/1.1" 200 7418 "https://jomarlogistica.com.br/" "Mozilla/5.0 AppleWebKit/537.36 (KHTML, like Gecko; compatible; Googlebot/2.1; +http://www.google.com/bot.html) Chrome/139.0.7258.127 Safari/537.36"
jomarlogistica.com.br:80 66.249.66.204 - - [28/Sep/2025:02:26:20 -0300] "GET /wp-content/plugins/booked/assets/js/spin.jquery.js?ver=2.0.1 HTTP/1.1" 200 1167 "https://jomarlogistica.com.br/" "Mozilla/5.0 AppleWebKit/537.36 (KHTML, like Gecko; compatible; Googlebot/2.1; +http://www.google.com/bot.html) Chrome/139.0.7258.127 Safari/537.36"
jomarlogistica.com.br:80 66.249.66.169 - - [28/Sep/2025:02:26:20 -0300] "GET /wp-content/plugins/booked/assets/js/spin.min.js?ver=2.0.1 HTTP/1.1" 200 2463 "https://jomarlogistica.com.br/" "Mozilla/5.0 AppleWebKit/537.36 (KHTML, like Gecko; compatible; Googlebot/2.1; +http://www.google.com/bot.html) Chrome/139.0.7258.127 Safari/537.36"
jomarlogistica.com.br:80 66.249.66.169 - - [28/Sep/2025:02:26:21 -0300] "GET /wp-content/plugins/booked/assets/js/functions.js?ver=2.3.5 HTTP/1.1" 200 10029 "https://jomarlogistica.com.br/" "Mozilla/5.0 AppleWebKit/537.36 (KHTML, like Gecko; compatible; Googlebot/2.1; +http://www.google.com/bot.html) Chrome/139.0.7258.127 Safari/537.36"
jomarlogistica.com.br:80 66.249.66.37 - - [28/Sep/2025:02:26:21 -0300] "GET /wp-includes/js/dist/vendor/regenerator-runtime.min.js?ver=0.13.7 HTTP/1.1" 200 2817 "https://jomarlogistica.com.br/" "Mozilla/5.0 AppleWebKit/537.36 (KHTML, like Gecko; compatible; Googlebot/2.1; +http://www.google.com/bot.html) Chrome/139.0.7258.127 Safari/537.36"
jomarlogistica.com.br:80 66.249.66.68 - - [28/Sep/2025:02:26:21 -0300] "GET /wp-content/themes/consultio/assets/js/match-height-min.js?ver=1.0.0 HTTP/1.1" 200 3557 "https://jomarlogistica.com.br/" "Mozilla/5.0 AppleWebKit/537.36 (KHTML, like Gecko; compatible; Googlebot/2.1; +http://www.google.com/bot.html) Chrome/139.0.7258.127 Safari/537.36"
jomarlogistica.com.br:80 66.249.66.37 - - [28/Sep/2025:02:26:22 -0300] "GET /wp-content/plugins/case-theme-user/acess/js/remodal.min.js?ver=1.0.0 HTTP/1.1" 200 3045 "https://jomarlogistica.com.br/" "Mozilla/5.0 AppleWebKit/537.36 (KHTML, like Gecko; compatible; Googlebot/2.1; +http://www.google.com/bot.html) Chrome/139.0.7258.127 Safari/537.36"
jomarlogistica.com.br:80 66.249.66.68 - - [28/Sep/2025:02:26:22 -0300] "GET /wp-content/plugins/booked/assets/js/tooltipster/js/jquery.tooltipster.min.js?ver=3.3.0 HTTP/1.1" 200 5373 "https://jomarlogistica.com.br/" "Mozilla/5.0 AppleWebKit/537.36 (KHTML, like Gecko; compatible; Googlebot/2.1; +http://www.google.com/bot.html) Chrome/139.0.7258.127 Safari/537.36"
jomarlogistica.com.br:80 66.249.66.68 - - [28/Sep/2025:02:26:23 -0300] "GET /wp-content/themes/consultio/assets/js/nice-select.min.js?ver=all HTTP/1.1" 200 1420 "https://jomarlogistica.com.br/" "Mozilla/5.0 AppleWebKit/537.36 (KHTML, like Gecko; compatible; Googlebot/2.1; +http://www.google.com/bot.html) Chrome/139.0.7258.127 Safari/537.36"
jomarlogistica.com.br:80 66.249.66.37 - - [28/Sep/2025:02:26:23 -0300] "GET /wp-content/plugins/booked/includes/add-ons/frontend-agents/js/functions.js?ver=2.3.5 HTTP/1.1" 200 1611 "https://jomarlogistica.com.br/" "Mozilla/5.0 AppleWebKit/537.36 (KHTML, like Gecko; compatible; Googlebot/2.1; +http://www.google.com/bot.html) Chrome/139.0.7258.127 Safari/537.36"
jomarlogistica.com.br:80 66.249.66.37 - - [28/Sep/2025:02:26:23 -0300] "GET /wp-content/plugins/contact-form-7/includes/js/index.js?ver=5.5.3 HTTP/1.1" 200 4245 "https://jomarlogistica.com.br/" "Mozilla/5.0 AppleWebKit/537.36 (KHTML, like Gecko; compatible; Googlebot/2.1; +http://www.google.com/bot.html) Chrome/139.0.7258.127 Safari/537.36"
jomarlogistica.com.br:80 66.249.66.68 - - [28/Sep/2025:02:26:24 -0300] "GET /wp-content/plugins/contact-form-7-multi-step/assets/frontend/js/cf7mls.js?ver=2.5.4 HTTP/1.1" 200 7286 "https://jomarlogistica.com.br/" "Mozilla/5.0 AppleWebKit/537.36 (KHTML, like Gecko; compatible; Googlebot/2.1; +http://www.google.com/bot.html) Chrome/139.0.7258.127 Safari/537.36"
jomarlogistica.com.br:80 66.249.66.37 - - [28/Sep/2025:02:26:24 -0300] "GET /wp-content/plugins/case-theme-user/acess/js/ct-user-form.js?ver=1.0.0 HTTP/1.1" 200 2307 "https://jomarlogistica.com.br/" "Mozilla/5.0 AppleWebKit/537.36 (KHTML, like Gecko; compatible; Googlebot/2.1; +http://www.google.com/bot.html) Chrome/139.0.7258.127 Safari/537.36"
jomarlogistica.com.br:80 66.249.66.68 - - [28/Sep/2025:02:26:24 -0300] "GET /wp-includes/js/dist/vendor/wp-polyfill.min.js?ver=3.15.0 HTTP/1.1" 200 6572 "https://jomarlogistica.com.br/" "Mozilla/5.0 AppleWebKit/537.36 (KHTML, like Gecko; compatible; Googlebot/2.1; +http://www.google.com/bot.html) Chrome/139.0.7258.127 Safari/537.36"
jomarlogistica.com.br:80 66.249.66.204 - - [28/Sep/2025:02:26:25 -0300] "GET /wp-content/themes/consultio/assets/js/progressbar.min.js?ver=1.0.0 HTTP/1.1" 200 1346 "https://jomarlogistica.com.br/" "Mozilla/5.0 AppleWebKit/537.36 (KHTML, like Gecko; compatible; Googlebot/2.1; +http://www.google.com/bot.html) Chrome/139.0.7258.127 Safari/537.36"
jomarlogistica.com.br:80 66.249.66.37 - - [28/Sep/2025:02:26:25 -0300] "GET /wp-includes/js/wp-embed.min.js?ver=5.8.10 HTTP/1.1" 200 1177 "https://jomarlogistica.com.br/" "Mozilla/5.0 AppleWebKit/537.36 (KHTML, like Gecko; compatible; Googlebot/2.1; +http://www.google.com/bot.html) Chrome/139.0.7258.127 Safari/537.36"
jomarlogistica.com.br:80 66.249.66.169 - - [28/Sep/2025:02:26:26 -0300] "GET /wp-content/themes/consultio/assets/js/main.js?ver=2.8.0 HTTP/1.1" 200 6455 "https://jomarlogistica.com.br/" "Mozilla/5.0 AppleWebKit/537.36 (KHTML, like Gecko; compatible; Googlebot/2.1; +http://www.google.com/bot.html) Chrome/139.0.7258.127 Safari/537.36"
jomarlogistica.com.br:80 66.249.66.37 - - [28/Sep/2025:02:26:26 -0300] "GET /wp-content/themes/consultio/assets/js/wow.min.js?ver=1.0.0 HTTP/1.1" 200 3260 "https://jomarlogistica.com.br/" "Mozilla/5.0 AppleWebKit/537.36 (KHTML, like Gecko; compatible; Googlebot/2.1; +http://www.google.com/bot.html) Chrome/139.0.7258.127 Safari/537.36"
jomarlogistica.com.br:80 66.249.66.37 - - [28/Sep/2025:02:26:26 -0300] "GET /wp-content/plugins/case-theme-user/acess/js/notify.min.js?ver=1.0.0 HTTP/1.1" 200 7826 "https://jomarlogistica.com.br/" "Mozilla/5.0 AppleWebKit/537.36 (KHTML, like Gecko; compatible; Googlebot/2.1; +http://www.google.com/bot.html) Chrome/139.0.7258.127 Safari/537.36"
jomarlogistica.com.br:80 66.249.66.37 - - [28/Sep/2025:02:26:27 -0300] "GET /wp-content/plugins/case-theme-core/assets/js/lib/isotope.pkgd.min.js?ver=3.0.5 HTTP/1.1" 200 10727 "https://jomarlogistica.com.br/" "Mozilla/5.0 AppleWebKit/537.36 (KHTML, like Gecko; compatible; Googlebot/2.1; +http://www.google.com/bot.html) Chrome/139.0.7258.127 Safari/537.36"
jomarlogistica.com.br:80 66.249.66.169 - - [28/Sep/2025:02:26:27 -0300] "GET /wp-includes/js/imagesloaded.min.js?ver=4.1.4 HTTP/1.1" 200 2251 "https://jomarlogistica.com.br/" "Mozilla/5.0 AppleWebKit/537.36 (KHTML, like Gecko; compatible; Googlebot/2.1; +http://www.google.com/bot.html) Chrome/139.0.7258.127 Safari/537.36"
jomarlogistica.com.br:80 66.249.66.37 - - [28/Sep/2025:02:26:28 -0300] "GET /wp-includes/js/jquery/ui/mouse.min.js?ver=1.12.1 HTTP/1.1" 200 1479 "https://jomarlogistica.com.br/" "Mozilla/5.0 AppleWebKit/537.36 (KHTML, like Gecko; compatible; Googlebot/2.1; +http://www.google.com/bot.html) Chrome/139.0.7258.127 Safari/537.36"
jomarlogistica.com.br:80 66.249.66.37 - - [28/Sep/2025:02:26:28 -0300] "GET /wp-includes/js/jquery/ui/slider.min.js?ver=1.12.1 HTTP/1.1" 200 3602 "https://jomarlogistica.com.br/" "Mozilla/5.0 AppleWebKit/537.36 (KHTML, like Gecko; compatible; Googlebot/2.1; +http://www.google.com/bot.html) Chrome/139.0.7258.127 Safari/537.36"
jomarlogistica.com.br:80 66.249.66.204 - - [28/Sep/2025:02:26:28 -0300] "GET /wp-content/plugins/elementor/assets/js/webpack.runtime.min.js?ver=3.4.8 HTTP/1.1" 200 2544 "https://jomarlogistica.com.br/" "Mozilla/5.0 AppleWebKit/537.36 (KHTML, like Gecko; compatible; Googlebot/2.1; +http://www.google.com/bot.html) Chrome/139.0.7258.127 Safari/537.36"
jomarlogistica.com.br:80 66.249.66.169 - - [28/Sep/2025:02:26:29 -0300] "GET /wp-content/themes/consultio/assets/js/bootstrap.min.js?ver=4.0.0 HTTP/1.1" 200 14187 "https://jomarlogistica.com.br/" "Mozilla/5.0 AppleWebKit/537.36 (KHTML, like Gecko; compatible; Googlebot/2.1; +http://www.google.com/bot.html) Chrome/139.0.7258.127 Safari/537.36"
jomarlogistica.com.br:80 66.249.66.169 - - [28/Sep/2025:02:26:30 -0300] "GET /wp-content/plugins/revslider/public/assets/js/rs6.min.js?ver=6.5.11 HTTP/1.1" 200 104993 "https://jomarlogistica.com.br/" "Mozilla/5.0 AppleWebKit/537.36 (KHTML, like Gecko; compatible; Googlebot/2.1; +http://www.google.com/bot.html) Chrome/139.0.7258.127 Safari/537.36"
jomarlogistica.com.br:80 66.249.66.37 - - [28/Sep/2025:02:26:30 -0300] "GET /wp-content/plugins/elementor/assets/lib/jquery-numerator/jquery-numerator.min.js?ver=0.2.1 HTTP/1.1" 200 1116 "https://jomarlogistica.com.br/" "Mozilla/5.0 AppleWebKit/537.36 (KHTML, like Gecko; compatible; Googlebot/2.1; +http://www.google.com/bot.html) Chrome/139.0.7258.127 Safari/537.36"
jomarlogistica.com.br:80 114.119.135.84 - - [28/Sep/2025:02:26:30 -0300] "GET /2023/09/09/legal-solutions-designed-for-small-businesses/ HTTP/1.1" 200 17386 "https://jomarlogistica.com.br/author/jomar/page/10/" "Mozilla/5.0 (Linux; Android 7.0;) AppleWebKit/537.36 (KHTML, like Gecko) Mobile Safari/537.36 (compatible; PetalBot;+https://webmaster.petalsearch.com/site/petalbot)"
jomarlogistica.com.br:80 172.20.1.117 - - [28/Sep/2025:02:28:23 -0300] "POST /wp-cron.php?doing_wp_cron=1759037303.7601840496063232421875 HTTP/1.1" 200 389 "https://jomarlogistica.com.br/wp-cron.php?doing_wp_cron=1759037303.7601840496063232421875" "WordPress/5.8.10; https://jomarlogistica.com.br"
jomarlogistica.com.br:80 216.244.66.226 - - [28/Sep/2025:02:28:23 -0300] "GET /2023/01/25/important-things-to-know-have-a-good-marry-another-girl/ HTTP/1.1" 200 80631 "-" "Mozilla/5.0 (compatible; DotBot/1.2; +https://opensiteexplorer.org/dotbot; help@moz.com)"
jomarlogistica.com.br:80 127.0.0.1 - - [28/Sep/2025:02:28:29 -0300] "OPTIONS * HTTP/1.0" 200 110 "-" "Apache/2.4.65 (Ubuntu) (internal dummy connection)"
jomarlogistica.com.br:80 216.244.66.226 - - [28/Sep/2025:02:29:48 -0300] "GET /2023/09/27/board-meeting-software/ HTTP/1.1" 200 78869 "-" "Mozilla/5.0 (compatible; DotBot/1.2; +https://opensiteexplorer.org/dotbot; help@moz.com)"
jomarlogistica.com.br:80 172.20.1.117 - - [28/Sep/2025:02:32:57 -0300] "POST /wp-cron.php?doing_wp_cron=1759037577.6778080463409423828125 HTTP/1.1" 200 389 "https://jomarlogistica.com.br/wp-cron.php?doing_wp_cron=1759037577.6778080463409423828125" "WordPress/5.8.10; https://jomarlogistica.com.br"
jomarlogistica.com.br:80 216.244.66.226 - - [28/Sep/2025:02:32:57 -0300] "GET /2023/03/page/3/ HTTP/1.1" 200 80168 "-" "Mozilla/5.0 (compatible; DotBot/1.2; +https://opensiteexplorer.org/dotbot; help@moz.com)"
jomarlogistica.com.br:80 85.208.96.199 - - [28/Sep/2025:02:33:00 -0300] "GET /2023/09/27/using-a-digital-data-room-to-accelerate-due-diligence/ HTTP/1.1" 200 17384 "-" "Mozilla/5.0 (compatible; SemrushBot/7~bl; +http://www.semrush.com/bot.html)"
jomarlogistica.com.br:80 167.114.139.216 - - [28/Sep/2025:02:33:05 -0300] "GET /2023/04/12/asian-relationship-conversation-styles/ HTTP/1.1" 200 17598 "-" "Mozilla/5.0 (compatible; AhrefsBot/7.0; +http://ahrefs.com/robot/)"
jomarlogistica.com.br:80 127.0.0.1 - - [28/Sep/2025:02:33:10 -0300] "OPTIONS * HTTP/1.0" 200 110 "-" "Apache/2.4.65 (Ubuntu) (internal dummy connection)"
jomarlogistica.com.br:80 172.20.1.117 - - [28/Sep/2025:02:37:47 -0300] "POST /wp-cron.php?doing_wp_cron=1759037867.5668439865112304687500 HTTP/1.1" 200 389 "https://jomarlogistica.com.br/wp-cron.php?doing_wp_cron=1759037867.5668439865112304687500" "WordPress/5.8.10; https://jomarlogistica.com.br"
jomarlogistica.com.br:80 54.235.125.129 - - [28/Sep/2025:02:37:47 -0300] "GET /2022/09/03/fireworks-legal-in-volusia-county-know-the-regulations/ HTTP/1.1" 200 14558 "-" "Mozilla/5.0 AppleWebKit/537.36 (KHTML, like Gecko; compatible; Amazonbot/0.1; +https://developer.amazon.com/support/amazonbot) Chrome/119.0.6045.214 Safari/537.36"
jomarlogistica.com.br:80 127.0.0.1 - - [28/Sep/2025:02:37:52 -0300] "OPTIONS * HTTP/1.0" 200 110 "-" "Apache/2.4.65 (Ubuntu) (internal dummy connection)"
jomarlogistica.com.br:80 172.20.1.117 - - [28/Sep/2025:02:42:41 -0300] "POST /wp-cron.php?doing_wp_cron=1759038161.6368229389190673828125 HTTP/1.1" 200 389 "https://jomarlogistica.com.br/wp-cron.php?doing_wp_cron=1759038161.6368229389190673828125" "WordPress/5.8.10; https://jomarlogistica.com.br"
jomarlogistica.com.br:80 142.44.220.182 - - [28/Sep/2025:02:42:41 -0300] "GET /2022/11/page/2/ HTTP/1.1" 200 18739 "-" "Mozilla/5.0 (compatible; AhrefsBot/7.0; +http://ahrefs.com/robot/)"
jomarlogistica.com.br:80 127.0.0.1 - - [28/Sep/2025:02:42:47 -0300] "OPTIONS * HTTP/1.0" 200 110 "-" "Apache/2.4.65 (Ubuntu) (internal dummy connection)"
jomarlogistica.com.br:80 216.244.66.226 - - [28/Sep/2025:02:42:48 -0300] "GET /2022/06/02/understanding-independent-contractor-case-laws-what-you-need-to-know/ HTTP/1.1" 200 63361 "-" "Mozilla/5.0 (compatible; DotBot/1.2; +https://opensiteexplorer.org/dotbot; help@moz.com)"
jomarlogistica.com.br:80 185.191.171.9 - - [28/Sep/2025:02:46:46 -0300] "GET /2022/12/20/ways-to-date-gorgeous-european-females/ HTTP/1.1" 200 18338 "-" "Mozilla/5.0 (compatible; SemrushBot/7~bl; +http://www.semrush.com/bot.html)"
jomarlogistica.com.br:80 216.244.66.226 - - [28/Sep/2025:02:46:53 -0300] "GET /robots.txt HTTP/1.1" 200 565 "-" "Mozilla/5.0 (compatible; DotBot/1.2; +https://opensiteexplorer.org/dotbot; help@moz.com)"
jomarlogistica.com.br:80 172.20.1.117 - - [28/Sep/2025:02:48:06 -0300] "POST /wp-cron.php?doing_wp_cron=1759038486.2409338951110839843750 HTTP/1.1" 200 389 "https://jomarlogistica.com.br/wp-cron.php?doing_wp_cron=1759038486.2409338951110839843750" "WordPress/5.8.10; https://jomarlogistica.com.br"
jomarlogistica.com.br:80 51.161.65.245 - - [28/Sep/2025:02:48:05 -0300] "GET /2023/02/13/the-right-way-to-impress-an-european-girl/ HTTP/1.1" 200 18289 "-" "Mozilla/5.0 (compatible; AhrefsBot/7.0; +http://ahrefs.com/robot/)"
jomarlogistica.com.br:80 127.0.0.1 - - [28/Sep/2025:02:48:11 -0300] "OPTIONS * HTTP/1.0" 200 110 "-" "Apache/2.4.65 (Ubuntu) (internal dummy connection)"
jomarlogistica.com.br:80 85.208.96.200 - - [28/Sep/2025:02:48:24 -0300] "GET /2023/02/07/wedding-ceremony-tradition-in-the-balkans/ HTTP/1.1" 200 18107 "-" "Mozilla/5.0 (compatible; SemrushBot/7~bl; +http://www.semrush.com/bot.html)"
jomarlogistica.com.br:80 85.208.96.209 - - [28/Sep/2025:02:48:57 -0300] "GET /2023/01/page/2/ HTTP/1.1" 200 18505 "-" "Mozilla/5.0 (compatible; SemrushBot/7~bl; +http://www.semrush.com/bot.html)"
jomarlogistica.com.br:80 185.191.171.2 - - [28/Sep/2025:02:50:50 -0300] "GET /2023/05/ HTTP/1.1" 200 18890 "-" "Mozilla/5.0 (compatible; SemrushBot/7~bl; +http://www.semrush.com/bot.html)"
jomarlogistica.com.br:80 172.20.1.117 - - [28/Sep/2025:02:52:53 -0300] "POST /wp-cron.php?doing_wp_cron=1759038773.5835049152374267578125 HTTP/1.1" 200 389 "https://jomarlogistica.com.br/wp-cron.php?doing_wp_cron=1759038773.5835049152374267578125" "WordPress/5.8.10; https://jomarlogistica.com.br"
jomarlogistica.com.br:80 54.39.6.188 - - [28/Sep/2025:02:52:53 -0300] "GET /2023/12/03/efficiency-legal-synonyms-streamlining-legal-terminology-for-maximum-impact/ HTTP/1.1" 200 14022 "-" "Mozilla/5.0 (compatible; AhrefsBot/7.0; +http://ahrefs.com/robot/)"
jomarlogistica.com.br:80 127.0.0.1 - - [28/Sep/2025:02:52:59 -0300] "OPTIONS * HTTP/1.0" 200 110 "-" "Apache/2.4.65 (Ubuntu) (internal dummy connection)"
jomarlogistica.com.br:80 66.249.66.68 - - [28/Sep/2025:02:56:05 -0300] "GET /robots.txt HTTP/1.1" 200 584 "-" "Mozilla/5.0 (compatible; Googlebot/2.1; +http://www.google.com/bot.html)"
jomarlogistica.com.br:80 66.249.66.37 - - [28/Sep/2025:02:56:06 -0300] "GET /2022/09/05/where-to-get-a-japan-girlfriend/ HTTP/1.1" 200 18245 "-" "Mozilla/5.0 (Linux; Android 6.0.1; Nexus 5X Build/MMB29P) AppleWebKit/537.36 (KHTML, like Gecko) Chrome/139.0.7258.127 Mobile Safari/537.36 (compatible; Googlebot/2.1; +http://www.google.com/bot.html)"
jomarlogistica.com.br:80 127.0.0.1 - - [28/Sep/2025:02:56:12 -0300] "OPTIONS * HTTP/1.0" 200 110 "-" "Apache/2.4.65 (Ubuntu) (internal dummy connection)"
jomarlogistica.com.br:80 172.20.1.117 - - [28/Sep/2025:02:57:29 -0300] "POST /wp-cron.php?doing_wp_cron=1759039049.4114089012145996093750 HTTP/1.1" 200 389 "https://jomarlogistica.com.br/wp-cron.php?doing_wp_cron=1759039049.4114089012145996093750" "WordPress/5.8.10; https://jomarlogistica.com.br"
jomarlogistica.com.br:80 54.39.89.192 - - [28/Sep/2025:02:57:29 -0300] "GET /blog-grid-2-columns-sidebar-right/ HTTP/1.1" 200 17394 "-" "Mozilla/5.0 (compatible; AhrefsBot/7.0; +http://ahrefs.com/robot/)"
jomarlogistica.com.br:80 127.0.0.1 - - [28/Sep/2025:02:57:35 -0300] "OPTIONS * HTTP/1.0" 200 110 "-" "Apache/2.4.65 (Ubuntu) (internal dummy connection)"
jomarlogistica.com.br:80 185.191.171.2 - - [28/Sep/2025:02:58:41 -0300] "GET /author/jomar/page/20/ HTTP/1.1" 200 19275 "-" "Mozilla/5.0 (compatible; SemrushBot/7~bl; +http://www.semrush.com/bot.html)"
jomarlogistica.com.br:80 185.191.171.13 - - [28/Sep/2025:03:00:14 -0300] "GET /2023/05/19/when-to-talk-about-exemption-in-internet-dating/ HTTP/1.1" 200 17497 "-" "Mozilla/5.0 (compatible; SemrushBot/7~bl; +http://www.semrush.com/bot.html)"
jomarlogistica.com.br:80 54.39.6.185 - - [28/Sep/2025:03:00:44 -0300] "GET /wp-content/uploads/elementor/css/post-127.css?ver=1656778630 HTTP/1.1" 200 454 "-" "Mozilla/5.0 (compatible; AhrefsBot/7.0; +http://ahrefs.com/robot/)"
jomarlogistica.com.br:80 51.222.95.225 - - [28/Sep/2025:03:00:46 -0300] "GET /wp-content/uploads/2019/12/gallery-02-300x300.jpg HTTP/1.1" 200 22914 "-" "Mozilla/5.0 (compatible; AhrefsBot/7.0; +http://ahrefs.com/robot/)"
jomarlogistica.com.br:80 142.44.228.148 - - [28/Sep/2025:03:00:48 -0300] "GET /wp-includes/js/imagesloaded.min.js?ver=4.1.4 HTTP/1.1" 200 2251 "-" "Mozilla/5.0 (compatible; AhrefsBot/7.0; +http://ahrefs.com/robot/)"
jomarlogistica.com.br:80 51.161.65.60 - - [28/Sep/2025:03:00:49 -0300] "GET /wp-content/themes/consultio/elementor/js/ct-post-grid-widget.js?ver=2.8.0 HTTP/1.1" 200 760 "-" "Mozilla/5.0 (compatible; AhrefsBot/7.0; +http://ahrefs.com/robot/)"
jomarlogistica.com.br:80 142.44.220.71 - - [28/Sep/2025:03:00:50 -0300] "GET /wp-content/uploads/2019/12/gallery-04-300x300.jpg HTTP/1.1" 200 25011 "-" "Mozilla/5.0 (compatible; AhrefsBot/7.0; +http://ahrefs.com/robot/)"
jomarlogistica.com.br:80 15.235.96.51 - - [28/Sep/2025:03:00:52 -0300] "GET /wp-content/uploads/2019/12/gallery-06-300x300.jpg HTTP/1.1" 200 23359 "-" "Mozilla/5.0 (compatible; AhrefsBot/7.0; +http://ahrefs.com/robot/)"
jomarlogistica.com.br:80 54.39.136.103 - - [28/Sep/2025:03:00:53 -0300] "GET /wp-content/uploads/2019/12/gallery-05-300x300.jpg HTTP/1.1" 200 18686 "-" "Mozilla/5.0 (compatible; AhrefsBot/7.0; +http://ahrefs.com/robot/)"
jomarlogistica.com.br:80 148.113.130.232 - - [28/Sep/2025:03:00:55 -0300] "GET /wp-content/uploads/2019/12/gallery-03-300x300.jpg HTTP/1.1" 200 20931 "-" "Mozilla/5.0 (compatible; AhrefsBot/7.0; +http://ahrefs.com/robot/)"
jomarlogistica.com.br:80 51.161.65.111 - - [28/Sep/2025:03:00:56 -0300] "GET /wp-content/plugins/case-theme-core/assets/js/lib/isotope.pkgd.min.js?ver=3.0.5 HTTP/1.1" 200 10708 "-" "Mozilla/5.0 (compatible; AhrefsBot/7.0; +http://ahrefs.com/robot/)"
jomarlogistica.com.br:80 54.39.203.70 - - [28/Sep/2025:03:00:59 -0300] "GET /wp-content/uploads/2019/12/gallery-01-300x300.jpg HTTP/1.1" 200 23031 "-" "Mozilla/5.0 (compatible; AhrefsBot/7.0; +http://ahrefs.com/robot/)"
jomarlogistica.com.br:80 51.161.65.160 - - [28/Sep/2025:03:01:00 -0300] "GET /wp-content/themes/consultio/elementor/js/ct-post-masonry-widget.js?ver=2.8.0 HTTP/1.1" 200 1725 "-" "Mozilla/5.0 (compatible; AhrefsBot/7.0; +http://ahrefs.com/robot/)"
jomarlogistica.com.br:80 127.0.0.1 - - [28/Sep/2025:03:01:03 -0300] "OPTIONS * HTTP/1.0" 200 110 "-" "Apache/2.4.65 (Ubuntu) (internal dummy connection)"
jomarlogistica.com.br:80 38.91.107.170 - - [28/Sep/2025:03:01:46 -0300] "GET / HTTP/1.1" 200 23930 "-" "Mozilla/5.0 (Windows NT 10.0; Win64; x64) AppleWebKit/537.36"
jomarlogistica.com.br:80 38.91.107.170 - - [28/Sep/2025:03:01:55 -0300] "GET /.git/config HTTP/1.1" 404 448 "-" "Mozilla/5.0 (Windows NT 10.0; Win64; x64) AppleWebKit/537.36"
jomarlogistica.com.br:80 38.91.107.170 - - [28/Sep/2025:03:01:58 -0300] "GET /.git/HEAD HTTP/1.1" 301 525 "-" "Mozilla/5.0 (Windows NT 10.0; Win64; x64) AppleWebKit/537.36"
jomarlogistica.com.br:80 38.91.107.170 - - [28/Sep/2025:03:01:59 -0300] "GET /.git/index HTTP/1.1" 404 448 "-" "Mozilla/5.0 (Windows NT 10.0; Win64; x64) AppleWebKit/537.36"
jomarlogistica.com.br:80 38.91.107.170 - - [28/Sep/2025:03:01:59 -0300] "GET /.git/ HTTP/1.1" 404 448 "-" "Mozilla/5.0 (Windows NT 10.0; Win64; x64) AppleWebKit/537.36"
jomarlogistica.com.br:80 38.91.107.170 - - [28/Sep/2025:03:02:01 -0300] "GET /.env HTTP/1.1" 404 448 "-" "Mozilla/5.0 (Windows NT 10.0; Win64; x64) AppleWebKit/537.36"
jomarlogistica.com.br:80 38.91.107.170 - - [28/Sep/2025:03:02:03 -0300] "GET /.env.development HTTP/1.1" 404 448 "-" "Mozilla/5.0 (Windows NT 10.0; Win64; x64) AppleWebKit/537.36"
jomarlogistica.com.br:80 38.91.107.170 - - [28/Sep/2025:03:02:04 -0300] "GET /.env.local HTTP/1.1" 404 448 "-" "Mozilla/5.0 (Windows NT 10.0; Win64; x64) AppleWebKit/537.36"
jomarlogistica.com.br:80 38.91.107.170 - - [28/Sep/2025:03:02:04 -0300] "GET /.env.production HTTP/1.1" 404 448 "-" "Mozilla/5.0 (Windows NT 10.0; Win64; x64) AppleWebKit/537.36"
jomarlogistica.com.br:80 38.91.107.170 - - [28/Sep/2025:03:02:05 -0300] "GET /wp-config.php HTTP/1.1" 200 366 "-" "Mozilla/5.0 (Windows NT 10.0; Win64; x64) AppleWebKit/537.36"
jomarlogistica.com.br:80 38.91.107.170 - - [28/Sep/2025:03:02:05 -0300] "GET /config.php HTTP/1.1" 404 448 "-" "Mozilla/5.0 (Windows NT 10.0; Win64; x64) AppleWebKit/537.36"
jomarlogistica.com.br:80 142.44.228.166 - - [28/Sep/2025:03:02:05 -0300] "GET /author/jomar/page/4/ HTTP/1.1" 200 18560 "-" "Mozilla/5.0 (compatible; AhrefsBot/7.0; +http://ahrefs.com/robot/)"
jomarlogistica.com.br:80 38.91.107.170 - - [28/Sep/2025:03:02:07 -0300] "GET /.htaccess HTTP/1.1" 403 2493 "-" "Mozilla/5.0 (Windows NT 10.0; Win64; x64) AppleWebKit/537.36"
jomarlogistica.com.br:80 38.91.107.170 - - [28/Sep/2025:03:02:07 -0300] "GET /database.yml HTTP/1.1" 404 448 "-" "Mozilla/5.0 (Windows NT 10.0; Win64; x64) AppleWebKit/537.36"
jomarlogistica.com.br:80 38.91.107.170 - - [28/Sep/2025:03:02:07 -0300] "GET /config/database.yml HTTP/1.1" 404 448 "-" "Mozilla/5.0 (Windows NT 10.0; Win64; x64) AppleWebKit/537.36"
jomarlogistica.com.br:80 38.91.107.170 - - [28/Sep/2025:03:02:07 -0300] "GET /web.config HTTP/1.1" 404 448 "-" "Mozilla/5.0 (Windows NT 10.0; Win64; x64) AppleWebKit/537.36"
jomarlogistica.com.br:80 38.91.107.170 - - [28/Sep/2025:03:02:08 -0300] "GET /composer.json HTTP/1.1" 404 448 "-" "Mozilla/5.0 (Windows NT 10.0; Win64; x64) AppleWebKit/537.36"
jomarlogistica.com.br:80 38.91.107.170 - - [28/Sep/2025:03:02:08 -0300] "GET /package.json HTTP/1.1" 404 448 "-" "Mozilla/5.0 (Windows NT 10.0; Win64; x64) AppleWebKit/537.36"
jomarlogistica.com.br:80 38.91.107.170 - - [28/Sep/2025:03:02:10 -0300] "GET /dump.sql HTTP/1.1" 404 448 "-" "Mozilla/5.0 (Windows NT 10.0; Win64; x64) AppleWebKit/537.36"
jomarlogistica.com.br:80 38.91.107.170 - - [28/Sep/2025:03:02:10 -0300] "GET /phpmyadmin/ HTTP/1.1" 404 448 "-" "Mozilla/5.0 (Windows NT 10.0; Win64; x64) AppleWebKit/537.36"
jomarlogistica.com.br:80 38.91.107.170 - - [28/Sep/2025:03:02:10 -0300] "GET /backup.sql HTTP/1.1" 404 448 "-" "Mozilla/5.0 (Windows NT 10.0; Win64; x64) AppleWebKit/537.36"
jomarlogistica.com.br:80 38.91.107.170 - - [28/Sep/2025:03:02:10 -0300] "GET /adminer.php HTTP/1.1" 404 448 "-" "Mozilla/5.0 (Windows NT 10.0; Win64; x64) AppleWebKit/537.36"
jomarlogistica.com.br:80 38.91.107.170 - - [28/Sep/2025:03:02:11 -0300] "GET /admin/ HTTP/1.1" 302 521 "-" "Mozilla/5.0 (Windows NT 10.0; Win64; x64) AppleWebKit/537.36"
jomarlogistica.com.br:80 38.91.107.170 - - [28/Sep/2025:03:02:12 -0300] "GET /robots.txt HTTP/1.1" 200 584 "-" "Mozilla/5.0 (Windows NT 10.0; Win64; x64) AppleWebKit/537.36"
jomarlogistica.com.br:80 172.20.1.117 - - [28/Sep/2025:03:02:12 -0300] "POST /wp-cron.php?doing_wp_cron=1759039332.3038508892059326171875 HTTP/1.1" 200 389 "https://jomarlogistica.com.br/wp-cron.php?doing_wp_cron=1759039332.3038508892059326171875" "WordPress/5.8.10; https://jomarlogistica.com.br"
jomarlogistica.com.br:80 38.91.107.170 - - [28/Sep/2025:03:02:11 -0300] "GET /sitemap.xml HTTP/1.1" 302 451 "-" "Mozilla/5.0 (Windows NT 10.0; Win64; x64) AppleWebKit/537.36"
jomarlogistica.com.br:80 38.91.107.170 - - [28/Sep/2025:03:02:13 -0300] "GET /clientaccesspolicy.xml HTTP/1.1" 404 448 "-" "Mozilla/5.0 (Windows NT 10.0; Win64; x64) AppleWebKit/537.36"
jomarlogistica.com.br:80 38.91.107.170 - - [28/Sep/2025:03:02:13 -0300] "GET /crossdomain.xml HTTP/1.1" 404 448 "-" "Mozilla/5.0 (Windows NT 10.0; Win64; x64) AppleWebKit/537.36"
jomarlogistica.com.br:80 38.91.107.170 - - [28/Sep/2025:03:02:13 -0300] "GET /.well-known/ HTTP/1.1" 404 448 "-" "Mozilla/5.0 (Windows NT 10.0; Win64; x64) AppleWebKit/537.36"
jomarlogistica.com.br:80 38.91.107.170 - - [28/Sep/2025:03:02:13 -0300] "GET /.DS_Store HTTP/1.1" 404 448 "-" "Mozilla/5.0 (Windows NT 10.0; Win64; x64) AppleWebKit/537.36"
jomarlogistica.com.br:80 127.0.0.1 - - [28/Sep/2025:03:02:18 -0300] "OPTIONS * HTTP/1.0" 200 110 "-" "Apache/2.4.65 (Ubuntu) (internal dummy connection)"
jomarlogistica.com.br:80 127.0.0.1 - - [28/Sep/2025:03:02:19 -0300] "OPTIONS * HTTP/1.0" 200 110 "-" "Apache/2.4.65 (Ubuntu) (internal dummy connection)"
jomarlogistica.com.br:80 85.208.96.203 - - [28/Sep/2025:03:03:25 -0300] "GET /servicos/ HTTP/1.1" 200 17828 "-" "Mozilla/5.0 (compatible; SemrushBot/7~bl; +http://www.semrush.com/bot.html)"
jomarlogistica.com.br:80 40.77.167.54 - - [28/Sep/2025:03:04:56 -0300] "GET /servicos/ HTTP/1.1" 200 17828 "-" "Mozilla/5.0 AppleWebKit/537.36 (KHTML, like Gecko; compatible; bingbot/2.0; +http://www.bing.com/bingbot.htm) Chrome/116.0.1938.76 Safari/537.36"
jomarlogistica.com.br:80 172.20.1.117 - - [28/Sep/2025:03:07:10 -0300] "POST /wp-cron.php?doing_wp_cron=1759039630.7784841060638427734375 HTTP/1.1" 200 389 "https://jomarlogistica.com.br/wp-cron.php?doing_wp_cron=1759039630.7784841060638427734375" "WordPress/5.8.10; https://jomarlogistica.com.br"
jomarlogistica.com.br:80 51.222.95.100 - - [28/Sep/2025:03:07:10 -0300] "GET /2023/page/3/ HTTP/1.1" 200 18663 "-" "Mozilla/5.0 (compatible; AhrefsBot/7.0; +http://ahrefs.com/robot/)"
jomarlogistica.com.br:80 127.0.0.1 - - [28/Sep/2025:03:07:16 -0300] "OPTIONS * HTTP/1.0" 200 110 "-" "Apache/2.4.65 (Ubuntu) (internal dummy connection)"
jomarlogistica.com.br:80 172.20.1.117 - - [28/Sep/2025:03:07:29 -0300] "POST /wp-cron.php?doing_wp_cron=1759039649.1426169872283935546875 HTTP/1.1" 200 389 "https://jomarlogistica.com.br/wp-cron.php?doing_wp_cron=1759039649.1426169872283935546875" "WordPress/5.8.10; https://jomarlogistica.com.br"
jomarlogistica.com.br:80 185.191.171.5 - - [28/Sep/2025:03:07:28 -0300] "GET /2023/04/27/do-they-offer-a-free-online-online-dating-service/ HTTP/1.1" 200 17517 "-" "Mozilla/5.0 (compatible; SemrushBot/7~bl; +http://www.semrush.com/bot.html)"
jomarlogistica.com.br:80 127.0.0.1 - - [28/Sep/2025:03:07:35 -0300] "OPTIONS * HTTP/1.0" 200 110 "-" "Apache/2.4.65 (Ubuntu) (internal dummy connection)"
jomarlogistica.com.br:80 85.208.96.204 - - [28/Sep/2025:03:08:58 -0300] "GET /2023/05/30/keeping-the-momentum-moving-in-an-ma-integration/ HTTP/1.1" 200 17445 "-" "Mozilla/5.0 (compatible; SemrushBot/7~bl; +http://www.semrush.com/bot.html)"
jomarlogistica.com.br:80 172.20.1.117 - - [28/Sep/2025:03:12:40 -0300] "POST /wp-cron.php?doing_wp_cron=1759039960.4294199943542480468750 HTTP/1.1" 200 389 "https://jomarlogistica.com.br/wp-cron.php?doing_wp_cron=1759039960.4294199943542480468750" "WordPress/5.8.10; https://jomarlogistica.com.br"
jomarlogistica.com.br:80 167.114.139.1 - - [28/Sep/2025:03:12:40 -0300] "GET /2023/05/page/4/ HTTP/1.1" 200 18900 "-" "Mozilla/5.0 (compatible; AhrefsBot/7.0; +http://ahrefs.com/robot/)"
jomarlogistica.com.br:80 127.0.0.1 - - [28/Sep/2025:03:12:46 -0300] "OPTIONS * HTTP/1.0" 200 110 "-" "Apache/2.4.65 (Ubuntu) (internal dummy connection)"
jomarlogistica.com.br:80 172.20.1.117 - - [28/Sep/2025:03:17:45 -0300] "POST /wp-cron.php?doing_wp_cron=1759040265.4471600055694580078125 HTTP/1.1" 200 389 "https://jomarlogistica.com.br/wp-cron.php?doing_wp_cron=1759040265.4471600055694580078125" "WordPress/5.8.10; https://jomarlogistica.com.br"
jomarlogistica.com.br:80 54.39.210.255 - - [28/Sep/2025:03:17:44 -0300] "GET /author/jomar/page/55/ HTTP/1.1" 200 18658 "-" "Mozilla/5.0 (compatible; AhrefsBot/7.0; +http://ahrefs.com/robot/)"
jomarlogistica.com.br:80 127.0.0.1 - - [28/Sep/2025:03:17:51 -0300] "OPTIONS * HTTP/1.0" 200 110 "-" "Apache/2.4.65 (Ubuntu) (internal dummy connection)"
jomarlogistica.com.br:80 216.244.66.226 - - [28/Sep/2025:03:21:30 -0300] "GET /2023/02/26/defense-tips-for-online-dating-sites/ HTTP/1.1" 200 79680 "-" "Mozilla/5.0 (compatible; DotBot/1.2; +https://opensiteexplorer.org/dotbot; help@moz.com)"
jomarlogistica.com.br:80 66.249.66.71 - - [28/Sep/2025:03:21:53 -0300] "GET /robots.txt HTTP/1.1" 301 459 "-" "Mozilla/5.0 (compatible; Googlebot/2.1; +http://www.google.com/bot.html)"
jomarlogistica.com.br:80 66.249.66.70 - - [28/Sep/2025:03:21:54 -0300] "GET / HTTP/1.1" 301 449 "-" "Mozilla/5.0 (Linux; Android 6.0.1; Nexus 5X Build/MMB29P) AppleWebKit/537.36 (KHTML, like Gecko) Chrome/139.0.7258.127 Mobile Safari/537.36 (compatible; Googlebot/2.1; +http://www.google.com/bot.html)"
jomarlogistica.com.br:80 127.0.0.1 - - [28/Sep/2025:03:21:58 -0300] "OPTIONS * HTTP/1.0" 200 110 "-" "Apache/2.4.65 (Ubuntu) (internal dummy connection)"
jomarlogistica.com.br:80 172.20.1.117 - - [28/Sep/2025:03:22:35 -0300] "POST /wp-cron.php?doing_wp_cron=1759040555.3126049041748046875000 HTTP/1.1" 200 389 "https://jomarlogistica.com.br/wp-cron.php?doing_wp_cron=1759040555.3126049041748046875000" "WordPress/5.8.10; https://jomarlogistica.com.br"
jomarlogistica.com.br:80 185.191.171.3 - - [28/Sep/2025:03:22:34 -0300] "GET /robots.txt HTTP/1.1" 200 584 "-" "Mozilla/5.0 (compatible; SemrushBot/7~bl; +http://www.semrush.com/bot.html)"
jomarlogistica.com.br:80 85.208.96.194 - - [28/Sep/2025:03:22:36 -0300] "GET /2023/09/27/5-specialized-virtual-data-room-vdr-use-cases-for-mission-critical-processes/ HTTP/1.1" 200 17427 "-" "Mozilla/5.0 (compatible; SemrushBot/7~bl; +http://www.semrush.com/bot.html)"
jomarlogistica.com.br:80 127.0.0.1 - - [28/Sep/2025:03:22:41 -0300] "OPTIONS * HTTP/1.0" 200 110 "-" "Apache/2.4.65 (Ubuntu) (internal dummy connection)"
jomarlogistica.com.br:80 185.191.171.3 - - [28/Sep/2025:03:22:48 -0300] "GET /wp-sitemap.xml HTTP/1.1" 200 643 "-" "Mozilla/5.0 (compatible; SemrushBot/7~bl; +http://www.semrush.com/bot.html)"
jomarlogistica.com.br:80 85.208.96.195 - - [28/Sep/2025:03:22:50 -0300] "GET /wp-sitemap-users-1.xml HTTP/1.1" 200 602 "-" "Mozilla/5.0 (compatible; SemrushBot/7~bl; +http://www.semrush.com/bot.html)"
jomarlogistica.com.br:80 85.208.96.195 - - [28/Sep/2025:03:22:52 -0300] "GET /wp-sitemap-taxonomies-category-1.xml HTTP/1.1" 200 589 "-" "Mozilla/5.0 (compatible; SemrushBot/7~bl; +http://www.semrush.com/bot.html)"
jomarlogistica.com.br:80 54.39.203.210 - - [28/Sep/2025:03:22:53 -0300] "GET /2024/page/3/ HTTP/1.1" 200 11659 "-" "Mozilla/5.0 (compatible; AhrefsBot/7.0; +http://ahrefs.com/robot/)"
jomarlogistica.com.br:80 85.208.96.212 - - [28/Sep/2025:03:22:54 -0300] "GET /wp-sitemap-posts-ct-mega-menu-1.xml HTTP/1.1" 200 604 "-" "Mozilla/5.0 (compatible; SemrushBot/7~bl; +http://www.semrush.com/bot.html)"
jomarlogistica.com.br:80 85.208.96.212 - - [28/Sep/2025:03:22:56 -0300] "GET /wp-sitemap-posts-footer-1.xml HTTP/1.1" 200 608 "-" "Mozilla/5.0 (compatible; SemrushBot/7~bl; +http://www.semrush.com/bot.html)"
jomarlogistica.com.br:80 127.0.0.1 - - [28/Sep/2025:03:22:57 -0300] "OPTIONS * HTTP/1.0" 200 110 "-" "Apache/2.4.65 (Ubuntu) (internal dummy connection)"
jomarlogistica.com.br:80 85.208.96.212 - - [28/Sep/2025:03:22:58 -0300] "GET /wp-sitemap-posts-page-1.xml HTTP/1.1" 200 686 "-" "Mozilla/5.0 (compatible; SemrushBot/7~bl; +http://www.semrush.com/bot.html)"
jomarlogistica.com.br:80 85.208.96.212 - - [28/Sep/2025:03:23:00 -0300] "GET /wp-sitemap-posts-post-1.xml HTTP/1.1" 200 12552 "-" "Mozilla/5.0 (compatible; SemrushBot/7~bl; +http://www.semrush.com/bot.html)"
jomarlogistica.com.br:80 216.244.66.226 - - [28/Sep/2025:03:24:13 -0300] "GET /2023/06/20/if-avast-says-i-have-a-traveler-cookie/ HTTP/1.1" 200 79713 "-" "Mozilla/5.0 (compatible; DotBot/1.2; +https://opensiteexplorer.org/dotbot; help@moz.com)"
jomarlogistica.com.br:80 216.244.66.226 - - [28/Sep/2025:03:25:38 -0300] "GET /2023/09/27/virtual-data-room-usa/ HTTP/1.1" 200 79371 "-" "Mozilla/5.0 (compatible; DotBot/1.2; +https://opensiteexplorer.org/dotbot; help@moz.com)"
jomarlogistica.com.br:80 185.191.171.10 - - [28/Sep/2025:03:25:39 -0300] "GET /2023/01/02/interracial-relationships-superstars/ HTTP/1.1" 200 17581 "-" "Mozilla/5.0 (compatible; SemrushBot/7~bl; +http://www.semrush.com/bot.html)"
jomarlogistica.com.br:80 127.0.0.1 - - [28/Sep/2025:03:25:45 -0300] "OPTIONS * HTTP/1.0" 200 110 "-" "Apache/2.4.65 (Ubuntu) (internal dummy connection)"
jomarlogistica.com.br:80 172.20.1.117 - - [28/Sep/2025:03:28:21 -0300] "POST /wp-cron.php?doing_wp_cron=1759040901.1661438941955566406250 HTTP/1.1" 200 389 "https://jomarlogistica.com.br/wp-cron.php?doing_wp_cron=1759040901.1661438941955566406250" "WordPress/5.8.10; https://jomarlogistica.com.br"
jomarlogistica.com.br:80 51.161.65.63 - - [28/Sep/2025:03:28:20 -0300] "GET /2022/page/7/ HTTP/1.1" 200 18694 "-" "Mozilla/5.0 (compatible; AhrefsBot/7.0; +http://ahrefs.com/robot/)"
jomarlogistica.com.br:80 127.0.0.1 - - [28/Sep/2025:03:28:26 -0300] "OPTIONS * HTTP/1.0" 200 110 "-" "Apache/2.4.65 (Ubuntu) (internal dummy connection)"
jomarlogistica.com.br:80 216.244.66.226 - - [28/Sep/2025:03:28:42 -0300] "GET /2023/02/page/3/ HTTP/1.1" 200 93924 "-" "Mozilla/5.0 (compatible; DotBot/1.2; +https://opensiteexplorer.org/dotbot; help@moz.com)"
jomarlogistica.com.br:80 172.20.1.117 - - [28/Sep/2025:03:33:14 -0300] "POST /wp-cron.php?doing_wp_cron=1759041194.7359991073608398437500 HTTP/1.1" 200 389 "https://jomarlogistica.com.br/wp-cron.php?doing_wp_cron=1759041194.7359991073608398437500" "WordPress/5.8.10; https://jomarlogistica.com.br"
jomarlogistica.com.br:80 54.39.6.1 - - [28/Sep/2025:03:33:14 -0300] "GET /2023/page/7/ HTTP/1.1" 200 18365 "-" "Mozilla/5.0 (compatible; AhrefsBot/7.0; +http://ahrefs.com/robot/)"
jomarlogistica.com.br:80 127.0.0.1 - - [28/Sep/2025:03:33:20 -0300] "OPTIONS * HTTP/1.0" 200 110 "-" "Apache/2.4.65 (Ubuntu) (internal dummy connection)"
jomarlogistica.com.br:80 185.191.171.16 - - [28/Sep/2025:03:35:22 -0300] "GET /2023/05/17/what-to-expect-in-the-starting-weeks-of-dating/ HTTP/1.1" 200 17375 "-" "Mozilla/5.0 (compatible; SemrushBot/7~bl; +http://www.semrush.com/bot.html)"
jomarlogistica.com.br:80 172.20.1.117 - - [28/Sep/2025:03:39:51 -0300] "POST /wp-cron.php?doing_wp_cron=1759041591.3568880558013916015625 HTTP/1.1" 200 389 "https://jomarlogistica.com.br/wp-cron.php?doing_wp_cron=1759041591.3568880558013916015625" "WordPress/5.8.10; https://jomarlogistica.com.br"
jomarlogistica.com.br:80 51.222.168.197 - - [28/Sep/2025:03:39:50 -0300] "GET /2023/05/page/7/ HTTP/1.1" 200 18846 "-" "Mozilla/5.0 (compatible; AhrefsBot/7.0; +http://ahrefs.com/robot/)"
jomarlogistica.com.br:80 127.0.0.1 - - [28/Sep/2025:03:39:57 -0300] "OPTIONS * HTTP/1.0" 200 110 "-" "Apache/2.4.65 (Ubuntu) (internal dummy connection)"
jomarlogistica.com.br:80 216.244.66.226 - - [28/Sep/2025:03:41:32 -0300] "GET /robots.txt HTTP/1.1" 200 565 "-" "Mozilla/5.0 (compatible; DotBot/1.2; +https://opensiteexplorer.org/dotbot; help@moz.com)"
jomarlogistica.com.br:80 114.119.138.130 - - [28/Sep/2025:03:42:01 -0300] "GET /2023/07/01/become-a-member-of-elsa-qmul-the-worlds-largest-college-student-association-with-regards-to-european-laws-students/ HTTP/1.1" 200 17587 "https://jomarlogistica.com.br/2023/07/page/3/" "Mozilla/5.0 (Linux; Android 7.0;) AppleWebKit/537.36 (KHTML, like Gecko) Mobile Safari/537.36 (compatible; PetalBot;+https://webmaster.petalsearch.com/site/petalbot)"
jomarlogistica.com.br:80 172.20.1.117 - - [28/Sep/2025:03:43:20 -0300] "POST /wp-cron.php?doing_wp_cron=1759041800.9151520729064941406250 HTTP/1.1" 200 389 "https://jomarlogistica.com.br/wp-cron.php?doing_wp_cron=1759041800.9151520729064941406250" "WordPress/5.8.10; https://jomarlogistica.com.br"
jomarlogistica.com.br:80 114.119.128.158 - - [28/Sep/2025:03:43:20 -0300] "GET /2023/03/07/internet-dating-safety-strategies/ HTTP/1.1" 200 17344 "https://jomarlogistica.com.br/author/jomar/page/35/" "Mozilla/5.0 (Linux; Android 7.0;) AppleWebKit/537.36 (KHTML, like Gecko) Mobile Safari/537.36 (compatible; PetalBot;+https://webmaster.petalsearch.com/site/petalbot)"
jomarlogistica.com.br:80 127.0.0.1 - - [28/Sep/2025:03:43:26 -0300] "OPTIONS * HTTP/1.0" 200 110 "-" "Apache/2.4.65 (Ubuntu) (internal dummy connection)"
jomarlogistica.com.br:80 50.19.79.213 - - [28/Sep/2025:03:43:32 -0300] "GET /category/jomar/page/46/ HTTP/1.1" 200 18658 "-" "Mozilla/5.0 AppleWebKit/537.36 (KHTML, like Gecko; compatible; Amazonbot/0.1; +https://developer.amazon.com/support/amazonbot) Chrome/119.0.6045.214 Safari/537.36"
jomarlogistica.com.br:80 148.113.130.253 - - [28/Sep/2025:03:46:13 -0300] "GET /2022/page/11/ HTTP/1.1" 200 18716 "-" "Mozilla/5.0 (compatible; AhrefsBot/7.0; +http://ahrefs.com/robot/)"
jomarlogistica.com.br:80 172.20.1.117 - - [28/Sep/2025:03:50:53 -0300] "POST /wp-cron.php?doing_wp_cron=1759042253.0722019672393798828125 HTTP/1.1" 200 389 "https://jomarlogistica.com.br/wp-cron.php?doing_wp_cron=1759042253.0722019672393798828125" "WordPress/5.8.10; https://jomarlogistica.com.br"
jomarlogistica.com.br:80 15.235.96.30 - - [28/Sep/2025:03:50:52 -0300] "GET /author/wadminw/feed/ HTTP/1.1" 200 4177 "-" "Mozilla/5.0 (compatible; AhrefsBot/7.0; +http://ahrefs.com/robot/)"
jomarlogistica.com.br:80 127.0.0.1 - - [28/Sep/2025:03:50:57 -0300] "OPTIONS * HTTP/1.0" 200 110 "-" "Apache/2.4.65 (Ubuntu) (internal dummy connection)"
jomarlogistica.com.br:80 172.20.1.117 - - [28/Sep/2025:03:54:18 -0300] "POST /wp-cron.php?doing_wp_cron=1759042458.2245459556579589843750 HTTP/1.1" 200 389 "https://jomarlogistica.com.br/wp-cron.php?doing_wp_cron=1759042458.2245459556579589843750" "WordPress/5.8.10; https://jomarlogistica.com.br"
jomarlogistica.com.br:80 177.212.248.250 - - [28/Sep/2025:03:54:17 -0300] "POST /autodiscover/autodiscover.xml HTTP/1.1" 404 448 "-" "AppleExchangeWebServices/833 accountsd/113"
jomarlogistica.com.br:80 177.212.248.250 - - [28/Sep/2025:03:54:22 -0300] "POST /autodiscover/autodiscover.xml HTTP/1.1" 404 448 "-" "AppleExchangeWebServices/833 accountsd/113"
jomarlogistica.com.br:80 127.0.0.1 - - [28/Sep/2025:03:54:26 -0300] "OPTIONS * HTTP/1.0" 200 110 "-" "Apache/2.4.65 (Ubuntu) (internal dummy connection)"
jomarlogistica.com.br:80 51.222.95.220 - - [28/Sep/2025:03:55:10 -0300] "GET /2023/page/37/ HTTP/1.1" 200 18637 "-" "Mozilla/5.0 (compatible; AhrefsBot/7.0; +http://ahrefs.com/robot/)"
