jomarlogistica.com.br:80 154.12.242.60 - - [28/Sep/2025:06:02:36 -0300] "GET /wp-content/uploads/2020/05/bg-page-title-u.jpg HTTP/1.1" 200 88326 "https://jomarlogistica.com.br/?s=led" "Mozilla/5.0 (Macintosh; Intel Mac OS X 10_15_7) AppleWebKit/537.36 (KHTML, like Gecko) Chrome/140.0.0.0 Safari/537.36"
jomarlogistica.com.br:80 154.12.242.60 - - [28/Sep/2025:06:02:36 -0300] "GET /wp-content/plugins/elementor/assets/lib/font-awesome/fonts/fontawesome-webfont.woff2?v=4.7.0 HTTP/1.1" 200 77541 "https://jomarlogistica.com.br/wp-content/plugins/elementor/assets/lib/font-awesome/css/font-awesome.min.css?ver=4.7.0" "Mozilla/5.0 (Macintosh; Intel Mac OS X 10_15_7) AppleWebKit/537.36 (KHTML, like Gecko) Chrome/140.0.0.0 Safari/537.36"
jomarlogistica.com.br:80 127.0.0.1 - - [28/Sep/2025:06:02:40 -0300] "OPTIONS * HTTP/1.0" 200 110 "-" "Apache/2.4.65 (Ubuntu) (internal dummy connection)"
jomarlogistica.com.br:80 134.122.133.12 - - [28/Sep/2025:06:03:36 -0300] "GET /e/data/images/arrow.gif HTTP/1.1" 404 448 "http://jomarlogistica.com.br" "Mozilla/5.0 (Windows NT 10.0; Win64; x64) AppleWebKit/537.36 (KHTML, like Gecko) Chrome/128.0.0.0 Safari/537.36"
jomarlogistica.com.br:80 142.44.225.242 - - [28/Sep/2025:06:04:29 -0300] "GET /robots.txt HTTP/1.1" 200 584 "-" "Mozilla/5.0 (compatible; AhrefsBot/7.0; +http://ahrefs.com/robot/)"
jomarlogistica.com.br:80 142.44.228.189 - - [28/Sep/2025:06:04:31 -0300] "GET /2023/10/page/4/ HTTP/1.1" 200 18434 "-" "Mozilla/5.0 (compatible; AhrefsBot/7.0; +http://ahrefs.com/robot/)"
jomarlogistica.com.br:80 127.0.0.1 - - [28/Sep/2025:06:04:36 -0300] "OPTIONS * HTTP/1.0" 200 110 "-" "Apache/2.4.65 (Ubuntu) (internal dummy connection)"
jomarlogistica.com.br:80 185.191.171.6 - - [28/Sep/2025:06:04:40 -0300] "GET /2023/05/31/forbes-health-what-are-the-safest-online-dating-sites/ HTTP/1.1" 200 17576 "-" "Mozilla/5.0 (compatible; SemrushBot/7~bl; +http://www.semrush.com/bot.html)"
jomarlogistica.com.br:80 172.20.1.117 - - [28/Sep/2025:06:08:05 -0300] "POST /wp-cron.php?doing_wp_cron=1759050485.4104731082916259765625 HTTP/1.1" 200 389 "https://jomarlogistica.com.br/wp-cron.php?doing_wp_cron=1759050485.4104731082916259765625" "WordPress/5.8.10; https://jomarlogistica.com.br"
jomarlogistica.com.br:80 85.208.96.202 - - [28/Sep/2025:06:08:04 -0300] "GET /2022/10/31/the-simplest-way-to-ask-a-latin-female-to-be-the-girl/ HTTP/1.1" 200 18026 "-" "Mozilla/5.0 (compatible; SemrushBot/7~bl; +http://www.semrush.com/bot.html)"
jomarlogistica.com.br:80 127.0.0.1 - - [28/Sep/2025:06:08:11 -0300] "OPTIONS * HTTP/1.0" 200 110 "-" "Apache/2.4.65 (Ubuntu) (internal dummy connection)"
jomarlogistica.com.br:80 142.44.225.218 - - [28/Sep/2025:06:08:41 -0300] "GET /2023/04/page/4/ HTTP/1.1" 200 18743 "-" "Mozilla/5.0 (compatible; AhrefsBot/7.0; +http://ahrefs.com/robot/)"
jomarlogistica.com.br:80 216.244.66.226 - - [28/Sep/2025:06:08:48 -0300] "GET /2023/05/28/submit-order-star-of-the-wedding-catalog-get-a-foreign-bride-to-be-online/ HTTP/1.1" 200 111918 "-" "Mozilla/5.0 (compatible; DotBot/1.2; +https://opensiteexplorer.org/dotbot; help@moz.com)"
jomarlogistica.com.br:80 185.191.171.6 - - [28/Sep/2025:06:11:50 -0300] "GET /2023/03/19/wedding-ceremony-traditions-in-france/ HTTP/1.1" 200 18137 "-" "Mozilla/5.0 (compatible; SemrushBot/7~bl; +http://www.semrush.com/bot.html)"
jomarlogistica.com.br:80 172.20.1.117 - - [28/Sep/2025:06:12:29 -0300] "POST /wp-cron.php?doing_wp_cron=1759050749.2981810569763183593750 HTTP/1.1" 200 389 "https://jomarlogistica.com.br/wp-cron.php?doing_wp_cron=1759050749.2981810569763183593750" "WordPress/5.8.10; https://jomarlogistica.com.br"
jomarlogistica.com.br:80 85.208.96.198 - - [28/Sep/2025:06:12:28 -0300] "GET /2023/09/27/virtual-data-room-preparation/ HTTP/1.1" 200 17093 "-" "Mozilla/5.0 (compatible; SemrushBot/7~bl; +http://www.semrush.com/bot.html)"
jomarlogistica.com.br:80 54.39.136.0 - - [28/Sep/2025:06:12:32 -0300] "GET /2022/12/page/3/ HTTP/1.1" 200 18661 "-" "Mozilla/5.0 (compatible; AhrefsBot/7.0; +http://ahrefs.com/robot/)"
jomarlogistica.com.br:80 127.0.0.1 - - [28/Sep/2025:06:12:45 -0300] "OPTIONS * HTTP/1.0" 200 110 "-" "Apache/2.4.65 (Ubuntu) (internal dummy connection)"
jomarlogistica.com.br:80 114.119.138.130 - - [28/Sep/2025:06:15:15 -0300] "GET /2023/page/7/ HTTP/1.1" 200 18365 "https://jomarlogistica.com.br/2023/page/6/" "Mozilla/5.0 (Linux; Android 7.0;) AppleWebKit/537.36 (KHTML, like Gecko) Mobile Safari/537.36 (compatible; PetalBot;+https://webmaster.petalsearch.com/site/petalbot)"
jomarlogistica.com.br:80 47.82.11.55 - - [28/Sep/2025:06:15:17 -0300] "GET /wp-content/uploads/elementor/css/post-5147.css HTTP/1.1" 200 2059 "-" "Mozilla/5.0 (Macintosh; Intel Mac OS X 10_15_7) AppleWebKit/605.1.15 (KHTML, like Gecko) Version/18.3.1 Safari/605.1.15 Ddg/18.3.1"
jomarlogistica.com.br:80 15.235.98.99 - - [28/Sep/2025:06:16:27 -0300] "GET /2023/10/page/3/ HTTP/1.1" 200 18418 "-" "Mozilla/5.0 (compatible; AhrefsBot/7.0; +http://ahrefs.com/robot/)"
jomarlogistica.com.br:80 114.119.135.84 - - [28/Sep/2025:06:16:47 -0300] "GET /2023/07/25/best-alternatives-of-vpn-program/ HTTP/1.1" 200 17388 "https://jomarlogistica.com.br/category/jomar/page/15/" "Mozilla/5.0 (Linux; Android 7.0;) AppleWebKit/537.36 (KHTML, like Gecko) Mobile Safari/537.36 (compatible; PetalBot;+https://webmaster.petalsearch.com/site/petalbot)"
jomarlogistica.com.br:80 134.122.135.140 - - [28/Sep/2025:06:17:00 -0300] "GET /public/plugins/Ueditor/dialogs/attachment/fileTypeImages/icon_psd.gif HTTP/1.1" 404 448 "http://jomarlogistica.com.br" "Mozilla/5.0 (Windows NT 10.0; Win64; x64) AppleWebKit/537.36 (KHTML, like Gecko) Chrome/128.0.0.0 Safari/537.36"
jomarlogistica.com.br:80 172.20.1.117 - - [28/Sep/2025:06:17:41 -0300] "POST /wp-cron.php?doing_wp_cron=1759051061.9684679508209228515625 HTTP/1.1" 200 389 "https://jomarlogistica.com.br/wp-cron.php?doing_wp_cron=1759051061.9684679508209228515625" "WordPress/5.8.10; https://jomarlogistica.com.br"
jomarlogistica.com.br:80 177.212.248.250 - - [28/Sep/2025:06:17:41 -0300] "POST /autodiscover/autodiscover.xml HTTP/1.1" 404 448 "-" "AppleExchangeWebServices/833 accountsd/113"
jomarlogistica.com.br:80 127.0.0.1 - - [28/Sep/2025:06:17:46 -0300] "OPTIONS * HTTP/1.0" 200 110 "-" "Apache/2.4.65 (Ubuntu) (internal dummy connection)"
jomarlogistica.com.br:80 148.113.128.88 - - [28/Sep/2025:06:20:04 -0300] "GET /2023/05/page/3/ HTTP/1.1" 200 18605 "-" "Mozilla/5.0 (compatible; AhrefsBot/7.0; +http://ahrefs.com/robot/)"
jomarlogistica.com.br:80 185.191.171.1 - - [28/Sep/2025:06:21:26 -0300] "GET /2023/04/ HTTP/1.1" 200 18810 "-" "Mozilla/5.0 (compatible; SemrushBot/7~bl; +http://www.semrush.com/bot.html)"
jomarlogistica.com.br:80 172.20.1.117 - - [28/Sep/2025:06:22:52 -0300] "POST /wp-cron.php?doing_wp_cron=1759051372.8952589035034179687500 HTTP/1.1" 200 389 "https://jomarlogistica.com.br/wp-cron.php?doing_wp_cron=1759051372.8952589035034179687500" "WordPress/5.8.10; https://jomarlogistica.com.br"
jomarlogistica.com.br:80 216.244.66.226 - - [28/Sep/2025:06:22:52 -0300] "GET /robots.txt HTTP/1.1" 200 565 "-" "Mozilla/5.0 (compatible; DotBot/1.2; +https://opensiteexplorer.org/dotbot; help@moz.com)"
jomarlogistica.com.br:80 127.0.0.1 - - [28/Sep/2025:06:22:58 -0300] "OPTIONS * HTTP/1.0" 200 110 "-" "Apache/2.4.65 (Ubuntu) (internal dummy connection)"
jomarlogistica.com.br:80 15.235.96.175 - - [28/Sep/2025:06:23:42 -0300] "GET /2023/09/ HTTP/1.1" 200 18390 "-" "Mozilla/5.0 (compatible; AhrefsBot/7.0; +http://ahrefs.com/robot/)"
jomarlogistica.com.br:80 154.12.242.60 - - [28/Sep/2025:06:24:28 -0300] "GET / HTTP/1.1" 200 23872 "-" "Mozilla/5.0 (Macintosh; Intel Mac OS X 10_15_7) AppleWebKit/537.36 (KHTML, like Gecko) Chrome/140.0.0.0 Safari/537.36"
jomarlogistica.com.br:80 154.12.242.60 - - [28/Sep/2025:06:24:30 -0300] "GET /wp-includes/js/jquery/jquery.min.js?ver=3.6.0 HTTP/1.1" 304 292 "https://jomarlogistica.com.br/" "Mozilla/5.0 (Macintosh; Intel Mac OS X 10_15_7) AppleWebKit/537.36 (KHTML, like Gecko) Chrome/140.0.0.0 Safari/537.36"
jomarlogistica.com.br:80 154.12.242.60 - - [28/Sep/2025:06:24:30 -0300] "GET /wp-includes/js/jquery/jquery-migrate.min.js?ver=3.3.2 HTTP/1.1" 304 292 "https://jomarlogistica.com.br/" "Mozilla/5.0 (Macintosh; Intel Mac OS X 10_15_7) AppleWebKit/537.36 (KHTML, like Gecko) Chrome/140.0.0.0 Safari/537.36"
jomarlogistica.com.br:80 154.12.242.60 - - [28/Sep/2025:06:24:30 -0300] "GET /wp-includes/js/jquery/ui/core.min.js?ver=1.12.1 HTTP/1.1" 304 292 "https://jomarlogistica.com.br/" "Mozilla/5.0 (Macintosh; Intel Mac OS X 10_15_7) AppleWebKit/537.36 (KHTML, like Gecko) Chrome/140.0.0.0 Safari/537.36"
jomarlogistica.com.br:80 154.12.242.60 - - [28/Sep/2025:06:24:30 -0300] "GET /wp-includes/js/jquery/ui/datepicker.min.js?ver=1.12.1 HTTP/1.1" 304 292 "https://jomarlogistica.com.br/" "Mozilla/5.0 (Macintosh; Intel Mac OS X 10_15_7) AppleWebKit/537.36 (KHTML, like Gecko) Chrome/140.0.0.0 Safari/537.36"
jomarlogistica.com.br:80 154.12.242.60 - - [28/Sep/2025:06:24:31 -0300] "GET /wp-content/plugins/case-theme-core/assets/js/main.js?ver=1.0.0 HTTP/1.1" 304 292 "https://jomarlogistica.com.br/" "Mozilla/5.0 (Macintosh; Intel Mac OS X 10_15_7) AppleWebKit/537.36 (KHTML, like Gecko) Chrome/140.0.0.0 Safari/537.36"
jomarlogistica.com.br:80 154.12.242.60 - - [28/Sep/2025:06:24:31 -0300] "GET /wp-content/themes/consultio/elementor/js/ct-inline-css.js?ver=2.8.0 HTTP/1.1" 304 292 "https://jomarlogistica.com.br/" "Mozilla/5.0 (Macintosh; Intel Mac OS X 10_15_7) AppleWebKit/537.36 (KHTML, like Gecko) Chrome/140.0.0.0 Safari/537.36"
jomarlogistica.com.br:80 104.243.16.6 - - [28/Sep/2025:06:24:34 -0300] "GET / HTTP/1.1" 200 134115 "-" "Mozilla/5.0 (compatible; MSIE 9.0; Windows NT 6.1; Trident/5.0)"
jomarlogistica.com.br:80 104.23.223.46 - - [28/Sep/2025:06:24:35 -0300] "GET / HTTP/1.1" 200 23930 "-" "Mozilla/5.0 (Macintosh; Intel Mac OS X 10_15_7) AppleWebKit/605.1.15 (KHTML, like Gecko) Version/18.1.1 Safari/605.1.15"
jomarlogistica.com.br:80 104.243.16.6 - - [28/Sep/2025:06:24:37 -0300] "GET /sobre HTTP/1.1" 301 455 "-" "Mozilla/5.0 (compatible; MSIE 9.0; Windows NT 6.1; Trident/5.0)"
jomarlogistica.com.br:80 104.23.223.46 - - [28/Sep/2025:06:24:37 -0300] "GET / HTTP/1.1" 200 23930 "-" "Mozilla/5.0 (Macintosh; Intel Mac OS X 10_15_7) AppleWebKit/605.1.15 (KHTML, like Gecko) Version/18.1.1 Safari/605.1.15"
jomarlogistica.com.br:80 104.243.16.6 - - [28/Sep/2025:06:24:37 -0300] "GET /sobre/ HTTP/1.1" 200 76695 "-" "Mozilla/5.0 (compatible; MSIE 9.0; Windows NT 6.1; Trident/5.0)"
jomarlogistica.com.br:80 104.243.16.6 - - [28/Sep/2025:06:24:40 -0300] "GET /servicos HTTP/1.1" 301 458 "-" "Mozilla/5.0 (compatible; MSIE 9.0; Windows NT 6.1; Trident/5.0)"
jomarlogistica.com.br:80 97.64.127.234 - - [28/Sep/2025:06:24:39 -0300] "GET / HTTP/1.1" 200 23930 "-" "Mozilla/5.0 (X11; Linux x86_64) AppleWebKit/537.36 (KHTML, like Gecko) HeadlessChrome/93.0.4577.0 Safari/537.36"
jomarlogistica.com.br:80 104.243.16.6 - - [28/Sep/2025:06:24:40 -0300] "GET /servicos/ HTTP/1.1" 200 96799 "-" "Mozilla/5.0 (compatible; MSIE 9.0; Windows NT 6.1; Trident/5.0)"
jomarlogistica.com.br:80 97.64.127.234 - - [28/Sep/2025:06:24:41 -0300] "GET /wp-content/plugins/contact-form-7-multi-step/assets/frontend/css/progress_bar.css?ver=2.5.4 HTTP/1.1" 200 5636 "https://jomarlogistica.com.br/" "Mozilla/5.0 (X11; Linux x86_64) AppleWebKit/537.36 (KHTML, like Gecko) HeadlessChrome/93.0.4577.0 Safari/537.36"
jomarlogistica.com.br:80 97.64.127.234 - - [28/Sep/2025:06:24:41 -0300] "GET /wp-content/plugins/instagram-feed/css/sbi-styles.min.css?ver=2.9.7 HTTP/1.1" 200 3355 "https://jomarlogistica.com.br/" "Mozilla/5.0 (X11; Linux x86_64) AppleWebKit/537.36 (KHTML, like Gecko) HeadlessChrome/93.0.4577.0 Safari/537.36"
jomarlogistica.com.br:80 97.64.127.234 - - [28/Sep/2025:06:24:41 -0300] "GET /wp-content/plugins/elementor/assets/lib/font-awesome/css/solid.min.css?ver=5.15.3 HTTP/1.1" 200 680 "https://jomarlogistica.com.br/" "Mozilla/5.0 (X11; Linux x86_64) AppleWebKit/537.36 (KHTML, like Gecko) HeadlessChrome/93.0.4577.0 Safari/537.36"
jomarlogistica.com.br:80 97.64.127.234 - - [28/Sep/2025:06:24:42 -0300] "GET /wp-includes/css/dist/block-library/style.min.css?ver=5.8.10 HTTP/1.1" 200 12027 "https://jomarlogistica.com.br/" "Mozilla/5.0 (X11; Linux x86_64) AppleWebKit/537.36 (KHTML, like Gecko) HeadlessChrome/93.0.4577.0 Safari/537.36"
jomarlogistica.com.br:80 172.69.136.236 - - [28/Sep/2025:06:24:41 -0300] "GET / HTTP/1.1" 200 23949 "https://www.google.com/" "Mozilla/5.0 (Windows NT 10.0; Win64; x64) AppleWebKit/537.36 (KHTML, like Gecko) Chrome/123.0.0.0 Safari/537.36"
jomarlogistica.com.br:80 97.64.127.234 - - [28/Sep/2025:06:24:42 -0300] "GET /wp-content/plugins/redux-framework/redux-core/extendify-sdk/public/build/extendify-utilities.css?ver=13.4 HTTP/1.1" 200 6477 "https://jomarlogistica.com.br/" "Mozilla/5.0 (X11; Linux x86_64) AppleWebKit/537.36 (KHTML, like Gecko) HeadlessChrome/93.0.4577.0 Safari/537.36"
jomarlogistica.com.br:80 97.64.127.234 - - [28/Sep/2025:06:24:42 -0300] "GET /wp-content/plugins/booked/assets/css/icons.css?ver=2.3.5 HTTP/1.1" 200 6985 "https://jomarlogistica.com.br/" "Mozilla/5.0 (X11; Linux x86_64) AppleWebKit/537.36 (KHTML, like Gecko) HeadlessChrome/93.0.4577.0 Safari/537.36"
jomarlogistica.com.br:80 97.64.127.234 - - [28/Sep/2025:06:24:42 -0300] "GET /wp-content/plugins/booked/assets/js/tooltipster/css/tooltipster.css?ver=3.3.0 HTTP/1.1" 200 2174 "https://jomarlogistica.com.br/" "Mozilla/5.0 (X11; Linux x86_64) AppleWebKit/537.36 (KHTML, like Gecko) HeadlessChrome/93.0.4577.0 Safari/537.36"
jomarlogistica.com.br:80 97.64.127.234 - - [28/Sep/2025:06:24:42 -0300] "GET /wp-content/plugins/booked/assets/js/tooltipster/css/themes/tooltipster-light.css?ver=3.3.0 HTTP/1.1" 200 596 "https://jomarlogistica.com.br/" "Mozilla/5.0 (X11; Linux x86_64) AppleWebKit/537.36 (KHTML, like Gecko) HeadlessChrome/93.0.4577.0 Safari/537.36"
jomarlogistica.com.br:80 97.64.127.234 - - [28/Sep/2025:06:24:42 -0300] "GET /wp-content/plugins/booked/assets/css/animations.css?ver=2.3.5 HTTP/1.1" 200 905 "https://jomarlogistica.com.br/" "Mozilla/5.0 (X11; Linux x86_64) AppleWebKit/537.36 (KHTML, like Gecko) HeadlessChrome/93.0.4577.0 Safari/537.36"
jomarlogistica.com.br:80 97.64.127.234 - - [28/Sep/2025:06:24:42 -0300] "GET /wp-content/plugins/booked/dist/booked.css?ver=2.3.5 HTTP/1.1" 200 9827 "https://jomarlogistica.com.br/" "Mozilla/5.0 (X11; Linux x86_64) AppleWebKit/537.36 (KHTML, like Gecko) HeadlessChrome/93.0.4577.0 Safari/537.36"
jomarlogistica.com.br:80 97.64.127.234 - - [28/Sep/2025:06:24:42 -0300] "GET /wp-content/plugins/case-theme-core/assets/css/main.css?ver=1.0.0 HTTP/1.1" 200 563 "https://jomarlogistica.com.br/" "Mozilla/5.0 (X11; Linux x86_64) AppleWebKit/537.36 (KHTML, like Gecko) HeadlessChrome/93.0.4577.0 Safari/537.36"
jomarlogistica.com.br:80 97.64.127.234 - - [28/Sep/2025:06:24:42 -0300] "GET /wp-content/plugins/case-theme-core/assets/css/lib/progressbar.min.css?ver=0.7.1 HTTP/1.1" 200 1103 "https://jomarlogistica.com.br/" "Mozilla/5.0 (X11; Linux x86_64) AppleWebKit/537.36 (KHTML, like Gecko) HeadlessChrome/93.0.4577.0 Safari/537.36"
jomarlogistica.com.br:80 97.64.127.234 - - [28/Sep/2025:06:24:42 -0300] "GET /wp-content/plugins/case-theme-core/assets/css/lib/owl.carousel.min.css?ver=2.2.1 HTTP/1.1" 200 1298 "https://jomarlogistica.com.br/" "Mozilla/5.0 (X11; Linux x86_64) AppleWebKit/537.36 (KHTML, like Gecko) HeadlessChrome/93.0.4577.0 Safari/537.36"
jomarlogistica.com.br:80 97.64.127.234 - - [28/Sep/2025:06:24:42 -0300] "GET /wp-content/plugins/case-theme-core/assets/plugin/font-awesome/css/font-awesome.min.css?ver=4.7.0 HTTP/1.1" 200 7624 "https://jomarlogistica.com.br/" "Mozilla/5.0 (X11; Linux x86_64) AppleWebKit/537.36 (KHTML, like Gecko) HeadlessChrome/93.0.4577.0 Safari/537.36"
jomarlogistica.com.br:80 97.64.127.234 - - [28/Sep/2025:06:24:42 -0300] "GET /wp-content/plugins/case-theme-user/acess/css/remodal.css?ver=5.8.10 HTTP/1.1" 200 1031 "https://jomarlogistica.com.br/" "Mozilla/5.0 (X11; Linux x86_64) AppleWebKit/537.36 (KHTML, like Gecko) HeadlessChrome/93.0.4577.0 Safari/537.36"
jomarlogistica.com.br:80 97.64.127.234 - - [28/Sep/2025:06:24:42 -0300] "GET /wp-content/plugins/case-theme-user/acess/css/remodal-default-theme.css?ver=5.8.10 HTTP/1.1" 200 1733 "https://jomarlogistica.com.br/" "Mozilla/5.0 (X11; Linux x86_64) AppleWebKit/537.36 (KHTML, like Gecko) HeadlessChrome/93.0.4577.0 Safari/537.36"
jomarlogistica.com.br:80 97.64.127.234 - - [28/Sep/2025:06:24:42 -0300] "GET /wp-content/plugins/contact-form-7-multi-step/assets/frontend/css/cf7mls.css?ver=2.5.4 HTTP/1.1" 200 2184 "https://jomarlogistica.com.br/" "Mozilla/5.0 (X11; Linux x86_64) AppleWebKit/537.36 (KHTML, like Gecko) HeadlessChrome/93.0.4577.0 Safari/537.36"
jomarlogistica.com.br:80 97.64.127.234 - - [28/Sep/2025:06:24:42 -0300] "GET /wp-content/plugins/contact-form-7-multi-step/assets/frontend/animate/animate.min.css?ver=2.5.4 HTTP/1.1" 200 5225 "https://jomarlogistica.com.br/" "Mozilla/5.0 (X11; Linux x86_64) AppleWebKit/537.36 (KHTML, like Gecko) HeadlessChrome/93.0.4577.0 Safari/537.36"
jomarlogistica.com.br:80 97.64.127.234 - - [28/Sep/2025:06:24:42 -0300] "GET /wp-content/plugins/contact-form-7/includes/css/styles.css?ver=5.5.3 HTTP/1.1" 200 1361 "https://jomarlogistica.com.br/" "Mozilla/5.0 (X11; Linux x86_64) AppleWebKit/537.36 (KHTML, like Gecko) HeadlessChrome/93.0.4577.0 Safari/537.36"
jomarlogistica.com.br:80 97.64.127.234 - - [28/Sep/2025:06:24:42 -0300] "GET /wp-content/themes/consultio/assets/css/bootstrap.min.css?ver=4.0.0 HTTP/1.1" 200 21402 "https://jomarlogistica.com.br/" "Mozilla/5.0 (X11; Linux x86_64) AppleWebKit/537.36 (KHTML, like Gecko) HeadlessChrome/93.0.4577.0 Safari/537.36"
jomarlogistica.com.br:80 97.64.127.234 - - [28/Sep/2025:06:24:42 -0300] "GET /wp-content/plugins/elementor/assets/lib/font-awesome/css/font-awesome.min.css?ver=4.7.0 HTTP/1.1" 200 7623 "https://jomarlogistica.com.br/" "Mozilla/5.0 (X11; Linux x86_64) AppleWebKit/537.36 (KHTML, like Gecko) HeadlessChrome/93.0.4577.0 Safari/537.36"
jomarlogistica.com.br:80 97.64.127.234 - - [28/Sep/2025:06:24:42 -0300] "GET /wp-content/themes/consultio/assets/css/font-awesome5.min.css?ver=5.8.0 HTTP/1.1" 200 17997 "https://jomarlogistica.com.br/" "Mozilla/5.0 (X11; Linux x86_64) AppleWebKit/537.36 (KHTML, like Gecko) HeadlessChrome/93.0.4577.0 Safari/537.36"
jomarlogistica.com.br:80 97.64.127.234 - - [28/Sep/2025:06:24:42 -0300] "GET /wp-content/themes/consultio/assets/css/flaticon.css?ver=2.8.0 HTTP/1.1" 200 1205 "https://jomarlogistica.com.br/" "Mozilla/5.0 (X11; Linux x86_64) AppleWebKit/537.36 (KHTML, like Gecko) HeadlessChrome/93.0.4577.0 Safari/537.36"
jomarlogistica.com.br:80 97.64.127.234 - - [28/Sep/2025:06:24:42 -0300] "GET /wp-content/themes/consultio/assets/css/flaticon-v2.css?ver=2.8.0 HTTP/1.1" 200 994 "https://jomarlogistica.com.br/" "Mozilla/5.0 (X11; Linux x86_64) AppleWebKit/537.36 (KHTML, like Gecko) HeadlessChrome/93.0.4577.0 Safari/537.36"
jomarlogistica.com.br:80 97.64.127.234 - - [28/Sep/2025:06:24:42 -0300] "GET /wp-content/themes/consultio/assets/css/flaticon-v3.css?ver=2.8.0 HTTP/1.1" 200 1156 "https://jomarlogistica.com.br/" "Mozilla/5.0 (X11; Linux x86_64) AppleWebKit/537.36 (KHTML, like Gecko) HeadlessChrome/93.0.4577.0 Safari/537.36"
jomarlogistica.com.br:80 97.64.127.234 - - [28/Sep/2025:06:24:42 -0300] "GET /wp-content/themes/consultio/assets/css/flaticon-v4.css?ver=2.8.0 HTTP/1.1" 200 795 "https://jomarlogistica.com.br/" "Mozilla/5.0 (X11; Linux x86_64) AppleWebKit/537.36 (KHTML, like Gecko) HeadlessChrome/93.0.4577.0 Safari/537.36"
jomarlogistica.com.br:80 97.64.127.234 - - [28/Sep/2025:06:24:42 -0300] "GET /wp-content/themes/consultio/assets/css/flaticon-v5.css?ver=2.8.0 HTTP/1.1" 200 1337 "https://jomarlogistica.com.br/" "Mozilla/5.0 (X11; Linux x86_64) AppleWebKit/537.36 (KHTML, like Gecko) HeadlessChrome/93.0.4577.0 Safari/537.36"
jomarlogistica.com.br:80 97.64.127.234 - - [28/Sep/2025:06:24:42 -0300] "GET /wp-content/themes/consultio/assets/css/flaticon-v6.css?ver=2.8.0 HTTP/1.1" 200 998 "https://jomarlogistica.com.br/" "Mozilla/5.0 (X11; Linux x86_64) AppleWebKit/537.36 (KHTML, like Gecko) HeadlessChrome/93.0.4577.0 Safari/537.36"
jomarlogistica.com.br:80 97.64.127.234 - - [28/Sep/2025:06:24:42 -0300] "GET /wp-content/themes/consultio/assets/css/flaticon-v7.css?ver=2.8.0 HTTP/1.1" 200 990 "https://jomarlogistica.com.br/" "Mozilla/5.0 (X11; Linux x86_64) AppleWebKit/537.36 (KHTML, like Gecko) HeadlessChrome/93.0.4577.0 Safari/537.36"
jomarlogistica.com.br:80 97.64.127.234 - - [28/Sep/2025:06:24:42 -0300] "GET /wp-content/themes/consultio/assets/css/material-design-iconic-font.min.css?ver=2.2.0 HTTP/1.1" 200 8981 "https://jomarlogistica.com.br/" "Mozilla/5.0 (X11; Linux x86_64) AppleWebKit/537.36 (KHTML, like Gecko) HeadlessChrome/93.0.4577.0 Safari/537.36"
jomarlogistica.com.br:80 97.64.127.234 - - [28/Sep/2025:06:24:42 -0300] "GET /wp-content/themes/consultio/assets/css/magnific-popup.css?ver=1.0.0 HTTP/1.1" 200 2198 "https://jomarlogistica.com.br/" "Mozilla/5.0 (X11; Linux x86_64) AppleWebKit/537.36 (KHTML, like Gecko) HeadlessChrome/93.0.4577.0 Safari/537.36"
jomarlogistica.com.br:80 97.64.127.234 - - [28/Sep/2025:06:24:42 -0300] "GET /wp-content/themes/consultio/assets/css/animate.css?ver=1.0.0 HTTP/1.1" 200 5563 "https://jomarlogistica.com.br/" "Mozilla/5.0 (X11; Linux x86_64) AppleWebKit/537.36 (KHTML, like Gecko) HeadlessChrome/93.0.4577.0 Safari/537.36"
jomarlogistica.com.br:80 154.12.242.60 - - [28/Sep/2025:06:24:41 -0300] "GET / HTTP/1.1" 200 23872 "-" "Mozilla/5.0 (Macintosh; Intel Mac OS X 10_15_7) AppleWebKit/537.36 (KHTML, like Gecko) Chrome/140.0.0.0 Safari/537.36"
jomarlogistica.com.br:80 97.64.127.234 - - [28/Sep/2025:06:24:42 -0300] "GET /wp-content/themes/consultio/assets/css/theme.css?ver=2.8.0 HTTP/1.1" 200 195072 "https://jomarlogistica.com.br/" "Mozilla/5.0 (X11; Linux x86_64) AppleWebKit/537.36 (KHTML, like Gecko) HeadlessChrome/93.0.4577.0 Safari/537.36"
jomarlogistica.com.br:80 97.64.127.234 - - [28/Sep/2025:06:24:42 -0300] "GET /wp-content/themes/consultio/style.css?ver=5.8.10 HTTP/1.1" 200 866 "https://jomarlogistica.com.br/" "Mozilla/5.0 (X11; Linux x86_64) AppleWebKit/537.36 (KHTML, like Gecko) HeadlessChrome/93.0.4577.0 Safari/537.36"
jomarlogistica.com.br:80 97.64.127.234 - - [28/Sep/2025:06:24:42 -0300] "GET /wp-content/plugins/meks-simple-flickr-widget/css/style.css?ver=1.2 HTTP/1.1" 200 577 "https://jomarlogistica.com.br/" "Mozilla/5.0 (X11; Linux x86_64) AppleWebKit/537.36 (KHTML, like Gecko) HeadlessChrome/93.0.4577.0 Safari/537.36"
jomarlogistica.com.br:80 97.64.127.234 - - [28/Sep/2025:06:24:42 -0300] "GET /wp-content/plugins/newsletter/style.css?ver=7.3.3 HTTP/1.1" 200 1636 "https://jomarlogistica.com.br/" "Mozilla/5.0 (X11; Linux x86_64) AppleWebKit/537.36 (KHTML, like Gecko) HeadlessChrome/93.0.4577.0 Safari/537.36"
jomarlogistica.com.br:80 97.64.127.234 - - [28/Sep/2025:06:24:42 -0300] "GET /wp-content/plugins/elementor/assets/lib/eicons/css/elementor-icons.min.css?ver=5.13.0 HTTP/1.1" 200 4378 "https://jomarlogistica.com.br/" "Mozilla/5.0 (X11; Linux x86_64) AppleWebKit/537.36 (KHTML, like Gecko) HeadlessChrome/93.0.4577.0 Safari/537.36"
jomarlogistica.com.br:80 97.64.127.234 - - [28/Sep/2025:06:24:42 -0300] "GET /wp-content/plugins/elementor/assets/css/frontend.min.css?ver=3.4.8 HTTP/1.1" 200 19721 "https://jomarlogistica.com.br/" "Mozilla/5.0 (X11; Linux x86_64) AppleWebKit/537.36 (KHTML, like Gecko) HeadlessChrome/93.0.4577.0 Safari/537.36"
jomarlogistica.com.br:80 97.64.127.234 - - [28/Sep/2025:06:24:42 -0300] "GET /wp-content/uploads/elementor/css/post-5765.css?ver=1638451937 HTTP/1.1" 200 707 "https://jomarlogistica.com.br/" "Mozilla/5.0 (X11; Linux x86_64) AppleWebKit/537.36 (KHTML, like Gecko) HeadlessChrome/93.0.4577.0 Safari/537.36"
jomarlogistica.com.br:80 97.64.127.234 - - [28/Sep/2025:06:24:42 -0300] "GET /wp-content/uploads/elementor/css/global.css?ver=1638452033 HTTP/1.1" 200 1265 "https://jomarlogistica.com.br/" "Mozilla/5.0 (X11; Linux x86_64) AppleWebKit/537.36 (KHTML, like Gecko) HeadlessChrome/93.0.4577.0 Safari/537.36"
jomarlogistica.com.br:80 97.64.127.234 - - [28/Sep/2025:06:24:42 -0300] "GET /wp-content/uploads/elementor/css/post-5147.css?ver=1692608776 HTTP/1.1" 200 2059 "https://jomarlogistica.com.br/" "Mozilla/5.0 (X11; Linux x86_64) AppleWebKit/537.36 (KHTML, like Gecko) HeadlessChrome/93.0.4577.0 Safari/537.36"
jomarlogistica.com.br:80 97.64.127.234 - - [28/Sep/2025:06:24:42 -0300] "GET /wp-content/plugins/elementor/assets/lib/font-awesome/css/fontawesome.min.css?ver=5.15.3 HTTP/1.1" 200 13797 "https://jomarlogistica.com.br/" "Mozilla/5.0 (X11; Linux x86_64) AppleWebKit/537.36 (KHTML, like Gecko) HeadlessChrome/93.0.4577.0 Safari/537.36"
jomarlogistica.com.br:80 97.64.127.234 - - [28/Sep/2025:06:24:42 -0300] "GET /wp-includes/js/jquery/jquery.min.js?ver=3.6.0 HTTP/1.1" 200 32444 "https://jomarlogistica.com.br/" "Mozilla/5.0 (X11; Linux x86_64) AppleWebKit/537.36 (KHTML, like Gecko) HeadlessChrome/93.0.4577.0 Safari/537.36"
jomarlogistica.com.br:80 97.64.127.234 - - [28/Sep/2025:06:24:42 -0300] "GET /wp-includes/js/jquery/jquery-migrate.min.js?ver=3.3.2 HTTP/1.1" 200 4613 "https://jomarlogistica.com.br/" "Mozilla/5.0 (X11; Linux x86_64) AppleWebKit/537.36 (KHTML, like Gecko) HeadlessChrome/93.0.4577.0 Safari/537.36"
jomarlogistica.com.br:80 97.64.127.234 - - [28/Sep/2025:06:24:42 -0300] "GET /wp-content/plugins/case-theme-core/assets/js/main.js?ver=1.0.0 HTTP/1.1" 200 570 "https://jomarlogistica.com.br/" "Mozilla/5.0 (X11; Linux x86_64) AppleWebKit/537.36 (KHTML, like Gecko) HeadlessChrome/93.0.4577.0 Safari/537.36"
jomarlogistica.com.br:80 97.64.127.234 - - [28/Sep/2025:06:24:42 -0300] "GET /wp-content/themes/consultio/elementor/js/ct-inline-css.js?ver=2.8.0 HTTP/1.1" 200 864 "https://jomarlogistica.com.br/" "Mozilla/5.0 (X11; Linux x86_64) AppleWebKit/537.36 (KHTML, like Gecko) HeadlessChrome/93.0.4577.0 Safari/537.36"
jomarlogistica.com.br:80 104.243.16.6 - - [28/Sep/2025:06:24:42 -0300] "GET /contato HTTP/1.1" 301 457 "-" "Mozilla/5.0 (compatible; MSIE 9.0; Windows NT 6.1; Trident/5.0)"
jomarlogistica.com.br:80 154.12.242.60 - - [28/Sep/2025:06:24:43 -0300] "GET /wp-includes/js/jquery/jquery-migrate.min.js?ver=3.3.2 HTTP/1.1" 200 4613 "https://jomarlogistica.com.br/" "Mozilla/5.0 (Macintosh; Intel Mac OS X 10_15_7) AppleWebKit/537.36 (KHTML, like Gecko) Chrome/140.0.0.0 Safari/537.36"
jomarlogistica.com.br:80 154.12.242.60 - - [28/Sep/2025:06:24:43 -0300] "GET /wp-includes/js/jquery/jquery.min.js?ver=3.6.0 HTTP/1.1" 200 32444 "https://jomarlogistica.com.br/" "Mozilla/5.0 (Macintosh; Intel Mac OS X 10_15_7) AppleWebKit/537.36 (KHTML, like Gecko) Chrome/140.0.0.0 Safari/537.36"
jomarlogistica.com.br:80 154.12.242.60 - - [28/Sep/2025:06:24:43 -0300] "GET /wp-includes/js/jquery/ui/core.min.js?ver=1.12.1 HTTP/1.1" 200 7418 "https://jomarlogistica.com.br/" "Mozilla/5.0 (Macintosh; Intel Mac OS X 10_15_7) AppleWebKit/537.36 (KHTML, like Gecko) Chrome/140.0.0.0 Safari/537.36"
jomarlogistica.com.br:80 154.12.242.60 - - [28/Sep/2025:06:24:43 -0300] "GET /wp-includes/js/jquery/ui/datepicker.min.js?ver=1.12.1 HTTP/1.1" 200 11555 "https://jomarlogistica.com.br/" "Mozilla/5.0 (Macintosh; Intel Mac OS X 10_15_7) AppleWebKit/537.36 (KHTML, like Gecko) Chrome/140.0.0.0 Safari/537.36"
jomarlogistica.com.br:80 154.12.242.60 - - [28/Sep/2025:06:24:43 -0300] "GET /wp-content/plugins/booked/assets/js/spin.min.js?ver=2.0.1 HTTP/1.1" 304 292 "https://jomarlogistica.com.br/" "Mozilla/5.0 (Macintosh; Intel Mac OS X 10_15_7) AppleWebKit/537.36 (KHTML, like Gecko) Chrome/140.0.0.0 Safari/537.36"
jomarlogistica.com.br:80 154.12.242.60 - - [28/Sep/2025:06:24:43 -0300] "GET /wp-content/plugins/booked/assets/js/spin.jquery.js?ver=2.0.1 HTTP/1.1" 304 292 "https://jomarlogistica.com.br/" "Mozilla/5.0 (Macintosh; Intel Mac OS X 10_15_7) AppleWebKit/537.36 (KHTML, like Gecko) Chrome/140.0.0.0 Safari/537.36"
jomarlogistica.com.br:80 154.12.242.60 - - [28/Sep/2025:06:24:44 -0300] "GET /wp-content/plugins/case-theme-core/assets/js/main.js?ver=1.0.0 HTTP/1.1" 200 570 "https://jomarlogistica.com.br/" "Mozilla/5.0 (Macintosh; Intel Mac OS X 10_15_7) AppleWebKit/537.36 (KHTML, like Gecko) Chrome/140.0.0.0 Safari/537.36"
jomarlogistica.com.br:80 154.12.242.60 - - [28/Sep/2025:06:24:44 -0300] "GET /wp-content/themes/consultio/elementor/js/ct-inline-css.js?ver=2.8.0 HTTP/1.1" 200 864 "https://jomarlogistica.com.br/" "Mozilla/5.0 (Macintosh; Intel Mac OS X 10_15_7) AppleWebKit/537.36 (KHTML, like Gecko) Chrome/140.0.0.0 Safari/537.36"
jomarlogistica.com.br:80 97.64.127.234 - - [28/Sep/2025:06:24:44 -0300] "GET /wp-content/uploads/elementor/css/post-20.css?ver=1692608754 HTTP/1.1" 200 1249 "https://jomarlogistica.com.br/" "Mozilla/5.0 (X11; Linux x86_64) AppleWebKit/537.36 (KHTML, like Gecko) HeadlessChrome/93.0.4577.0 Safari/537.36"
jomarlogistica.com.br:80 154.12.242.60 - - [28/Sep/2025:06:24:44 -0300] "GET /wp-content/plugins/booked/assets/js/tooltipster/js/jquery.tooltipster.min.js?ver=3.3.0 HTTP/1.1" 304 292 "https://jomarlogistica.com.br/" "Mozilla/5.0 (Macintosh; Intel Mac OS X 10_15_7) AppleWebKit/537.36 (KHTML, like Gecko) Chrome/140.0.0.0 Safari/537.36"
jomarlogistica.com.br:80 154.12.242.60 - - [28/Sep/2025:06:24:44 -0300] "GET /wp-content/plugins/booked/assets/js/functions.js?ver=2.3.5 HTTP/1.1" 304 292 "https://jomarlogistica.com.br/" "Mozilla/5.0 (Macintosh; Intel Mac OS X 10_15_7) AppleWebKit/537.36 (KHTML, like Gecko) Chrome/140.0.0.0 Safari/537.36"
jomarlogistica.com.br:80 104.243.16.6 - - [28/Sep/2025:06:24:43 -0300] "GET /contato/ HTTP/1.1" 200 80035 "-" "Mozilla/5.0 (compatible; MSIE 9.0; Windows NT 6.1; Trident/5.0)"
jomarlogistica.com.br:80 97.64.127.234 - - [28/Sep/2025:06:24:44 -0300] "GET /wp-content/plugins/booked/assets/js/spin.jquery.js?ver=2.0.1 HTTP/1.1" 200 1167 "https://jomarlogistica.com.br/" "Mozilla/5.0 (X11; Linux x86_64) AppleWebKit/537.36 (KHTML, like Gecko) HeadlessChrome/93.0.4577.0 Safari/537.36"
jomarlogistica.com.br:80 97.64.127.234 - - [28/Sep/2025:06:24:44 -0300] "GET /wp-content/plugins/booked/assets/js/tooltipster/js/jquery.tooltipster.min.js?ver=3.3.0 HTTP/1.1" 200 5373 "https://jomarlogistica.com.br/" "Mozilla/5.0 (X11; Linux x86_64) AppleWebKit/537.36 (KHTML, like Gecko) HeadlessChrome/93.0.4577.0 Safari/537.36"
jomarlogistica.com.br:80 97.64.127.234 - - [28/Sep/2025:06:24:44 -0300] "GET /wp-content/plugins/case-theme-user/acess/js/remodal.min.js?ver=1.0.0 HTTP/1.1" 200 3045 "https://jomarlogistica.com.br/" "Mozilla/5.0 (X11; Linux x86_64) AppleWebKit/537.36 (KHTML, like Gecko) HeadlessChrome/93.0.4577.0 Safari/537.36"
jomarlogistica.com.br:80 97.64.127.234 - - [28/Sep/2025:06:24:44 -0300] "GET /wp-includes/js/dist/vendor/regenerator-runtime.min.js?ver=0.13.7 HTTP/1.1" 200 2817 "https://jomarlogistica.com.br/" "Mozilla/5.0 (X11; Linux x86_64) AppleWebKit/537.36 (KHTML, like Gecko) HeadlessChrome/93.0.4577.0 Safari/537.36"
jomarlogistica.com.br:80 97.64.127.234 - - [28/Sep/2025:06:24:44 -0300] "GET /wp-content/plugins/elementor/assets/lib/animations/animations.min.css?ver=3.4.8 HTTP/1.1" 200 3089 "https://jomarlogistica.com.br/" "Mozilla/5.0 (X11; Linux x86_64) AppleWebKit/537.36 (KHTML, like Gecko) HeadlessChrome/93.0.4577.0 Safari/537.36"
jomarlogistica.com.br:80 97.64.127.234 - - [28/Sep/2025:06:24:44 -0300] "GET /wp-content/themes/consultio/assets/js/nice-select.min.js?ver=all HTTP/1.1" 200 1420 "https://jomarlogistica.com.br/" "Mozilla/5.0 (X11; Linux x86_64) AppleWebKit/537.36 (KHTML, like Gecko) HeadlessChrome/93.0.4577.0 Safari/537.36"
jomarlogistica.com.br:80 97.64.127.234 - - [28/Sep/2025:06:24:44 -0300] "GET /wp-content/themes/consultio/assets/js/progressbar.min.js?ver=1.0.0 HTTP/1.1" 200 1327 "https://jomarlogistica.com.br/" "Mozilla/5.0 (X11; Linux x86_64) AppleWebKit/537.36 (KHTML, like Gecko) HeadlessChrome/93.0.4577.0 Safari/537.36"
jomarlogistica.com.br:80 97.64.127.234 - - [28/Sep/2025:06:24:44 -0300] "GET /wp-includes/js/jquery/ui/mouse.min.js?ver=1.12.1 HTTP/1.1" 200 1479 "https://jomarlogistica.com.br/" "Mozilla/5.0 (X11; Linux x86_64) AppleWebKit/537.36 (KHTML, like Gecko) HeadlessChrome/93.0.4577.0 Safari/537.36"
jomarlogistica.com.br:80 97.64.127.234 - - [28/Sep/2025:06:24:44 -0300] "GET /wp-content/themes/consultio/assets/js/main.js?ver=2.8.0 HTTP/1.1" 200 6474 "https://jomarlogistica.com.br/" "Mozilla/5.0 (X11; Linux x86_64) AppleWebKit/537.36 (KHTML, like Gecko) HeadlessChrome/93.0.4577.0 Safari/537.36"
jomarlogistica.com.br:80 97.64.127.234 - - [28/Sep/2025:06:24:44 -0300] "GET /wp-content/plugins/elementor/assets/lib/font-awesome/css/brands.min.css?ver=5.15.3 HTTP/1.1" 200 679 "https://jomarlogistica.com.br/" "Mozilla/5.0 (X11; Linux x86_64) AppleWebKit/537.36 (KHTML, like Gecko) HeadlessChrome/93.0.4577.0 Safari/537.36"
jomarlogistica.com.br:80 97.64.127.234 - - [28/Sep/2025:06:24:44 -0300] "GET /wp-content/plugins/elementor/assets/lib/jquery-numerator/jquery-numerator.min.js?ver=0.2.1 HTTP/1.1" 200 1116 "https://jomarlogistica.com.br/" "Mozilla/5.0 (X11; Linux x86_64) AppleWebKit/537.36 (KHTML, like Gecko) HeadlessChrome/93.0.4577.0 Safari/537.36"
jomarlogistica.com.br:80 97.64.127.234 - - [28/Sep/2025:06:24:44 -0300] "GET /wp-content/themes/consultio/elementor/js/ct-counter-widget.js?ver=2.8.0 HTTP/1.1" 200 845 "https://jomarlogistica.com.br/" "Mozilla/5.0 (X11; Linux x86_64) AppleWebKit/537.36 (KHTML, like Gecko) HeadlessChrome/93.0.4577.0 Safari/537.36"
jomarlogistica.com.br:80 97.64.127.234 - - [28/Sep/2025:06:24:44 -0300] "GET /wp-content/themes/consultio/elementor/js/ct-post-masonry-widget.js?ver=2.8.0 HTTP/1.1" 200 1706 "https://jomarlogistica.com.br/" "Mozilla/5.0 (X11; Linux x86_64) AppleWebKit/537.36 (KHTML, like Gecko) HeadlessChrome/93.0.4577.0 Safari/537.36"
jomarlogistica.com.br:80 97.64.127.234 - - [28/Sep/2025:06:24:44 -0300] "GET /wp-content/plugins/elementor/assets/lib/slick/slick.min.js?ver=1.8.1 HTTP/1.1" 200 11424 "https://jomarlogistica.com.br/" "Mozilla/5.0 (X11; Linux x86_64) AppleWebKit/537.36 (KHTML, like Gecko) HeadlessChrome/93.0.4577.0 Safari/537.36"
jomarlogistica.com.br:80 97.64.127.234 - - [28/Sep/2025:06:24:44 -0300] "GET /wp-content/plugins/revslider/public/assets/css/rs6.css?ver=6.5.11 HTTP/1.1" 200 13321 "https://jomarlogistica.com.br/" "Mozilla/5.0 (X11; Linux x86_64) AppleWebKit/537.36 (KHTML, like Gecko) HeadlessChrome/93.0.4577.0 Safari/537.36"
jomarlogistica.com.br:80 97.64.127.234 - - [28/Sep/2025:06:24:44 -0300] "GET /wp-content/plugins/elementor/assets/js/frontend.min.js?ver=3.4.8 HTTP/1.1" 200 11432 "https://jomarlogistica.com.br/" "Mozilla/5.0 (X11; Linux x86_64) AppleWebKit/537.36 (KHTML, like Gecko) HeadlessChrome/93.0.4577.0 Safari/537.36"
jomarlogistica.com.br:80 97.64.127.234 - - [28/Sep/2025:06:24:44 -0300] "GET /wp-content/plugins/revslider/public/assets/js/rs6.min.js?ver=6.5.11 HTTP/1.1" 200 104993 "https://jomarlogistica.com.br/" "Mozilla/5.0 (X11; Linux x86_64) AppleWebKit/537.36 (KHTML, like Gecko) HeadlessChrome/93.0.4577.0 Safari/537.36"
jomarlogistica.com.br:80 154.12.242.60 - - [28/Sep/2025:06:24:44 -0300] "GET /wp-content/plugins/case-theme-user/acess/js/notify.min.js?ver=1.0.0 HTTP/1.1" 304 292 "https://jomarlogistica.com.br/" "Mozilla/5.0 (Macintosh; Intel Mac OS X 10_15_7) AppleWebKit/537.36 (KHTML, like Gecko) Chrome/140.0.0.0 Safari/537.36"
jomarlogistica.com.br:80 154.12.242.60 - - [28/Sep/2025:06:24:44 -0300] "GET /wp-includes/js/dist/vendor/wp-polyfill.min.js?ver=3.15.0 HTTP/1.1" 304 292 "https://jomarlogistica.com.br/" "Mozilla/5.0 (Macintosh; Intel Mac OS X 10_15_7) AppleWebKit/537.36 (KHTML, like Gecko) Chrome/140.0.0.0 Safari/537.36"
jomarlogistica.com.br:80 154.12.242.60 - - [28/Sep/2025:06:24:44 -0300] "GET /wp-includes/js/jquery/ui/mouse.min.js?ver=1.12.1 HTTP/1.1" 304 292 "https://jomarlogistica.com.br/" "Mozilla/5.0 (Macintosh; Intel Mac OS X 10_15_7) AppleWebKit/537.36 (KHTML, like Gecko) Chrome/140.0.0.0 Safari/537.36"
jomarlogistica.com.br:80 154.12.242.60 - - [28/Sep/2025:06:24:44 -0300] "GET /wp-includes/js/jquery/ui/slider.min.js?ver=1.12.1 HTTP/1.1" 304 311 "https://jomarlogistica.com.br/" "Mozilla/5.0 (Macintosh; Intel Mac OS X 10_15_7) AppleWebKit/537.36 (KHTML, like Gecko) Chrome/140.0.0.0 Safari/537.36"
jomarlogistica.com.br:80 97.64.127.234 - - [28/Sep/2025:06:24:44 -0300] "GET /wp-includes/js/jquery/ui/core.min.js?ver=1.12.1 HTTP/1.1" 200 7418 "https://jomarlogistica.com.br/" "Mozilla/5.0 (X11; Linux x86_64) AppleWebKit/537.36 (KHTML, like Gecko) HeadlessChrome/93.0.4577.0 Safari/537.36"
jomarlogistica.com.br:80 154.12.242.60 - - [28/Sep/2025:06:24:44 -0300] "GET /wp-content/plugins/case-theme-core/assets/js/lib/isotope.pkgd.min.js?ver=3.0.5 HTTP/1.1" 304 292 "https://jomarlogistica.com.br/" "Mozilla/5.0 (Macintosh; Intel Mac OS X 10_15_7) AppleWebKit/537.36 (KHTML, like Gecko) Chrome/140.0.0.0 Safari/537.36"
jomarlogistica.com.br:80 154.12.242.60 - - [28/Sep/2025:06:24:44 -0300] "GET /wp-content/plugins/elementor/assets/js/frontend-modules.min.js?ver=3.4.8 HTTP/1.1" 304 311 "https://jomarlogistica.com.br/" "Mozilla/5.0 (Macintosh; Intel Mac OS X 10_15_7) AppleWebKit/537.36 (KHTML, like Gecko) Chrome/140.0.0.0 Safari/537.36"
jomarlogistica.com.br:80 172.69.136.227 - - [28/Sep/2025:06:24:44 -0300] "GET /sobre HTTP/1.1" 301 455 "-" "Mozilla/5.0 (Windows NT 10.0; Win64; x64) AppleWebKit/537.36 (KHTML, like Gecko) Chrome/123.0.0.0 Safari/537.36"
jomarlogistica.com.br:80 97.64.127.234 - - [28/Sep/2025:06:24:44 -0300] "GET /wp-includes/js/jquery/ui/datepicker.min.js?ver=1.12.1 HTTP/1.1" 200 11555 "https://jomarlogistica.com.br/" "Mozilla/5.0 (X11; Linux x86_64) AppleWebKit/537.36 (KHTML, like Gecko) HeadlessChrome/93.0.4577.0 Safari/537.36"
jomarlogistica.com.br:80 97.64.127.234 - - [28/Sep/2025:06:24:44 -0300] "GET /wp-content/plugins/booked/assets/js/spin.min.js?ver=2.0.1 HTTP/1.1" 200 2463 "https://jomarlogistica.com.br/" "Mozilla/5.0 (X11; Linux x86_64) AppleWebKit/537.36 (KHTML, like Gecko) HeadlessChrome/93.0.4577.0 Safari/537.36"
jomarlogistica.com.br:80 97.64.127.234 - - [28/Sep/2025:06:24:44 -0300] "GET /wp-content/themes/consultio/assets/fonts/fontawesome/fa-brands-400.woff2 HTTP/1.1" 200 75110 "https://jomarlogistica.com.br/wp-content/themes/consultio/assets/css/font-awesome5.min.css?ver=5.8.0" "Mozilla/5.0 (X11; Linux x86_64) AppleWebKit/537.36 (KHTML, like Gecko) HeadlessChrome/93.0.4577.0 Safari/537.36"
jomarlogistica.com.br:80 97.64.127.234 - - [28/Sep/2025:06:24:44 -0300] "GET /wp-content/themes/consultio/assets/fonts/fontawesome/fa-solid-900.woff2 HTTP/1.1" 200 117654 "https://jomarlogistica.com.br/wp-content/themes/consultio/assets/css/font-awesome5.min.css?ver=5.8.0" "Mozilla/5.0 (X11; Linux x86_64) AppleWebKit/537.36 (KHTML, like Gecko) HeadlessChrome/93.0.4577.0 Safari/537.36"
jomarlogistica.com.br:80 97.64.127.234 - - [28/Sep/2025:06:24:44 -0300] "GET /wp-content/themes/consultio/assets/fonts/Flaticon.woff2 HTTP/1.1" 200 12814 "https://jomarlogistica.com.br/wp-content/themes/consultio/assets/css/flaticon.css?ver=2.8.0" "Mozilla/5.0 (X11; Linux x86_64) AppleWebKit/537.36 (KHTML, like Gecko) HeadlessChrome/93.0.4577.0 Safari/537.36"
jomarlogistica.com.br:80 97.64.127.234 - - [28/Sep/2025:06:24:44 -0300] "GET /wp-content/themes/consultio/assets/fonts/Flaticon-v3.woff2 HTTP/1.1" 200 8049 "https://jomarlogistica.com.br/wp-content/themes/consultio/assets/css/flaticon-v3.css?ver=2.8.0" "Mozilla/5.0 (X11; Linux x86_64) AppleWebKit/537.36 (KHTML, like Gecko) HeadlessChrome/93.0.4577.0 Safari/537.36"
jomarlogistica.com.br:80 97.64.127.234 - - [28/Sep/2025:06:24:44 -0300] "GET /wp-content/plugins/elementor/assets/lib/font-awesome/webfonts/fa-solid-900.woff2 HTTP/1.1" 200 78476 "https://jomarlogistica.com.br/wp-content/plugins/elementor/assets/lib/font-awesome/css/solid.min.css?ver=5.15.3" "Mozilla/5.0 (X11; Linux x86_64) AppleWebKit/537.36 (KHTML, like Gecko) HeadlessChrome/93.0.4577.0 Safari/537.36"
jomarlogistica.com.br:80 97.64.127.234 - - [28/Sep/2025:06:24:44 -0300] "GET /wp-content/themes/consultio/assets/fonts/Material-Design-Iconic-Font.woff2?v=2.2.0 HTTP/1.1" 200 38405 "https://jomarlogistica.com.br/wp-content/themes/consultio/assets/css/material-design-iconic-font.min.css?ver=2.2.0" "Mozilla/5.0 (X11; Linux x86_64) AppleWebKit/537.36 (KHTML, like Gecko) HeadlessChrome/93.0.4577.0 Safari/537.36"
jomarlogistica.com.br:80 97.64.127.234 - - [28/Sep/2025:06:24:44 -0300] "GET /wp-content/themes/consultio/assets/fonts/flaticon-v7.woff HTTP/1.1" 200 8849 "https://jomarlogistica.com.br/wp-content/themes/consultio/assets/css/flaticon-v7.css?ver=2.8.0" "Mozilla/5.0 (X11; Linux x86_64) AppleWebKit/537.36 (KHTML, like Gecko) HeadlessChrome/93.0.4577.0 Safari/537.36"
jomarlogistica.com.br:80 97.64.127.234 - - [28/Sep/2025:06:24:44 -0300] "GET /wp-content/themes/consultio/assets/fonts/Flaticon-v5.woff HTTP/1.1" 200 15644 "https://jomarlogistica.com.br/wp-content/themes/consultio/assets/css/flaticon-v5.css?ver=2.8.0" "Mozilla/5.0 (X11; Linux x86_64) AppleWebKit/537.36 (KHTML, like Gecko) HeadlessChrome/93.0.4577.0 Safari/537.36"
jomarlogistica.com.br:80 172.69.136.210 - - [28/Sep/2025:06:24:44 -0300] "GET /contato HTTP/1.1" 301 457 "-" "Mozilla/5.0 (Windows NT 10.0; Win64; x64) AppleWebKit/537.36 (KHTML, like Gecko) Chrome/123.0.0.0 Safari/537.36"
jomarlogistica.com.br:80 97.64.127.234 - - [28/Sep/2025:06:24:44 -0300] "GET /wp-content/plugins/booked/assets/js/functions.js?ver=2.3.5 HTTP/1.1" 200 10029 "https://jomarlogistica.com.br/" "Mozilla/5.0 (X11; Linux x86_64) AppleWebKit/537.36 (KHTML, like Gecko) HeadlessChrome/93.0.4577.0 Safari/537.36"
jomarlogistica.com.br:80 97.64.127.234 - - [28/Sep/2025:06:24:44 -0300] "GET /wp-content/plugins/case-theme-user/acess/js/notify.min.js?ver=1.0.0 HTTP/1.1" 200 7826 "https://jomarlogistica.com.br/" "Mozilla/5.0 (X11; Linux x86_64) AppleWebKit/537.36 (KHTML, like Gecko) HeadlessChrome/93.0.4577.0 Safari/537.36"
jomarlogistica.com.br:80 97.64.127.234 - - [28/Sep/2025:06:24:44 -0300] "GET /wp-content/plugins/case-theme-user/acess/js/ct-user-form.js?ver=1.0.0 HTTP/1.1" 200 2307 "https://jomarlogistica.com.br/" "Mozilla/5.0 (X11; Linux x86_64) AppleWebKit/537.36 (KHTML, like Gecko) HeadlessChrome/93.0.4577.0 Safari/537.36"
jomarlogistica.com.br:80 97.64.127.234 - - [28/Sep/2025:06:24:44 -0300] "GET /wp-content/plugins/contact-form-7-multi-step/assets/frontend/js/cf7mls.js?ver=2.5.4 HTTP/1.1" 200 7286 "https://jomarlogistica.com.br/" "Mozilla/5.0 (X11; Linux x86_64) AppleWebKit/537.36 (KHTML, like Gecko) HeadlessChrome/93.0.4577.0 Safari/537.36"
jomarlogistica.com.br:80 97.64.127.234 - - [28/Sep/2025:06:24:44 -0300] "GET /wp-includes/js/dist/vendor/wp-polyfill.min.js?ver=3.15.0 HTTP/1.1" 200 6572 "https://jomarlogistica.com.br/" "Mozilla/5.0 (X11; Linux x86_64) AppleWebKit/537.36 (KHTML, like Gecko) HeadlessChrome/93.0.4577.0 Safari/537.36"
jomarlogistica.com.br:80 97.64.127.234 - - [28/Sep/2025:06:24:44 -0300] "GET /wp-content/plugins/contact-form-7/includes/js/index.js?ver=5.5.3 HTTP/1.1" 200 4245 "https://jomarlogistica.com.br/" "Mozilla/5.0 (X11; Linux x86_64) AppleWebKit/537.36 (KHTML, like Gecko) HeadlessChrome/93.0.4577.0 Safari/537.36"
jomarlogistica.com.br:80 97.64.127.234 - - [28/Sep/2025:06:24:44 -0300] "GET /wp-content/plugins/booked/includes/add-ons/frontend-agents/js/functions.js?ver=2.3.5 HTTP/1.1" 200 1592 "https://jomarlogistica.com.br/" "Mozilla/5.0 (X11; Linux x86_64) AppleWebKit/537.36 (KHTML, like Gecko) HeadlessChrome/93.0.4577.0 Safari/537.36"
jomarlogistica.com.br:80 97.64.127.234 - - [28/Sep/2025:06:24:44 -0300] "GET /wp-content/themes/consultio/assets/js/bootstrap.min.js?ver=4.0.0 HTTP/1.1" 200 14168 "https://jomarlogistica.com.br/" "Mozilla/5.0 (X11; Linux x86_64) AppleWebKit/537.36 (KHTML, like Gecko) HeadlessChrome/93.0.4577.0 Safari/537.36"
jomarlogistica.com.br:80 97.64.127.234 - - [28/Sep/2025:06:24:44 -0300] "GET /wp-content/themes/consultio/assets/js/match-height-min.js?ver=1.0.0 HTTP/1.1" 200 3557 "https://jomarlogistica.com.br/" "Mozilla/5.0 (X11; Linux x86_64) AppleWebKit/537.36 (KHTML, like Gecko) HeadlessChrome/93.0.4577.0 Safari/537.36"
jomarlogistica.com.br:80 97.64.127.234 - - [28/Sep/2025:06:24:44 -0300] "GET /wp-content/themes/consultio/assets/js/magnific-popup.min.js?ver=1.0.0 HTTP/1.1" 200 14895 "https://jomarlogistica.com.br/" "Mozilla/5.0 (X11; Linux x86_64) AppleWebKit/537.36 (KHTML, like Gecko) HeadlessChrome/93.0.4577.0 Safari/537.36"
jomarlogistica.com.br:80 97.64.127.234 - - [28/Sep/2025:06:24:44 -0300] "GET /wp-content/themes/consultio/assets/js/wow.min.js?ver=1.0.0 HTTP/1.1" 200 3260 "https://jomarlogistica.com.br/" "Mozilla/5.0 (X11; Linux x86_64) AppleWebKit/537.36 (KHTML, like Gecko) HeadlessChrome/93.0.4577.0 Safari/537.36"
jomarlogistica.com.br:80 97.64.127.234 - - [28/Sep/2025:06:24:44 -0300] "GET /wp-includes/js/jquery/ui/slider.min.js?ver=1.12.1 HTTP/1.1" 200 3602 "https://jomarlogistica.com.br/" "Mozilla/5.0 (X11; Linux x86_64) AppleWebKit/537.36 (KHTML, like Gecko) HeadlessChrome/93.0.4577.0 Safari/537.36"
jomarlogistica.com.br:80 97.64.127.234 - - [28/Sep/2025:06:24:44 -0300] "GET /wp-includes/js/wp-embed.min.js?ver=5.8.10 HTTP/1.1" 200 1177 "https://jomarlogistica.com.br/" "Mozilla/5.0 (X11; Linux x86_64) AppleWebKit/537.36 (KHTML, like Gecko) HeadlessChrome/93.0.4577.0 Safari/537.36"
jomarlogistica.com.br:80 97.64.127.234 - - [28/Sep/2025:06:24:44 -0300] "GET /wp-includes/js/imagesloaded.min.js?ver=4.1.4 HTTP/1.1" 200 2251 "https://jomarlogistica.com.br/" "Mozilla/5.0 (X11; Linux x86_64) AppleWebKit/537.36 (KHTML, like Gecko) HeadlessChrome/93.0.4577.0 Safari/537.36"
jomarlogistica.com.br:80 97.64.127.234 - - [28/Sep/2025:06:24:44 -0300] "GET /wp-content/plugins/case-theme-core/assets/js/lib/isotope.pkgd.min.js?ver=3.0.5 HTTP/1.1" 200 10708 "https://jomarlogistica.com.br/" "Mozilla/5.0 (X11; Linux x86_64) AppleWebKit/537.36 (KHTML, like Gecko) HeadlessChrome/93.0.4577.0 Safari/537.36"
jomarlogistica.com.br:80 97.64.127.234 - - [28/Sep/2025:06:24:44 -0300] "GET /wp-content/themes/consultio/elementor/js/ct-post-grid-widget.js?ver=2.8.0 HTTP/1.1" 200 760 "https://jomarlogistica.com.br/" "Mozilla/5.0 (X11; Linux x86_64) AppleWebKit/537.36 (KHTML, like Gecko) HeadlessChrome/93.0.4577.0 Safari/537.36"
jomarlogistica.com.br:80 97.64.127.234 - - [28/Sep/2025:06:24:44 -0300] "GET /wp-content/themes/consultio/elementor/js/ct-post-carousel-widget.js?ver=2.8.0 HTTP/1.1" 200 1609 "https://jomarlogistica.com.br/" "Mozilla/5.0 (X11; Linux x86_64) AppleWebKit/537.36 (KHTML, like Gecko) HeadlessChrome/93.0.4577.0 Safari/537.36"
jomarlogistica.com.br:80 97.64.127.234 - - [28/Sep/2025:06:24:44 -0300] "GET /wp-content/plugins/elementor/assets/js/webpack.runtime.min.js?ver=3.4.8 HTTP/1.1" 200 2544 "https://jomarlogistica.com.br/" "Mozilla/5.0 (X11; Linux x86_64) AppleWebKit/537.36 (KHTML, like Gecko) HeadlessChrome/93.0.4577.0 Safari/537.36"
jomarlogistica.com.br:80 97.64.127.234 - - [28/Sep/2025:06:24:44 -0300] "GET /wp-content/plugins/elementor/assets/js/frontend-modules.min.js?ver=3.4.8 HTTP/1.1" 200 5016 "https://jomarlogistica.com.br/" "Mozilla/5.0 (X11; Linux x86_64) AppleWebKit/537.36 (KHTML, like Gecko) HeadlessChrome/93.0.4577.0 Safari/537.36"
jomarlogistica.com.br:80 97.64.127.234 - - [28/Sep/2025:06:24:44 -0300] "GET /wp-content/plugins/elementor/assets/lib/waypoints/waypoints.min.js?ver=4.0.2 HTTP/1.1" 200 3464 "https://jomarlogistica.com.br/" "Mozilla/5.0 (X11; Linux x86_64) AppleWebKit/537.36 (KHTML, like Gecko) HeadlessChrome/93.0.4577.0 Safari/537.36"
jomarlogistica.com.br:80 97.64.127.234 - - [28/Sep/2025:06:24:44 -0300] "GET /wp-content/plugins/elementor/assets/lib/swiper/swiper.min.js?ver=5.3.6 HTTP/1.1" 200 37913 "https://jomarlogistica.com.br/" "Mozilla/5.0 (X11; Linux x86_64) AppleWebKit/537.36 (KHTML, like Gecko) HeadlessChrome/93.0.4577.0 Safari/537.36"
jomarlogistica.com.br:80 97.64.127.234 - - [28/Sep/2025:06:24:44 -0300] "GET /wp-content/plugins/elementor/assets/lib/share-link/share-link.min.js?ver=3.4.8 HTTP/1.1" 200 1484 "https://jomarlogistica.com.br/" "Mozilla/5.0 (X11; Linux x86_64) AppleWebKit/537.36 (KHTML, like Gecko) HeadlessChrome/93.0.4577.0 Safari/537.36"
jomarlogistica.com.br:80 97.64.127.234 - - [28/Sep/2025:06:24:44 -0300] "GET /wp-content/plugins/elementor/assets/lib/dialog/dialog.min.js?ver=4.8.1 HTTP/1.1" 200 3967 "https://jomarlogistica.com.br/" "Mozilla/5.0 (X11; Linux x86_64) AppleWebKit/537.36 (KHTML, like Gecko) HeadlessChrome/93.0.4577.0 Safari/537.36"
jomarlogistica.com.br:80 97.64.127.234 - - [28/Sep/2025:06:24:44 -0300] "GET /wp-content/plugins/elementor/assets/js/preloaded-modules.min.js?ver=3.4.8 HTTP/1.1" 200 9744 "https://jomarlogistica.com.br/" "Mozilla/5.0 (X11; Linux x86_64) AppleWebKit/537.36 (KHTML, like Gecko) HeadlessChrome/93.0.4577.0 Safari/537.36"
jomarlogistica.com.br:80 97.64.127.234 - - [28/Sep/2025:06:24:44 -0300] "GET /wp-includes/js/wp-emoji-release.min.js?ver=5.8.10 HTTP/1.1" 200 5577 "https://jomarlogistica.com.br/" "Mozilla/5.0 (X11; Linux x86_64) AppleWebKit/537.36 (KHTML, like Gecko) HeadlessChrome/93.0.4577.0 Safari/537.36"
jomarlogistica.com.br:80 97.64.127.234 - - [28/Sep/2025:06:24:44 -0300] "GET /wp-content/plugins/revslider/public/assets/js/rbtools.min.js?ver=6.5.11 HTTP/1.1" 200 48787 "https://jomarlogistica.com.br/" "Mozilla/5.0 (X11; Linux x86_64) AppleWebKit/537.36 (KHTML, like Gecko) HeadlessChrome/93.0.4577.0 Safari/537.36"
jomarlogistica.com.br:80 154.12.242.60 - - [28/Sep/2025:06:24:44 -0300] "GET /wp-content/plugins/contact-form-7-multi-step/assets/frontend/js/cf7mls.js?ver=2.5.4 HTTP/1.1" 304 292 "https://jomarlogistica.com.br/" "Mozilla/5.0 (Macintosh; Intel Mac OS X 10_15_7) AppleWebKit/537.36 (KHTML, like Gecko) Chrome/140.0.0.0 Safari/537.36"
