jomarlogistica.com.br:80 47.82.11.194 - - [28/Sep/2025:05:00:14 -0300] "GET /wp-content/plugins/instagram-feed/css/sbi-styles.min.css HTTP/1.1" 200 3355 "-" "Mozilla/5.0 (Windows NT 10.0; Win64; x64) AppleWebKit/537.36 (KHTML, like Gecko) Chrome/135.0.0.0 Safari/537.36"
jomarlogistica.com.br:80 47.82.11.155 - - [28/Sep/2025:05:00:15 -0300] "GET /wp-content/themes/consultio/assets/css/flaticon-v7.css HTTP/1.1" 200 990 "-" "Mozilla/5.0 (Windows NT 10.0; Win64; x64) AppleWebKit/537.36 (KHTML, like Gecko) Chrome/135.0.0.0 Safari/537.36"
jomarlogistica.com.br:80 47.82.11.155 - - [28/Sep/2025:05:00:15 -0300] "GET /wp-content/plugins/contact-form-7-multi-step/assets/frontend/css/cf7mls.css HTTP/1.1" 200 2184 "-" "Mozilla/5.0 (Macintosh; Intel Mac OS X 10_15_7) AppleWebKit/537.36 (KHTML, like Gecko) Chrome/133.0.0.0 Safari/537.36"
jomarlogistica.com.br:80 47.82.11.194 - - [28/Sep/2025:05:00:15 -0300] "GET /wp-content/plugins/newsletter/style.css HTTP/1.1" 200 1636 "-" "Mozilla/5.0 (Windows NT 10.0; Win64; x64) AppleWebKit/537.36 (KHTML, like Gecko) Chrome/134.0.0.0 Safari/537.36"
jomarlogistica.com.br:80 47.82.11.150 - - [28/Sep/2025:05:00:15 -0300] "GET /wp-content/plugins/booked/assets/js/tooltipster/css/tooltipster.css HTTP/1.1" 200 2174 "-" "Mozilla/5.0 (X11; Linux x86_64) AppleWebKit/537.36 (KHTML, like Gecko) Chrome/129.0.0.0 Safari/537.36"
jomarlogistica.com.br:80 47.82.11.62 - - [28/Sep/2025:05:00:15 -0300] "GET /wp-content/themes/consultio/assets/css/flaticon-v2.css HTTP/1.1" 200 1013 "-" "Mozilla/5.0 (Macintosh; Intel Mac OS X 10_15_7) AppleWebKit/605.1.15 (KHTML, like Gecko) Version/18.3.1 Safari/605.1.15"
jomarlogistica.com.br:80 47.82.11.184 - - [28/Sep/2025:05:00:15 -0300] "GET /wp-content/plugins/case-theme-core/assets/css/lib/progressbar.min.css HTTP/1.1" 200 1103 "-" "Mozilla/5.0 (Windows NT 10.0; Win64; x64) AppleWebKit/537.36 (KHTML, like Gecko) Chrome/133.0.0.0 Safari/537.36"
jomarlogistica.com.br:80 47.82.11.157 - - [28/Sep/2025:05:00:15 -0300] "GET /wp-content/plugins/revslider/public/assets/css/rs6.css HTTP/1.1" 200 13321 "-" "Mozilla/5.0 (Windows NT 10.0; Win64; x64) AppleWebKit/537.36 (KHTML, like Gecko) Chrome/135.0.0.0 Safari/537.36"
jomarlogistica.com.br:80 47.82.11.199 - - [28/Sep/2025:05:00:16 -0300] "GET /wp-content/themes/consultio/assets/css/flaticon.css HTTP/1.1" 200 1205 "-" "Mozilla/5.0 (Windows NT 10.0; Win64; x64) AppleWebKit/537.36 (KHTML, like Gecko) Chrome/135.0.0.0 Safari/537.36"
jomarlogistica.com.br:80 47.82.11.195 - - [28/Sep/2025:05:00:18 -0300] "GET /wp-content/plugins/case-theme-core/assets/css/lib/owl.carousel.min.css HTTP/1.1" 200 1298 "-" "Mozilla/5.0 (X11; Linux x86_64) AppleWebKit/537.36 (KHTML, like Gecko) Chrome/135.0.0.0 Safari/537.36"
jomarlogistica.com.br:80 47.82.11.62 - - [28/Sep/2025:05:00:18 -0300] "GET /wp-content/themes/consultio/assets/css/theme.css HTTP/1.1" 200 195072 "-" "Mozilla/5.0 (Windows NT 10.0; Win64; x64) AppleWebKit/537.36 (KHTML, like Gecko) Chrome/135.0.0.0 Safari/537.36"
jomarlogistica.com.br:80 127.0.0.1 - - [28/Sep/2025:05:00:19 -0300] "OPTIONS * HTTP/1.0" 200 110 "-" "Apache/2.4.65 (Ubuntu) (internal dummy connection)"
jomarlogistica.com.br:80 47.82.11.181 - - [28/Sep/2025:05:00:20 -0300] "GET /wp-content/themes/consultio/assets/css/flaticon-v3.css HTTP/1.1" 200 1175 "-" "Mozilla/5.0 (Windows NT 10.0; Win64; x64) AppleWebKit/537.36 (KHTML, like Gecko) Chrome/135.0.0.0 Safari/537.36"
jomarlogistica.com.br:80 127.0.0.1 - - [28/Sep/2025:05:00:20 -0300] "OPTIONS * HTTP/1.0" 200 110 "-" "Apache/2.4.65 (Ubuntu) (internal dummy connection)"
jomarlogistica.com.br:80 47.82.11.199 - - [28/Sep/2025:05:00:21 -0300] "GET /wp-content/plugins/booked/dist/booked.css HTTP/1.1" 200 9827 "-" "Mozilla/5.0 (Windows NT 10.0; Win64; x64) AppleWebKit/537.36 (KHTML, like Gecko) Chrome/135.0.0.0 Safari/537.36"
jomarlogistica.com.br:80 47.82.11.182 - - [28/Sep/2025:05:00:21 -0300] "GET /wp-content/plugins/case-theme-user/acess/css/remodal-default-theme.css HTTP/1.1" 200 1733 "-" "Mozilla/5.0 (Macintosh; Intel Mac OS X 10_15_7) AppleWebKit/537.36 (KHTML, like Gecko) Chrome/134.0.0.0 Safari/537.36"
jomarlogistica.com.br:80 47.82.11.72 - - [28/Sep/2025:05:00:21 -0300] "GET /wp-content/plugins/redux-framework/redux-core/extendify-sdk/public/build/extendify-utilities.css HTTP/1.1" 200 6477 "-" "Mozilla/5.0 (Windows NT 10.0; Win64; x64) AppleWebKit/537.36 (KHTML, like Gecko) Chrome/135.0.0.0 Safari/537.36"
jomarlogistica.com.br:80 47.82.11.194 - - [28/Sep/2025:05:00:23 -0300] "GET /wp-content/themes/consultio/assets/css/flaticon-v4.css HTTP/1.1" 200 795 "-" "Mozilla/5.0 (Macintosh; Intel Mac OS X 10_15_7) AppleWebKit/605.1.15 (KHTML, like Gecko) Version/16.3 Safari/605.1.15"
jomarlogistica.com.br:80 47.82.11.181 - - [28/Sep/2025:05:00:24 -0300] "GET /wp-content/plugins/meks-simple-flickr-widget/css/style.css HTTP/1.1" 200 577 "-" "Mozilla/5.0 (Windows NT 10.0; Win64; x64) AppleWebKit/537.36 (KHTML, like Gecko) Chrome/134.0.0.0 Safari/537.36"
jomarlogistica.com.br:80 47.82.11.191 - - [28/Sep/2025:05:00:24 -0300] "GET /wp-content/plugins/contact-form-7-multi-step/assets/frontend/css/progress_bar.css HTTP/1.1" 200 5636 "-" "Mozilla/5.0 (Macintosh; Intel Mac OS X 10_15_7) AppleWebKit/605.1.15 (KHTML, like Gecko) Version/15.6.1 Safari/605.1.15"
jomarlogistica.com.br:80 47.82.11.186 - - [28/Sep/2025:05:00:24 -0300] "GET /wp-includes/css/dist/block-library/style.min.css HTTP/1.1" 200 12027 "-" "Mozilla/5.0 (Windows NT 10.0; Win64; x64) AppleWebKit/537.36 (KHTML, like Gecko) Chrome/135.0.0.0 Safari/537.36"
jomarlogistica.com.br:80 47.82.11.193 - - [28/Sep/2025:05:00:24 -0300] "GET /wp-content/themes/consultio/assets/css/animate.css HTTP/1.1" 200 5563 "-" "Mozilla/5.0 (Windows NT 10.0; Win64; x64) AppleWebKit/537.36 (KHTML, like Gecko) Chrome/135.0.0.0 Safari/537.36"
jomarlogistica.com.br:80 47.82.11.156 - - [28/Sep/2025:05:00:28 -0300] "GET /wp-content/themes/consultio/assets/css/flaticon-v5.css HTTP/1.1" 200 1337 "-" "Mozilla/5.0 (Macintosh; Intel Mac OS X 10_15_7) AppleWebKit/537.36 (KHTML, like Gecko) Chrome/128.0.0.0 Safari/537.36"
jomarlogistica.com.br:80 47.82.11.193 - - [28/Sep/2025:05:00:29 -0300] "GET /wp-content/plugins/case-theme-core/assets/css/main.css HTTP/1.1" 200 563 "-" "Mozilla/5.0 (X11; Linux x86_64) AppleWebKit/537.36 (KHTML, like Gecko) Chrome/114.0.0.0 Safari/537.36"
jomarlogistica.com.br:80 127.0.0.1 - - [28/Sep/2025:05:00:33 -0300] "OPTIONS * HTTP/1.0" 200 110 "-" "Apache/2.4.65 (Ubuntu) (internal dummy connection)"
jomarlogistica.com.br:80 54.39.203.208 - - [28/Sep/2025:05:00:59 -0300] "GET /2022/11/ HTTP/1.1" 200 18697 "-" "Mozilla/5.0 (compatible; AhrefsBot/7.0; +http://ahrefs.com/robot/)"
jomarlogistica.com.br:80 47.82.11.104 - - [28/Sep/2025:05:02:39 -0300] "GET /wp-content/plugins/booked/assets/css/animations.css HTTP/1.1" 200 905 "-" "Mozilla/5.0 (X11; Linux x86_64; rv:125.0) Gecko/20100101 Firefox/125.0"
jomarlogistica.com.br:80 47.82.11.198 - - [28/Sep/2025:05:02:40 -0300] "GET /wp-content/plugins/contact-form-7/includes/css/styles.css HTTP/1.1" 200 1361 "-" "Mozilla/5.0 (Macintosh; Intel Mac OS X 10_15_7) AppleWebKit/537.36 (KHTML, like Gecko) Chrome/135.0.0.0 Safari/537.36"
jomarlogistica.com.br:80 47.82.11.199 - - [28/Sep/2025:05:02:41 -0300] "GET /wp-content/themes/consultio/assets/css/magnific-popup.css HTTP/1.1" 200 2198 "-" "Mozilla/5.0 (Windows NT 10.0; Win64; x64) AppleWebKit/537.36 (KHTML, like Gecko) Chrome/134.0.0.0 Safari/537.36 Edg/134.0.0.0"
jomarlogistica.com.br:80 47.82.11.153 - - [28/Sep/2025:05:02:41 -0300] "GET /wp-content/plugins/contact-form-7-multi-step/assets/frontend/animate/animate.min.css HTTP/1.1" 200 5225 "-" "Mozilla/5.0 (Macintosh; Intel Mac OS X 10_15_7) AppleWebKit/537.36 (KHTML, like Gecko) Chrome/135.0.0.0 Safari/537.36"
jomarlogistica.com.br:80 47.82.11.15 - - [28/Sep/2025:05:02:42 -0300] "GET /wp-content/plugins/booked/assets/css/icons.css HTTP/1.1" 200 7004 "-" "Mozilla/5.0 (Windows NT 10.0; Win64; x64) AppleWebKit/537.36 (KHTML, like Gecko) Chrome/135.0.0.0 Safari/537.36 Edg/135.0.0.0"
jomarlogistica.com.br:80 172.20.1.117 - - [28/Sep/2025:05:03:11 -0300] "POST /wp-cron.php?doing_wp_cron=1759046591.1399600505828857421875 HTTP/1.1" 200 389 "https://jomarlogistica.com.br/wp-cron.php?doing_wp_cron=1759046591.1399600505828857421875" "WordPress/5.8.10; https://jomarlogistica.com.br"
jomarlogistica.com.br:80 114.119.138.130 - - [28/Sep/2025:05:03:10 -0300] "GET /2022/12/31/canada-paris-agreement-ratification-legal-analysis-implications/ HTTP/1.1" 200 14377 "https://jomarlogistica.com.br/2023/01/02/aia-construction-contract-forms-understanding-and-utilizing-legal-contracts/" "Mozilla/5.0 (Linux; Android 7.0;) AppleWebKit/537.36 (KHTML, like Gecko) Mobile Safari/537.36 (compatible; PetalBot;+https://webmaster.petalsearch.com/site/petalbot)"
jomarlogistica.com.br:80 127.0.0.1 - - [28/Sep/2025:05:03:16 -0300] "OPTIONS * HTTP/1.0" 200 110 "-" "Apache/2.4.65 (Ubuntu) (internal dummy connection)"
jomarlogistica.com.br:80 47.82.11.5 - - [28/Sep/2025:05:03:44 -0300] "GET /wp-content/uploads/elementor/css/global.css HTTP/1.1" 200 1265 "-" "Mozilla/5.0 (Windows NT 10.0; Win64; x64) AppleWebKit/537.36 (KHTML, like Gecko) Chrome/135.0.0.0 Safari/537.36"
jomarlogistica.com.br:80 47.82.11.187 - - [28/Sep/2025:05:03:45 -0300] "GET /wp-content/plugins/elementor/assets/lib/eicons/css/elementor-icons.min.css HTTP/1.1" 200 4378 "-" "Mozilla/5.0 (Windows NT 10.0; Win64; x64) AppleWebKit/537.36 (KHTML, like Gecko) Chrome/135.0.0.0 Safari/537.36"
jomarlogistica.com.br:80 47.82.11.190 - - [28/Sep/2025:05:04:13 -0300] "GET /wp-content/uploads/elementor/css/post-20.css HTTP/1.1" 200 1249 "-" "Mozilla/5.0 (Windows NT 10.0; Win64; x64) AppleWebKit/537.36 (KHTML, like Gecko) Chrome/135.0.0.0 Safari/537.36"
jomarlogistica.com.br:80 47.82.11.161 - - [28/Sep/2025:05:04:17 -0300] "GET /wp-content/plugins/elementor/assets/lib/animations/animations.min.css HTTP/1.1" 200 3089 "-" "Mozilla/5.0 (Macintosh; Intel Mac OS X 10_15_7) AppleWebKit/605.1.15 (KHTML, like Gecko) Version/18.3.1 Safari/605.1.15"
jomarlogistica.com.br:80 47.82.11.197 - - [28/Sep/2025:05:04:21 -0300] "GET /wp-content/plugins/elementor/assets/css/frontend.min.css HTTP/1.1" 200 19721 "-" "Mozilla/5.0 (Macintosh; Intel Mac OS X 10_15_7) AppleWebKit/537.36 (KHTML, like Gecko) Chrome/135.0.0.0 Safari/537.36"
jomarlogistica.com.br:80 47.82.11.157 - - [28/Sep/2025:05:04:30 -0300] "GET /wp-content/uploads/elementor/css/post-5765.css HTTP/1.1" 200 707 "-" "Mozilla/5.0 (Macintosh; Intel Mac OS X 10_15_7) AppleWebKit/537.36 (KHTML, like Gecko) Chrome/135.0.0.0 Safari/537.36"
jomarlogistica.com.br:80 172.20.1.117 - - [28/Sep/2025:05:05:25 -0300] "POST /wp-cron.php?doing_wp_cron=1759046725.4851689338684082031250 HTTP/1.1" 200 389 "https://jomarlogistica.com.br/wp-cron.php?doing_wp_cron=1759046725.4851689338684082031250" "WordPress/5.8.10; https://jomarlogistica.com.br"
jomarlogistica.com.br:80 148.113.130.227 - - [28/Sep/2025:05:05:25 -0300] "GET /author/jomar/page/3/ HTTP/1.1" 200 18811 "-" "Mozilla/5.0 (compatible; AhrefsBot/7.0; +http://ahrefs.com/robot/)"
jomarlogistica.com.br:80 127.0.0.1 - - [28/Sep/2025:05:05:31 -0300] "OPTIONS * HTTP/1.0" 200 110 "-" "Apache/2.4.65 (Ubuntu) (internal dummy connection)"
jomarlogistica.com.br:80 17.241.227.219 - - [28/Sep/2025:05:06:12 -0300] "GET /2023/12/13/are-otf-knives-legal-in-the-uk-uk-knife-laws-explained/feed/ HTTP/1.1" 200 1000 "-" "Mozilla/5.0 (Macintosh; Intel Mac OS X 10_15_7) AppleWebKit/605.1.15 (KHTML, like Gecko) Version/17.4 Safari/605.1.15 (Applebot/0.1; +http://www.apple.com/go/applebot)"
jomarlogistica.com.br:80 172.20.1.117 - - [28/Sep/2025:05:07:26 -0300] "POST /wp-cron.php?doing_wp_cron=1759046846.0193219184875488281250 HTTP/1.1" 200 389 "https://jomarlogistica.com.br/wp-cron.php?doing_wp_cron=1759046846.0193219184875488281250" "WordPress/5.8.10; https://jomarlogistica.com.br"
jomarlogistica.com.br:80 216.244.66.226 - - [28/Sep/2025:05:07:25 -0300] "GET /2023/03/03/b-razil-marriage-customs/ HTTP/1.1" 200 79589 "-" "Mozilla/5.0 (compatible; DotBot/1.2; +https://opensiteexplorer.org/dotbot; help@moz.com)"
jomarlogistica.com.br:80 127.0.0.1 - - [28/Sep/2025:05:07:31 -0300] "OPTIONS * HTTP/1.0" 200 110 "-" "Apache/2.4.65 (Ubuntu) (internal dummy connection)"
jomarlogistica.com.br:80 216.244.66.226 - - [28/Sep/2025:05:08:48 -0300] "GET /2023/11/07/360-total-secureness-vs-avast/ HTTP/1.1" 200 79407 "-" "Mozilla/5.0 (compatible; DotBot/1.2; +https://opensiteexplorer.org/dotbot; help@moz.com)"
jomarlogistica.com.br:80 51.222.95.131 - - [28/Sep/2025:05:09:33 -0300] "GET /2023/12/07/understanding-the-allegedly-legal-word-in-legal-contexts/ HTTP/1.1" 200 14349 "-" "Mozilla/5.0 (compatible; AhrefsBot/7.0; +http://ahrefs.com/robot/)"
jomarlogistica.com.br:80 216.244.66.226 - - [28/Sep/2025:05:10:12 -0300] "GET /2023/01/18/what-exactly-mutually-useful-relationship/ HTTP/1.1" 200 81489 "-" "Mozilla/5.0 (compatible; DotBot/1.2; +https://opensiteexplorer.org/dotbot; help@moz.com)"
jomarlogistica.com.br:80 172.20.1.117 - - [28/Sep/2025:05:12:26 -0300] "POST /wp-cron.php?doing_wp_cron=1759047146.0525650978088378906250 HTTP/1.1" 200 389 "https://jomarlogistica.com.br/wp-cron.php?doing_wp_cron=1759047146.0525650978088378906250" "WordPress/5.8.10; https://jomarlogistica.com.br"
jomarlogistica.com.br:80 20.27.94.134 - - [28/Sep/2025:05:12:25 -0300] "GET /2023/06/23/backdated-agreement-singapore-legal-implications-process/ HTTP/1.1" 200 14914 "-" "Mozilla/5.0 AppleWebKit/537.36 (KHTML, like Gecko); compatible; ChatGPT-User/1.0; +https://openai.com/bot"
jomarlogistica.com.br:80 127.0.0.1 - - [28/Sep/2025:05:12:31 -0300] "OPTIONS * HTTP/1.0" 200 110 "-" "Apache/2.4.65 (Ubuntu) (internal dummy connection)"
jomarlogistica.com.br:80 20.168.18.36 - - [28/Sep/2025:05:13:42 -0300] "GET /2023/06/23/backdated-agreement-singapore-legal-implications-process/ HTTP/1.1" 200 14914 "-" "Mozilla/5.0 (Macintosh; Intel Mac OS X 10_15_7) AppleWebKit/537.36 (KHTML, like Gecko) Chrome/131.0.0.0 Safari/537.36; compatible; OAI-SearchBot/1.0; +https://openai.com/searchbot"
jomarlogistica.com.br:80 20.171.207.24 - - [28/Sep/2025:05:13:46 -0300] "GET /wp-json/oembed/1.0/embed?url=https%3A%2F%2Fjomarlogistica.com.br%2F2023%2F06%2F23%2Fbackdated-agreement-singapore-legal-implications-process%2F HTTP/1.1" 404 814 "-" "Mozilla/5.0 AppleWebKit/537.36 (KHTML, like Gecko; compatible; GPTBot/1.2; +https://openai.com/gptbot)"
jomarlogistica.com.br:80 20.171.207.24 - - [28/Sep/2025:05:13:48 -0300] "GET /?p=53146 HTTP/1.1" 301 514 "-" "Mozilla/5.0 AppleWebKit/537.36 (KHTML, like Gecko; compatible; GPTBot/1.2; +https://openai.com/gptbot)"
jomarlogistica.com.br:80 20.171.207.24 - - [28/Sep/2025:05:13:49 -0300] "GET /2023/06/23/backdated-agreement-singapore-legal-implications-process/ HTTP/1.1" 200 14856 "-" "Mozilla/5.0 AppleWebKit/537.36 (KHTML, like Gecko; compatible; GPTBot/1.2; +https://openai.com/gptbot)"
jomarlogistica.com.br:80 20.171.207.24 - - [28/Sep/2025:05:13:52 -0300] "GET /2023/06/23/backdated-agreement-singapore-legal-implications-process/feed/ HTTP/1.1" 200 939 "-" "Mozilla/5.0 AppleWebKit/537.36 (KHTML, like Gecko; compatible; GPTBot/1.2; +https://openai.com/gptbot)"
jomarlogistica.com.br:80 148.113.128.213 - - [28/Sep/2025:05:13:52 -0300] "GET /2023/01/ HTTP/1.1" 200 18717 "-" "Mozilla/5.0 (compatible; AhrefsBot/7.0; +http://ahrefs.com/robot/)"
jomarlogistica.com.br:80 20.171.207.24 - - [28/Sep/2025:05:13:55 -0300] "GET /2023/07/01/are-wire-balustrades-legal-legal-requirements-regulations-explained/ HTTP/1.1" 200 14175 "-" "Mozilla/5.0 AppleWebKit/537.36 (KHTML, like Gecko; compatible; GPTBot/1.2; +https://openai.com/gptbot)"
jomarlogistica.com.br:80 20.171.207.24 - - [28/Sep/2025:05:13:58 -0300] "GET /?a7b529c=7251004 HTTP/1.1" 200 287 "-" "Mozilla/5.0 AppleWebKit/537.36 (KHTML, like Gecko; compatible; GPTBot/1.2; +https://openai.com/gptbot)"
jomarlogistica.com.br:80 20.171.207.24 - - [28/Sep/2025:05:14:10 -0300] "GET / HTTP/1.1" 200 23872 "-" "Mozilla/5.0 AppleWebKit/537.36 (KHTML, like Gecko; compatible; GPTBot/1.2; +https://openai.com/gptbot)"
jomarlogistica.com.br:80 20.171.207.24 - - [28/Sep/2025:05:14:13 -0300] "GET /wp-json/oembed/1.0/embed?format=xml&url=https%3A%2F%2Fjomarlogistica.com.br%2F2023%2F06%2F23%2Fbackdated-agreement-singapore-legal-implications-process%2F HTTP/1.1" 404 801 "-" "Mozilla/5.0 AppleWebKit/537.36 (KHTML, like Gecko; compatible; GPTBot/1.2; +https://openai.com/gptbot)"
jomarlogistica.com.br:80 127.0.0.1 - - [28/Sep/2025:05:14:14 -0300] "OPTIONS * HTTP/1.0" 200 110 "-" "Apache/2.4.65 (Ubuntu) (internal dummy connection)"
jomarlogistica.com.br:80 20.171.207.24 - - [28/Sep/2025:05:14:15 -0300] "GET /wp-json/wp/v2/posts/53146 HTTP/1.1" 404 758 "-" "Mozilla/5.0 AppleWebKit/537.36 (KHTML, like Gecko; compatible; GPTBot/1.2; +https://openai.com/gptbot)"
jomarlogistica.com.br:80 175.27.164.113 - - [28/Sep/2025:05:14:15 -0300] "GET / HTTP/1.1" 200 23930 "http://jomarlogistica.com.br" "Mozilla/5.0 (iPhone; CPU iPhone OS 13_2_3 like Mac OS X) AppleWebKit/605.1.15 (KHTML, like Gecko) Version/13.0.3 Mobile/15E148 Safari/604.1"
jomarlogistica.com.br:80 20.171.207.24 - - [28/Sep/2025:05:14:17 -0300] "GET /2023/06/22/understanding-the-14-hour-rule-in-trucking-compliance-and-regulations/ HTTP/1.1" 200 14076 "-" "Mozilla/5.0 AppleWebKit/537.36 (KHTML, like Gecko; compatible; GPTBot/1.2; +https://openai.com/gptbot)"
jomarlogistica.com.br:80 20.171.207.24 - - [28/Sep/2025:05:14:20 -0300] "GET /wp-json/oembed/1.0/embed?format=xml&url=https%3A%2F%2Fjomarlogistica.com.br%2F2023%2F07%2F01%2Fare-wire-balustrades-legal-legal-requirements-regulations-explained%2F HTTP/1.1" 404 782 "-" "Mozilla/5.0 AppleWebKit/537.36 (KHTML, like Gecko; compatible; GPTBot/1.2; +https://openai.com/gptbot)"
jomarlogistica.com.br:80 20.171.207.24 - - [28/Sep/2025:05:14:21 -0300] "GET /?p=53124 HTTP/1.1" 301 525 "-" "Mozilla/5.0 AppleWebKit/537.36 (KHTML, like Gecko; compatible; GPTBot/1.2; +https://openai.com/gptbot)"
jomarlogistica.com.br:80 20.171.207.24 - - [28/Sep/2025:05:14:22 -0300] "GET /2023/07/01/are-wire-balustrades-legal-legal-requirements-regulations-explained/ HTTP/1.1" 200 14194 "-" "Mozilla/5.0 AppleWebKit/537.36 (KHTML, like Gecko; compatible; GPTBot/1.2; +https://openai.com/gptbot)"
jomarlogistica.com.br:80 127.0.0.1 - - [28/Sep/2025:05:14:23 -0300] "OPTIONS * HTTP/1.0" 200 110 "-" "Apache/2.4.65 (Ubuntu) (internal dummy connection)"
jomarlogistica.com.br:80 20.171.207.24 - - [28/Sep/2025:05:14:25 -0300] "GET /2023/07/01/are-wire-balustrades-legal-legal-requirements-regulations-explained/feed/ HTTP/1.1" 200 944 "-" "Mozilla/5.0 AppleWebKit/537.36 (KHTML, like Gecko; compatible; GPTBot/1.2; +https://openai.com/gptbot)"
jomarlogistica.com.br:80 20.171.207.24 - - [28/Sep/2025:05:14:27 -0300] "GET /2023/07/09/edinburgh-legal-theory-group-exploring-legal-philosophies/ HTTP/1.1" 200 13673 "-" "Mozilla/5.0 AppleWebKit/537.36 (KHTML, like Gecko; compatible; GPTBot/1.2; +https://openai.com/gptbot)"
jomarlogistica.com.br:80 20.171.207.24 - - [28/Sep/2025:05:14:30 -0300] "GET /wp-json/oembed/1.0/embed?url=https%3A%2F%2Fjomarlogistica.com.br%2F2023%2F07%2F01%2Fare-wire-balustrades-legal-legal-requirements-regulations-explained%2F HTTP/1.1" 404 756 "-" "Mozilla/5.0 AppleWebKit/537.36 (KHTML, like Gecko; compatible; GPTBot/1.2; +https://openai.com/gptbot)"
jomarlogistica.com.br:80 20.171.207.24 - - [28/Sep/2025:05:14:32 -0300] "GET /wp-json/wp/v2/posts/53124 HTTP/1.1" 404 758 "-" "Mozilla/5.0 AppleWebKit/537.36 (KHTML, like Gecko; compatible; GPTBot/1.2; +https://openai.com/gptbot)"
jomarlogistica.com.br:80 20.171.207.24 - - [28/Sep/2025:05:14:34 -0300] "GET /?a7b529c=7208264 HTTP/1.1" 200 306 "-" "Mozilla/5.0 AppleWebKit/537.36 (KHTML, like Gecko; compatible; GPTBot/1.2; +https://openai.com/gptbot)"
jomarlogistica.com.br:80 20.171.207.24 - - [28/Sep/2025:05:14:46 -0300] "GET /wp-json/oembed/1.0/embed?url=https%3A%2F%2Fjomarlogistica.com.br%2F2023%2F06%2F22%2Funderstanding-the-14-hour-rule-in-trucking-compliance-and-regulations%2F HTTP/1.1" 404 756 "-" "Mozilla/5.0 AppleWebKit/537.36 (KHTML, like Gecko; compatible; GPTBot/1.2; +https://openai.com/gptbot)"
jomarlogistica.com.br:80 20.171.207.24 - - [28/Sep/2025:05:14:48 -0300] "GET /?p=53032 HTTP/1.1" 301 527 "-" "Mozilla/5.0 AppleWebKit/537.36 (KHTML, like Gecko; compatible; GPTBot/1.2; +https://openai.com/gptbot)"
jomarlogistica.com.br:80 20.171.207.24 - - [28/Sep/2025:05:14:49 -0300] "GET /2023/06/22/understanding-the-14-hour-rule-in-trucking-compliance-and-regulations/ HTTP/1.1" 200 14076 "-" "Mozilla/5.0 AppleWebKit/537.36 (KHTML, like Gecko; compatible; GPTBot/1.2; +https://openai.com/gptbot)"
jomarlogistica.com.br:80 20.171.207.24 - - [28/Sep/2025:05:14:51 -0300] "GET /wp-json/oembed/1.0/embed?format=xml&url=https%3A%2F%2Fjomarlogistica.com.br%2F2023%2F06%2F22%2Funderstanding-the-14-hour-rule-in-trucking-compliance-and-regulations%2F HTTP/1.1" 404 782 "-" "Mozilla/5.0 AppleWebKit/537.36 (KHTML, like Gecko; compatible; GPTBot/1.2; +https://openai.com/gptbot)"
jomarlogistica.com.br:80 20.171.207.24 - - [28/Sep/2025:05:14:53 -0300] "GET /?a7b529c=7003510 HTTP/1.1" 200 306 "-" "Mozilla/5.0 AppleWebKit/537.36 (KHTML, like Gecko; compatible; GPTBot/1.2; +https://openai.com/gptbot)"
jomarlogistica.com.br:80 20.171.207.24 - - [28/Sep/2025:05:15:05 -0300] "GET /?a7b529c=7785563 HTTP/1.1" 200 287 "-" "Mozilla/5.0 AppleWebKit/537.36 (KHTML, like Gecko; compatible; GPTBot/1.2; +https://openai.com/gptbot)"
jomarlogistica.com.br:80 20.171.207.24 - - [28/Sep/2025:05:15:16 -0300] "GET /wp-json/wp/v2/posts/53261 HTTP/1.1" 404 758 "-" "Mozilla/5.0 AppleWebKit/537.36 (KHTML, like Gecko; compatible; GPTBot/1.2; +https://openai.com/gptbot)"
jomarlogistica.com.br:80 20.171.207.24 - - [28/Sep/2025:05:15:18 -0300] "GET /2023/07/09/edinburgh-legal-theory-group-exploring-legal-philosophies/feed/ HTTP/1.1" 200 941 "-" "Mozilla/5.0 AppleWebKit/537.36 (KHTML, like Gecko; compatible; GPTBot/1.2; +https://openai.com/gptbot)"
jomarlogistica.com.br:80 20.171.207.24 - - [28/Sep/2025:05:15:20 -0300] "GET /wp-json/oembed/1.0/embed?format=xml&url=https%3A%2F%2Fjomarlogistica.com.br%2F2023%2F07%2F09%2Fedinburgh-legal-theory-group-exploring-legal-philosophies%2F HTTP/1.1" 404 782 "-" "Mozilla/5.0 AppleWebKit/537.36 (KHTML, like Gecko; compatible; GPTBot/1.2; +https://openai.com/gptbot)"
jomarlogistica.com.br:80 20.171.207.24 - - [28/Sep/2025:05:15:23 -0300] "GET /wp-json/oembed/1.0/embed?url=https%3A%2F%2Fjomarlogistica.com.br%2F2023%2F07%2F09%2Fedinburgh-legal-theory-group-exploring-legal-philosophies%2F HTTP/1.1" 404 775 "-" "Mozilla/5.0 AppleWebKit/537.36 (KHTML, like Gecko; compatible; GPTBot/1.2; +https://openai.com/gptbot)"
jomarlogistica.com.br:80 20.171.207.24 - - [28/Sep/2025:05:15:25 -0300] "GET /?p=53261 HTTP/1.1" 301 515 "-" "Mozilla/5.0 AppleWebKit/537.36 (KHTML, like Gecko; compatible; GPTBot/1.2; +https://openai.com/gptbot)"
jomarlogistica.com.br:80 20.171.207.24 - - [28/Sep/2025:05:15:26 -0300] "GET /2023/07/09/edinburgh-legal-theory-group-exploring-legal-philosophies/ HTTP/1.1" 200 13673 "-" "Mozilla/5.0 AppleWebKit/537.36 (KHTML, like Gecko; compatible; GPTBot/1.2; +https://openai.com/gptbot)"
jomarlogistica.com.br:80 20.171.207.24 - - [28/Sep/2025:05:15:28 -0300] "GET /2023/06/22/understanding-the-14-hour-rule-in-trucking-compliance-and-regulations/feed/ HTTP/1.1" 200 950 "-" "Mozilla/5.0 AppleWebKit/537.36 (KHTML, like Gecko; compatible; GPTBot/1.2; +https://openai.com/gptbot)"
jomarlogistica.com.br:80 20.171.207.24 - - [28/Sep/2025:05:15:29 -0300] "GET /2023/07/11/bc-alr-rules-your-guide-to-agricultural-land-reserve-regulations/ HTTP/1.1" 200 14618 "-" "Mozilla/5.0 AppleWebKit/537.36 (KHTML, like Gecko; compatible; GPTBot/1.2; +https://openai.com/gptbot)"
jomarlogistica.com.br:80 20.171.207.24 - - [28/Sep/2025:05:15:32 -0300] "GET /2023/06/21/bipolar-legal-defense-understanding-and-navigating-the-legal-system/ HTTP/1.1" 200 14557 "-" "Mozilla/5.0 AppleWebKit/537.36 (KHTML, like Gecko; compatible; GPTBot/1.2; +https://openai.com/gptbot)"
jomarlogistica.com.br:80 20.171.207.24 - - [28/Sep/2025:05:15:34 -0300] "GET /wp-json/wp/v2/posts/53032 HTTP/1.1" 404 758 "-" "Mozilla/5.0 AppleWebKit/537.36 (KHTML, like Gecko; compatible; GPTBot/1.2; +https://openai.com/gptbot)"
jomarlogistica.com.br:80 20.171.207.24 - - [28/Sep/2025:05:15:42 -0300] "GET /wp-json/oembed/1.0/embed?url=https%3A%2F%2Fjomarlogistica.com.br%2F2023%2F07%2F11%2Fbc-alr-rules-your-guide-to-agricultural-land-reserve-regulations%2F HTTP/1.1" 404 756 "-" "Mozilla/5.0 AppleWebKit/537.36 (KHTML, like Gecko; compatible; GPTBot/1.2; +https://openai.com/gptbot)"
jomarlogistica.com.br:80 20.171.207.24 - - [28/Sep/2025:05:15:44 -0300] "GET /wp-json/wp/v2/posts/53155 HTTP/1.1" 404 758 "-" "Mozilla/5.0 AppleWebKit/537.36 (KHTML, like Gecko; compatible; GPTBot/1.2; +https://openai.com/gptbot)"
jomarlogistica.com.br:80 20.171.207.24 - - [28/Sep/2025:05:15:46 -0300] "GET /?p=53155 HTTP/1.1" 301 522 "-" "Mozilla/5.0 AppleWebKit/537.36 (KHTML, like Gecko; compatible; GPTBot/1.2; +https://openai.com/gptbot)"
jomarlogistica.com.br:80 20.171.207.24 - - [28/Sep/2025:05:15:46 -0300] "GET /2023/07/11/bc-alr-rules-your-guide-to-agricultural-land-reserve-regulations/ HTTP/1.1" 200 14618 "-" "Mozilla/5.0 AppleWebKit/537.36 (KHTML, like Gecko; compatible; GPTBot/1.2; +https://openai.com/gptbot)"
jomarlogistica.com.br:80 20.171.207.24 - - [28/Sep/2025:05:15:49 -0300] "GET /?a7b529c=7269139 HTTP/1.1" 200 306 "-" "Mozilla/5.0 AppleWebKit/537.36 (KHTML, like Gecko; compatible; GPTBot/1.2; +https://openai.com/gptbot)"
jomarlogistica.com.br:80 20.171.207.24 - - [28/Sep/2025:05:16:01 -0300] "GET /wp-json/oembed/1.0/embed?format=xml&url=https%3A%2F%2Fjomarlogistica.com.br%2F2023%2F07%2F11%2Fbc-alr-rules-your-guide-to-agricultural-land-reserve-regulations%2F HTTP/1.1" 404 782 "-" "Mozilla/5.0 AppleWebKit/537.36 (KHTML, like Gecko; compatible; GPTBot/1.2; +https://openai.com/gptbot)"
jomarlogistica.com.br:80 20.171.207.24 - - [28/Sep/2025:05:16:03 -0300] "GET /2023/07/11/bc-alr-rules-your-guide-to-agricultural-land-reserve-regulations/feed/ HTTP/1.1" 200 946 "-" "Mozilla/5.0 AppleWebKit/537.36 (KHTML, like Gecko; compatible; GPTBot/1.2; +https://openai.com/gptbot)"
jomarlogistica.com.br:80 20.171.207.24 - - [28/Sep/2025:05:16:05 -0300] "GET /2023/07/22/breach-of-contract-sale-of-land-legal-remedies-consequences/ HTTP/1.1" 200 7298 "-" "Mozilla/5.0 AppleWebKit/537.36 (KHTML, like Gecko; compatible; GPTBot/1.2; +https://openai.com/gptbot)"
jomarlogistica.com.br:80 20.171.207.24 - - [28/Sep/2025:05:16:08 -0300] "GET /?p=53170 HTTP/1.1" 301 525 "-" "Mozilla/5.0 AppleWebKit/537.36 (KHTML, like Gecko; compatible; GPTBot/1.2; +https://openai.com/gptbot)"
jomarlogistica.com.br:80 20.171.207.24 - - [28/Sep/2025:05:16:09 -0300] "GET /2023/06/21/bipolar-legal-defense-understanding-and-navigating-the-legal-system/ HTTP/1.1" 200 14557 "-" "Mozilla/5.0 AppleWebKit/537.36 (KHTML, like Gecko; compatible; GPTBot/1.2; +https://openai.com/gptbot)"
jomarlogistica.com.br:80 20.171.207.24 - - [28/Sep/2025:05:16:12 -0300] "GET /2023/06/21/bipolar-legal-defense-understanding-and-navigating-the-legal-system/feed/ HTTP/1.1" 200 946 "-" "Mozilla/5.0 AppleWebKit/537.36 (KHTML, like Gecko; compatible; GPTBot/1.2; +https://openai.com/gptbot)"
jomarlogistica.com.br:80 20.171.207.24 - - [28/Sep/2025:05:16:14 -0300] "GET /2023/06/20/understanding-the-basic-rule-of-law-a-comprehensive-guide/ HTTP/1.1" 200 14088 "-" "Mozilla/5.0 AppleWebKit/537.36 (KHTML, like Gecko; compatible; GPTBot/1.2; +https://openai.com/gptbot)"
jomarlogistica.com.br:80 20.171.207.24 - - [28/Sep/2025:05:16:16 -0300] "GET /?a7b529c=7300886 HTTP/1.1" 200 287 "-" "Mozilla/5.0 AppleWebKit/537.36 (KHTML, like Gecko; compatible; GPTBot/1.2; +https://openai.com/gptbot)"
jomarlogistica.com.br:80 20.171.207.24 - - [28/Sep/2025:05:16:28 -0300] "GET /wp-json/oembed/1.0/embed?format=xml&url=https%3A%2F%2Fjomarlogistica.com.br%2F2023%2F06%2F21%2Fbipolar-legal-defense-understanding-and-navigating-the-legal-system%2F HTTP/1.1" 404 782 "-" "Mozilla/5.0 AppleWebKit/537.36 (KHTML, like Gecko; compatible; GPTBot/1.2; +https://openai.com/gptbot)"
jomarlogistica.com.br:80 20.171.207.24 - - [28/Sep/2025:05:16:30 -0300] "GET /wp-json/oembed/1.0/embed?url=https%3A%2F%2Fjomarlogistica.com.br%2F2023%2F06%2F21%2Fbipolar-legal-defense-understanding-and-navigating-the-legal-system%2F HTTP/1.1" 404 775 "-" "Mozilla/5.0 AppleWebKit/537.36 (KHTML, like Gecko; compatible; GPTBot/1.2; +https://openai.com/gptbot)"
jomarlogistica.com.br:80 20.171.207.24 - - [28/Sep/2025:05:16:32 -0300] "GET /wp-json/wp/v2/posts/53170 HTTP/1.1" 404 758 "-" "Mozilla/5.0 AppleWebKit/537.36 (KHTML, like Gecko; compatible; GPTBot/1.2; +https://openai.com/gptbot)"
jomarlogistica.com.br:80 20.171.207.24 - - [28/Sep/2025:05:16:34 -0300] "GET /?p=53153 HTTP/1.1" 301 515 "-" "Mozilla/5.0 AppleWebKit/537.36 (KHTML, like Gecko; compatible; GPTBot/1.2; +https://openai.com/gptbot)"
jomarlogistica.com.br:80 20.171.207.24 - - [28/Sep/2025:05:16:35 -0300] "GET /2023/06/20/understanding-the-basic-rule-of-law-a-comprehensive-guide/ HTTP/1.1" 200 14088 "-" "Mozilla/5.0 AppleWebKit/537.36 (KHTML, like Gecko; compatible; GPTBot/1.2; +https://openai.com/gptbot)"
jomarlogistica.com.br:80 20.171.207.24 - - [28/Sep/2025:05:16:37 -0300] "GET /?p=53183 HTTP/1.1" 301 517 "-" "Mozilla/5.0 AppleWebKit/537.36 (KHTML, like Gecko; compatible; GPTBot/1.2; +https://openai.com/gptbot)"
jomarlogistica.com.br:80 20.171.207.24 - - [28/Sep/2025:05:16:37 -0300] "GET /2023/07/22/breach-of-contract-sale-of-land-legal-remedies-consequences/ HTTP/1.1" 200 7317 "-" "Mozilla/5.0 AppleWebKit/537.36 (KHTML, like Gecko; compatible; GPTBot/1.2; +https://openai.com/gptbot)"
jomarlogistica.com.br:80 20.171.207.24 - - [28/Sep/2025:05:16:40 -0300] "GET /2023/06/19/car-agreement-of-sale-word-legal-templates-and-forms/ HTTP/1.1" 200 14678 "-" "Mozilla/5.0 AppleWebKit/537.36 (KHTML, like Gecko; compatible; GPTBot/1.2; +https://openai.com/gptbot)"
jomarlogistica.com.br:80 20.171.207.24 - - [28/Sep/2025:05:16:42 -0300] "GET /wp-json/oembed/1.0/embed?url=https%3A%2F%2Fjomarlogistica.com.br%2F2023%2F07%2F22%2Fbreach-of-contract-sale-of-land-legal-remedies-consequences%2F HTTP/1.1" 404 756 "-" "Mozilla/5.0 AppleWebKit/537.36 (KHTML, like Gecko; compatible; GPTBot/1.2; +https://openai.com/gptbot)"
jomarlogistica.com.br:80 20.171.207.24 - - [28/Sep/2025:05:16:44 -0300] "GET /wp-json/wp/v2/posts/53183 HTTP/1.1" 404 758 "-" "Mozilla/5.0 AppleWebKit/537.36 (KHTML, like Gecko; compatible; GPTBot/1.2; +https://openai.com/gptbot)"
jomarlogistica.com.br:80 20.171.207.24 - - [28/Sep/2025:05:16:46 -0300] "GET /2023/07/22/breach-of-contract-sale-of-land-legal-remedies-consequences/feed/ HTTP/1.1" 200 940 "-" "Mozilla/5.0 AppleWebKit/537.36 (KHTML, like Gecko; compatible; GPTBot/1.2; +https://openai.com/gptbot)"
jomarlogistica.com.br:80 20.171.207.24 - - [28/Sep/2025:05:16:48 -0300] "GET /wp-json/oembed/1.0/embed?format=xml&url=https%3A%2F%2Fjomarlogistica.com.br%2F2023%2F06%2F20%2Funderstanding-the-basic-rule-of-law-a-comprehensive-guide%2F HTTP/1.1" 404 801 "-" "Mozilla/5.0 AppleWebKit/537.36 (KHTML, like Gecko; compatible; GPTBot/1.2; +https://openai.com/gptbot)"
jomarlogistica.com.br:80 20.171.207.24 - - [28/Sep/2025:05:16:50 -0300] "GET /wp-json/oembed/1.0/embed?url=https%3A%2F%2Fjomarlogistica.com.br%2F2023%2F06%2F20%2Funderstanding-the-basic-rule-of-law-a-comprehensive-guide%2F HTTP/1.1" 404 756 "-" "Mozilla/5.0 AppleWebKit/537.36 (KHTML, like Gecko; compatible; GPTBot/1.2; +https://openai.com/gptbot)"
jomarlogistica.com.br:80 20.171.207.24 - - [28/Sep/2025:05:16:51 -0300] "GET /wp-json/wp/v2/posts/53153 HTTP/1.1" 404 758 "-" "Mozilla/5.0 AppleWebKit/537.36 (KHTML, like Gecko; compatible; GPTBot/1.2; +https://openai.com/gptbot)"
jomarlogistica.com.br:80 20.171.207.24 - - [28/Sep/2025:05:16:53 -0300] "GET /2023/06/20/understanding-the-basic-rule-of-law-a-comprehensive-guide/feed/ HTTP/1.1" 200 942 "-" "Mozilla/5.0 AppleWebKit/537.36 (KHTML, like Gecko; compatible; GPTBot/1.2; +https://openai.com/gptbot)"
jomarlogistica.com.br:80 20.171.207.24 - - [28/Sep/2025:05:16:55 -0300] "GET /wp-json/oembed/1.0/embed?format=xml&url=https%3A%2F%2Fjomarlogistica.com.br%2F2023%2F07%2F22%2Fbreach-of-contract-sale-of-land-legal-remedies-consequences%2F HTTP/1.1" 404 782 "-" "Mozilla/5.0 AppleWebKit/537.36 (KHTML, like Gecko; compatible; GPTBot/1.2; +https://openai.com/gptbot)"
jomarlogistica.com.br:80 20.171.207.24 - - [28/Sep/2025:05:16:57 -0300] "GET /?a7b529c=7265553 HTTP/1.1" 200 306 "-" "Mozilla/5.0 AppleWebKit/537.36 (KHTML, like Gecko; compatible; GPTBot/1.2; +https://openai.com/gptbot)"
jomarlogistica.com.br:80 20.171.207.24 - - [28/Sep/2025:05:17:08 -0300] "GET /?a7b529c=7421896 HTTP/1.1" 200 287 "-" "Mozilla/5.0 AppleWebKit/537.36 (KHTML, like Gecko; compatible; GPTBot/1.2; +https://openai.com/gptbot)"
jomarlogistica.com.br:80 172.20.1.117 - - [28/Sep/2025:05:17:21 -0300] "POST /wp-cron.php?doing_wp_cron=1759047441.4230079650878906250000 HTTP/1.1" 200 389 "https://jomarlogistica.com.br/wp-cron.php?doing_wp_cron=1759047441.4230079650878906250000" "WordPress/5.8.10; https://jomarlogistica.com.br"
jomarlogistica.com.br:80 20.171.207.24 - - [28/Sep/2025:05:17:21 -0300] "GET /2023/06/18/andrew-titmus-legal-matters-expert-legal-advice-and-representation/ HTTP/1.1" 200 13769 "-" "Mozilla/5.0 AppleWebKit/537.36 (KHTML, like Gecko; compatible; GPTBot/1.2; +https://openai.com/gptbot)"
jomarlogistica.com.br:80 20.171.207.24 - - [28/Sep/2025:05:17:24 -0300] "GET /wp-json/wp/v2/posts/53228 HTTP/1.1" 404 758 "-" "Mozilla/5.0 AppleWebKit/537.36 (KHTML, like Gecko; compatible; GPTBot/1.2; +https://openai.com/gptbot)"
jomarlogistica.com.br:80 20.171.207.24 - - [28/Sep/2025:05:17:26 -0300] "GET /wp-json/oembed/1.0/embed?format=xml&url=https%3A%2F%2Fjomarlogistica.com.br%2F2023%2F06%2F19%2Fcar-agreement-of-sale-word-legal-templates-and-forms%2F HTTP/1.1" 404 782 "-" "Mozilla/5.0 AppleWebKit/537.36 (KHTML, like Gecko; compatible; GPTBot/1.2; +https://openai.com/gptbot)"
jomarlogistica.com.br:80 20.171.207.24 - - [28/Sep/2025:05:17:27 -0300] "GET /?p=53228 HTTP/1.1" 301 529 "-" "Mozilla/5.0 AppleWebKit/537.36 (KHTML, like Gecko; compatible; GPTBot/1.2; +https://openai.com/gptbot)"
jomarlogistica.com.br:80 20.171.207.24 - - [28/Sep/2025:05:17:28 -0300] "GET /2023/06/19/car-agreement-of-sale-word-legal-templates-and-forms/ HTTP/1.1" 200 14678 "-" "Mozilla/5.0 AppleWebKit/537.36 (KHTML, like Gecko; compatible; GPTBot/1.2; +https://openai.com/gptbot)"
jomarlogistica.com.br:80 20.171.207.24 - - [28/Sep/2025:05:17:30 -0300] "GET /wp-json/oembed/1.0/embed?url=https%3A%2F%2Fjomarlogistica.com.br%2F2023%2F06%2F19%2Fcar-agreement-of-sale-word-legal-templates-and-forms%2F HTTP/1.1" 404 756 "-" "Mozilla/5.0 AppleWebKit/537.36 (KHTML, like Gecko; compatible; GPTBot/1.2; +https://openai.com/gptbot)"
jomarlogistica.com.br:80 20.171.207.24 - - [28/Sep/2025:05:17:33 -0300] "GET /2023/06/19/car-agreement-of-sale-word-legal-templates-and-forms/feed/ HTTP/1.1" 200 941 "-" "Mozilla/5.0 AppleWebKit/537.36 (KHTML, like Gecko; compatible; GPTBot/1.2; +https://openai.com/gptbot)"
jomarlogistica.com.br:80 20.171.207.24 - - [28/Sep/2025:05:17:35 -0300] "GET /2023/06/15/casey-council-legal-point-of-discharge-expert-legal-advice/ HTTP/1.1" 200 7295 "-" "Mozilla/5.0 AppleWebKit/537.36 (KHTML, like Gecko; compatible; GPTBot/1.2; +https://openai.com/gptbot)"
jomarlogistica.com.br:80 20.171.207.24 - - [28/Sep/2025:05:17:38 -0300] "GET /?p=53092 HTTP/1.1" 301 543 "-" "Mozilla/5.0 AppleWebKit/537.36 (KHTML, like Gecko; compatible; GPTBot/1.2; +https://openai.com/gptbot)"
jomarlogistica.com.br:80 20.171.207.24 - - [28/Sep/2025:05:17:38 -0300] "GET /2023/06/18/andrew-titmus-legal-matters-expert-legal-advice-and-representation/ HTTP/1.1" 200 13769 "-" "Mozilla/5.0 AppleWebKit/537.36 (KHTML, like Gecko; compatible; GPTBot/1.2; +https://openai.com/gptbot)"
jomarlogistica.com.br:80 20.171.207.24 - - [28/Sep/2025:05:17:41 -0300] "GET /?a7b529c=7137460 HTTP/1.1" 200 287 "-" "Mozilla/5.0 AppleWebKit/537.36 (KHTML, like Gecko; compatible; GPTBot/1.2; +https://openai.com/gptbot)"
jomarlogistica.com.br:80 20.171.207.24 - - [28/Sep/2025:05:17:53 -0300] "GET /wp-json/wp/v2/posts/53092 HTTP/1.1" 404 758 "-" "Mozilla/5.0 AppleWebKit/537.36 (KHTML, like Gecko; compatible; GPTBot/1.2; +https://openai.com/gptbot)"
jomarlogistica.com.br:80 20.171.207.24 - - [28/Sep/2025:05:17:55 -0300] "GET /wp-json/oembed/1.0/embed?format=xml&url=https%3A%2F%2Fjomarlogistica.com.br%2F2023%2F06%2F18%2Fandrew-titmus-legal-matters-expert-legal-advice-and-representation%2F HTTP/1.1" 404 782 "-" "Mozilla/5.0 AppleWebKit/537.36 (KHTML, like Gecko; compatible; GPTBot/1.2; +https://openai.com/gptbot)"
jomarlogistica.com.br:80 20.171.207.24 - - [28/Sep/2025:05:17:58 -0300] "GET /2023/06/18/andrew-titmus-legal-matters-expert-legal-advice-and-representation/feed/ HTTP/1.1" 200 965 "-" "Mozilla/5.0 AppleWebKit/537.36 (KHTML, like Gecko; compatible; GPTBot/1.2; +https://openai.com/gptbot)"
jomarlogistica.com.br:80 54.39.210.1 - - [28/Sep/2025:05:17:58 -0300] "GET /2022/10/ HTTP/1.1" 200 18562 "-" "Mozilla/5.0 (compatible; AhrefsBot/7.0; +http://ahrefs.com/robot/)"
jomarlogistica.com.br:80 20.171.207.24 - - [28/Sep/2025:05:17:59 -0300] "GET /wp-json/wp/v2/posts/53235 HTTP/1.1" 404 758 "-" "Mozilla/5.0 AppleWebKit/537.36 (KHTML, like Gecko; compatible; GPTBot/1.2; +https://openai.com/gptbot)"
jomarlogistica.com.br:80 20.171.207.24 - - [28/Sep/2025:05:18:01 -0300] "GET /wp-json/oembed/1.0/embed?url=https%3A%2F%2Fjomarlogistica.com.br%2F2023%2F06%2F15%2Fcasey-council-legal-point-of-discharge-expert-legal-advice%2F HTTP/1.1" 404 756 "-" "Mozilla/5.0 AppleWebKit/537.36 (KHTML, like Gecko; compatible; GPTBot/1.2; +https://openai.com/gptbot)"
jomarlogistica.com.br:80 20.171.207.24 - - [28/Sep/2025:05:18:03 -0300] "GET /wp-json/oembed/1.0/embed?format=xml&url=https%3A%2F%2Fjomarlogistica.com.br%2F2023%2F06%2F15%2Fcasey-council-legal-point-of-discharge-expert-legal-advice%2F HTTP/1.1" 404 782 "-" "Mozilla/5.0 AppleWebKit/537.36 (KHTML, like Gecko; compatible; GPTBot/1.2; +https://openai.com/gptbot)"
jomarlogistica.com.br:80 20.171.207.24 - - [28/Sep/2025:05:18:04 -0300] "GET /2023/06/15/casey-council-legal-point-of-discharge-expert-legal-advice/feed/ HTTP/1.1" 200 962 "-" "Mozilla/5.0 AppleWebKit/537.36 (KHTML, like Gecko; compatible; GPTBot/1.2; +https://openai.com/gptbot)"
jomarlogistica.com.br:80 127.0.0.1 - - [28/Sep/2025:05:18:05 -0300] "OPTIONS * HTTP/1.0" 200 110 "-" "Apache/2.4.65 (Ubuntu) (internal dummy connection)"
jomarlogistica.com.br:80 20.171.207.24 - - [28/Sep/2025:05:18:05 -0300] "GET /?p=53235 HTTP/1.1" 301 516 "-" "Mozilla/5.0 AppleWebKit/537.36 (KHTML, like Gecko; compatible; GPTBot/1.2; +https://openai.com/gptbot)"
jomarlogistica.com.br:80 20.171.207.24 - - [28/Sep/2025:05:18:06 -0300] "GET /2023/06/15/casey-council-legal-point-of-discharge-expert-legal-advice/ HTTP/1.1" 200 7295 "-" "Mozilla/5.0 AppleWebKit/537.36 (KHTML, like Gecko; compatible; GPTBot/1.2; +https://openai.com/gptbot)"
jomarlogistica.com.br:80 20.171.207.24 - - [28/Sep/2025:05:18:08 -0300] "GET /wp-json/oembed/1.0/embed?url=https%3A%2F%2Fjomarlogistica.com.br%2F2023%2F06%2F18%2Fandrew-titmus-legal-matters-expert-legal-advice-and-representation%2F HTTP/1.1" 404 756 "-" "Mozilla/5.0 AppleWebKit/537.36 (KHTML, like Gecko; compatible; GPTBot/1.2; +https://openai.com/gptbot)"
jomarlogistica.com.br:80 177.212.248.250 - - [28/Sep/2025:05:19:39 -0300] "POST /autodiscover/autodiscover.xml HTTP/1.1" 404 448 "-" "AppleExchangeWebServices/833 accountsd/113"
jomarlogistica.com.br:80 216.244.66.226 - - [28/Sep/2025:05:20:35 -0300] "GET /2023/08/01/spinning-events-inside-our-time/ HTTP/1.1" 200 79419 "-" "Mozilla/5.0 (compatible; DotBot/1.2; +https://opensiteexplorer.org/dotbot; help@moz.com)"
jomarlogistica.com.br:80 47.82.11.187 - - [28/Sep/2025:05:21:02 -0300] "GET /wp-content/uploads/elementor/css/post-26.css HTTP/1.1" 200 680 "-" "Mozilla/5.0 (X11; Linux x86_64) AppleWebKit/537.36 (KHTML, like Gecko) Chrome/129.0.0.0 Safari/537.36"
jomarlogistica.com.br:80 47.82.11.100 - - [28/Sep/2025:05:21:02 -0300] "GET /wp-content/uploads/elementor/css/post-407.css HTTP/1.1" 200 1103 "-" "Mozilla/5.0 (Windows NT 10.0; Win64; x64) AppleWebKit/537.36 (KHTML, like Gecko) Chrome/135.0.0.0 Safari/537.36"
jomarlogistica.com.br:80 172.20.1.117 - - [28/Sep/2025:05:22:29 -0300] "POST /wp-cron.php?doing_wp_cron=1759047749.1155800819396972656250 HTTP/1.1" 200 389 "https://jomarlogistica.com.br/wp-cron.php?doing_wp_cron=1759047749.1155800819396972656250" "WordPress/5.8.10; https://jomarlogistica.com.br"
jomarlogistica.com.br:80 18.206.47.187 - - [28/Sep/2025:05:22:28 -0300] "GET /author/jomar/page/45/ HTTP/1.1" 200 18739 "-" "Mozilla/5.0 AppleWebKit/537.36 (KHTML, like Gecko; compatible; Amazonbot/0.1; +https://developer.amazon.com/support/amazonbot) Chrome/119.0.6045.214 Safari/537.36"
jomarlogistica.com.br:80 54.39.89.202 - - [28/Sep/2025:05:22:28 -0300] "GET /author/jomar/ HTTP/1.1" 200 18682 "-" "Mozilla/5.0 (compatible; AhrefsBot/7.0; +http://ahrefs.com/robot/)"
jomarlogistica.com.br:80 127.0.0.1 - - [28/Sep/2025:05:22:31 -0300] "OPTIONS * HTTP/1.0" 200 110 "-" "Apache/2.4.65 (Ubuntu) (internal dummy connection)"
jomarlogistica.com.br:80 127.0.0.1 - - [28/Sep/2025:05:22:34 -0300] "OPTIONS * HTTP/1.0" 200 110 "-" "Apache/2.4.65 (Ubuntu) (internal dummy connection)"
jomarlogistica.com.br:80 127.0.0.1 - - [28/Sep/2025:05:22:35 -0300] "OPTIONS * HTTP/1.0" 200 110 "-" "Apache/2.4.65 (Ubuntu) (internal dummy connection)"
jomarlogistica.com.br:80 66.249.66.37 - - [28/Sep/2025:05:22:49 -0300] "GET /robots.txt HTTP/1.1" 200 584 "-" "Mozilla/5.0 (compatible; Googlebot/2.1; +http://www.google.com/bot.html)"
jomarlogistica.com.br:80 66.249.66.37 - - [28/Sep/2025:05:22:50 -0300] "GET /home.html HTTP/1.1" 404 448 "-" "Mozilla/5.0 (Linux; Android 6.0.1; Nexus 5X Build/MMB29P) AppleWebKit/537.36 (KHTML, like Gecko) Chrome/139.0.7258.127 Mobile Safari/537.36 (compatible; Googlebot/2.1; +http://www.google.com/bot.html)"
jomarlogistica.com.br:80 185.191.171.1 - - [28/Sep/2025:05:22:52 -0300] "GET /2022/12/18/how-much-does-a-man-like-most-in-a-female/ HTTP/1.1" 200 18041 "-" "Mozilla/5.0 (compatible; SemrushBot/7~bl; +http://www.semrush.com/bot.html)"
jomarlogistica.com.br:80 114.119.158.0 - - [28/Sep/2025:05:26:12 -0300] "GET /2022/page/14/ HTTP/1.1" 200 18615 "https://jomarlogistica.com.br/2022/page/13/" "Mozilla/5.0 (Linux; Android 7.0;) AppleWebKit/537.36 (KHTML, like Gecko) Mobile Safari/537.36 (compatible; PetalBot;+https://webmaster.petalsearch.com/site/petalbot)"
jomarlogistica.com.br:80 142.44.225.185 - - [28/Sep/2025:05:26:12 -0300] "GET /2023/02/ HTTP/1.1" 200 18614 "-" "Mozilla/5.0 (compatible; AhrefsBot/7.0; +http://ahrefs.com/robot/)"
jomarlogistica.com.br:80 127.0.0.1 - - [28/Sep/2025:05:26:17 -0300] "OPTIONS * HTTP/1.0" 200 110 "-" "Apache/2.4.65 (Ubuntu) (internal dummy connection)"
jomarlogistica.com.br:80 172.20.1.117 - - [28/Sep/2025:05:27:12 -0300] "POST /wp-cron.php?doing_wp_cron=1759048032.1927371025085449218750 HTTP/1.1" 200 389 "https://jomarlogistica.com.br/wp-cron.php?doing_wp_cron=1759048032.1927371025085449218750" "WordPress/5.8.10; https://jomarlogistica.com.br"
jomarlogistica.com.br:80 185.191.171.8 - - [28/Sep/2025:05:27:11 -0300] "GET /2023/06/11/organising-data-supervision/ HTTP/1.1" 200 17446 "-" "Mozilla/5.0 (compatible; SemrushBot/7~bl; +http://www.semrush.com/bot.html)"
jomarlogistica.com.br:80 127.0.0.1 - - [28/Sep/2025:05:27:17 -0300] "OPTIONS * HTTP/1.0" 200 110 "-" "Apache/2.4.65 (Ubuntu) (internal dummy connection)"
jomarlogistica.com.br:80 114.119.134.192 - - [28/Sep/2025:05:27:34 -0300] "GET /2022/12/page/4/ HTTP/1.1" 200 18496 "https://jomarlogistica.com.br/2022/12/page/3/" "Mozilla/5.0 (Linux; Android 7.0;) AppleWebKit/537.36 (KHTML, like Gecko) Mobile Safari/537.36 (compatible; PetalBot;+https://webmaster.petalsearch.com/site/petalbot)"
jomarlogistica.com.br:80 216.244.66.226 - - [28/Sep/2025:05:29:01 -0300] "GET /robots.txt HTTP/1.1" 200 565 "-" "Mozilla/5.0 (compatible; DotBot/1.2; +https://opensiteexplorer.org/dotbot; help@moz.com)"
jomarlogistica.com.br:80 142.44.233.188 - - [28/Sep/2025:05:29:27 -0300] "GET /2023/06/ HTTP/1.1" 200 18776 "-" "Mozilla/5.0 (compatible; AhrefsBot/7.0; +http://ahrefs.com/robot/)"
jomarlogistica.com.br:80 85.208.96.205 - - [28/Sep/2025:05:29:33 -0300] "GET /2023/05/20/deal-tracking-software-automate-your-sales-processes/ HTTP/1.1" 200 17320 "-" "Mozilla/5.0 (compatible; SemrushBot/7~bl; +http://www.semrush.com/bot.html)"
jomarlogistica.com.br:80 172.20.1.117 - - [28/Sep/2025:05:33:45 -0300] "POST /wp-cron.php?doing_wp_cron=1759048425.8247590065002441406250 HTTP/1.1" 200 389 "https://jomarlogistica.com.br/wp-cron.php?doing_wp_cron=1759048425.8247590065002441406250" "WordPress/5.8.10; https://jomarlogistica.com.br"
jomarlogistica.com.br:80 185.191.171.4 - - [28/Sep/2025:05:33:45 -0300] "GET /robots.txt HTTP/1.1" 200 584 "-" "Mozilla/5.0 (compatible; SemrushBot/7~bl; +http://www.semrush.com/bot.html)"
jomarlogistica.com.br:80 185.191.171.17 - - [28/Sep/2025:05:33:46 -0300] "GET /2023/10/02/how-virtual-data-rooms-can-facilitate-ma-transactions/ HTTP/1.1" 200 17196 "-" "Mozilla/5.0 (compatible; SemrushBot/7~bl; +http://www.semrush.com/bot.html)"
jomarlogistica.com.br:80 127.0.0.1 - - [28/Sep/2025:05:33:51 -0300] "OPTIONS * HTTP/1.0" 200 110 "-" "Apache/2.4.65 (Ubuntu) (internal dummy connection)"
jomarlogistica.com.br:80 54.39.6.78 - - [28/Sep/2025:05:35:14 -0300] "GET /2022/12/ HTTP/1.1" 200 18641 "-" "Mozilla/5.0 (compatible; AhrefsBot/7.0; +http://ahrefs.com/robot/)"
jomarlogistica.com.br:80 85.208.96.204 - - [28/Sep/2025:05:35:53 -0300] "GET /2022/page/9/ HTTP/1.1" 200 18449 "-" "Mozilla/5.0 (compatible; SemrushBot/7~bl; +http://www.semrush.com/bot.html)"
stat.jomarlogistica.com.br:80 161.35.225.170 - - [28/Sep/2025:05:38:18 -0300] "GET //.env HTTP/1.1" 404 341 "http://stat.jomarlogistica.com.br//.env" "Go-http-client/2.0"
jomarlogistica.com.br:80 172.20.1.117 - - [28/Sep/2025:05:38:19 -0300] "POST /wp-cron.php?doing_wp_cron=1759048698.9377589225769042968750 HTTP/1.1" 200 389 "https://jomarlogistica.com.br/wp-cron.php?doing_wp_cron=1759048698.9377589225769042968750" "WordPress/5.8.10; https://jomarlogistica.com.br"
jomarlogistica.com.br:80 161.35.225.170 - - [28/Sep/2025:05:38:18 -0300] "GET //.env HTTP/1.1" 301 454 "http://jomarlogistica.com.br//.env" "Go-http-client/2.0"
jomarlogistica.com.br:80 161.35.225.170 - - [28/Sep/2025:05:38:19 -0300] "GET /.env HTTP/1.1" 404 448 "https://jomarlogistica.com.br//.env" "Go-http-client/2.0"
jomarlogistica.com.br:80 127.0.0.1 - - [28/Sep/2025:05:38:23 -0300] "OPTIONS * HTTP/1.0" 200 110 "-" "Apache/2.4.65 (Ubuntu) (internal dummy connection)"
jomarlogistica.com.br:80 127.0.0.1 - - [28/Sep/2025:05:38:24 -0300] "OPTIONS * HTTP/1.0" 200 110 "-" "Apache/2.4.65 (Ubuntu) (internal dummy connection)"
jomarlogistica.com.br:80 127.0.0.1 - - [28/Sep/2025:05:38:25 -0300] "OPTIONS * HTTP/1.0" 200 110 "-" "Apache/2.4.65 (Ubuntu) (internal dummy connection)"
jomarlogistica.com.br:80 142.44.225.93 - - [28/Sep/2025:05:39:39 -0300] "GET /2023/11/ HTTP/1.1" 200 18535 "-" "Mozilla/5.0 (compatible; AhrefsBot/7.0; +http://ahrefs.com/robot/)"
jomarlogistica.com.br:80 185.191.171.13 - - [28/Sep/2025:05:40:51 -0300] "GET /2023/03/07/internet-dating-safety-strategies/ HTTP/1.1" 200 17344 "-" "Mozilla/5.0 (compatible; SemrushBot/7~bl; +http://www.semrush.com/bot.html)"
jomarlogistica.com.br:80 172.20.1.117 - - [28/Sep/2025:05:44:02 -0300] "POST /wp-cron.php?doing_wp_cron=1759049042.6877729892730712890625 HTTP/1.1" 200 389 "https://jomarlogistica.com.br/wp-cron.php?doing_wp_cron=1759049042.6877729892730712890625" "WordPress/5.8.10; https://jomarlogistica.com.br"
jomarlogistica.com.br:80 51.222.168.169 - - [28/Sep/2025:05:44:02 -0300] "GET /2023/03/ HTTP/1.1" 200 18559 "-" "Mozilla/5.0 (compatible; AhrefsBot/7.0; +http://ahrefs.com/robot/)"
jomarlogistica.com.br:80 127.0.0.1 - - [28/Sep/2025:05:44:08 -0300] "OPTIONS * HTTP/1.0" 200 110 "-" "Apache/2.4.65 (Ubuntu) (internal dummy connection)"
jomarlogistica.com.br:80 85.208.96.211 - - [28/Sep/2025:05:44:25 -0300] "GET /2023/09/09/the-way-to-select-the-best-vdr-providers/ HTTP/1.1" 200 17346 "-" "Mozilla/5.0 (compatible; SemrushBot/7~bl; +http://www.semrush.com/bot.html)"
jomarlogistica.com.br:80 185.191.171.2 - - [28/Sep/2025:05:45:03 -0300] "GET /2023/09/16/how-collaborative-software-benefits-your-business/ HTTP/1.1" 200 17280 "-" "Mozilla/5.0 (compatible; SemrushBot/7~bl; +http://www.semrush.com/bot.html)"
jomarlogistica.com.br:80 85.208.96.212 - - [28/Sep/2025:05:46:17 -0300] "GET /2022/12/14/sense-helpless-in-relationship/ HTTP/1.1" 200 17452 "-" "Mozilla/5.0 (compatible; SemrushBot/7~bl; +http://www.semrush.com/bot.html)"
jomarlogistica.com.br:80 172.20.1.117 - - [28/Sep/2025:05:47:56 -0300] "POST /wp-cron.php?doing_wp_cron=1759049276.7220139503479003906250 HTTP/1.1" 200 389 "https://jomarlogistica.com.br/wp-cron.php?doing_wp_cron=1759049276.7220139503479003906250" "WordPress/5.8.10; https://jomarlogistica.com.br"
jomarlogistica.com.br:80 148.113.130.251 - - [28/Sep/2025:05:47:56 -0300] "GET /2022/09/ HTTP/1.1" 200 18538 "-" "Mozilla/5.0 (compatible; AhrefsBot/7.0; +http://ahrefs.com/robot/)"
jomarlogistica.com.br:80 127.0.0.1 - - [28/Sep/2025:05:48:01 -0300] "OPTIONS * HTTP/1.0" 200 110 "-" "Apache/2.4.65 (Ubuntu) (internal dummy connection)"
jomarlogistica.com.br:80 85.208.96.199 - - [28/Sep/2025:05:50:40 -0300] "GET /2022/12/28/narcissistic-behavior-in-a-relationship/ HTTP/1.1" 200 17452 "-" "Mozilla/5.0 (compatible; SemrushBot/7~bl; +http://www.semrush.com/bot.html)"
