jomarlogistica.com.br:80 104.210.140.135 - - [11/Oct/2025:15:11:34 -0300] "GET /robots.txt HTTP/1.1" 200 584 "-" "Mozilla/5.0 (Macintosh; Intel Mac OS X 10_15_7) AppleWebKit/537.36 (KHTML, like Gecko) Chrome/131.0.0.0 Safari/537.36; compatible; OAI-SearchBot/1.0; +https://openai.com/searchbot"
jomarlogistica.com.br:80 172.20.1.198 - - [11/Oct/2025:15:15:21 -0300] "POST /wp-cron.php?doing_wp_cron=1760206521.6056010723114013671875 HTTP/1.1" 200 389 "https://jomarlogistica.com.br/wp-cron.php?doing_wp_cron=1760206521.6056010723114013671875" "WordPress/5.8.10; https://jomarlogistica.com.br"
jomarlogistica.com.br:80 43.157.147.3 - - [11/Oct/2025:15:15:21 -0300] "GET /2023/04/ HTTP/1.1" 200 18810 "-" "Mozilla/5.0 (iPhone; CPU iPhone OS 13_2_3 like Mac OS X) AppleWebKit/605.1.15 (KHTML, like Gecko) Version/13.0.3 Mobile/15E148 Safari/604.1"
jomarlogistica.com.br:80 127.0.0.1 - - [11/Oct/2025:15:15:27 -0300] "OPTIONS * HTTP/1.0" 200 110 "-" "Apache/2.4.65 (Ubuntu) (internal dummy connection)"
jomarlogistica.com.br:80 172.20.1.198 - - [11/Oct/2025:15:20:49 -0300] "POST /wp-cron.php?doing_wp_cron=1760206849.8115370273590087890625 HTTP/1.1" 200 389 "https://jomarlogistica.com.br/wp-cron.php?doing_wp_cron=1760206849.8115370273590087890625" "WordPress/5.8.10; https://jomarlogistica.com.br"
jomarlogistica.com.br:80 177.116.190.244 - - [11/Oct/2025:15:20:49 -0300] "POST /autodiscover/autodiscover.xml HTTP/1.1" 404 448 "-" "AppleExchangeWebServices/833 accountsd/113"
jomarlogistica.com.br:80 127.0.0.1 - - [11/Oct/2025:15:20:54 -0300] "OPTIONS * HTTP/1.0" 200 110 "-" "Apache/2.4.65 (Ubuntu) (internal dummy connection)"
jomarlogistica.com.br:80 196.251.87.61 - - [11/Oct/2025:15:21:38 -0300] "GET /wp-content/plugins/wp-file-manager/lib/php/connector.minimal.php HTTP/1.1" 404 448 "-" "Mozilla/5.0 (Macintosh; Intel Mac OS X 10_15_7) AppleWebKit/537.36 (KHTML, like Gecko) Chrome/91.0.4472.124 Safari/537.36"
jomarlogistica.com.br:80 172.20.1.198 - - [11/Oct/2025:15:25:47 -0300] "POST /wp-cron.php?doing_wp_cron=1760207147.2804000377655029296875 HTTP/1.1" 200 389 "https://jomarlogistica.com.br/wp-cron.php?doing_wp_cron=1760207147.2804000377655029296875" "WordPress/5.8.10; https://jomarlogistica.com.br"
jomarlogistica.com.br:80 43.128.67.187 - - [11/Oct/2025:15:25:46 -0300] "GET /2024/03/09/are-50-caliber-guns-legal-in-canada-rules-and-regulations-explained/ HTTP/1.1" 200 14364 "-" "Mozilla/5.0 (iPhone; CPU iPhone OS 13_2_3 like Mac OS X) AppleWebKit/605.1.15 (KHTML, like Gecko) Version/13.0.3 Mobile/15E148 Safari/604.1"
jomarlogistica.com.br:80 127.0.0.1 - - [11/Oct/2025:15:25:52 -0300] "OPTIONS * HTTP/1.0" 200 110 "-" "Apache/2.4.65 (Ubuntu) (internal dummy connection)"
jomarlogistica.com.br:80 172.20.1.198 - - [11/Oct/2025:15:27:14 -0300] "POST /wp-cron.php?doing_wp_cron=1760207234.6277830600738525390625 HTTP/1.1" 200 389 "https://jomarlogistica.com.br/wp-cron.php?doing_wp_cron=1760207234.6277830600738525390625" "WordPress/5.8.10; https://jomarlogistica.com.br"
jomarlogistica.com.br:80 57.141.0.32 - - [11/Oct/2025:15:27:14 -0300] "GET /2023/04/20/carry-out-latina-girls-like-white-colored-guys/ HTTP/1.1" 200 83181 "-" "meta-externalagent/1.1 (+https://developers.facebook.com/docs/sharing/webmasters/crawler)"
jomarlogistica.com.br:80 127.0.0.1 - - [11/Oct/2025:15:27:21 -0300] "OPTIONS * HTTP/1.0" 200 110 "-" "Apache/2.4.65 (Ubuntu) (internal dummy connection)"
jomarlogistica.com.br:80 57.141.0.45 - - [11/Oct/2025:15:27:45 -0300] "GET /2022/12/01/a-few-tips-for-males-who-struggle-to-find-a-woman-to-date/ HTTP/1.1" 200 81579 "-" "meta-externalagent/1.1 (+https://developers.facebook.com/docs/sharing/webmasters/crawler)"
jomarlogistica.com.br:80 216.244.66.226 - - [11/Oct/2025:15:29:24 -0300] "GET /2022/12/01/affirmed-legality-of-segregation-exploring-legal-perspectives/ HTTP/1.1" 200 59915 "-" "Mozilla/5.0 (compatible; DotBot/1.2; +https://opensiteexplorer.org/dotbot; help@moz.com)"
jomarlogistica.com.br:80 62.60.131.74 - - [11/Oct/2025:15:29:38 -0300] "GET /.env HTTP/1.1" 404 448 "-" "Mozilla/5.0 (Linux; U; Android 4.4.2; en-US; HM NOTE 1W Build/KOT49H) AppleWebKit/534.30 (KHTML, like Gecko) Version/4.0 UCBrowser/11.0.5.850 U3/0.8.0 Mobile Safari/534.30"
jomarlogistica.com.br:80 62.60.131.74 - - [11/Oct/2025:15:29:41 -0300] "POST / HTTP/1.1" 200 23930 "-" "Mozilla/5.0 (Linux; U; Android 4.4.2; en-US; HM NOTE 1W Build/KOT49H) AppleWebKit/534.30 (KHTML, like Gecko) Version/4.0 UCBrowser/11.0.5.850 U3/0.8.0 Mobile Safari/534.30"
jomarlogistica.com.br:80 172.20.1.198 - - [11/Oct/2025:15:36:16 -0300] "POST /wp-cron.php?doing_wp_cron=1760207776.2279050350189208984375 HTTP/1.1" 200 389 "https://jomarlogistica.com.br/wp-cron.php?doing_wp_cron=1760207776.2279050350189208984375" "WordPress/5.8.10; https://jomarlogistica.com.br"
jomarlogistica.com.br:80 177.116.190.244 - - [11/Oct/2025:15:36:15 -0300] "POST /autodiscover/autodiscover.xml HTTP/1.1" 404 448 "-" "AppleExchangeWebServices/833 accountsd/113"
jomarlogistica.com.br:80 127.0.0.1 - - [11/Oct/2025:15:36:21 -0300] "OPTIONS * HTTP/1.0" 200 110 "-" "Apache/2.4.65 (Ubuntu) (internal dummy connection)"
jomarlogistica.com.br:80 57.141.0.56 - - [11/Oct/2025:15:36:31 -0300] "GET /2022/09/01/the-benefits-of-healthy-romantic-relationships/ HTTP/1.1" 200 82810 "-" "meta-externalagent/1.1 (+https://developers.facebook.com/docs/sharing/webmasters/crawler)"
jomarlogistica.com.br:80 172.20.1.198 - - [11/Oct/2025:15:39:08 -0300] "POST /wp-cron.php?doing_wp_cron=1760207948.3529460430145263671875 HTTP/1.1" 200 389 "https://jomarlogistica.com.br/wp-cron.php?doing_wp_cron=1760207948.3529460430145263671875" "WordPress/5.8.10; https://jomarlogistica.com.br"
jomarlogistica.com.br:80 18.204.152.114 - - [11/Oct/2025:15:39:07 -0300] "GET /2023/page/6/ HTTP/1.1" 200 18484 "-" "Mozilla/5.0 AppleWebKit/537.36 (KHTML, like Gecko; compatible; Amazonbot/0.1; +https://developer.amazon.com/support/amazonbot) Chrome/119.0.6045.214 Safari/537.36"
jomarlogistica.com.br:80 185.191.171.6 - - [11/Oct/2025:15:39:10 -0300] "GET /robots.txt HTTP/1.1" 200 584 "-" "Mozilla/5.0 (compatible; SemrushBot/7~bl; +http://www.semrush.com/bot.html)"
jomarlogistica.com.br:80 185.191.171.9 - - [11/Oct/2025:15:39:11 -0300] "GET /2023/03/02/best-cam-displays/ HTTP/1.1" 200 18086 "-" "Mozilla/5.0 (compatible; SemrushBot/7~bl; +http://www.semrush.com/bot.html)"
jomarlogistica.com.br:80 127.0.0.1 - - [11/Oct/2025:15:39:14 -0300] "OPTIONS * HTTP/1.0" 200 110 "-" "Apache/2.4.65 (Ubuntu) (internal dummy connection)"
jomarlogistica.com.br:80 127.0.0.1 - - [11/Oct/2025:15:39:16 -0300] "OPTIONS * HTTP/1.0" 200 110 "-" "Apache/2.4.65 (Ubuntu) (internal dummy connection)"
jomarlogistica.com.br:80 43.130.154.56 - - [11/Oct/2025:15:39:35 -0300] "GET /2023/11/ HTTP/1.1" 200 18535 "-" "Mozilla/5.0 (iPhone; CPU iPhone OS 13_2_3 like Mac OS X) AppleWebKit/605.1.15 (KHTML, like Gecko) Version/13.0.3 Mobile/15E148 Safari/604.1"
jomarlogistica.com.br:80 172.20.1.198 - - [11/Oct/2025:15:42:43 -0300] "POST /wp-cron.php?doing_wp_cron=1760208163.8822650909423828125000 HTTP/1.1" 200 389 "https://jomarlogistica.com.br/wp-cron.php?doing_wp_cron=1760208163.8822650909423828125000" "WordPress/5.8.10; https://jomarlogistica.com.br"
jomarlogistica.com.br:80 57.141.0.58 - - [11/Oct/2025:15:42:43 -0300] "GET /2023/05/15/the-highest-19-sex-chat-websites-adult-chatrooms-18-free-entry/ HTTP/1.1" 200 85929 "-" "meta-externalagent/1.1 (+https://developers.facebook.com/docs/sharing/webmasters/crawler)"
jomarlogistica.com.br:80 127.0.0.1 - - [11/Oct/2025:15:42:49 -0300] "OPTIONS * HTTP/1.0" 200 110 "-" "Apache/2.4.65 (Ubuntu) (internal dummy connection)"
jomarlogistica.com.br:80 172.20.1.198 - - [11/Oct/2025:15:48:03 -0300] "POST /wp-cron.php?doing_wp_cron=1760208483.4083919525146484375000 HTTP/1.1" 200 389 "https://jomarlogistica.com.br/wp-cron.php?doing_wp_cron=1760208483.4083919525146484375000" "WordPress/5.8.10; https://jomarlogistica.com.br"
jomarlogistica.com.br:80 43.153.204.189 - - [11/Oct/2025:15:48:02 -0300] "GET /2023/11/15/how-to-organise-the-board-records-with-boardpro/ HTTP/1.1" 200 17188 "-" "Mozilla/5.0 (iPhone; CPU iPhone OS 13_2_3 like Mac OS X) AppleWebKit/605.1.15 (KHTML, like Gecko) Version/13.0.3 Mobile/15E148 Safari/604.1"
jomarlogistica.com.br:80 216.244.66.226 - - [11/Oct/2025:15:48:06 -0300] "GET /2023/12/10/e-law-resources-donoghue-v-stevenson-case-analysis-legal-resources/ HTTP/1.1" 200 61904 "-" "Mozilla/5.0 (compatible; DotBot/1.2; +https://opensiteexplorer.org/dotbot; help@moz.com)"
jomarlogistica.com.br:80 127.0.0.1 - - [11/Oct/2025:15:48:11 -0300] "OPTIONS * HTTP/1.0" 200 110 "-" "Apache/2.4.65 (Ubuntu) (internal dummy connection)"
jomarlogistica.com.br:80 57.141.0.52 - - [11/Oct/2025:15:49:04 -0300] "GET /2023/05/01/latina-women-latin-dating-latin-singles-latina-personals-match-latin-women-for-like/ HTTP/1.1" 200 133441 "-" "meta-externalagent/1.1 (+https://developers.facebook.com/docs/sharing/webmasters/crawler)"
jomarlogistica.com.br:80 172.20.1.198 - - [11/Oct/2025:15:52:23 -0300] "POST /wp-cron.php?doing_wp_cron=1760208743.1724500656127929687500 HTTP/1.1" 200 389 "https://jomarlogistica.com.br/wp-cron.php?doing_wp_cron=1760208743.1724500656127929687500" "WordPress/5.8.10; https://jomarlogistica.com.br"
jomarlogistica.com.br:80 177.116.190.244 - - [11/Oct/2025:15:52:22 -0300] "POST /autodiscover/autodiscover.xml HTTP/1.1" 404 448 "-" "AppleExchangeWebServices/833 accountsd/113"
jomarlogistica.com.br:80 57.141.0.66 - - [11/Oct/2025:15:52:27 -0300] "GET /2023/04/28/base-legal-de-omaped-todo-lo-que-necesitas-saber/ HTTP/1.1" 200 61712 "-" "meta-externalagent/1.1 (+https://developers.facebook.com/docs/sharing/webmasters/crawler)"
jomarlogistica.com.br:80 127.0.0.1 - - [11/Oct/2025:15:52:32 -0300] "OPTIONS * HTTP/1.0" 200 110 "-" "Apache/2.4.65 (Ubuntu) (internal dummy connection)"
jomarlogistica.com.br:80 43.157.150.69 - - [11/Oct/2025:15:55:36 -0300] "GET /author/jomar/ HTTP/1.1" 200 18682 "-" "Mozilla/5.0 (iPhone; CPU iPhone OS 13_2_3 like Mac OS X) AppleWebKit/605.1.15 (KHTML, like Gecko) Version/13.0.3 Mobile/15E148 Safari/604.1"
jomarlogistica.com.br:80 180.102.134.69 - - [11/Oct/2025:15:56:15 -0300] "GET / HTTP/1.1" 301 449 "http://www.jomarlogistica.com.br" "Mozilla/5.0 (iPhone; CPU iPhone OS 13_2_3 like Mac OS X) AppleWebKit/605.1.15 (KHTML, like Gecko) Version/13.0.3 Mobile/15E148 Safari/604.1"
jomarlogistica.com.br:80 180.102.134.69 - - [11/Oct/2025:15:56:19 -0300] "GET / HTTP/1.1" 200 23930 "https://www.jomarlogistica.com.br/" "Mozilla/5.0 (iPhone; CPU iPhone OS 13_2_3 like Mac OS X) AppleWebKit/605.1.15 (KHTML, like Gecko) Version/13.0.3 Mobile/15E148 Safari/604.1"
jomarlogistica.com.br:80 127.0.0.1 - - [11/Oct/2025:15:56:24 -0300] "OPTIONS * HTTP/1.0" 200 110 "-" "Apache/2.4.65 (Ubuntu) (internal dummy connection)"
jomarlogistica.com.br:80 172.20.1.198 - - [11/Oct/2025:15:58:09 -0300] "POST /wp-cron.php?doing_wp_cron=1760209089.6446979045867919921875 HTTP/1.1" 200 389 "https://jomarlogistica.com.br/wp-cron.php?doing_wp_cron=1760209089.6446979045867919921875" "WordPress/5.8.10; https://jomarlogistica.com.br"
jomarlogistica.com.br:80 216.244.66.226 - - [11/Oct/2025:15:58:09 -0300] "GET /robots.txt HTTP/1.1" 200 565 "-" "Mozilla/5.0 (compatible; DotBot/1.2; +https://opensiteexplorer.org/dotbot; help@moz.com)"
jomarlogistica.com.br:80 127.0.0.1 - - [11/Oct/2025:15:58:14 -0300] "OPTIONS * HTTP/1.0" 200 110 "-" "Apache/2.4.65 (Ubuntu) (internal dummy connection)"
jomarlogistica.com.br:80 57.141.0.38 - - [11/Oct/2025:15:58:15 -0300] "GET /2023/03/12/everything-you-need-to-know-about-child-benefit-new-rules-legal-guide/ HTTP/1.1" 200 61160 "-" "meta-externalagent/1.1 (+https://developers.facebook.com/docs/sharing/webmasters/crawler)"
jomarlogistica.com.br:80 172.178.140.151 - - [11/Oct/2025:16:00:37 -0300] "GET / HTTP/1.1" 200 23930 "-" "Mozilla/5.0 AppleWebKit/537.36 (KHTML, like Gecko); compatible; ChatGPT-User/1.0; +https://openai.com/bot"
jomarlogistica.com.br:80 172.20.1.198 - - [11/Oct/2025:16:06:33 -0300] "POST /wp-cron.php?doing_wp_cron=1760209593.9576299190521240234375 HTTP/1.1" 200 389 "https://jomarlogistica.com.br/wp-cron.php?doing_wp_cron=1760209593.9576299190521240234375" "WordPress/5.8.10; https://jomarlogistica.com.br"
jomarlogistica.com.br:80 185.191.171.7 - - [11/Oct/2025:16:06:33 -0300] "GET /2023/04/page/5/ HTTP/1.1" 200 16699 "-" "Mozilla/5.0 (compatible; SemrushBot/7~bl; +http://www.semrush.com/bot.html)"
jomarlogistica.com.br:80 127.0.0.1 - - [11/Oct/2025:16:06:39 -0300] "OPTIONS * HTTP/1.0" 200 110 "-" "Apache/2.4.65 (Ubuntu) (internal dummy connection)"
jomarlogistica.com.br:80 172.20.1.198 - - [11/Oct/2025:16:09:10 -0300] "POST /wp-cron.php?doing_wp_cron=1760209750.6312639713287353515625 HTTP/1.1" 200 389 "https://jomarlogistica.com.br/wp-cron.php?doing_wp_cron=1760209750.6312639713287353515625" "WordPress/5.8.10; https://jomarlogistica.com.br"
jomarlogistica.com.br:80 177.116.190.244 - - [11/Oct/2025:16:09:10 -0300] "POST /autodiscover/autodiscover.xml HTTP/1.1" 404 448 "-" "AppleExchangeWebServices/833 accountsd/113"
jomarlogistica.com.br:80 127.0.0.1 - - [11/Oct/2025:16:09:15 -0300] "OPTIONS * HTTP/1.0" 200 110 "-" "Apache/2.4.65 (Ubuntu) (internal dummy connection)"
jomarlogistica.com.br:80 172.20.1.198 - - [11/Oct/2025:16:15:38 -0300] "POST /wp-cron.php?doing_wp_cron=1760210138.8168408870697021484375 HTTP/1.1" 200 389 "https://jomarlogistica.com.br/wp-cron.php?doing_wp_cron=1760210138.8168408870697021484375" "WordPress/5.8.10; https://jomarlogistica.com.br"
jomarlogistica.com.br:80 172.204.16.74 - - [11/Oct/2025:16:15:38 -0300] "GET /2024/03/09/are-50-caliber-guns-legal-in-canada-rules-and-regulations-explained/ HTTP/1.1" 200 14364 "-" "Mozilla/5.0 AppleWebKit/537.36 (KHTML, like Gecko); compatible; ChatGPT-User/1.0; +https://openai.com/bot"
jomarlogistica.com.br:80 127.0.0.1 - - [11/Oct/2025:16:15:43 -0300] "OPTIONS * HTTP/1.0" 200 110 "-" "Apache/2.4.65 (Ubuntu) (internal dummy connection)"
jomarlogistica.com.br:80 57.141.0.53 - - [11/Oct/2025:16:17:03 -0300] "GET /2022/09/05/where-to-get-a-japan-girlfriend/ HTTP/1.1" 200 81757 "-" "meta-externalagent/1.1 (+https://developers.facebook.com/docs/sharing/webmasters/crawler)"
jomarlogistica.com.br:80 172.20.1.198 - - [11/Oct/2025:16:19:33 -0300] "POST /wp-cron.php?doing_wp_cron=1760210373.7076430320739746093750 HTTP/1.1" 200 389 "https://jomarlogistica.com.br/wp-cron.php?doing_wp_cron=1760210373.7076430320739746093750" "WordPress/5.8.10; https://jomarlogistica.com.br"
jomarlogistica.com.br:80 57.141.0.37 - - [11/Oct/2025:16:19:33 -0300] "GET /2023/11/23/advocates-account-rules-1988-sarawak-guidelines-for-legal-professionals/ HTTP/1.1" 200 62102 "-" "meta-externalagent/1.1 (+https://developers.facebook.com/docs/sharing/webmasters/crawler)"
jomarlogistica.com.br:80 127.0.0.1 - - [11/Oct/2025:16:19:38 -0300] "OPTIONS * HTTP/1.0" 200 110 "-" "Apache/2.4.65 (Ubuntu) (internal dummy connection)"
jomarlogistica.com.br:80 172.20.1.198 - - [11/Oct/2025:16:25:42 -0300] "POST /wp-cron.php?doing_wp_cron=1760210742.5677680969238281250000 HTTP/1.1" 200 389 "https://jomarlogistica.com.br/wp-cron.php?doing_wp_cron=1760210742.5677680969238281250000" "WordPress/5.8.10; https://jomarlogistica.com.br"
jomarlogistica.com.br:80 216.244.66.226 - - [11/Oct/2025:16:25:42 -0300] "GET /2023/07/04/the-very-best-free-vpn-application/ HTTP/1.1" 200 79326 "-" "Mozilla/5.0 (compatible; DotBot/1.2; +https://opensiteexplorer.org/dotbot; help@moz.com)"
jomarlogistica.com.br:80 127.0.0.1 - - [11/Oct/2025:16:25:48 -0300] "OPTIONS * HTTP/1.0" 200 110 "-" "Apache/2.4.65 (Ubuntu) (internal dummy connection)"
jomarlogistica.com.br:80 172.20.1.198 - - [11/Oct/2025:16:31:18 -0300] "POST /wp-cron.php?doing_wp_cron=1760211078.9683918952941894531250 HTTP/1.1" 200 389 "https://jomarlogistica.com.br/wp-cron.php?doing_wp_cron=1760211078.9683918952941894531250" "WordPress/5.8.10; https://jomarlogistica.com.br"
jomarlogistica.com.br:80 20.194.1.2 - - [11/Oct/2025:16:31:18 -0300] "GET /2024/01/16/is-owning-pet-squirrels-legal-in-florida-laws-regulations/ HTTP/1.1" 200 13814 "-" "Mozilla/5.0 AppleWebKit/537.36 (KHTML, like Gecko); compatible; ChatGPT-User/1.0; +https://openai.com/bot"
jomarlogistica.com.br:80 127.0.0.1 - - [11/Oct/2025:16:31:24 -0300] "OPTIONS * HTTP/1.0" 200 110 "-" "Apache/2.4.65 (Ubuntu) (internal dummy connection)"
jomarlogistica.com.br:80 57.141.0.66 - - [11/Oct/2025:16:31:44 -0300] "GET /2023/02/19/wedding-tradition-in-croatia/ HTTP/1.1" 200 80734 "-" "meta-externalagent/1.1 (+https://developers.facebook.com/docs/sharing/webmasters/crawler)"
jomarlogistica.com.br:80 172.20.1.198 - - [11/Oct/2025:16:33:28 -0300] "POST /wp-cron.php?doing_wp_cron=1760211208.8746790885925292968750 HTTP/1.1" 200 389 "https://jomarlogistica.com.br/wp-cron.php?doing_wp_cron=1760211208.8746790885925292968750" "WordPress/5.8.10; https://jomarlogistica.com.br"
jomarlogistica.com.br:80 74.7.35.58 - - [11/Oct/2025:16:33:28 -0300] "GET / HTTP/1.1" 200 23930 "-" "Mozilla/5.0 AppleWebKit/537.36 (KHTML, like Gecko); compatible; ChatGPT-User/1.0; +https://openai.com/bot"
jomarlogistica.com.br:80 127.0.0.1 - - [11/Oct/2025:16:33:35 -0300] "OPTIONS * HTTP/1.0" 200 110 "-" "Apache/2.4.65 (Ubuntu) (internal dummy connection)"
jomarlogistica.com.br:80 216.244.66.226 - - [11/Oct/2025:16:36:51 -0300] "GET /2022/06/06/buy-phone-outright-vs-contract-uk-legal-considerations/ HTTP/1.1" 200 63546 "-" "Mozilla/5.0 (compatible; DotBot/1.2; +https://opensiteexplorer.org/dotbot; help@moz.com)"
jomarlogistica.com.br:80 172.20.1.198 - - [11/Oct/2025:16:38:13 -0300] "POST /wp-cron.php?doing_wp_cron=1760211493.4714469909667968750000 HTTP/1.1" 200 389 "https://jomarlogistica.com.br/wp-cron.php?doing_wp_cron=1760211493.4714469909667968750000" "WordPress/5.8.10; https://jomarlogistica.com.br"
jomarlogistica.com.br:80 57.141.0.47 - - [11/Oct/2025:16:38:13 -0300] "GET /2022/09/10/pretty-ways-to-ask-someone-to-become-your-girlfriend/ HTTP/1.1" 200 80864 "-" "meta-externalagent/1.1 (+https://developers.facebook.com/docs/sharing/webmasters/crawler)"
jomarlogistica.com.br:80 127.0.0.1 - - [11/Oct/2025:16:38:19 -0300] "OPTIONS * HTTP/1.0" 200 110 "-" "Apache/2.4.65 (Ubuntu) (internal dummy connection)"
jomarlogistica.com.br:80 185.140.13.215 - - [11/Oct/2025:16:39:08 -0300] "GET /wp-admin/plugins.php HTTP/1.1" 302 532 "-" "Mozilla/5.0 (Windows NT 11.0; Win64; x64) AppleWebKit/537.36 (KHTML, like Gecko) Chrome/128.0.6613.86 Safari/537.36"
jomarlogistica.com.br:80 177.116.190.244 - - [11/Oct/2025:16:41:30 -0300] "POST /autodiscover/autodiscover.xml HTTP/1.1" 404 448 "-" "AppleExchangeWebServices/833 accountsd/113"
jomarlogistica.com.br:80 173.249.14.151 - - [11/Oct/2025:16:45:06 -0300] "GET /wp-admin/css/ HTTP/1.1" 403 2493 "binance.com" "Mozilla/5.0 (Windows NT 10.0; Win64; x64) AppleWebKit/537.36 (KHTML, like Gecko) Chrome/90.0.4430.85 Safari/537.36"
jomarlogistica.com.br:80 172.20.1.198 - - [11/Oct/2025:16:47:31 -0300] "POST /wp-cron.php?doing_wp_cron=1760212051.2946169376373291015625 HTTP/1.1" 200 389 "https://jomarlogistica.com.br/wp-cron.php?doing_wp_cron=1760212051.2946169376373291015625" "WordPress/5.8.10; https://jomarlogistica.com.br"
jomarlogistica.com.br:80 185.191.171.17 - - [11/Oct/2025:16:47:30 -0300] "GET /robots.txt HTTP/1.1" 200 584 "-" "Mozilla/5.0 (compatible; SemrushBot/7~bl; +http://www.semrush.com/bot.html)"
jomarlogistica.com.br:80 185.191.171.12 - - [11/Oct/2025:16:47:32 -0300] "GET /2023/10/03/advantages-and-disadvantages-of-anti-spyware/ HTTP/1.1" 200 17227 "-" "Mozilla/5.0 (compatible; SemrushBot/7~bl; +http://www.semrush.com/bot.html)"
jomarlogistica.com.br:80 127.0.0.1 - - [11/Oct/2025:16:47:37 -0300] "OPTIONS * HTTP/1.0" 200 110 "-" "Apache/2.4.65 (Ubuntu) (internal dummy connection)"
jomarlogistica.com.br:80 172.20.1.198 - - [11/Oct/2025:16:52:41 -0300] "POST /wp-cron.php?doing_wp_cron=1760212361.2851970195770263671875 HTTP/1.1" 200 389 "https://jomarlogistica.com.br/wp-cron.php?doing_wp_cron=1760212361.2851970195770263671875" "WordPress/5.8.10; https://jomarlogistica.com.br"
jomarlogistica.com.br:80 52.159.227.44 - - [11/Oct/2025:16:52:40 -0300] "GET /2022/05/12/baguette-laws-in-france-understanding-the-regulations/ HTTP/1.1" 200 14834 "-" "Mozilla/5.0 AppleWebKit/537.36 (KHTML, like Gecko); compatible; ChatGPT-User/1.0; +https://openai.com/bot"
jomarlogistica.com.br:80 52.159.227.44 - - [11/Oct/2025:16:52:42 -0300] "GET / HTTP/1.1" 200 23930 "-" "Mozilla/5.0 AppleWebKit/537.36 (KHTML, like Gecko); compatible; ChatGPT-User/1.0; +https://openai.com/bot"
jomarlogistica.com.br:80 127.0.0.1 - - [11/Oct/2025:16:52:48 -0300] "OPTIONS * HTTP/1.0" 200 110 "-" "Apache/2.4.65 (Ubuntu) (internal dummy connection)"
jomarlogistica.com.br:80 84.20.18.75 - - [11/Oct/2025:16:52:51 -0300] "GET / HTTP/1.1" 200 23930 "-" "Mozilla/5.0 (Windows NT 10.0; Win64; x64) AppleWebKit/537.36 (KHTML, like Gecko) Chrome/58.0.3029.110 Safari/537.3"
jomarlogistica.com.br:80 84.20.18.75 - - [11/Oct/2025:16:52:53 -0300] "GET /wp-includes/wlwmanifest.xml HTTP/1.1" 200 817 "-" "python-httpx/0.28.1"
jomarlogistica.com.br:80 216.73.216.56 - - [11/Oct/2025:16:54:13 -0300] "GET /robots.txt HTTP/1.1" 200 584 "-" "Mozilla/5.0 AppleWebKit/537.36 (KHTML, like Gecko; compatible; ClaudeBot/1.0; +claudebot@anthropic.com)"
jomarlogistica.com.br:80 216.73.216.56 - - [11/Oct/2025:16:54:13 -0300] "GET /2022/06/23/are-cherry-bomb-mufflers-legal-legal-information-and-regulations HTTP/1.1" 301 522 "-" "Mozilla/5.0 AppleWebKit/537.36 (KHTML, like Gecko; compatible; ClaudeBot/1.0; +claudebot@anthropic.com)"
jomarlogistica.com.br:80 216.73.216.56 - - [11/Oct/2025:16:54:14 -0300] "GET /2022/06/23/are-cherry-bomb-mufflers-legal-legal-information-and-regulations/ HTTP/1.1" 200 14129 "https://jomarlogistica.com.br/2022/06/23/are-cherry-bomb-mufflers-legal-legal-information-and-regulations" "Mozilla/5.0 AppleWebKit/537.36 (KHTML, like Gecko; compatible; ClaudeBot/1.0; +claudebot@anthropic.com)"
jomarlogistica.com.br:80 216.244.66.226 - - [11/Oct/2025:16:54:26 -0300] "GET /robots.txt HTTP/1.1" 200 565 "-" "Mozilla/5.0 (compatible; DotBot/1.2; +https://opensiteexplorer.org/dotbot; help@moz.com)"
jomarlogistica.com.br:80 172.20.1.198 - - [11/Oct/2025:16:57:17 -0300] "POST /wp-cron.php?doing_wp_cron=1760212637.9192640781402587890625 HTTP/1.1" 200 389 "https://jomarlogistica.com.br/wp-cron.php?doing_wp_cron=1760212637.9192640781402587890625" "WordPress/5.8.10; https://jomarlogistica.com.br"
jomarlogistica.com.br:80 177.116.190.244 - - [11/Oct/2025:16:57:17 -0300] "POST /autodiscover/autodiscover.xml HTTP/1.1" 404 448 "-" "AppleExchangeWebServices/833 accountsd/113"
jomarlogistica.com.br:80 127.0.0.1 - - [11/Oct/2025:16:57:22 -0300] "OPTIONS * HTTP/1.0" 200 110 "-" "Apache/2.4.65 (Ubuntu) (internal dummy connection)"
jomarlogistica.com.br:80 85.208.96.202 - - [11/Oct/2025:17:01:43 -0300] "GET /2023/05/23/the-role-of-any-virtual-data-room/ HTTP/1.1" 200 17273 "-" "Mozilla/5.0 (compatible; SemrushBot/7~bl; +http://www.semrush.com/bot.html)"
jomarlogistica.com.br:80 192.159.99.83 - - [11/Oct/2025:17:05:00 -0300] "POST /wp-plain.php HTTP/1.1" 404 448 "www.google.com" "Mozilla/5.0 (Linux; Android 7.0; SM-G892A Bulid/NRD90M; wv) AppleWebKit/537.36 (KHTML, like Gecko) Version/4.0 Chrome/60.0.3112.107 Moblie Safari/537.36"
jomarlogistica.com.br:80 192.159.99.83 - - [11/Oct/2025:17:05:01 -0300] "GET /owlzwmms.php?Fox=d3wL7 HTTP/1.1" 404 448 "www.google.com" "Mozilla/5.0 (Linux; Android 7.0; SM-G892A Bulid/NRD90M; wv) AppleWebKit/537.36 (KHTML, like Gecko) Version/4.0 Chrome/60.0.3112.107 Moblie Safari/537.36"
jomarlogistica.com.br:80 192.159.99.83 - - [11/Oct/2025:17:05:00 -0300] "POST /ALFA_DATA/alfacgiapi/perl.alfa HTTP/1.1" 404 448 "www.google.com" "Mozlila/5.0 (Linux; Android 7.0; SM-G892A Bulid/NRD90M; wv) AppleWebKit/537.36 (KHTML, like Gecko) Version/4.0 Chrome/60.0.3112.107 Moblie Safari/537.36"
jomarlogistica.com.br:80 192.159.99.83 - - [11/Oct/2025:17:05:01 -0300] "GET /wp-content/themes/seotheme/db.php?u HTTP/1.1" 404 448 "www.google.com" "Mozlila/5.0 (Linux; Android 7.0; SM-G892A Bulid/NRD90M; wv) AppleWebKit/537.36 (KHTML, like Gecko) Version/4.0 Chrome/60.0.3112.107 Moblie Safari/537.36"
jomarlogistica.com.br:80 192.159.99.83 - - [11/Oct/2025:17:05:01 -0300] "GET /wp-content/plugins/fix/up.php HTTP/1.1" 404 448 "-" "Mozilla/5.0 (Windows NT 10.0; Win64; x64) AppleWebKit/537.36 (KHTML, like Gecko) Chrome/85.0.4183.102 Safari/537.36"
jomarlogistica.com.br:80 192.159.99.83 - - [11/Oct/2025:17:05:00 -0300] "GET / HTTP/1.1" 200 134115 "-" "Mozlila/5.0 (Linux; Android 7.0; SM-G892A Bulid/NRD90M; wv) AppleWebKit/537.36 (KHTML, like Gecko) Version/4.0 Chrome/60.0.3112.107 Moblie Safari/537.36"
jomarlogistica.com.br:80 192.159.99.83 - - [11/Oct/2025:17:05:02 -0300] "POST /alfacgiapi/perl.alfa HTTP/1.1" 404 448 "www.google.com" "Mozlila/5.0 (Linux; Android 7.0; SM-G892A Bulid/NRD90M; wv) AppleWebKit/537.36 (KHTML, like Gecko) Version/4.0 Chrome/60.0.3112.107 Moblie Safari/537.36"
jomarlogistica.com.br:80 192.159.99.83 - - [11/Oct/2025:17:05:02 -0300] "GET /wp-content/themes/seotheme/db.php?u HTTP/1.1" 404 448 "www.google.com" "Mozlila/5.0 (Linux; Android 7.0; SM-G892A Bulid/NRD90M; wv) AppleWebKit/537.36 (KHTML, like Gecko) Version/4.0 Chrome/60.0.3112.107 Moblie Safari/537.36"
jomarlogistica.com.br:80 172.20.1.198 - - [11/Oct/2025:17:05:02 -0300] "POST /wp-cron.php?doing_wp_cron=1760213100.9571690559387207031250 HTTP/1.1" 200 389 "https://jomarlogistica.com.br/wp-cron.php?doing_wp_cron=1760213100.9571690559387207031250" "WordPress/5.8.10; https://jomarlogistica.com.br"
jomarlogistica.com.br:80 192.159.99.83 - - [11/Oct/2025:17:05:03 -0300] "GET /wp-content/plugins/apikey/apikey.php?test=hello HTTP/1.1" 404 448 "-" "Mozlila/5.0 (Linux; Android 7.0; SM-G892A Bulid/NRD90M; wv) AppleWebKit/537.36 (KHTML, like Gecko) Version/4.0 Chrome/60.0.3112.107 Moblie Safari/537.36"
jomarlogistica.com.br:80 192.159.99.83 - - [11/Oct/2025:17:05:03 -0300] "GET /plugins/content/apismtp/apismtp.php?test=hello HTTP/1.1" 404 448 "-" "Mozlila/5.0 (Linux; Android 7.0; SM-G892A Bulid/NRD90M; wv) AppleWebKit/537.36 (KHTML, like Gecko) Version/4.0 Chrome/60.0.3112.107 Moblie Safari/537.36"
jomarlogistica.com.br:80 192.159.99.83 - - [11/Oct/2025:17:05:04 -0300] "GET /wp-content/plugins/apikey/apikey.php.suspected?test=hello HTTP/1.1" 404 448 "-" "Mozlila/5.0 (Linux; Android 7.0; SM-G892A Bulid/NRD90M; wv) AppleWebKit/537.36 (KHTML, like Gecko) Version/4.0 Chrome/60.0.3112.107 Moblie Safari/537.36"
jomarlogistica.com.br:80 192.159.99.83 - - [11/Oct/2025:17:05:04 -0300] "GET /plugins/content/apismtp/apismtp.php.suspected?test=hello HTTP/1.1" 404 448 "-" "Mozlila/5.0 (Linux; Android 7.0; SM-G892A Bulid/NRD90M; wv) AppleWebKit/537.36 (KHTML, like Gecko) Version/4.0 Chrome/60.0.3112.107 Moblie Safari/537.36"
jomarlogistica.com.br:80 127.0.0.1 - - [11/Oct/2025:17:05:07 -0300] "OPTIONS * HTTP/1.0" 200 110 "-" "Apache/2.4.65 (Ubuntu) (internal dummy connection)"
jomarlogistica.com.br:80 127.0.0.1 - - [11/Oct/2025:17:05:08 -0300] "OPTIONS * HTTP/1.0" 200 110 "-" "Apache/2.4.65 (Ubuntu) (internal dummy connection)"
jomarlogistica.com.br:80 127.0.0.1 - - [11/Oct/2025:17:05:09 -0300] "OPTIONS * HTTP/1.0" 200 110 "-" "Apache/2.4.65 (Ubuntu) (internal dummy connection)"
jomarlogistica.com.br:80 127.0.0.1 - - [11/Oct/2025:17:05:10 -0300] "OPTIONS * HTTP/1.0" 200 110 "-" "Apache/2.4.65 (Ubuntu) (internal dummy connection)"
jomarlogistica.com.br:80 172.20.1.198 - - [11/Oct/2025:17:05:35 -0300] "POST /wp-cron.php?doing_wp_cron=1760213135.5599160194396972656250 HTTP/1.1" 200 389 "https://jomarlogistica.com.br/wp-cron.php?doing_wp_cron=1760213135.5599160194396972656250" "WordPress/5.8.10; https://jomarlogistica.com.br"
jomarlogistica.com.br:80 57.141.0.42 - - [11/Oct/2025:17:05:35 -0300] "GET /2023/05/26/3-weird-laws-in-wisconsin-unusual-legal-statutes-explained/ HTTP/1.1" 200 61115 "-" "meta-externalagent/1.1 (+https://developers.facebook.com/docs/sharing/webmasters/crawler)"
jomarlogistica.com.br:80 127.0.0.1 - - [11/Oct/2025:17:05:40 -0300] "OPTIONS * HTTP/1.0" 200 110 "-" "Apache/2.4.65 (Ubuntu) (internal dummy connection)"
jomarlogistica.com.br:80 172.20.1.198 - - [11/Oct/2025:17:09:17 -0300] "POST /wp-cron.php?doing_wp_cron=1760213357.6637780666351318359375 HTTP/1.1" 200 389 "https://jomarlogistica.com.br/wp-cron.php?doing_wp_cron=1760213357.6637780666351318359375" "WordPress/5.8.10; https://jomarlogistica.com.br"
jomarlogistica.com.br:80 54.159.18.27 - - [11/Oct/2025:17:09:17 -0300] "GET /robots.txt HTTP/1.1" 200 584 "-" "Mozilla/5.0 AppleWebKit/537.36 (KHTML, like Gecko; compatible; Amazonbot/0.1; +https://developer.amazon.com/support/amazonbot) Chrome/119.0.6045.214 Safari/537.36"
jomarlogistica.com.br:80 52.71.218.25 - - [11/Oct/2025:17:09:20 -0300] "GET /blog-standard-left-sidebar/page/25/ HTTP/1.1" 200 19536 "-" "Mozilla/5.0 AppleWebKit/537.36 (KHTML, like Gecko; compatible; Amazonbot/0.1; +https://developer.amazon.com/support/amazonbot) Chrome/119.0.6045.214 Safari/537.36"
jomarlogistica.com.br:80 34.195.248.30 - - [11/Oct/2025:17:09:23 -0300] "GET /category/jomar/page/4/ HTTP/1.1" 200 18599 "-" "Mozilla/5.0 AppleWebKit/537.36 (KHTML, like Gecko; compatible; Amazonbot/0.1; +https://developer.amazon.com/support/amazonbot) Chrome/119.0.6045.214 Safari/537.36"
jomarlogistica.com.br:80 127.0.0.1 - - [11/Oct/2025:17:09:29 -0300] "OPTIONS * HTTP/1.0" 200 110 "-" "Apache/2.4.65 (Ubuntu) (internal dummy connection)"
jomarlogistica.com.br:80 177.116.190.244 - - [11/Oct/2025:17:10:09 -0300] "POST /autodiscover/autodiscover.xml HTTP/1.1" 404 448 "-" "AppleExchangeWebServices/833 accountsd/113"
jomarlogistica.com.br:80 172.20.1.198 - - [11/Oct/2025:17:13:31 -0300] "POST /wp-cron.php?doing_wp_cron=1760213611.8147950172424316406250 HTTP/1.1" 200 389 "https://jomarlogistica.com.br/wp-cron.php?doing_wp_cron=1760213611.8147950172424316406250" "WordPress/5.8.10; https://jomarlogistica.com.br"
jomarlogistica.com.br:80 52.255.111.9 - - [11/Oct/2025:17:13:31 -0300] "GET /2024/03/09/are-50-caliber-guns-legal-in-canada-rules-and-regulations-explained/ HTTP/1.1" 200 14364 "-" "Mozilla/5.0 AppleWebKit/537.36 (KHTML, like Gecko); compatible; ChatGPT-User/1.0; +https://openai.com/bot"
jomarlogistica.com.br:80 127.0.0.1 - - [11/Oct/2025:17:13:37 -0300] "OPTIONS * HTTP/1.0" 200 110 "-" "Apache/2.4.65 (Ubuntu) (internal dummy connection)"
jomarlogistica.com.br:80 172.20.1.198 - - [11/Oct/2025:17:20:19 -0300] "POST /wp-cron.php?doing_wp_cron=1760214019.7898120880126953125000 HTTP/1.1" 200 389 "https://jomarlogistica.com.br/wp-cron.php?doing_wp_cron=1760214019.7898120880126953125000" "WordPress/5.8.10; https://jomarlogistica.com.br"
jomarlogistica.com.br:80 85.208.96.210 - - [11/Oct/2025:17:20:19 -0300] "GET /author/jomar/page/47/ HTTP/1.1" 200 18694 "-" "Mozilla/5.0 (compatible; SemrushBot/7~bl; +http://www.semrush.com/bot.html)"
jomarlogistica.com.br:80 127.0.0.1 - - [11/Oct/2025:17:20:25 -0300] "OPTIONS * HTTP/1.0" 200 110 "-" "Apache/2.4.65 (Ubuntu) (internal dummy connection)"
jomarlogistica.com.br:80 172.20.1.198 - - [11/Oct/2025:17:25:52 -0300] "POST /wp-cron.php?doing_wp_cron=1760214352.9364719390869140625000 HTTP/1.1" 200 389 "https://jomarlogistica.com.br/wp-cron.php?doing_wp_cron=1760214352.9364719390869140625000" "WordPress/5.8.10; https://jomarlogistica.com.br"
jomarlogistica.com.br:80 57.141.0.56 - - [11/Oct/2025:17:25:52 -0300] "GET /2023/11/30/bill-cannot-become-law-until-it-is-passed-legal-insights/ HTTP/1.1" 200 62796 "-" "meta-externalagent/1.1 (+https://developers.facebook.com/docs/sharing/webmasters/crawler)"
jomarlogistica.com.br:80 127.0.0.1 - - [11/Oct/2025:17:25:58 -0300] "OPTIONS * HTTP/1.0" 200 110 "-" "Apache/2.4.65 (Ubuntu) (internal dummy connection)"
jomarlogistica.com.br:80 172.20.1.198 - - [11/Oct/2025:17:41:15 -0300] "POST /wp-cron.php?doing_wp_cron=1760215275.3516809940338134765625 HTTP/1.1" 200 389 "https://jomarlogistica.com.br/wp-cron.php?doing_wp_cron=1760215275.3516809940338134765625" "WordPress/5.8.10; https://jomarlogistica.com.br"
jomarlogistica.com.br:80 177.116.190.244 - - [11/Oct/2025:17:41:14 -0300] "POST /autodiscover/autodiscover.xml HTTP/1.1" 404 448 "-" "AppleExchangeWebServices/833 accountsd/113"
jomarlogistica.com.br:80 127.0.0.1 - - [11/Oct/2025:17:41:20 -0300] "OPTIONS * HTTP/1.0" 200 110 "-" "Apache/2.4.65 (Ubuntu) (internal dummy connection)"
jomarlogistica.com.br:80 57.141.0.19 - - [11/Oct/2025:17:41:44 -0300] "GET /2023/06/20/understanding-the-basic-rule-of-law-a-comprehensive-guide/ HTTP/1.1" 200 61073 "-" "meta-externalagent/1.1 (+https://developers.facebook.com/docs/sharing/webmasters/crawler)"
jomarlogistica.com.br:80 172.20.1.198 - - [11/Oct/2025:17:47:23 -0300] "POST /wp-cron.php?doing_wp_cron=1760215643.3904139995574951171875 HTTP/1.1" 200 389 "https://jomarlogistica.com.br/wp-cron.php?doing_wp_cron=1760215643.3904139995574951171875" "WordPress/5.8.10; https://jomarlogistica.com.br"
jomarlogistica.com.br:80 57.141.0.16 - - [11/Oct/2025:17:47:22 -0300] "GET /2023/01/25/20-tips-for-a-happy-married-life/ HTTP/1.1" 200 81483 "-" "meta-externalagent/1.1 (+https://developers.facebook.com/docs/sharing/webmasters/crawler)"
jomarlogistica.com.br:80 127.0.0.1 - - [11/Oct/2025:17:47:29 -0300] "OPTIONS * HTTP/1.0" 200 110 "-" "Apache/2.4.65 (Ubuntu) (internal dummy connection)"
jomarlogistica.com.br:80 216.244.66.226 - - [11/Oct/2025:17:48:20 -0300] "GET /2022/11/27/borrow-pit-agreement-understanding-legal-obligations/ HTTP/1.1" 200 61744 "-" "Mozilla/5.0 (compatible; DotBot/1.2; +https://opensiteexplorer.org/dotbot; help@moz.com)"
jomarlogistica.com.br:80 172.20.1.198 - - [11/Oct/2025:17:57:30 -0300] "POST /wp-cron.php?doing_wp_cron=1760216250.8673129081726074218750 HTTP/1.1" 200 389 "https://jomarlogistica.com.br/wp-cron.php?doing_wp_cron=1760216250.8673129081726074218750" "WordPress/5.8.10; https://jomarlogistica.com.br"
jomarlogistica.com.br:80 177.116.190.244 - - [11/Oct/2025:17:57:30 -0300] "POST /autodiscover/autodiscover.xml HTTP/1.1" 404 448 "-" "AppleExchangeWebServices/833 accountsd/113"
jomarlogistica.com.br:80 127.0.0.1 - - [11/Oct/2025:17:57:36 -0300] "OPTIONS * HTTP/1.0" 200 110 "-" "Apache/2.4.65 (Ubuntu) (internal dummy connection)"
jomarlogistica.com.br:80 172.20.1.198 - - [11/Oct/2025:18:02:19 -0300] "POST /wp-cron.php?doing_wp_cron=1760216539.5888059139251708984375 HTTP/1.1" 200 389 "https://jomarlogistica.com.br/wp-cron.php?doing_wp_cron=1760216539.5888059139251708984375" "WordPress/5.8.10; https://jomarlogistica.com.br"
jomarlogistica.com.br:80 20.193.249.119 - - [11/Oct/2025:18:02:19 -0300] "GET /wp-login.php HTTP/1.1" 200 2995 "-" "Mozilla/5.0"
jomarlogistica.com.br:80 20.193.249.119 - - [11/Oct/2025:18:02:21 -0300] "GET /?author=1 HTTP/1.1" 301 462 "-" "Mozilla/5.0"
jomarlogistica.com.br:80 20.193.249.119 - - [11/Oct/2025:18:02:22 -0300] "GET /?rest_route=/wp/v2/users HTTP/1.1" 200 1095 "-" "Mozilla/5.0"
jomarlogistica.com.br:80 127.0.0.1 - - [11/Oct/2025:18:02:27 -0300] "OPTIONS * HTTP/1.0" 200 110 "-" "Apache/2.4.65 (Ubuntu) (internal dummy connection)"
jomarlogistica.com.br:80 172.20.1.198 - - [11/Oct/2025:18:12:41 -0300] "POST /wp-cron.php?doing_wp_cron=1760217161.3177230358123779296875 HTTP/1.1" 200 389 "https://jomarlogistica.com.br/wp-cron.php?doing_wp_cron=1760217161.3177230358123779296875" "WordPress/5.8.10; https://jomarlogistica.com.br"
jomarlogistica.com.br:80 95.173.216.42 - - [11/Oct/2025:18:12:40 -0300] "GET / HTTP/1.1" 200 23930 "-" "Mozilla/5.0 (Windows NT 10.0; Win64; x64) AppleWebKit/537.36 (KHTML, like Gecko) Chrome/58.0.3029.110 Safari/537.3"
jomarlogistica.com.br:80 127.0.0.1 - - [11/Oct/2025:18:12:47 -0300] "OPTIONS * HTTP/1.0" 200 110 "-" "Apache/2.4.65 (Ubuntu) (internal dummy connection)"
jomarlogistica.com.br:80 95.173.216.42 - - [11/Oct/2025:18:12:47 -0300] "GET /wp-includes/wlwmanifest.xml HTTP/1.1" 200 817 "-" "python-httpx/0.28.1"
jomarlogistica.com.br:80 95.173.216.42 - - [11/Oct/2025:18:12:50 -0300] "GET /phpinfo.php HTTP/1.1" 404 448 "-" "Mozilla/5.0 (Windows NT 10.0; Win64; x64) AppleWebKit/537.36 (KHTML, like Gecko) Chrome/58.0.3029.110 Safari/537.3"
jomarlogistica.com.br:80 95.173.216.42 - - [11/Oct/2025:18:12:55 -0300] "GET /test.php HTTP/1.1" 404 448 "-" "Mozilla/5.0 (Windows NT 10.0; Win64; x64) AppleWebKit/537.36 (KHTML, like Gecko) Chrome/58.0.3029.110 Safari/537.3"
jomarlogistica.com.br:80 95.173.216.42 - - [11/Oct/2025:18:13:01 -0300] "GET /_profiler/phpinfo HTTP/1.1" 404 448 "-" "Mozilla/5.0 (Windows NT 10.0; Win64; x64) AppleWebKit/537.36 (KHTML, like Gecko) Chrome/58.0.3029.110 Safari/537.3"
jomarlogistica.com.br:80 95.173.216.42 - - [11/Oct/2025:18:13:07 -0300] "GET /.env HTTP/1.1" 404 448 "-" "Mozilla/5.0 (Windows NT 10.0; Win64; x64) AppleWebKit/537.36 (KHTML, like Gecko) Chrome/58.0.3029.110 Safari/537.3"
jomarlogistica.com.br:80 95.173.216.42 - - [11/Oct/2025:18:13:16 -0300] "GET / HTTP/1.1" 200 23930 "-" "Mozilla/5.0 (Windows NT 10.0; Win64; x64) AppleWebKit/537.36 (KHTML, like Gecko) Chrome/58.0.3029.110 Safari/537.3"
jomarlogistica.com.br:80 95.173.216.42 - - [11/Oct/2025:18:13:23 -0300] "GET /index.php HTTP/1.1" 301 449 "-" "Mozilla/5.0 (Windows NT 10.0; Win64; x64) AppleWebKit/537.36 (KHTML, like Gecko) Chrome/58.0.3029.110 Safari/537.3"
jomarlogistica.com.br:80 95.173.216.42 - - [11/Oct/2025:18:13:23 -0300] "GET / HTTP/1.1" 200 23872 "-" "Mozilla/5.0 (Windows NT 10.0; Win64; x64) AppleWebKit/537.36 (KHTML, like Gecko) Chrome/58.0.3029.110 Safari/537.3"
jomarlogistica.com.br:80 95.173.216.42 - - [11/Oct/2025:18:13:30 -0300] "GET /.aws/credentials HTTP/1.1" 404 448 "-" "Mozilla/5.0 (Windows NT 10.0; Win64; x64) AppleWebKit/537.36 (KHTML, like Gecko) Chrome/58.0.3029.110 Safari/537.3"
jomarlogistica.com.br:80 171.109.91.2 - - [11/Oct/2025:18:16:49 -0300] "POST /wp-comments-post.php HTTP/1.1" 403 2493 "-" "Mozilla/5.0 (Windows NT 10.0; Win64; x64) AppleWebKit/537.36 (KHTML, like Gecko) Chrome/108.0.0.0 Safari/537.36 Edg/108.0.1462.46"
jomarlogistica.com.br:80 172.20.1.198 - - [11/Oct/2025:18:18:26 -0300] "POST /wp-cron.php?doing_wp_cron=1760217506.1986498832702636718750 HTTP/1.1" 200 389 "https://jomarlogistica.com.br/wp-cron.php?doing_wp_cron=1760217506.1986498832702636718750" "WordPress/5.8.10; https://jomarlogistica.com.br"
jomarlogistica.com.br:80 216.244.66.226 - - [11/Oct/2025:18:18:25 -0300] "GET /robots.txt HTTP/1.1" 200 565 "-" "Mozilla/5.0 (compatible; DotBot/1.2; +https://opensiteexplorer.org/dotbot; help@moz.com)"
jomarlogistica.com.br:80 127.0.0.1 - - [11/Oct/2025:18:18:31 -0300] "OPTIONS * HTTP/1.0" 200 110 "-" "Apache/2.4.65 (Ubuntu) (internal dummy connection)"
jomarlogistica.com.br:80 172.20.1.198 - - [11/Oct/2025:18:24:11 -0300] "POST /wp-cron.php?doing_wp_cron=1760217851.1968710422515869140625 HTTP/1.1" 200 389 "https://jomarlogistica.com.br/wp-cron.php?doing_wp_cron=1760217851.1968710422515869140625" "WordPress/5.8.10; https://jomarlogistica.com.br"
jomarlogistica.com.br:80 20.97.189.104 - - [11/Oct/2025:18:24:10 -0300] "GET /2024/01/16/is-owning-pet-squirrels-legal-in-florida-laws-regulations/ HTTP/1.1" 200 13814 "-" "Mozilla/5.0 AppleWebKit/537.36 (KHTML, like Gecko); compatible; ChatGPT-User/1.0; +https://openai.com/bot"
jomarlogistica.com.br:80 127.0.0.1 - - [11/Oct/2025:18:24:16 -0300] "OPTIONS * HTTP/1.0" 200 110 "-" "Apache/2.4.65 (Ubuntu) (internal dummy connection)"
jomarlogistica.com.br:80 67.144.5.240 - - [11/Oct/2025:18:26:28 -0300] "GET /robots.txt HTTP/1.1" 200 565 "-" "Mozilla/5.0 (compatible; MJ12bot/v1.4.8; http://mj12bot.com/)"
jomarlogistica.com.br:80 67.144.5.240 - - [11/Oct/2025:18:26:31 -0300] "GET /2023/04/25/the-puma-corporation-%E8%A8%BB%E5%86%8A-ditt-%E5%9F%9F%E5%90%8D%EF%BC%8Ctwitter-%E8%B3%AC%E8%99%9F%E6%9B%B4%E5%90%8D%E7%82%BA-puma-eth/ HTTP/1.1" 200 19287 "-" "Mozilla/5.0 (compatible; MJ12bot/v1.4.8; http://mj12bot.com/)"
jomarlogistica.com.br:80 172.20.1.198 - - [11/Oct/2025:18:29:04 -0300] "POST /wp-cron.php?doing_wp_cron=1760218144.7688910961151123046875 HTTP/1.1" 200 389 "https://jomarlogistica.com.br/wp-cron.php?doing_wp_cron=1760218144.7688910961151123046875" "WordPress/5.8.10; https://jomarlogistica.com.br"
jomarlogistica.com.br:80 177.116.190.244 - - [11/Oct/2025:18:29:04 -0300] "POST /autodiscover/autodiscover.xml HTTP/1.1" 404 448 "-" "AppleExchangeWebServices/833 accountsd/113"
jomarlogistica.com.br:80 127.0.0.1 - - [11/Oct/2025:18:29:10 -0300] "OPTIONS * HTTP/1.0" 200 110 "-" "Apache/2.4.65 (Ubuntu) (internal dummy connection)"
jomarlogistica.com.br:80 172.20.1.198 - - [11/Oct/2025:18:33:33 -0300] "POST /wp-cron.php?doing_wp_cron=1760218413.4981479644775390625000 HTTP/1.1" 200 389 "https://jomarlogistica.com.br/wp-cron.php?doing_wp_cron=1760218413.4981479644775390625000" "WordPress/5.8.10; https://jomarlogistica.com.br"
jomarlogistica.com.br:80 57.141.0.42 - - [11/Oct/2025:18:33:33 -0300] "GET /2023/04/20/agreements-in-globalization-international-legal-understanding/ HTTP/1.1" 200 64063 "-" "meta-externalagent/1.1 (+https://developers.facebook.com/docs/sharing/webmasters/crawler)"
jomarlogistica.com.br:80 127.0.0.1 - - [11/Oct/2025:18:33:38 -0300] "OPTIONS * HTTP/1.0" 200 110 "-" "Apache/2.4.65 (Ubuntu) (internal dummy connection)"
jomarlogistica.com.br:80 172.20.1.198 - - [11/Oct/2025:18:42:29 -0300] "POST /wp-cron.php?doing_wp_cron=1760218949.4541881084442138671875 HTTP/1.1" 200 389 "https://jomarlogistica.com.br/wp-cron.php?doing_wp_cron=1760218949.4541881084442138671875" "WordPress/5.8.10; https://jomarlogistica.com.br"
jomarlogistica.com.br:80 216.244.66.226 - - [11/Oct/2025:18:42:29 -0300] "GET /2022/12/page/3/ HTTP/1.1" 200 94335 "-" "Mozilla/5.0 (compatible; DotBot/1.2; +https://opensiteexplorer.org/dotbot; help@moz.com)"
jomarlogistica.com.br:80 127.0.0.1 - - [11/Oct/2025:18:42:34 -0300] "OPTIONS * HTTP/1.0" 200 110 "-" "Apache/2.4.65 (Ubuntu) (internal dummy connection)"
jomarlogistica.com.br:80 172.20.1.198 - - [11/Oct/2025:18:47:26 -0300] "POST /wp-cron.php?doing_wp_cron=1760219246.8951399326324462890625 HTTP/1.1" 200 389 "https://jomarlogistica.com.br/wp-cron.php?doing_wp_cron=1760219246.8951399326324462890625" "WordPress/5.8.10; https://jomarlogistica.com.br"
jomarlogistica.com.br:80 57.141.0.6 - - [11/Oct/2025:18:47:26 -0300] "GET /2024/01/16/is-owning-pet-squirrels-legal-in-florida-laws-regulations/ HTTP/1.1" 200 60327 "-" "meta-externalagent/1.1 (+https://developers.facebook.com/docs/sharing/webmasters/crawler)"
jomarlogistica.com.br:80 127.0.0.1 - - [11/Oct/2025:18:47:32 -0300] "OPTIONS * HTTP/1.0" 200 110 "-" "Apache/2.4.65 (Ubuntu) (internal dummy connection)"
jomarlogistica.com.br:80 172.20.1.198 - - [11/Oct/2025:18:52:39 -0300] "POST /wp-cron.php?doing_wp_cron=1760219559.1223359107971191406250 HTTP/1.1" 200 389 "https://jomarlogistica.com.br/wp-cron.php?doing_wp_cron=1760219559.1223359107971191406250" "WordPress/5.8.10; https://jomarlogistica.com.br"
jomarlogistica.com.br:80 52.159.249.97 - - [11/Oct/2025:18:52:38 -0300] "GET /2022/05/12/baguette-laws-in-france-understanding-the-regulations/ HTTP/1.1" 200 14834 "-" "Mozilla/5.0 AppleWebKit/537.36 (KHTML, like Gecko); compatible; ChatGPT-User/1.0; +https://openai.com/bot"
jomarlogistica.com.br:80 127.0.0.1 - - [11/Oct/2025:18:52:44 -0300] "OPTIONS * HTTP/1.0" 200 110 "-" "Apache/2.4.65 (Ubuntu) (internal dummy connection)"
jomarlogistica.com.br:80 172.20.1.198 - - [11/Oct/2025:18:59:12 -0300] "POST /wp-cron.php?doing_wp_cron=1760219952.4158899784088134765625 HTTP/1.1" 200 389 "https://jomarlogistica.com.br/wp-cron.php?doing_wp_cron=1760219952.4158899784088134765625" "WordPress/5.8.10; https://jomarlogistica.com.br"
jomarlogistica.com.br:80 177.116.190.244 - - [11/Oct/2025:18:59:12 -0300] "POST /autodiscover/autodiscover.xml HTTP/1.1" 404 448 "-" "AppleExchangeWebServices/833 accountsd/113"
jomarlogistica.com.br:80 127.0.0.1 - - [11/Oct/2025:18:59:16 -0300] "OPTIONS * HTTP/1.0" 200 110 "-" "Apache/2.4.65 (Ubuntu) (internal dummy connection)"
jomarlogistica.com.br:80 172.20.1.198 - - [11/Oct/2025:19:11:24 -0300] "POST /wp-cron.php?doing_wp_cron=1760220684.6333730220794677734375 HTTP/1.1" 200 389 "https://jomarlogistica.com.br/wp-cron.php?doing_wp_cron=1760220684.6333730220794677734375" "WordPress/5.8.10; https://jomarlogistica.com.br"
jomarlogistica.com.br:80 216.244.66.226 - - [11/Oct/2025:19:11:24 -0300] "GET /robots.txt HTTP/1.1" 200 565 "-" "Mozilla/5.0 (compatible; DotBot/1.2; +https://opensiteexplorer.org/dotbot; help@moz.com)"
stat.jomarlogistica.com.br:80 3.146.111.124 - - [11/Oct/2025:19:11:29 -0300] "GET / HTTP/1.1" 301 545 "-" "Mozilla/5.0 zgrab/0.x"
stat.jomarlogistica.com.br:80 3.146.111.124 - - [11/Oct/2025:19:11:29 -0300] "GET /awstats/awstats.pl HTTP/1.1" 401 589 "http://stat.jomarlogistica.com.br/awstats/awstats.pl" "Mozilla/5.0 zgrab/0.x"
jomarlogistica.com.br:80 127.0.0.1 - - [11/Oct/2025:19:11:34 -0300] "OPTIONS * HTTP/1.0" 200 110 "-" "Apache/2.4.65 (Ubuntu) (internal dummy connection)"
jomarlogistica.com.br:80 172.20.1.198 - - [11/Oct/2025:19:12:09 -0300] "POST /wp-cron.php?doing_wp_cron=1760220729.4079859256744384765625 HTTP/1.1" 200 389 "https://jomarlogistica.com.br/wp-cron.php?doing_wp_cron=1760220729.4079859256744384765625" "WordPress/5.8.10; https://jomarlogistica.com.br"
jomarlogistica.com.br:80 177.116.190.244 - - [11/Oct/2025:19:12:09 -0300] "POST /autodiscover/autodiscover.xml HTTP/1.1" 404 448 "-" "AppleExchangeWebServices/833 accountsd/113"
jomarlogistica.com.br:80 127.0.0.1 - - [11/Oct/2025:19:12:14 -0300] "OPTIONS * HTTP/1.0" 200 110 "-" "Apache/2.4.65 (Ubuntu) (internal dummy connection)"
jomarlogistica.com.br:80 172.20.1.198 - - [11/Oct/2025:19:13:16 -0300] "POST /wp-cron.php?doing_wp_cron=1760220796.3014810085296630859375 HTTP/1.1" 200 389 "https://jomarlogistica.com.br/wp-cron.php?doing_wp_cron=1760220796.3014810085296630859375" "WordPress/5.8.10; https://jomarlogistica.com.br"
jomarlogistica.com.br:80 57.141.0.39 - - [11/Oct/2025:19:13:15 -0300] "GET /2022/12/05/five-tips-for-guys-who-fight-to-find-a-woman-to-date/ HTTP/1.1" 200 81361 "-" "meta-externalagent/1.1 (+https://developers.facebook.com/docs/sharing/webmasters/crawler)"
jomarlogistica.com.br:80 127.0.0.1 - - [11/Oct/2025:19:13:21 -0300] "OPTIONS * HTTP/1.0" 200 110 "-" "Apache/2.4.65 (Ubuntu) (internal dummy connection)"
jomarlogistica.com.br:80 172.20.1.198 - - [11/Oct/2025:19:27:02 -0300] "POST /wp-cron.php?doing_wp_cron=1760221622.0675859451293945312500 HTTP/1.1" 200 389 "https://jomarlogistica.com.br/wp-cron.php?doing_wp_cron=1760221622.0675859451293945312500" "WordPress/5.8.10; https://jomarlogistica.com.br"
jomarlogistica.com.br:80 57.141.0.29 - - [11/Oct/2025:19:27:01 -0300] "GET /author/jomar/page/52/ HTTP/1.1" 200 94788 "-" "meta-externalagent/1.1 (+https://developers.facebook.com/docs/sharing/webmasters/crawler)"
jomarlogistica.com.br:80 127.0.0.1 - - [11/Oct/2025:19:27:07 -0300] "OPTIONS * HTTP/1.0" 200 110 "-" "Apache/2.4.65 (Ubuntu) (internal dummy connection)"
jomarlogistica.com.br:80 172.20.1.198 - - [11/Oct/2025:19:27:59 -0300] "POST /wp-cron.php?doing_wp_cron=1760221679.9597239494323730468750 HTTP/1.1" 200 389 "https://jomarlogistica.com.br/wp-cron.php?doing_wp_cron=1760221679.9597239494323730468750" "WordPress/5.8.10; https://jomarlogistica.com.br"
jomarlogistica.com.br:80 209.50.184.68 - - [11/Oct/2025:19:27:59 -0300] "GET /wp-admin/install.php HTTP/1.1" 200 857 "-" "Mozilla/5.0 (Windows NT 10.0; Win64; x64) AppleWebKit/537.36 (KHTML, like Gecko) Chrome/115.0.0.0 Safari/537.36 Edg/115.0.1901.203"
jomarlogistica.com.br:80 65.111.13.53 - - [11/Oct/2025:19:28:00 -0300] "GET /wp-admin/plugins.php HTTP/1.1" 302 532 "-" "Mozilla/5.0 (Windows NT 10.0; Win64; x64) AppleWebKit/537.36 (KHTML, like Gecko) Chrome/115.0.0.0 Safari/537.36 Edg/115.0.1901.203"
jomarlogistica.com.br:80 65.111.13.53 - - [11/Oct/2025:19:28:02 -0300] "GET /wp-login.php?redirect_to=https%3A%2F%2Fjomarlogistica.com.br%2Fwp-admin%2Fplugins.php&reauth=1 HTTP/1.1" 200 5003 "-" "Mozilla/5.0 (Windows NT 10.0; Win64; x64) AppleWebKit/537.36 (KHTML, like Gecko) Chrome/115.0.0.0 Safari/537.36 Edg/115.0.1901.203"
jomarlogistica.com.br:80 65.111.13.53 - - [11/Oct/2025:19:28:03 -0300] "POST /wp-login.php HTTP/1.1" 200 3104 "https://jomarlogistica.com.br/wp-login.php" "Mozilla/5.0 (Windows NT 10.0; Win64; x64) AppleWebKit/537.36 (KHTML, like Gecko) Chrome/115.0.0.0 Safari/537.36 Edg/115.0.1901.203"
jomarlogistica.com.br:80 127.0.0.1 - - [11/Oct/2025:19:28:04 -0300] "OPTIONS * HTTP/1.0" 200 110 "-" "Apache/2.4.65 (Ubuntu) (internal dummy connection)"
jomarlogistica.com.br:80 127.0.0.1 - - [11/Oct/2025:19:28:05 -0300] "OPTIONS * HTTP/1.0" 200 110 "-" "Apache/2.4.65 (Ubuntu) (internal dummy connection)"
jomarlogistica.com.br:80 127.0.0.1 - - [11/Oct/2025:19:28:08 -0300] "OPTIONS * HTTP/1.0" 200 110 "-" "Apache/2.4.65 (Ubuntu) (internal dummy connection)"
jomarlogistica.com.br:80 177.116.190.244 - - [11/Oct/2025:19:29:38 -0300] "POST /autodiscover/autodiscover.xml HTTP/1.1" 404 448 "-" "AppleExchangeWebServices/833 accountsd/113"
jomarlogistica.com.br:80 172.20.1.198 - - [11/Oct/2025:19:36:41 -0300] "POST /wp-cron.php?doing_wp_cron=1760222201.4125730991363525390625 HTTP/1.1" 200 389 "https://jomarlogistica.com.br/wp-cron.php?doing_wp_cron=1760222201.4125730991363525390625" "WordPress/5.8.10; https://jomarlogistica.com.br"
jomarlogistica.com.br:80 216.244.66.226 - - [11/Oct/2025:19:36:40 -0300] "GET /2023/08/05/derwent-mills-commercial-location/ HTTP/1.1" 200 79305 "-" "Mozilla/5.0 (compatible; DotBot/1.2; +https://opensiteexplorer.org/dotbot; help@moz.com)"
jomarlogistica.com.br:80 127.0.0.1 - - [11/Oct/2025:19:36:47 -0300] "OPTIONS * HTTP/1.0" 200 110 "-" "Apache/2.4.65 (Ubuntu) (internal dummy connection)"
jomarlogistica.com.br:80 172.20.1.198 - - [11/Oct/2025:19:37:58 -0300] "POST /wp-cron.php?doing_wp_cron=1760222278.6043689250946044921875 HTTP/1.1" 200 389 "https://jomarlogistica.com.br/wp-cron.php?doing_wp_cron=1760222278.6043689250946044921875" "WordPress/5.8.10; https://jomarlogistica.com.br"
