jomarlogistica.com.br:80 216.73.216.56 - - [12/Oct/2025:00:03:13 -0300] "GET /2023/08?fileloc=%2Fvar%2Fwww%2Fvhosts%2Fjomarlogistica.com.br%2Fhttpdocs%2Fwp-blog-header.php&path=%2Fvar%2Fwww%2Fvhosts%2Fjomarlogistica.com.br%2Fhttpdocs HTTP/1.1" 200 3295 "-" "Mozilla/5.0 AppleWebKit/537.36 (KHTML, like Gecko; compatible; ClaudeBot/1.0; +claudebot@anthropic.com)"
jomarlogistica.com.br:80 216.73.216.56 - - [12/Oct/2025:00:03:14 -0300] "GET /2023/07?fileloc=%2Fvar%2Fwww%2Fvhosts%2Fjomarlogistica.com.br%2Fhttpdocs%2Fwp-blog-header.php&path=%2Fvar%2Fwww%2Fvhosts%2Fjomarlogistica.com.br%2Fhttpdocs HTTP/1.1" 200 3276 "-" "Mozilla/5.0 AppleWebKit/537.36 (KHTML, like Gecko; compatible; ClaudeBot/1.0; +claudebot@anthropic.com)"
jomarlogistica.com.br:80 216.73.216.56 - - [12/Oct/2025:00:03:14 -0300] "GET /2023/07?path=%2Fvar%2Fwww%2Fvhosts%2Fjomarlogistica.com.br%2Fhttpdocs%2Fwp-content HTTP/1.1" 200 3745 "-" "Mozilla/5.0 AppleWebKit/537.36 (KHTML, like Gecko; compatible; ClaudeBot/1.0; +claudebot@anthropic.com)"
jomarlogistica.com.br:80 127.0.0.1 - - [12/Oct/2025:00:03:19 -0300] "OPTIONS * HTTP/1.0" 200 110 "-" "Apache/2.4.65 (Ubuntu) (internal dummy connection)"
jomarlogistica.com.br:80 216.73.216.56 - - [12/Oct/2025:00:03:34 -0300] "GET /2023/08?fileloc=%2Fvar%2Fwww%2Fvhosts%2Fjomarlogistica.com.br%2Fhttpdocs%2Fwp-load.php&path=%2Fvar%2Fwww%2Fvhosts%2Fjomarlogistica.com.br%2Fhttpdocs HTTP/1.1" 200 4770 "-" "Mozilla/5.0 AppleWebKit/537.36 (KHTML, like Gecko; compatible; ClaudeBot/1.0; +claudebot@anthropic.com)"
jomarlogistica.com.br:80 216.73.216.56 - - [12/Oct/2025:00:03:34 -0300] "GET /2023/07?fileloc=%2Fvar%2Fwww%2Fvhosts%2Fjomarlogistica.com.br%2Fhttpdocs%2Fwp-load.php&path=%2Fvar%2Fwww%2Fvhosts%2Fjomarlogistica.com.br%2Fhttpdocs HTTP/1.1" 200 4770 "-" "Mozilla/5.0 AppleWebKit/537.36 (KHTML, like Gecko; compatible; ClaudeBot/1.0; +claudebot@anthropic.com)"
jomarlogistica.com.br:80 216.73.216.56 - - [12/Oct/2025:00:03:34 -0300] "GET /2023/08?fileloc=%2Fvar%2Fwww%2Fvhosts%2Fjomarlogistica.com.br%2Fhttpdocs%2Fwp-settings.php&path=%2Fvar%2Fwww%2Fvhosts%2Fjomarlogistica.com.br%2Fhttpdocs HTTP/1.1" 200 8278 "-" "Mozilla/5.0 AppleWebKit/537.36 (KHTML, like Gecko; compatible; ClaudeBot/1.0; +claudebot@anthropic.com)"
jomarlogistica.com.br:80 216.73.216.56 - - [12/Oct/2025:00:03:35 -0300] "GET /2023/08?fileloc=%2Fvar%2Fwww%2Fvhosts%2Fjomarlogistica.com.br%2Fhttpdocs%2Fwp-mail.php&path=%2Fvar%2Fwww%2Fvhosts%2Fjomarlogistica.com.br%2Fhttpdocs HTTP/1.1" 200 6062 "-" "Mozilla/5.0 AppleWebKit/537.36 (KHTML, like Gecko; compatible; ClaudeBot/1.0; +claudebot@anthropic.com)"
jomarlogistica.com.br:80 216.73.216.56 - - [12/Oct/2025:00:03:35 -0300] "GET /2023/07?fileloc=%2Fvar%2Fwww%2Fvhosts%2Fjomarlogistica.com.br%2Fhttpdocs%2Fwp-settings.php&path=%2Fvar%2Fwww%2Fvhosts%2Fjomarlogistica.com.br%2Fhttpdocs HTTP/1.1" 200 8278 "-" "Mozilla/5.0 AppleWebKit/537.36 (KHTML, like Gecko; compatible; ClaudeBot/1.0; +claudebot@anthropic.com)"
jomarlogistica.com.br:80 216.73.216.56 - - [12/Oct/2025:00:03:35 -0300] "GET /2023/07?fileloc=%2Fvar%2Fwww%2Fvhosts%2Fjomarlogistica.com.br%2Fhttpdocs%2Fwp-mail.php&path=%2Fvar%2Fwww%2Fvhosts%2Fjomarlogistica.com.br%2Fhttpdocs HTTP/1.1" 200 6081 "-" "Mozilla/5.0 AppleWebKit/537.36 (KHTML, like Gecko; compatible; ClaudeBot/1.0; +claudebot@anthropic.com)"
jomarlogistica.com.br:80 216.73.216.56 - - [12/Oct/2025:00:03:35 -0300] "GET /2023/08?fileloc=%2Fvar%2Fwww%2Fvhosts%2Fjomarlogistica.com.br%2Fhttpdocs%2Fwp-trackback.php&path=%2Fvar%2Fwww%2Fvhosts%2Fjomarlogistica.com.br%2Fhttpdocs HTTP/1.1" 200 4885 "-" "Mozilla/5.0 AppleWebKit/537.36 (KHTML, like Gecko; compatible; ClaudeBot/1.0; +claudebot@anthropic.com)"
jomarlogistica.com.br:80 216.73.216.56 - - [12/Oct/2025:00:03:36 -0300] "GET /2023/08?fileloc=%2Fvar%2Fwww%2Fvhosts%2Fjomarlogistica.com.br%2Fhttpdocs%2Fwp-activate.php&path=%2Fvar%2Fwww%2Fvhosts%2Fjomarlogistica.com.br%2Fhttpdocs HTTP/1.1" 200 5598 "-" "Mozilla/5.0 AppleWebKit/537.36 (KHTML, like Gecko; compatible; ClaudeBot/1.0; +claudebot@anthropic.com)"
jomarlogistica.com.br:80 216.73.216.56 - - [12/Oct/2025:00:03:36 -0300] "GET /2023/08?fileloc=%2Fvar%2Fwww%2Fvhosts%2Fjomarlogistica.com.br%2Fhttpdocs%2Fxmlrpc.php&path=%2Fvar%2Fwww%2Fvhosts%2Fjomarlogistica.com.br%2Fhttpdocs HTTP/1.1" 200 4507 "-" "Mozilla/5.0 AppleWebKit/537.36 (KHTML, like Gecko; compatible; ClaudeBot/1.0; +claudebot@anthropic.com)"
jomarlogistica.com.br:80 216.73.216.56 - - [12/Oct/2025:00:03:36 -0300] "GET /2023/07?fileloc=%2Fvar%2Fwww%2Fvhosts%2Fjomarlogistica.com.br%2Fhttpdocs%2Fwp-trackback.php&path=%2Fvar%2Fwww%2Fvhosts%2Fjomarlogistica.com.br%2Fhttpdocs HTTP/1.1" 200 4904 "-" "Mozilla/5.0 AppleWebKit/537.36 (KHTML, like Gecko; compatible; ClaudeBot/1.0; +claudebot@anthropic.com)"
jomarlogistica.com.br:80 216.73.216.56 - - [12/Oct/2025:00:03:36 -0300] "GET /2023/08?fileloc=%2Fvar%2Fwww%2Fvhosts%2Fjomarlogistica.com.br%2Fhttpdocs%2Fwp-config.php&path=%2Fvar%2Fwww%2Fvhosts%2Fjomarlogistica.com.br%2Fhttpdocs HTTP/1.1" 200 4839 "-" "Mozilla/5.0 AppleWebKit/537.36 (KHTML, like Gecko; compatible; ClaudeBot/1.0; +claudebot@anthropic.com)"
jomarlogistica.com.br:80 216.73.216.56 - - [12/Oct/2025:00:03:37 -0300] "GET /2023/07?fileloc=%2Fvar%2Fwww%2Fvhosts%2Fjomarlogistica.com.br%2Fhttpdocs%2Fwp-activate.php&path=%2Fvar%2Fwww%2Fvhosts%2Fjomarlogistica.com.br%2Fhttpdocs HTTP/1.1" 200 5598 "-" "Mozilla/5.0 AppleWebKit/537.36 (KHTML, like Gecko; compatible; ClaudeBot/1.0; +claudebot@anthropic.com)"
jomarlogistica.com.br:80 127.0.0.1 - - [12/Oct/2025:00:03:41 -0300] "OPTIONS * HTTP/1.0" 200 110 "-" "Apache/2.4.65 (Ubuntu) (internal dummy connection)"
jomarlogistica.com.br:80 216.73.216.56 - - [12/Oct/2025:00:05:54 -0300] "GET /2023/08?path=%2Fvar%2Fwww HTTP/1.1" 200 3446 "-" "Mozilla/5.0 AppleWebKit/537.36 (KHTML, like Gecko; compatible; ClaudeBot/1.0; +claudebot@anthropic.com)"
jomarlogistica.com.br:80 216.73.216.56 - - [12/Oct/2025:00:05:54 -0300] "GET /2023/07?path=%2Fvar%2Fwww%2Fvhosts%2Fjomarlogistica.com.br HTTP/1.1" 200 3520 "-" "Mozilla/5.0 AppleWebKit/537.36 (KHTML, like Gecko; compatible; ClaudeBot/1.0; +claudebot@anthropic.com)"
jomarlogistica.com.br:80 216.73.216.56 - - [12/Oct/2025:00:05:55 -0300] "GET /2023/07?path=%2Fvar%2Fwww HTTP/1.1" 200 3446 "-" "Mozilla/5.0 AppleWebKit/537.36 (KHTML, like Gecko; compatible; ClaudeBot/1.0; +claudebot@anthropic.com)"
jomarlogistica.com.br:80 216.73.216.56 - - [12/Oct/2025:00:05:55 -0300] "GET /2023/08?fileloc=%2Fvar%2Fwww%2Fvhosts%2Fjomarlogistica.com.br%2Fhttpdocs%2Flicense.txt&path=%2Fvar%2Fwww%2Fvhosts%2Fjomarlogistica.com.br%2Fhttpdocs HTTP/1.1" 200 10629 "-" "Mozilla/5.0 AppleWebKit/537.36 (KHTML, like Gecko; compatible; ClaudeBot/1.0; +claudebot@anthropic.com)"
jomarlogistica.com.br:80 216.73.216.56 - - [12/Oct/2025:00:05:55 -0300] "GET /2023/07?path=%2Fvar HTTP/1.1" 200 3089 "-" "Mozilla/5.0 AppleWebKit/537.36 (KHTML, like Gecko; compatible; ClaudeBot/1.0; +claudebot@anthropic.com)"
jomarlogistica.com.br:80 216.73.216.56 - - [12/Oct/2025:00:05:55 -0300] "GET /2023/07?fileloc=%2Fvar%2Fwww%2Fvhosts%2Fjomarlogistica.com.br%2Fhttpdocs%2Flicense.txt&path=%2Fvar%2Fwww%2Fvhosts%2Fjomarlogistica.com.br%2Fhttpdocs HTTP/1.1" 200 10629 "-" "Mozilla/5.0 AppleWebKit/537.36 (KHTML, like Gecko; compatible; ClaudeBot/1.0; +claudebot@anthropic.com)"
jomarlogistica.com.br:80 216.73.216.56 - - [12/Oct/2025:00:05:55 -0300] "GET /2023/08?fileloc=%2Fvar%2Fwww%2Fvhosts%2Fjomarlogistica.com.br%2Fhttpdocs%2F.htaccess&path=%2Fvar%2Fwww%2Fvhosts%2Fjomarlogistica.com.br%2Fhttpdocs HTTP/1.1" 200 5359 "-" "Mozilla/5.0 AppleWebKit/537.36 (KHTML, like Gecko; compatible; ClaudeBot/1.0; +claudebot@anthropic.com)"
jomarlogistica.com.br:80 216.73.216.56 - - [12/Oct/2025:00:05:55 -0300] "GET /2023/07?fileloc=%2Fvar%2Fwww%2Fvhosts%2Fjomarlogistica.com.br%2Fhttpdocs%2F.htaccess&path=%2Fvar%2Fwww%2Fvhosts%2Fjomarlogistica.com.br%2Fhttpdocs HTTP/1.1" 200 5359 "-" "Mozilla/5.0 AppleWebKit/537.36 (KHTML, like Gecko; compatible; ClaudeBot/1.0; +claudebot@anthropic.com)"
jomarlogistica.com.br:80 216.73.216.56 - - [12/Oct/2025:00:05:56 -0300] "GET /2023/08?path=%2Fvar%2Fwww%2Fvhosts%2Fjomarlogistica.com.br%2Fhttpdocs HTTP/1.1" 200 4481 "-" "Mozilla/5.0 AppleWebKit/537.36 (KHTML, like Gecko; compatible; ClaudeBot/1.0; +claudebot@anthropic.com)"
jomarlogistica.com.br:80 216.73.216.56 - - [12/Oct/2025:00:05:56 -0300] "GET /2023/07?path=%2Fvar%2Fwww%2Fvhosts%2Fjomarlogistica.com.br%2Fhttpdocs HTTP/1.1" 200 4462 "-" "Mozilla/5.0 AppleWebKit/537.36 (KHTML, like Gecko; compatible; ClaudeBot/1.0; +claudebot@anthropic.com)"
jomarlogistica.com.br:80 216.73.216.56 - - [12/Oct/2025:00:05:56 -0300] "GET /2023/08?path=%2Fvar%2Fwww%2Fvhosts HTTP/1.1" 200 3387 "-" "Mozilla/5.0 AppleWebKit/537.36 (KHTML, like Gecko; compatible; ClaudeBot/1.0; +claudebot@anthropic.com)"
jomarlogistica.com.br:80 216.73.216.56 - - [12/Oct/2025:00:05:56 -0300] "GET /2023/08?path=%2Fvar%2Fwww%2Fvhosts%2Fjomarlogistica.com.br%2Fhttpdocs%2Fwp-admin HTTP/1.1" 200 7932 "-" "Mozilla/5.0 AppleWebKit/537.36 (KHTML, like Gecko; compatible; ClaudeBot/1.0; +claudebot@anthropic.com)"
jomarlogistica.com.br:80 127.0.0.1 - - [12/Oct/2025:00:06:01 -0300] "OPTIONS * HTTP/1.0" 200 110 "-" "Apache/2.4.65 (Ubuntu) (internal dummy connection)"
jomarlogistica.com.br:80 216.73.216.56 - - [12/Oct/2025:00:06:28 -0300] "GET /2022/06/23/are-cherry-bomb-mufflers-legal-legal-information-and-regulations/feed?fileloc=%2Fvar%2Fwww%2Fvhosts%2Fjomarlogistica.com.br%2Fhttpdocs%2Fwp-cron.php&path=%2Fvar%2Fwww%2Fvhosts%2Fjomarlogistica.com.br%2Fhttpdocs HTTP/1.1" 200 4807 "-" "Mozilla/5.0 AppleWebKit/537.36 (KHTML, like Gecko; compatible; ClaudeBot/1.0; +claudebot@anthropic.com)"
jomarlogistica.com.br:80 216.73.216.56 - - [12/Oct/2025:00:06:28 -0300] "GET /2024/03/09/auburn-hills-legal-services-expert-legal-advice-representation?fileloc=%2Fvar%2Fwww%2Fvhosts%2Fjomarlogistica.com.br%2Fhttpdocs%2Fwp-mail.php&path=%2Fvar%2Fwww%2Fvhosts%2Fjomarlogistica.com.br%2Fhttpdocs HTTP/1.1" 200 6062 "-" "Mozilla/5.0 AppleWebKit/537.36 (KHTML, like Gecko; compatible; ClaudeBot/1.0; +claudebot@anthropic.com)"
jomarlogistica.com.br:80 216.73.216.56 - - [12/Oct/2025:00:06:28 -0300] "GET /2024/03/09/auburn-hills-legal-services-expert-legal-advice-representation?fileloc=%2Fvar%2Fwww%2Fvhosts%2Fjomarlogistica.com.br%2Fhttpdocs%2Fwp-activate.php&path=%2Fvar%2Fwww%2Fvhosts%2Fjomarlogistica.com.br%2Fhttpdocs HTTP/1.1" 200 5598 "-" "Mozilla/5.0 AppleWebKit/537.36 (KHTML, like Gecko; compatible; ClaudeBot/1.0; +claudebot@anthropic.com)"
jomarlogistica.com.br:80 216.73.216.56 - - [12/Oct/2025:00:06:28 -0300] "GET /2024/03/09/auburn-hills-legal-services-expert-legal-advice-representation?fileloc=%2Fvar%2Fwww%2Fvhosts%2Fjomarlogistica.com.br%2Fhttpdocs%2Fxmlrpc.php&path=%2Fvar%2Fwww%2Fvhosts%2Fjomarlogistica.com.br%2Fhttpdocs HTTP/1.1" 200 4507 "-" "Mozilla/5.0 AppleWebKit/537.36 (KHTML, like Gecko; compatible; ClaudeBot/1.0; +claudebot@anthropic.com)"
jomarlogistica.com.br:80 216.73.216.56 - - [12/Oct/2025:00:06:28 -0300] "GET /2024/03/09/auburn-hills-legal-services-expert-legal-advice-representation?fileloc=%2Fvar%2Fwww%2Fvhosts%2Fjomarlogistica.com.br%2Fhttpdocs%2Fwp-trackback.php&path=%2Fvar%2Fwww%2Fvhosts%2Fjomarlogistica.com.br%2Fhttpdocs HTTP/1.1" 200 4885 "-" "Mozilla/5.0 AppleWebKit/537.36 (KHTML, like Gecko; compatible; ClaudeBot/1.0; +claudebot@anthropic.com)"
jomarlogistica.com.br:80 216.73.216.56 - - [12/Oct/2025:00:06:29 -0300] "GET /2024/03/09/auburn-hills-legal-services-expert-legal-advice-representation?fileloc=%2Fvar%2Fwww%2Fvhosts%2Fjomarlogistica.com.br%2Fhttpdocs%2Fwp-links-opml.php&path=%2Fvar%2Fwww%2Fvhosts%2Fjomarlogistica.com.br%2Fhttpdocs HTTP/1.1" 200 4224 "-" "Mozilla/5.0 AppleWebKit/537.36 (KHTML, like Gecko; compatible; ClaudeBot/1.0; +claudebot@anthropic.com)"
jomarlogistica.com.br:80 216.73.216.56 - - [12/Oct/2025:00:06:29 -0300] "GET /2024/03/09/auburn-hills-legal-services-expert-legal-advice-representation?fileloc=%2Fvar%2Fwww%2Fvhosts%2Fjomarlogistica.com.br%2Fhttpdocs%2Fwp-config.php&path=%2Fvar%2Fwww%2Fvhosts%2Fjomarlogistica.com.br%2Fhttpdocs HTTP/1.1" 200 4839 "-" "Mozilla/5.0 AppleWebKit/537.36 (KHTML, like Gecko; compatible; ClaudeBot/1.0; +claudebot@anthropic.com)"
jomarlogistica.com.br:80 216.73.216.56 - - [12/Oct/2025:00:06:29 -0300] "GET /2024/03/09/auburn-hills-legal-services-expert-legal-advice-representation?fileloc=%2Fvar%2Fwww%2Fvhosts%2Fjomarlogistica.com.br%2Fhttpdocs%2Fwp-blog-header.php&path=%2Fvar%2Fwww%2Fvhosts%2Fjomarlogistica.com.br%2Fhttpdocs HTTP/1.1" 200 3276 "-" "Mozilla/5.0 AppleWebKit/537.36 (KHTML, like Gecko; compatible; ClaudeBot/1.0; +claudebot@anthropic.com)"
jomarlogistica.com.br:80 216.73.216.56 - - [12/Oct/2025:00:06:29 -0300] "GET /2023/08?path=%2Fvar%2Fwww%2Fvhosts%2Fjomarlogistica.com.br HTTP/1.1" 200 3520 "-" "Mozilla/5.0 AppleWebKit/537.36 (KHTML, like Gecko; compatible; ClaudeBot/1.0; +claudebot@anthropic.com)"
jomarlogistica.com.br:80 216.73.216.56 - - [12/Oct/2025:00:06:29 -0300] "GET /2023/08?path=%2Fvar HTTP/1.1" 200 3089 "-" "Mozilla/5.0 AppleWebKit/537.36 (KHTML, like Gecko; compatible; ClaudeBot/1.0; +claudebot@anthropic.com)"
jomarlogistica.com.br:80 216.73.216.56 - - [12/Oct/2025:00:06:29 -0300] "GET /2024/03/09/auburn-hills-legal-services-expert-legal-advice-representation?fileloc=%2Fvar%2Fwww%2Fvhosts%2Fjomarlogistica.com.br%2Fhttpdocs%2Fwp-config-sample.php&path=%2Fvar%2Fwww%2Fvhosts%2Fjomarlogistica.com.br%2Fhttpdocs HTTP/1.1" 200 4331 "-" "Mozilla/5.0 AppleWebKit/537.36 (KHTML, like Gecko; compatible; ClaudeBot/1.0; +claudebot@anthropic.com)"
jomarlogistica.com.br:80 216.73.216.56 - - [12/Oct/2025:00:06:29 -0300] "GET /2024/03/09/auburn-hills-legal-services-expert-legal-advice-representation?fileloc=%2Fvar%2Fwww%2Fvhosts%2Fjomarlogistica.com.br%2Fhttpdocs%2Fwp-cron.php&path=%2Fvar%2Fwww%2Fvhosts%2Fjomarlogistica.com.br%2Fhttpdocs HTTP/1.1" 200 4807 "-" "Mozilla/5.0 AppleWebKit/537.36 (KHTML, like Gecko; compatible; ClaudeBot/1.0; +claudebot@anthropic.com)"
jomarlogistica.com.br:80 127.0.0.1 - - [12/Oct/2025:00:06:34 -0300] "OPTIONS * HTTP/1.0" 200 110 "-" "Apache/2.4.65 (Ubuntu) (internal dummy connection)"
jomarlogistica.com.br:80 216.73.216.56 - - [12/Oct/2025:00:07:22 -0300] "GET /2022/06/23/are-cherry-bomb-mufflers-legal-legal-information-and-regulations/feed?path=%2Fvar%2Fwww%2Fvhosts%2Fjomarlogistica.com.br%2Fhttpdocs HTTP/1.1" 200 4462 "-" "Mozilla/5.0 AppleWebKit/537.36 (KHTML, like Gecko; compatible; ClaudeBot/1.0; +claudebot@anthropic.com)"
jomarlogistica.com.br:80 216.73.216.56 - - [12/Oct/2025:00:07:22 -0300] "GET /2022/06/23/are-cherry-bomb-mufflers-legal-legal-information-and-regulations/feed?fileloc=%2Fvar%2Fwww%2Fvhosts%2Fjomarlogistica.com.br%2Fhttpdocs%2Flicense.txt&path=%2Fvar%2Fwww%2Fvhosts%2Fjomarlogistica.com.br%2Fhttpdocs HTTP/1.1" 200 10629 "-" "Mozilla/5.0 AppleWebKit/537.36 (KHTML, like Gecko; compatible; ClaudeBot/1.0; +claudebot@anthropic.com)"
jomarlogistica.com.br:80 216.73.216.56 - - [12/Oct/2025:00:07:22 -0300] "GET /2022/06/23/are-cherry-bomb-mufflers-legal-legal-information-and-regulations/feed?path=%2Fvar%2Fwww%2Fvhosts%2Fjomarlogistica.com.br%2Fhttpdocs%2Fwp-admin HTTP/1.1" 200 7932 "-" "Mozilla/5.0 AppleWebKit/537.36 (KHTML, like Gecko; compatible; ClaudeBot/1.0; +claudebot@anthropic.com)"
jomarlogistica.com.br:80 216.73.216.56 - - [12/Oct/2025:00:07:22 -0300] "GET /2024/03/09/auburn-hills-legal-services-expert-legal-advice-representation?path=%2Fvar%2Fwww%2Fvhosts%2Fjomarlogistica.com.br%2Fhttpdocs%2Fwp-admin HTTP/1.1" 200 7932 "-" "Mozilla/5.0 AppleWebKit/537.36 (KHTML, like Gecko; compatible; ClaudeBot/1.0; +claudebot@anthropic.com)"
jomarlogistica.com.br:80 216.73.216.56 - - [12/Oct/2025:00:07:22 -0300] "GET /2022/06/23/are-cherry-bomb-mufflers-legal-legal-information-and-regulations/feed?path=%2Fvar%2Fwww%2Fvhosts%2Fjomarlogistica.com.br%2Fhttpdocs%2Fwp-includes HTTP/1.1" 200 13071 "-" "Mozilla/5.0 AppleWebKit/537.36 (KHTML, like Gecko; compatible; ClaudeBot/1.0; +claudebot@anthropic.com)"
jomarlogistica.com.br:80 216.73.216.56 - - [12/Oct/2025:00:07:22 -0300] "GET /2024/03/09/auburn-hills-legal-services-expert-legal-advice-representation?path=%2Fvar%2Fwww%2Fvhosts%2Fjomarlogistica.com.br%2Fhttpdocs%2Fwp-includes HTTP/1.1" 200 13071 "-" "Mozilla/5.0 AppleWebKit/537.36 (KHTML, like Gecko; compatible; ClaudeBot/1.0; +claudebot@anthropic.com)"
jomarlogistica.com.br:80 216.73.216.56 - - [12/Oct/2025:00:07:22 -0300] "GET /2022/06/23/are-cherry-bomb-mufflers-legal-legal-information-and-regulations/feed?fileloc=%2Fvar%2Fwww%2Fvhosts%2Fjomarlogistica.com.br%2Fhttpdocs%2F.htaccess&path=%2Fvar%2Fwww%2Fvhosts%2Fjomarlogistica.com.br%2Fhttpdocs HTTP/1.1" 200 5359 "-" "Mozilla/5.0 AppleWebKit/537.36 (KHTML, like Gecko; compatible; ClaudeBot/1.0; +claudebot@anthropic.com)"
jomarlogistica.com.br:80 216.73.216.56 - - [12/Oct/2025:00:07:22 -0300] "GET /2024/03/09/auburn-hills-legal-services-expert-legal-advice-representation?fileloc=%2Fvar%2Fwww%2Fvhosts%2Fjomarlogistica.com.br%2Fhttpdocs%2Flicense.txt&path=%2Fvar%2Fwww%2Fvhosts%2Fjomarlogistica.com.br%2Fhttpdocs HTTP/1.1" 200 10629 "-" "Mozilla/5.0 AppleWebKit/537.36 (KHTML, like Gecko; compatible; ClaudeBot/1.0; +claudebot@anthropic.com)"
jomarlogistica.com.br:80 216.73.216.56 - - [12/Oct/2025:00:07:23 -0300] "GET /2024/03/09/auburn-hills-legal-services-expert-legal-advice-representation?path=%2Fvar%2Fwww%2Fvhosts%2Fjomarlogistica.com.br%2Fhttpdocs%2Fwp-content HTTP/1.1" 200 3764 "-" "Mozilla/5.0 AppleWebKit/537.36 (KHTML, like Gecko; compatible; ClaudeBot/1.0; +claudebot@anthropic.com)"
jomarlogistica.com.br:80 216.73.216.56 - - [12/Oct/2025:00:07:23 -0300] "GET /2022/06/23/are-cherry-bomb-mufflers-legal-legal-information-and-regulations/feed?path=%2Fvar%2Fwww%2Fvhosts%2Fjomarlogistica.com.br%2Fhttpdocs%2Fwp-content HTTP/1.1" 200 3745 "-" "Mozilla/5.0 AppleWebKit/537.36 (KHTML, like Gecko; compatible; ClaudeBot/1.0; +claudebot@anthropic.com)"
jomarlogistica.com.br:80 216.73.216.56 - - [12/Oct/2025:00:07:23 -0300] "GET /2024/03/09/auburn-hills-legal-services-expert-legal-advice-representation?fileloc=%2Fvar%2Fwww%2Fvhosts%2Fjomarlogistica.com.br%2Fhttpdocs%2F.htaccess&path=%2Fvar%2Fwww%2Fvhosts%2Fjomarlogistica.com.br%2Fhttpdocs HTTP/1.1" 200 5359 "-" "Mozilla/5.0 AppleWebKit/537.36 (KHTML, like Gecko; compatible; ClaudeBot/1.0; +claudebot@anthropic.com)"
jomarlogistica.com.br:80 127.0.0.1 - - [12/Oct/2025:00:07:27 -0300] "OPTIONS * HTTP/1.0" 200 110 "-" "Apache/2.4.65 (Ubuntu) (internal dummy connection)"
jomarlogistica.com.br:80 216.73.216.56 - - [12/Oct/2025:00:09:26 -0300] "GET /2024/03/09/auburn-hills-legal-services-expert-legal-advice-representation?path=%2F HTTP/1.1" 200 3077 "-" "Mozilla/5.0 AppleWebKit/537.36 (KHTML, like Gecko; compatible; ClaudeBot/1.0; +claudebot@anthropic.com)"
jomarlogistica.com.br:80 216.73.216.56 - - [12/Oct/2025:00:09:26 -0300] "GET /2022/06/23/are-cherry-bomb-mufflers-legal-legal-information-and-regulations/feed?path=%2F HTTP/1.1" 200 3077 "-" "Mozilla/5.0 AppleWebKit/537.36 (KHTML, like Gecko; compatible; ClaudeBot/1.0; +claudebot@anthropic.com)"
jomarlogistica.com.br:80 216.73.216.56 - - [12/Oct/2025:00:09:26 -0300] "GET /2022/06/23/are-cherry-bomb-mufflers-legal-legal-information-and-regulations/feed?path=%2Fvar%2Fwww HTTP/1.1" 200 3446 "-" "Mozilla/5.0 AppleWebKit/537.36 (KHTML, like Gecko; compatible; ClaudeBot/1.0; +claudebot@anthropic.com)"
jomarlogistica.com.br:80 216.73.216.56 - - [12/Oct/2025:00:09:26 -0300] "GET /2024/03/09/auburn-hills-legal-services-expert-legal-advice-representation?path=%2Fvar%2Fwww%2Fvhosts%2Fjomarlogistica.com.br HTTP/1.1" 200 3520 "-" "Mozilla/5.0 AppleWebKit/537.36 (KHTML, like Gecko; compatible; ClaudeBot/1.0; +claudebot@anthropic.com)"
jomarlogistica.com.br:80 216.73.216.56 - - [12/Oct/2025:00:09:26 -0300] "GET /2024/03/09/auburn-hills-legal-services-expert-legal-advice-representation?path=%2Fvar%2Fwww HTTP/1.1" 200 3446 "-" "Mozilla/5.0 AppleWebKit/537.36 (KHTML, like Gecko; compatible; ClaudeBot/1.0; +claudebot@anthropic.com)"
jomarlogistica.com.br:80 216.73.216.56 - - [12/Oct/2025:00:09:26 -0300] "GET /2024/03/09/auburn-hills-legal-services-expert-legal-advice-representation?path=%2Fvar%2Fwww%2Fvhosts HTTP/1.1" 200 3368 "-" "Mozilla/5.0 AppleWebKit/537.36 (KHTML, like Gecko; compatible; ClaudeBot/1.0; +claudebot@anthropic.com)"
jomarlogistica.com.br:80 216.73.216.56 - - [12/Oct/2025:00:09:26 -0300] "GET /2024/03/09/auburn-hills-legal-services-expert-legal-advice-representation?path=%2Fvar HTTP/1.1" 200 3089 "-" "Mozilla/5.0 AppleWebKit/537.36 (KHTML, like Gecko; compatible; ClaudeBot/1.0; +claudebot@anthropic.com)"
jomarlogistica.com.br:80 216.73.216.56 - - [12/Oct/2025:00:09:26 -0300] "GET /2022/06/23/are-cherry-bomb-mufflers-legal-legal-information-and-regulations/feed?path=%2Fvar HTTP/1.1" 200 3089 "-" "Mozilla/5.0 AppleWebKit/537.36 (KHTML, like Gecko; compatible; ClaudeBot/1.0; +claudebot@anthropic.com)"
jomarlogistica.com.br:80 216.73.216.56 - - [12/Oct/2025:00:09:26 -0300] "GET /2022/06/23/are-cherry-bomb-mufflers-legal-legal-information-and-regulations/feed?path=%2Fvar%2Fwww%2Fvhosts%2Fjomarlogistica.com.br HTTP/1.1" 200 3520 "-" "Mozilla/5.0 AppleWebKit/537.36 (KHTML, like Gecko; compatible; ClaudeBot/1.0; +claudebot@anthropic.com)"
jomarlogistica.com.br:80 216.73.216.56 - - [12/Oct/2025:00:09:26 -0300] "GET /2022/06/23/are-cherry-bomb-mufflers-legal-legal-information-and-regulations/feed?path=%2Fvar%2Fwww%2Fvhosts HTTP/1.1" 200 3368 "-" "Mozilla/5.0 AppleWebKit/537.36 (KHTML, like Gecko; compatible; ClaudeBot/1.0; +claudebot@anthropic.com)"
jomarlogistica.com.br:80 216.73.216.56 - - [12/Oct/2025:00:09:27 -0300] "GET /2024/03/09/auburn-hills-legal-services-expert-legal-advice-representation?path=%2Fvar%2Fwww%2Fvhosts%2Fjomarlogistica.com.br%2Fhttpdocs HTTP/1.1" 200 4462 "-" "Mozilla/5.0 AppleWebKit/537.36 (KHTML, like Gecko; compatible; ClaudeBot/1.0; +claudebot@anthropic.com)"
jomarlogistica.com.br:80 127.0.0.1 - - [12/Oct/2025:00:09:31 -0300] "OPTIONS * HTTP/1.0" 200 110 "-" "Apache/2.4.65 (Ubuntu) (internal dummy connection)"
jomarlogistica.com.br:80 216.73.216.56 - - [12/Oct/2025:00:10:12 -0300] "GET /2023/07?path=%2Fvar%2Fwww%2Fvhosts HTTP/1.1" 200 3368 "-" "Mozilla/5.0 AppleWebKit/537.36 (KHTML, like Gecko; compatible; ClaudeBot/1.0; +claudebot@anthropic.com)"
jomarlogistica.com.br:80 216.73.216.56 - - [12/Oct/2025:00:10:12 -0300] "GET /2023/07?path=%2Fvar%2Fwww%2Fvhosts%2Fjomarlogistica.com.br%2Fhttpdocs%2Fwp-admin HTTP/1.1" 200 7932 "-" "Mozilla/5.0 AppleWebKit/537.36 (KHTML, like Gecko; compatible; ClaudeBot/1.0; +claudebot@anthropic.com)"
jomarlogistica.com.br:80 216.73.216.56 - - [12/Oct/2025:00:10:12 -0300] "GET /2023/07?fileloc=%2Fvar%2Fwww%2Fvhosts%2Fjomarlogistica.com.br%2Fhttpdocs%2Findex.php&path=%2Fvar%2Fwww%2Fvhosts%2Fjomarlogistica.com.br%2Fhttpdocs HTTP/1.1" 200 3297 "-" "Mozilla/5.0 AppleWebKit/537.36 (KHTML, like Gecko; compatible; ClaudeBot/1.0; +claudebot@anthropic.com)"
jomarlogistica.com.br:80 216.73.216.56 - - [12/Oct/2025:00:10:13 -0300] "GET /2023/08?fileloc=%2Fvar%2Fwww%2Fvhosts%2Fjomarlogistica.com.br%2Fhttpdocs%2Fwp-signup.php&path=%2Fvar%2Fwww%2Fvhosts%2Fjomarlogistica.com.br%2Fhttpdocs HTTP/1.1" 200 11177 "-" "Mozilla/5.0 AppleWebKit/537.36 (KHTML, like Gecko; compatible; ClaudeBot/1.0; +claudebot@anthropic.com)"
jomarlogistica.com.br:80 216.73.216.56 - - [12/Oct/2025:00:10:13 -0300] "GET /2023/08?path=%2Fvar%2Fwww%2Fvhosts%2Fjomarlogistica.com.br%2Fhttpdocs%2Fwp-includes HTTP/1.1" 200 13071 "-" "Mozilla/5.0 AppleWebKit/537.36 (KHTML, like Gecko; compatible; ClaudeBot/1.0; +claudebot@anthropic.com)"
jomarlogistica.com.br:80 216.73.216.56 - - [12/Oct/2025:00:10:13 -0300] "GET /2023/08?fileloc=%2Fvar%2Fwww%2Fvhosts%2Fjomarlogistica.com.br%2Fhttpdocs%2Fwp-comments-post.php&path=%2Fvar%2Fwww%2Fvhosts%2Fjomarlogistica.com.br%2Fhttpdocs HTTP/1.1" 200 4143 "-" "Mozilla/5.0 AppleWebKit/537.36 (KHTML, like Gecko; compatible; ClaudeBot/1.0; +claudebot@anthropic.com)"
jomarlogistica.com.br:80 216.73.216.56 - - [12/Oct/2025:00:10:13 -0300] "GET /2023/07?fileloc=%2Fvar%2Fwww%2Fvhosts%2Fjomarlogistica.com.br%2Fhttpdocs%2Fwp-signup.php&path=%2Fvar%2Fwww%2Fvhosts%2Fjomarlogistica.com.br%2Fhttpdocs HTTP/1.1" 200 11196 "-" "Mozilla/5.0 AppleWebKit/537.36 (KHTML, like Gecko; compatible; ClaudeBot/1.0; +claudebot@anthropic.com)"
jomarlogistica.com.br:80 216.73.216.56 - - [12/Oct/2025:00:10:13 -0300] "GET /2023/07?fileloc=%2Fvar%2Fwww%2Fvhosts%2Fjomarlogistica.com.br%2Fhttpdocs%2Freadme.html&path=%2Fvar%2Fwww%2Fvhosts%2Fjomarlogistica.com.br%2Fhttpdocs HTTP/1.1" 200 6203 "-" "Mozilla/5.0 AppleWebKit/537.36 (KHTML, like Gecko; compatible; ClaudeBot/1.0; +claudebot@anthropic.com)"
jomarlogistica.com.br:80 216.73.216.56 - - [12/Oct/2025:00:10:13 -0300] "GET /2023/07?fileloc=%2Fvar%2Fwww%2Fvhosts%2Fjomarlogistica.com.br%2Fhttpdocs%2Fwp-comments-post.php&path=%2Fvar%2Fwww%2Fvhosts%2Fjomarlogistica.com.br%2Fhttpdocs HTTP/1.1" 200 4143 "-" "Mozilla/5.0 AppleWebKit/537.36 (KHTML, like Gecko; compatible; ClaudeBot/1.0; +claudebot@anthropic.com)"
jomarlogistica.com.br:80 216.73.216.56 - - [12/Oct/2025:00:10:13 -0300] "GET /2023/08?fileloc=%2Fvar%2Fwww%2Fvhosts%2Fjomarlogistica.com.br%2Fhttpdocs%2Freadme.html&path=%2Fvar%2Fwww%2Fvhosts%2Fjomarlogistica.com.br%2Fhttpdocs HTTP/1.1" 200 6203 "-" "Mozilla/5.0 AppleWebKit/537.36 (KHTML, like Gecko; compatible; ClaudeBot/1.0; +claudebot@anthropic.com)"
jomarlogistica.com.br:80 216.73.216.56 - - [12/Oct/2025:00:10:13 -0300] "GET /2023/07?path=%2Fvar%2Fwww%2Fvhosts%2Fjomarlogistica.com.br%2Fhttpdocs%2Fwp-includes HTTP/1.1" 200 13071 "-" "Mozilla/5.0 AppleWebKit/537.36 (KHTML, like Gecko; compatible; ClaudeBot/1.0; +claudebot@anthropic.com)"
jomarlogistica.com.br:80 216.73.216.56 - - [12/Oct/2025:00:10:13 -0300] "GET /2023/08?fileloc=%2Fvar%2Fwww%2Fvhosts%2Fjomarlogistica.com.br%2Fhttpdocs%2Findex.php&path=%2Fvar%2Fwww%2Fvhosts%2Fjomarlogistica.com.br%2Fhttpdocs HTTP/1.1" 200 3297 "-" "Mozilla/5.0 AppleWebKit/537.36 (KHTML, like Gecko; compatible; ClaudeBot/1.0; +claudebot@anthropic.com)"
jomarlogistica.com.br:80 127.0.0.1 - - [12/Oct/2025:00:10:18 -0300] "OPTIONS * HTTP/1.0" 200 110 "-" "Apache/2.4.65 (Ubuntu) (internal dummy connection)"
jomarlogistica.com.br:80 216.73.216.56 - - [12/Oct/2025:00:11:13 -0300] "GET /2022/06/23/are-cherry-bomb-mufflers-legal-legal-information-and-regulations/feed?fileloc=%2Fvar%2Fwww%2Fvhosts%2Fjomarlogistica.com.br%2Fhttpdocs%2Fwp-config.php&path=%2Fvar%2Fwww%2Fvhosts%2Fjomarlogistica.com.br%2Fhttpdocs HTTP/1.1" 200 4839 "-" "Mozilla/5.0 AppleWebKit/537.36 (KHTML, like Gecko; compatible; ClaudeBot/1.0; +claudebot@anthropic.com)"
jomarlogistica.com.br:80 216.73.216.56 - - [12/Oct/2025:00:11:13 -0300] "GET /2022/06/23/are-cherry-bomb-mufflers-legal-legal-information-and-regulations/feed?fileloc=%2Fvar%2Fwww%2Fvhosts%2Fjomarlogistica.com.br%2Fhttpdocs%2Fxmlrpc.php&path=%2Fvar%2Fwww%2Fvhosts%2Fjomarlogistica.com.br%2Fhttpdocs HTTP/1.1" 200 4507 "-" "Mozilla/5.0 AppleWebKit/537.36 (KHTML, like Gecko; compatible; ClaudeBot/1.0; +claudebot@anthropic.com)"
jomarlogistica.com.br:80 216.73.216.56 - - [12/Oct/2025:00:11:13 -0300] "GET /2022/06/23/are-cherry-bomb-mufflers-legal-legal-information-and-regulations/feed?fileloc=%2Fvar%2Fwww%2Fvhosts%2Fjomarlogistica.com.br%2Fhttpdocs%2Fwp-blog-header.php&path=%2Fvar%2Fwww%2Fvhosts%2Fjomarlogistica.com.br%2Fhttpdocs HTTP/1.1" 200 3276 "-" "Mozilla/5.0 AppleWebKit/537.36 (KHTML, like Gecko; compatible; ClaudeBot/1.0; +claudebot@anthropic.com)"
jomarlogistica.com.br:80 216.73.216.56 - - [12/Oct/2025:00:11:13 -0300] "GET /2024/03/09/auburn-hills-legal-services-expert-legal-advice-representation?fileloc=%2Fvar%2Fwww%2Fvhosts%2Fjomarlogistica.com.br%2Fhttpdocs%2Fwp-settings.php&path=%2Fvar%2Fwww%2Fvhosts%2Fjomarlogistica.com.br%2Fhttpdocs HTTP/1.1" 200 8278 "-" "Mozilla/5.0 AppleWebKit/537.36 (KHTML, like Gecko; compatible; ClaudeBot/1.0; +claudebot@anthropic.com)"
jomarlogistica.com.br:80 216.73.216.56 - - [12/Oct/2025:00:11:13 -0300] "GET /2022/06/23/are-cherry-bomb-mufflers-legal-legal-information-and-regulations/feed?fileloc=%2Fvar%2Fwww%2Fvhosts%2Fjomarlogistica.com.br%2Fhttpdocs%2Fwp-config-sample.php&path=%2Fvar%2Fwww%2Fvhosts%2Fjomarlogistica.com.br%2Fhttpdocs HTTP/1.1" 200 4312 "-" "Mozilla/5.0 AppleWebKit/537.36 (KHTML, like Gecko; compatible; ClaudeBot/1.0; +claudebot@anthropic.com)"
jomarlogistica.com.br:80 216.73.216.56 - - [12/Oct/2025:00:11:13 -0300] "GET /2024/03/09/auburn-hills-legal-services-expert-legal-advice-representation?fileloc=%2Fvar%2Fwww%2Fvhosts%2Fjomarlogistica.com.br%2Fhttpdocs%2Fwp-load.php&path=%2Fvar%2Fwww%2Fvhosts%2Fjomarlogistica.com.br%2Fhttpdocs HTTP/1.1" 200 4789 "-" "Mozilla/5.0 AppleWebKit/537.36 (KHTML, like Gecko; compatible; ClaudeBot/1.0; +claudebot@anthropic.com)"
jomarlogistica.com.br:80 216.73.216.56 - - [12/Oct/2025:00:11:13 -0300] "GET /2022/06/23/are-cherry-bomb-mufflers-legal-legal-information-and-regulations/feed?fileloc=%2Fvar%2Fwww%2Fvhosts%2Fjomarlogistica.com.br%2Fhttpdocs%2Fwp-trackback.php&path=%2Fvar%2Fwww%2Fvhosts%2Fjomarlogistica.com.br%2Fhttpdocs HTTP/1.1" 200 4885 "-" "Mozilla/5.0 AppleWebKit/537.36 (KHTML, like Gecko; compatible; ClaudeBot/1.0; +claudebot@anthropic.com)"
jomarlogistica.com.br:80 216.73.216.56 - - [12/Oct/2025:00:11:13 -0300] "GET /2022/06/23/are-cherry-bomb-mufflers-legal-legal-information-and-regulations/feed?fileloc=%2Fvar%2Fwww%2Fvhosts%2Fjomarlogistica.com.br%2Fhttpdocs%2Fwp-links-opml.php&path=%2Fvar%2Fwww%2Fvhosts%2Fjomarlogistica.com.br%2Fhttpdocs HTTP/1.1" 200 4205 "-" "Mozilla/5.0 AppleWebKit/537.36 (KHTML, like Gecko; compatible; ClaudeBot/1.0; +claudebot@anthropic.com)"
jomarlogistica.com.br:80 216.73.216.56 - - [12/Oct/2025:00:11:13 -0300] "GET /2024/03/09/auburn-hills-legal-services-expert-legal-advice-representation?fileloc=%2Fvar%2Fwww%2Fvhosts%2Fjomarlogistica.com.br%2Fhttpdocs%2Fwp-signup.php&path=%2Fvar%2Fwww%2Fvhosts%2Fjomarlogistica.com.br%2Fhttpdocs HTTP/1.1" 200 11177 "-" "Mozilla/5.0 AppleWebKit/537.36 (KHTML, like Gecko; compatible; ClaudeBot/1.0; +claudebot@anthropic.com)"
jomarlogistica.com.br:80 216.73.216.56 - - [12/Oct/2025:00:11:13 -0300] "GET /2022/06/23/are-cherry-bomb-mufflers-legal-legal-information-and-regulations/feed?fileloc=%2Fvar%2Fwww%2Fvhosts%2Fjomarlogistica.com.br%2Fhttpdocs%2Fwp-activate.php&path=%2Fvar%2Fwww%2Fvhosts%2Fjomarlogistica.com.br%2Fhttpdocs HTTP/1.1" 200 5598 "-" "Mozilla/5.0 AppleWebKit/537.36 (KHTML, like Gecko; compatible; ClaudeBot/1.0; +claudebot@anthropic.com)"
jomarlogistica.com.br:80 216.73.216.56 - - [12/Oct/2025:00:11:13 -0300] "GET /2024/03/09/auburn-hills-legal-services-expert-legal-advice-representation?fileloc=%2Fvar%2Fwww%2Fvhosts%2Fjomarlogistica.com.br%2Fhttpdocs%2Fwp-comments-post.php&path=%2Fvar%2Fwww%2Fvhosts%2Fjomarlogistica.com.br%2Fhttpdocs HTTP/1.1" 200 4143 "-" "Mozilla/5.0 AppleWebKit/537.36 (KHTML, like Gecko; compatible; ClaudeBot/1.0; +claudebot@anthropic.com)"
jomarlogistica.com.br:80 127.0.0.1 - - [12/Oct/2025:00:11:18 -0300] "OPTIONS * HTTP/1.0" 200 110 "-" "Apache/2.4.65 (Ubuntu) (internal dummy connection)"
jomarlogistica.com.br:80 216.244.66.226 - - [12/Oct/2025:00:11:23 -0300] "GET /2023/09/04/is-worth-of-digital-data-rooms/ HTTP/1.1" 200 46229 "-" "Mozilla/5.0 (compatible; DotBot/1.2; +https://opensiteexplorer.org/dotbot; help@moz.com)"
jomarlogistica.com.br:80 177.116.190.244 - - [12/Oct/2025:00:13:01 -0300] "POST /autodiscover/autodiscover.xml HTTP/1.1" 200 4462 "-" "AppleExchangeWebServices/833 accountsd/113"
jomarlogistica.com.br:80 177.116.190.244 - - [12/Oct/2025:00:13:01 -0300] "POST /autodiscover/autodiscover.xml HTTP/1.1" 200 4462 "-" "AppleExchangeWebServices/833 accountsd/113"
jomarlogistica.com.br:80 216.73.216.56 - - [12/Oct/2025:00:13:23 -0300] "GET /2022/06/23/are-cherry-bomb-mufflers-legal-legal-information-and-regulations/feed?fileloc=%2Fvar%2Fwww%2Fvhosts%2Fjomarlogistica.com.br%2Fhttpdocs%2Freadme.html&path=%2Fvar%2Fwww%2Fvhosts%2Fjomarlogistica.com.br%2Fhttpdocs HTTP/1.1" 200 6203 "-" "Mozilla/5.0 AppleWebKit/537.36 (KHTML, like Gecko; compatible; ClaudeBot/1.0; +claudebot@anthropic.com)"
jomarlogistica.com.br:80 216.73.216.56 - - [12/Oct/2025:00:13:23 -0300] "GET /2022/06/23/are-cherry-bomb-mufflers-legal-legal-information-and-regulations/feed?fileloc=%2Fvar%2Fwww%2Fvhosts%2Fjomarlogistica.com.br%2Fhttpdocs%2Fwp-signup.php&path=%2Fvar%2Fwww%2Fvhosts%2Fjomarlogistica.com.br%2Fhttpdocs HTTP/1.1" 200 11177 "-" "Mozilla/5.0 AppleWebKit/537.36 (KHTML, like Gecko; compatible; ClaudeBot/1.0; +claudebot@anthropic.com)"
jomarlogistica.com.br:80 216.73.216.56 - - [12/Oct/2025:00:13:23 -0300] "GET /2022/06/23/are-cherry-bomb-mufflers-legal-legal-information-and-regulations/feed?fileloc=%2Fvar%2Fwww%2Fvhosts%2Fjomarlogistica.com.br%2Fhttpdocs%2Fwp-comments-post.php&path=%2Fvar%2Fwww%2Fvhosts%2Fjomarlogistica.com.br%2Fhttpdocs HTTP/1.1" 200 4143 "-" "Mozilla/5.0 AppleWebKit/537.36 (KHTML, like Gecko; compatible; ClaudeBot/1.0; +claudebot@anthropic.com)"
jomarlogistica.com.br:80 216.73.216.56 - - [12/Oct/2025:00:13:23 -0300] "GET /2022/06/23/are-cherry-bomb-mufflers-legal-legal-information-and-regulations/feed?fileloc=%2Fvar%2Fwww%2Fvhosts%2Fjomarlogistica.com.br%2Fhttpdocs%2Fwp-load.php&path=%2Fvar%2Fwww%2Fvhosts%2Fjomarlogistica.com.br%2Fhttpdocs HTTP/1.1" 200 4770 "-" "Mozilla/5.0 AppleWebKit/537.36 (KHTML, like Gecko; compatible; ClaudeBot/1.0; +claudebot@anthropic.com)"
jomarlogistica.com.br:80 216.73.216.56 - - [12/Oct/2025:00:13:23 -0300] "GET /2022/06/23/are-cherry-bomb-mufflers-legal-legal-information-and-regulations/feed?fileloc=%2Fvar%2Fwww%2Fvhosts%2Fjomarlogistica.com.br%2Fhttpdocs%2Fwp-settings.php&path=%2Fvar%2Fwww%2Fvhosts%2Fjomarlogistica.com.br%2Fhttpdocs HTTP/1.1" 200 8278 "-" "Mozilla/5.0 AppleWebKit/537.36 (KHTML, like Gecko; compatible; ClaudeBot/1.0; +claudebot@anthropic.com)"
jomarlogistica.com.br:80 216.73.216.56 - - [12/Oct/2025:00:13:23 -0300] "GET /2022/06/23/are-cherry-bomb-mufflers-legal-legal-information-and-regulations/feed?fileloc=%2Fvar%2Fwww%2Fvhosts%2Fjomarlogistica.com.br%2Fhttpdocs%2Fwp-mail.php&path=%2Fvar%2Fwww%2Fvhosts%2Fjomarlogistica.com.br%2Fhttpdocs HTTP/1.1" 200 6081 "-" "Mozilla/5.0 AppleWebKit/537.36 (KHTML, like Gecko; compatible; ClaudeBot/1.0; +claudebot@anthropic.com)"
jomarlogistica.com.br:80 216.73.216.56 - - [12/Oct/2025:00:13:23 -0300] "GET /2023/08?path=%2F HTTP/1.1" 200 3077 "-" "Mozilla/5.0 AppleWebKit/537.36 (KHTML, like Gecko; compatible; ClaudeBot/1.0; +claudebot@anthropic.com)"
jomarlogistica.com.br:80 216.73.216.56 - - [12/Oct/2025:00:13:23 -0300] "GET /2024/03/09/auburn-hills-legal-services-expert-legal-advice-representation?fileloc=%2Fvar%2Fwww%2Fvhosts%2Fjomarlogistica.com.br%2Fhttpdocs%2Findex.php&path=%2Fvar%2Fwww%2Fvhosts%2Fjomarlogistica.com.br%2Fhttpdocs HTTP/1.1" 200 3297 "-" "Mozilla/5.0 AppleWebKit/537.36 (KHTML, like Gecko; compatible; ClaudeBot/1.0; +claudebot@anthropic.com)"
jomarlogistica.com.br:80 216.73.216.56 - - [12/Oct/2025:00:13:23 -0300] "GET /2024/03/09/auburn-hills-legal-services-expert-legal-advice-representation?fileloc=%2Fvar%2Fwww%2Fvhosts%2Fjomarlogistica.com.br%2Fhttpdocs%2Freadme.html&path=%2Fvar%2Fwww%2Fvhosts%2Fjomarlogistica.com.br%2Fhttpdocs HTTP/1.1" 200 6203 "-" "Mozilla/5.0 AppleWebKit/537.36 (KHTML, like Gecko; compatible; ClaudeBot/1.0; +claudebot@anthropic.com)"
jomarlogistica.com.br:80 216.73.216.56 - - [12/Oct/2025:00:13:23 -0300] "GET /2022/06/23/are-cherry-bomb-mufflers-legal-legal-information-and-regulations/feed?fileloc=%2Fvar%2Fwww%2Fvhosts%2Fjomarlogistica.com.br%2Fhttpdocs%2Findex.php&path=%2Fvar%2Fwww%2Fvhosts%2Fjomarlogistica.com.br%2Fhttpdocs HTTP/1.1" 200 3297 "-" "Mozilla/5.0 AppleWebKit/537.36 (KHTML, like Gecko; compatible; ClaudeBot/1.0; +claudebot@anthropic.com)"
jomarlogistica.com.br:80 216.73.216.56 - - [12/Oct/2025:00:13:23 -0300] "GET /2023/07?path=%2F HTTP/1.1" 200 3077 "-" "Mozilla/5.0 AppleWebKit/537.36 (KHTML, like Gecko; compatible; ClaudeBot/1.0; +claudebot@anthropic.com)"
jomarlogistica.com.br:80 127.0.0.1 - - [12/Oct/2025:00:13:28 -0300] "OPTIONS * HTTP/1.0" 200 110 "-" "Apache/2.4.65 (Ubuntu) (internal dummy connection)"
jomarlogistica.com.br:80 177.116.190.244 - - [12/Oct/2025:00:16:36 -0300] "POST /autodiscover/autodiscover.xml HTTP/1.1" 200 4462 "-" "AppleExchangeWebServices/833 accountsd/113"
jomarlogistica.com.br:80 177.116.190.244 - - [12/Oct/2025:00:16:36 -0300] "POST /autodiscover/autodiscover.xml HTTP/1.1" 200 4462 "-" "AppleExchangeWebServices/833 accountsd/113"
jomarlogistica.com.br:80 57.141.0.70 - - [12/Oct/2025:00:20:09 -0300] "GET /2022/12/08/africa-girl-stereotypes/ HTTP/1.1" 200 46229 "-" "meta-externalagent/1.1 (+https://developers.facebook.com/docs/sharing/webmasters/crawler)"