jomarlogistica.com.br:80 94.15.7.6 - - [11/Oct/2025:03:24:45 -0300] "GET /wp-content/themes/consultio/assets/js/magnific-popup.min.js?ver=1.0.0 HTTP/1.1" 200 14895 "https://jomarlogistica.com.br/2024/01/23/checkpoint-firewall-rules-export-best-practices-and-guidelines/" "Mozilla/5.0 (Linux; Android 10; K) AppleWebKit/537.36 (KHTML, like Gecko) SamsungBrowser/28.0 Chrome/130.0.0.0 Mobile Safari/537.36"
jomarlogistica.com.br:80 94.15.7.6 - - [11/Oct/2025:03:24:45 -0300] "GET /wp-content/themes/consultio/assets/js/progressbar.min.js?ver=1.0.0 HTTP/1.1" 200 1327 "https://jomarlogistica.com.br/2024/01/23/checkpoint-firewall-rules-export-best-practices-and-guidelines/" "Mozilla/5.0 (Linux; Android 10; K) AppleWebKit/537.36 (KHTML, like Gecko) SamsungBrowser/28.0 Chrome/130.0.0.0 Mobile Safari/537.36"
jomarlogistica.com.br:80 94.15.7.6 - - [11/Oct/2025:03:24:45 -0300] "GET /wp-content/themes/consultio/assets/js/wow.min.js?ver=1.0.0 HTTP/1.1" 200 3260 "https://jomarlogistica.com.br/2024/01/23/checkpoint-firewall-rules-export-best-practices-and-guidelines/" "Mozilla/5.0 (Linux; Android 10; K) AppleWebKit/537.36 (KHTML, like Gecko) SamsungBrowser/28.0 Chrome/130.0.0.0 Mobile Safari/537.36"
jomarlogistica.com.br:80 94.15.7.6 - - [11/Oct/2025:03:24:45 -0300] "GET /wp-includes/js/jquery/ui/mouse.min.js?ver=1.12.1 HTTP/1.1" 200 1479 "https://jomarlogistica.com.br/2024/01/23/checkpoint-firewall-rules-export-best-practices-and-guidelines/" "Mozilla/5.0 (Linux; Android 10; K) AppleWebKit/537.36 (KHTML, like Gecko) SamsungBrowser/28.0 Chrome/130.0.0.0 Mobile Safari/537.36"
jomarlogistica.com.br:80 94.15.7.6 - - [11/Oct/2025:03:24:45 -0300] "GET /wp-includes/js/jquery/ui/slider.min.js?ver=1.12.1 HTTP/1.1" 200 3602 "https://jomarlogistica.com.br/2024/01/23/checkpoint-firewall-rules-export-best-practices-and-guidelines/" "Mozilla/5.0 (Linux; Android 10; K) AppleWebKit/537.36 (KHTML, like Gecko) SamsungBrowser/28.0 Chrome/130.0.0.0 Mobile Safari/537.36"
jomarlogistica.com.br:80 94.15.7.6 - - [11/Oct/2025:03:24:45 -0300] "GET /wp-includes/js/wp-embed.min.js?ver=5.8.10 HTTP/1.1" 200 1177 "https://jomarlogistica.com.br/2024/01/23/checkpoint-firewall-rules-export-best-practices-and-guidelines/" "Mozilla/5.0 (Linux; Android 10; K) AppleWebKit/537.36 (KHTML, like Gecko) SamsungBrowser/28.0 Chrome/130.0.0.0 Mobile Safari/537.36"
jomarlogistica.com.br:80 94.15.7.6 - - [11/Oct/2025:03:24:45 -0300] "GET /wp-content/themes/consultio/assets/js/main.js?ver=2.8.0 HTTP/1.1" 200 6455 "https://jomarlogistica.com.br/2024/01/23/checkpoint-firewall-rules-export-best-practices-and-guidelines/" "Mozilla/5.0 (Linux; Android 10; K) AppleWebKit/537.36 (KHTML, like Gecko) SamsungBrowser/28.0 Chrome/130.0.0.0 Mobile Safari/537.36"
jomarlogistica.com.br:80 94.15.7.6 - - [11/Oct/2025:03:24:45 -0300] "GET /wp-content/plugins/revslider/public/assets/js/rbtools.min.js?ver=6.5.11 HTTP/1.1" 200 48787 "https://jomarlogistica.com.br/2024/01/23/checkpoint-firewall-rules-export-best-practices-and-guidelines/" "Mozilla/5.0 (Linux; Android 10; K) AppleWebKit/537.36 (KHTML, like Gecko) SamsungBrowser/28.0 Chrome/130.0.0.0 Mobile Safari/537.36"
jomarlogistica.com.br:80 94.15.7.6 - - [11/Oct/2025:03:24:45 -0300] "GET /wp-includes/js/wp-emoji-release.min.js?ver=5.8.10 HTTP/1.1" 200 5577 "https://jomarlogistica.com.br/2024/01/23/checkpoint-firewall-rules-export-best-practices-and-guidelines/" "Mozilla/5.0 (Linux; Android 10; K) AppleWebKit/537.36 (KHTML, like Gecko) SamsungBrowser/28.0 Chrome/130.0.0.0 Mobile Safari/537.36"
jomarlogistica.com.br:80 94.15.7.6 - - [11/Oct/2025:03:24:45 -0300] "GET /wp-content/uploads/2020/05/bg-page-title-u.jpg HTTP/1.1" 200 88326 "https://jomarlogistica.com.br/2024/01/23/checkpoint-firewall-rules-export-best-practices-and-guidelines/" "Mozilla/5.0 (Linux; Android 10; K) AppleWebKit/537.36 (KHTML, like Gecko) SamsungBrowser/28.0 Chrome/130.0.0.0 Mobile Safari/537.36"
jomarlogistica.com.br:80 94.15.7.6 - - [11/Oct/2025:03:24:45 -0300] "GET /wp-content/plugins/revslider/public/assets/js/rs6.min.js?ver=6.5.11 HTTP/1.1" 200 104993 "https://jomarlogistica.com.br/2024/01/23/checkpoint-firewall-rules-export-best-practices-and-guidelines/" "Mozilla/5.0 (Linux; Android 10; K) AppleWebKit/537.36 (KHTML, like Gecko) SamsungBrowser/28.0 Chrome/130.0.0.0 Mobile Safari/537.36"
jomarlogistica.com.br:80 94.15.7.6 - - [11/Oct/2025:03:24:45 -0300] "GET /wp-content/themes/consultio/assets/fonts/fontawesome/fa-solid-900.woff2 HTTP/1.1" 200 117654 "https://jomarlogistica.com.br/wp-content/themes/consultio/assets/css/font-awesome5.min.css?ver=5.8.0" "Mozilla/5.0 (Linux; Android 10; K) AppleWebKit/537.36 (KHTML, like Gecko) SamsungBrowser/28.0 Chrome/130.0.0.0 Mobile Safari/537.36"
jomarlogistica.com.br:80 94.15.7.6 - - [11/Oct/2025:03:24:45 -0300] "GET /wp-content/themes/consultio/assets/fonts/Flaticon.woff2 HTTP/1.1" 200 12814 "https://jomarlogistica.com.br/wp-content/themes/consultio/assets/css/flaticon.css?ver=2.8.0" "Mozilla/5.0 (Linux; Android 10; K) AppleWebKit/537.36 (KHTML, like Gecko) SamsungBrowser/28.0 Chrome/130.0.0.0 Mobile Safari/537.36"
jomarlogistica.com.br:80 94.15.7.6 - - [11/Oct/2025:03:24:45 -0300] "GET /wp-content/themes/consultio/assets/fonts/Flaticon-v3.woff2 HTTP/1.1" 200 8049 "https://jomarlogistica.com.br/wp-content/themes/consultio/assets/css/flaticon-v3.css?ver=2.8.0" "Mozilla/5.0 (Linux; Android 10; K) AppleWebKit/537.36 (KHTML, like Gecko) SamsungBrowser/28.0 Chrome/130.0.0.0 Mobile Safari/537.36"
jomarlogistica.com.br:80 127.0.0.1 - - [11/Oct/2025:03:24:46 -0300] "OPTIONS * HTTP/1.0" 200 110 "-" "Apache/2.4.65 (Ubuntu) (internal dummy connection)"
jomarlogistica.com.br:80 127.0.0.1 - - [11/Oct/2025:03:24:50 -0300] "OPTIONS * HTTP/1.0" 200 110 "-" "Apache/2.4.65 (Ubuntu) (internal dummy connection)"
jomarlogistica.com.br:80 127.0.0.1 - - [11/Oct/2025:03:24:51 -0300] "OPTIONS * HTTP/1.0" 200 110 "-" "Apache/2.4.65 (Ubuntu) (internal dummy connection)"
jomarlogistica.com.br:80 94.15.7.6 - - [11/Oct/2025:03:24:44 -0300] "GET /?a7b529c=7457502 HTTP/1.1" 200 287 "https://jomarlogistica.com.br/2024/01/23/checkpoint-firewall-rules-export-best-practices-and-guidelines/" "Mozilla/5.0 (Linux; Android 10; K) AppleWebKit/537.36 (KHTML, like Gecko) SamsungBrowser/28.0 Chrome/130.0.0.0 Mobile Safari/537.36"
jomarlogistica.com.br:80 94.15.7.6 - - [11/Oct/2025:03:24:54 -0300] "GET /wp-content/themes/consultio/assets/images/pointer.png HTTP/1.1" 200 998 "https://jomarlogistica.com.br/wp-content/themes/consultio/assets/css/theme.css?ver=2.8.0" "Mozilla/5.0 (Linux; Android 10; K) AppleWebKit/537.36 (KHTML, like Gecko) SamsungBrowser/28.0 Chrome/130.0.0.0 Mobile Safari/537.36"
jomarlogistica.com.br:80 94.15.7.6 - - [11/Oct/2025:03:24:54 -0300] "GET /wp-content/themes/consultio/assets/fonts/Material-Design-Iconic-Font.woff2?v=2.2.0 HTTP/1.1" 200 38405 "https://jomarlogistica.com.br/wp-content/themes/consultio/assets/css/material-design-iconic-font.min.css?ver=2.2.0" "Mozilla/5.0 (Linux; Android 10; K) AppleWebKit/537.36 (KHTML, like Gecko) SamsungBrowser/28.0 Chrome/130.0.0.0 Mobile Safari/537.36"
jomarlogistica.com.br:80 94.15.7.6 - - [11/Oct/2025:03:24:54 -0300] "GET /wp-content/plugins/elementor/assets/lib/font-awesome/fonts/fontawesome-webfont.woff2?v=4.7.0 HTTP/1.1" 200 77541 "https://jomarlogistica.com.br/wp-content/plugins/elementor/assets/lib/font-awesome/css/font-awesome.min.css?ver=4.7.0" "Mozilla/5.0 (Linux; Android 10; K) AppleWebKit/537.36 (KHTML, like Gecko) SamsungBrowser/28.0 Chrome/130.0.0.0 Mobile Safari/537.36"
jomarlogistica.com.br:80 94.15.7.6 - - [11/Oct/2025:03:24:55 -0300] "GET /wp-content/themes/consultio/assets/fonts/fontawesome/fa-regular-400.woff2 HTTP/1.1" 200 145375 "https://jomarlogistica.com.br/wp-content/themes/consultio/assets/css/font-awesome5.min.css?ver=5.8.0" "Mozilla/5.0 (Linux; Android 10; K) AppleWebKit/537.36 (KHTML, like Gecko) SamsungBrowser/28.0 Chrome/130.0.0.0 Mobile Safari/537.36"
jomarlogistica.com.br:80 94.15.7.6 - - [11/Oct/2025:03:24:55 -0300] "GET /wp-content/themes/consultio/assets/fonts/fontawesome/fa-brands-400.woff2 HTTP/1.1" 200 75110 "https://jomarlogistica.com.br/wp-content/themes/consultio/assets/css/font-awesome5.min.css?ver=5.8.0" "Mozilla/5.0 (Linux; Android 10; K) AppleWebKit/537.36 (KHTML, like Gecko) SamsungBrowser/28.0 Chrome/130.0.0.0 Mobile Safari/537.36"
jomarlogistica.com.br:80 127.0.0.1 - - [11/Oct/2025:03:24:59 -0300] "OPTIONS * HTTP/1.0" 200 110 "-" "Apache/2.4.65 (Ubuntu) (internal dummy connection)"
jomarlogistica.com.br:80 172.20.1.198 - - [11/Oct/2025:03:34:09 -0300] "POST /wp-cron.php?doing_wp_cron=1760164449.0923840999603271484375 HTTP/1.1" 200 389 "https://jomarlogistica.com.br/wp-cron.php?doing_wp_cron=1760164449.0923840999603271484375" "WordPress/5.8.10; https://jomarlogistica.com.br"
jomarlogistica.com.br:80 177.116.190.244 - - [11/Oct/2025:03:34:08 -0300] "POST /autodiscover/autodiscover.xml HTTP/1.1" 404 448 "-" "AppleExchangeWebServices/833 accountsd/113"
jomarlogistica.com.br:80 127.0.0.1 - - [11/Oct/2025:03:34:14 -0300] "OPTIONS * HTTP/1.0" 200 110 "-" "Apache/2.4.65 (Ubuntu) (internal dummy connection)"
jomarlogistica.com.br:80 172.20.1.198 - - [11/Oct/2025:03:48:37 -0300] "POST /wp-cron.php?doing_wp_cron=1760165317.5629360675811767578125 HTTP/1.1" 200 389 "https://jomarlogistica.com.br/wp-cron.php?doing_wp_cron=1760165317.5629360675811767578125" "WordPress/5.8.10; https://jomarlogistica.com.br"
jomarlogistica.com.br:80 216.244.66.226 - - [11/Oct/2025:03:48:37 -0300] "GET /robots.txt HTTP/1.1" 200 565 "-" "Mozilla/5.0 (compatible; DotBot/1.2; +https://opensiteexplorer.org/dotbot; help@moz.com)"
jomarlogistica.com.br:80 127.0.0.1 - - [11/Oct/2025:03:48:42 -0300] "OPTIONS * HTTP/1.0" 200 110 "-" "Apache/2.4.65 (Ubuntu) (internal dummy connection)"
jomarlogistica.com.br:80 172.20.1.198 - - [11/Oct/2025:03:57:53 -0300] "POST /wp-cron.php?doing_wp_cron=1760165873.0600719451904296875000 HTTP/1.1" 200 389 "https://jomarlogistica.com.br/wp-cron.php?doing_wp_cron=1760165873.0600719451904296875000" "WordPress/5.8.10; https://jomarlogistica.com.br"
jomarlogistica.com.br:80 20.171.207.36 - - [11/Oct/2025:03:57:52 -0300] "GET /wp-sitemap.xml HTTP/1.1" 200 643 "-" "Mozilla/5.0 AppleWebKit/537.36 (KHTML, like Gecko; compatible; GPTBot/1.2; +https://openai.com/gptbot)"
jomarlogistica.com.br:80 127.0.0.1 - - [11/Oct/2025:03:57:57 -0300] "OPTIONS * HTTP/1.0" 200 110 "-" "Apache/2.4.65 (Ubuntu) (internal dummy connection)"
jomarlogistica.com.br:80 172.20.1.198 - - [11/Oct/2025:04:08:42 -0300] "POST /wp-cron.php?doing_wp_cron=1760166522.2951309680938720703125 HTTP/1.1" 200 389 "https://jomarlogistica.com.br/wp-cron.php?doing_wp_cron=1760166522.2951309680938720703125" "WordPress/5.8.10; https://jomarlogistica.com.br"
jomarlogistica.com.br:80 177.116.190.244 - - [11/Oct/2025:04:08:41 -0300] "POST /autodiscover/autodiscover.xml HTTP/1.1" 404 448 "-" "AppleExchangeWebServices/833 accountsd/113"
jomarlogistica.com.br:80 127.0.0.1 - - [11/Oct/2025:04:08:47 -0300] "OPTIONS * HTTP/1.0" 200 110 "-" "Apache/2.4.65 (Ubuntu) (internal dummy connection)"
jomarlogistica.com.br:80 172.20.1.198 - - [11/Oct/2025:04:15:30 -0300] "POST /wp-cron.php?doing_wp_cron=1760166930.4145529270172119140625 HTTP/1.1" 200 389 "https://jomarlogistica.com.br/wp-cron.php?doing_wp_cron=1760166930.4145529270172119140625" "WordPress/5.8.10; https://jomarlogistica.com.br"
jomarlogistica.com.br:80 57.141.0.23 - - [11/Oct/2025:04:15:30 -0300] "GET /2024/02/07/can-usps-serve-court-papers-legal-process-requirements-explained/ HTTP/1.1" 200 60898 "-" "meta-externalagent/1.1 (+https://developers.facebook.com/docs/sharing/webmasters/crawler)"
jomarlogistica.com.br:80 127.0.0.1 - - [11/Oct/2025:04:15:35 -0300] "OPTIONS * HTTP/1.0" 200 110 "-" "Apache/2.4.65 (Ubuntu) (internal dummy connection)"
jomarlogistica.com.br:80 172.20.1.198 - - [11/Oct/2025:04:21:40 -0300] "POST /wp-cron.php?doing_wp_cron=1760167300.0797760486602783203125 HTTP/1.1" 200 389 "https://jomarlogistica.com.br/wp-cron.php?doing_wp_cron=1760167300.0797760486602783203125" "WordPress/5.8.10; https://jomarlogistica.com.br"
jomarlogistica.com.br:80 49.112.136.3 - - [11/Oct/2025:04:21:39 -0300] "GET / HTTP/1.1" 200 23930 "http://jomarlogistica.com.br" "Mozilla/5.0 (Windows NT 10.0; Win64; x64) AppleWebKit/537.36 (KHTML, like Gecko) Chrome/122.0.0.0 Safari/537.36 Edg/122.0.0.0"
jomarlogistica.com.br:80 49.112.136.3 - - [11/Oct/2025:04:21:44 -0300] "GET /favicon.ico HTTP/1.1" 302 547 "-" "Mozilla/5.0 (Windows NT 10.0; Win64; x64) AppleWebKit/537.36 (KHTML, like Gecko) Chrome/122.0.0.0 Safari/537.36 Edg/122.0.0.0"
jomarlogistica.com.br:80 49.112.136.3 - - [11/Oct/2025:04:21:47 -0300] "GET /wp-content/uploads/2021/12/icone.jpg HTTP/1.1" 200 2901 "https://jomarlogistica.com.br/favicon.ico" "Mozilla/5.0 (Windows NT 10.0; Win64; x64) AppleWebKit/537.36 (KHTML, like Gecko) Chrome/122.0.0.0 Safari/537.36 Edg/122.0.0.0"
jomarlogistica.com.br:80 127.0.0.1 - - [11/Oct/2025:04:21:51 -0300] "OPTIONS * HTTP/1.0" 200 110 "-" "Apache/2.4.65 (Ubuntu) (internal dummy connection)"
jomarlogistica.com.br:80 172.20.1.198 - - [11/Oct/2025:04:24:07 -0300] "POST /wp-cron.php?doing_wp_cron=1760167447.9532589912414550781250 HTTP/1.1" 200 389 "https://jomarlogistica.com.br/wp-cron.php?doing_wp_cron=1760167447.9532589912414550781250" "WordPress/5.8.10; https://jomarlogistica.com.br"
jomarlogistica.com.br:80 216.244.66.226 - - [11/Oct/2025:04:24:07 -0300] "GET /2022/11/13/signals-that-you-are-in-love/ HTTP/1.1" 200 79400 "-" "Mozilla/5.0 (compatible; DotBot/1.2; +https://opensiteexplorer.org/dotbot; help@moz.com)"
jomarlogistica.com.br:80 127.0.0.1 - - [11/Oct/2025:04:24:14 -0300] "OPTIONS * HTTP/1.0" 200 110 "-" "Apache/2.4.65 (Ubuntu) (internal dummy connection)"
jomarlogistica.com.br:80 177.116.190.244 - - [11/Oct/2025:04:25:44 -0300] "POST /autodiscover/autodiscover.xml HTTP/1.1" 404 448 "-" "AppleExchangeWebServices/833 accountsd/113"
jomarlogistica.com.br:80 172.20.1.198 - - [11/Oct/2025:04:32:10 -0300] "POST /wp-cron.php?doing_wp_cron=1760167930.3104801177978515625000 HTTP/1.1" 200 389 "https://jomarlogistica.com.br/wp-cron.php?doing_wp_cron=1760167930.3104801177978515625000" "WordPress/5.8.10; https://jomarlogistica.com.br"
jomarlogistica.com.br:80 119.18.149.83 - - [11/Oct/2025:04:32:09 -0300] "GET /wp-content/uploads/2023/05/www.php HTTP/1.1" 404 448 "-" "Mozilla/5.0 (X11; Linux x86_64) AppleWebKit/537.36 (KHTML, like Gecko) Chrome/131.0.6778.265 Safari/537.36"
jomarlogistica.com.br:80 127.0.0.1 - - [11/Oct/2025:04:32:15 -0300] "OPTIONS * HTTP/1.0" 200 110 "-" "Apache/2.4.65 (Ubuntu) (internal dummy connection)"
jomarlogistica.com.br:80 172.20.1.198 - - [11/Oct/2025:04:38:43 -0300] "POST /wp-cron.php?doing_wp_cron=1760168323.0081989765167236328125 HTTP/1.1" 200 389 "https://jomarlogistica.com.br/wp-cron.php?doing_wp_cron=1760168323.0081989765167236328125" "WordPress/5.8.10; https://jomarlogistica.com.br"
jomarlogistica.com.br:80 177.116.190.244 - - [11/Oct/2025:04:38:42 -0300] "POST /autodiscover/autodiscover.xml HTTP/1.1" 404 448 "-" "AppleExchangeWebServices/833 accountsd/113"
jomarlogistica.com.br:80 127.0.0.1 - - [11/Oct/2025:04:38:47 -0300] "OPTIONS * HTTP/1.0" 200 110 "-" "Apache/2.4.65 (Ubuntu) (internal dummy connection)"
jomarlogistica.com.br:80 124.226.225.202 - - [11/Oct/2025:04:39:13 -0300] "POST /wp-comments-post.php HTTP/1.1" 403 2493 "-" "Mozilla/5.0 (Windows NT 10.0; Win64; x64) AppleWebKit/537.36 (KHTML, like Gecko) Chrome/108.0.0.0 Safari/537.36 Edg/108.0.1462.46"
jomarlogistica.com.br:80 57.141.0.53 - - [11/Oct/2025:04:41:56 -0300] "GET /2023/12/13/are-otf-knives-legal-in-the-uk-uk-knife-laws-explained/ HTTP/1.1" 200 60696 "-" "meta-externalagent/1.1 (+https://developers.facebook.com/docs/sharing/webmasters/crawler)"
jomarlogistica.com.br:80 172.20.1.198 - - [11/Oct/2025:04:43:07 -0300] "POST /wp-cron.php?doing_wp_cron=1760168587.8753440380096435546875 HTTP/1.1" 200 389 "https://jomarlogistica.com.br/wp-cron.php?doing_wp_cron=1760168587.8753440380096435546875" "WordPress/5.8.10; https://jomarlogistica.com.br"
jomarlogistica.com.br:80 216.244.66.226 - - [11/Oct/2025:04:43:07 -0300] "GET /2025/ HTTP/1.1" 200 75226 "-" "Mozilla/5.0 (compatible; DotBot/1.2; +https://opensiteexplorer.org/dotbot; help@moz.com)"
jomarlogistica.com.br:80 127.0.0.1 - - [11/Oct/2025:04:43:13 -0300] "OPTIONS * HTTP/1.0" 200 110 "-" "Apache/2.4.65 (Ubuntu) (internal dummy connection)"
jomarlogistica.com.br:80 172.20.1.198 - - [11/Oct/2025:04:47:22 -0300] "POST /wp-cron.php?doing_wp_cron=1760168842.5163540840148925781250 HTTP/1.1" 200 389 "https://jomarlogistica.com.br/wp-cron.php?doing_wp_cron=1760168842.5163540840148925781250" "WordPress/5.8.10; https://jomarlogistica.com.br"
jomarlogistica.com.br:80 216.244.66.226 - - [11/Oct/2025:04:47:21 -0300] "GET /robots.txt HTTP/1.1" 200 565 "-" "Mozilla/5.0 (compatible; DotBot/1.2; +https://opensiteexplorer.org/dotbot; help@moz.com)"
jomarlogistica.com.br:80 127.0.0.1 - - [11/Oct/2025:04:47:27 -0300] "OPTIONS * HTTP/1.0" 200 110 "-" "Apache/2.4.65 (Ubuntu) (internal dummy connection)"
jomarlogistica.com.br:80 57.141.0.56 - - [11/Oct/2025:04:51:37 -0300] "GET /2022/04/17/are-jamaican-marriages-legal-in-the-us-everything-you-need-to-know/ HTTP/1.1" 200 61639 "-" "meta-externalagent/1.1 (+https://developers.facebook.com/docs/sharing/webmasters/crawler)"
jomarlogistica.com.br:80 172.20.1.198 - - [11/Oct/2025:04:53:15 -0300] "POST /wp-cron.php?doing_wp_cron=1760169195.9400010108947753906250 HTTP/1.1" 200 389 "https://jomarlogistica.com.br/wp-cron.php?doing_wp_cron=1760169195.9400010108947753906250" "WordPress/5.8.10; https://jomarlogistica.com.br"
jomarlogistica.com.br:80 100.29.160.53 - - [11/Oct/2025:04:53:15 -0300] "GET /2022/06/02/understanding-independent-contractor-case-laws-what-you-need-to-know/ HTTP/1.1" 200 14886 "-" "Mozilla/5.0 AppleWebKit/537.36 (KHTML, like Gecko; compatible; Amazonbot/0.1; +https://developer.amazon.com/support/amazonbot) Chrome/119.0.6045.214 Safari/537.36"
jomarlogistica.com.br:80 127.0.0.1 - - [11/Oct/2025:04:53:20 -0300] "OPTIONS * HTTP/1.0" 200 110 "-" "Apache/2.4.65 (Ubuntu) (internal dummy connection)"
jomarlogistica.com.br:80 177.116.190.244 - - [11/Oct/2025:04:54:14 -0300] "POST /autodiscover/autodiscover.xml HTTP/1.1" 404 448 "-" "AppleExchangeWebServices/833 accountsd/113"
jomarlogistica.com.br:80 44.221.105.234 - - [11/Oct/2025:04:55:24 -0300] "GET /2023/page/27/ HTTP/1.1" 200 18830 "-" "Mozilla/5.0 AppleWebKit/537.36 (KHTML, like Gecko; compatible; Amazonbot/0.1; +https://developer.amazon.com/support/amazonbot) Chrome/119.0.6045.214 Safari/537.36"
jomarlogistica.com.br:80 172.20.1.198 - - [11/Oct/2025:04:57:43 -0300] "POST /wp-cron.php?doing_wp_cron=1760169463.8692839145660400390625 HTTP/1.1" 200 389 "https://jomarlogistica.com.br/wp-cron.php?doing_wp_cron=1760169463.8692839145660400390625" "WordPress/5.8.10; https://jomarlogistica.com.br"
jomarlogistica.com.br:80 57.141.0.73 - - [11/Oct/2025:04:57:43 -0300] "GET /2023/03/16/asian-family-prospects/ HTTP/1.1" 200 79754 "-" "meta-externalagent/1.1 (+https://developers.facebook.com/docs/sharing/webmasters/crawler)"
jomarlogistica.com.br:80 127.0.0.1 - - [11/Oct/2025:04:57:50 -0300] "OPTIONS * HTTP/1.0" 200 110 "-" "Apache/2.4.65 (Ubuntu) (internal dummy connection)"
jomarlogistica.com.br:80 57.141.0.58 - - [11/Oct/2025:04:58:40 -0300] "GET /2023/04/20/carry-out-latina-girls-like-white-colored-guys/ HTTP/1.1" 200 83181 "-" "meta-externalagent/1.1 (+https://developers.facebook.com/docs/sharing/webmasters/crawler)"
jomarlogistica.com.br:80 20.194.157.187 - - [11/Oct/2025:04:59:24 -0300] "GET /2022/05/12/baguette-laws-in-france-understanding-the-regulations/ HTTP/1.1" 200 14835 "-" "Mozilla/5.0 AppleWebKit/537.36 (KHTML, like Gecko); compatible; ChatGPT-User/1.0; +https://openai.com/bot"
jomarlogistica.com.br:80 172.20.1.198 - - [11/Oct/2025:05:05:44 -0300] "POST /wp-cron.php?doing_wp_cron=1760169944.7729029655456542968750 HTTP/1.1" 200 389 "https://jomarlogistica.com.br/wp-cron.php?doing_wp_cron=1760169944.7729029655456542968750" "WordPress/5.8.10; https://jomarlogistica.com.br"
jomarlogistica.com.br:80 57.141.0.33 - - [11/Oct/2025:05:05:44 -0300] "GET /2023/06/02/just-what-mutually-helpful-relationship/ HTTP/1.1" 200 80230 "-" "meta-externalagent/1.1 (+https://developers.facebook.com/docs/sharing/webmasters/crawler)"
jomarlogistica.com.br:80 127.0.0.1 - - [11/Oct/2025:05:05:50 -0300] "OPTIONS * HTTP/1.0" 200 110 "-" "Apache/2.4.65 (Ubuntu) (internal dummy connection)"
jomarlogistica.com.br:80 172.20.1.198 - - [11/Oct/2025:05:15:08 -0300] "POST /wp-cron.php?doing_wp_cron=1760170508.1379780769348144531250 HTTP/1.1" 200 389 "https://jomarlogistica.com.br/wp-cron.php?doing_wp_cron=1760170508.1379780769348144531250" "WordPress/5.8.10; https://jomarlogistica.com.br"
jomarlogistica.com.br:80 216.244.66.226 - - [11/Oct/2025:05:15:07 -0300] "GET /2023/06/11/choosing-a-data-bedroom-provider-for-people-who-do-buiness/ HTTP/1.1" 200 79723 "-" "Mozilla/5.0 (compatible; DotBot/1.2; +https://opensiteexplorer.org/dotbot; help@moz.com)"
jomarlogistica.com.br:80 127.0.0.1 - - [11/Oct/2025:05:15:14 -0300] "OPTIONS * HTTP/1.0" 200 110 "-" "Apache/2.4.65 (Ubuntu) (internal dummy connection)"
jomarlogistica.com.br:80 172.20.1.198 - - [11/Oct/2025:05:17:14 -0300] "POST /wp-cron.php?doing_wp_cron=1760170634.9501891136169433593750 HTTP/1.1" 200 389 "https://jomarlogistica.com.br/wp-cron.php?doing_wp_cron=1760170634.9501891136169433593750" "WordPress/5.8.10; https://jomarlogistica.com.br"
jomarlogistica.com.br:80 57.141.0.11 - - [11/Oct/2025:05:17:14 -0300] "GET /2023/10/23/a-written-agreement-between-two-countries-legal-implications/ HTTP/1.1" 200 61122 "-" "meta-externalagent/1.1 (+https://developers.facebook.com/docs/sharing/webmasters/crawler)"
jomarlogistica.com.br:80 127.0.0.1 - - [11/Oct/2025:05:17:20 -0300] "OPTIONS * HTTP/1.0" 200 110 "-" "Apache/2.4.65 (Ubuntu) (internal dummy connection)"
jomarlogistica.com.br:80 172.20.1.198 - - [11/Oct/2025:05:25:37 -0300] "POST /wp-cron.php?doing_wp_cron=1760171137.3784990310668945312500 HTTP/1.1" 200 389 "https://jomarlogistica.com.br/wp-cron.php?doing_wp_cron=1760171137.3784990310668945312500" "WordPress/5.8.10; https://jomarlogistica.com.br"
jomarlogistica.com.br:80 177.116.190.244 - - [11/Oct/2025:05:25:36 -0300] "POST /autodiscover/autodiscover.xml HTTP/1.1" 404 448 "-" "AppleExchangeWebServices/833 accountsd/113"
jomarlogistica.com.br:80 127.0.0.1 - - [11/Oct/2025:05:25:42 -0300] "OPTIONS * HTTP/1.0" 200 110 "-" "Apache/2.4.65 (Ubuntu) (internal dummy connection)"
stat.jomarlogistica.com.br:80 45.138.16.228 - - [11/Oct/2025:05:29:47 -0300] "GET / HTTP/1.1" 301 545 "-" "-"
stat.jomarlogistica.com.br:80 45.138.16.228 - - [11/Oct/2025:05:29:47 -0300] "GET /awstats/awstats.pl HTTP/1.1" 401 589 "-" "-"
jomarlogistica.com.br:80 172.20.1.198 - - [11/Oct/2025:05:29:47 -0300] "POST /wp-cron.php?doing_wp_cron=1760171387.9735379219055175781250 HTTP/1.1" 200 389 "https://jomarlogistica.com.br/wp-cron.php?doing_wp_cron=1760171387.9735379219055175781250" "WordPress/5.8.10; https://jomarlogistica.com.br"
jomarlogistica.com.br:80 45.138.16.228 - - [11/Oct/2025:05:29:47 -0300] "GET / HTTP/1.1" 301 449 "-" "-"
jomarlogistica.com.br:80 45.138.16.228 - - [11/Oct/2025:05:29:49 -0300] "GET / HTTP/1.1" 200 134115 "-" "-"
jomarlogistica.com.br:80 45.138.16.228 - - [11/Oct/2025:05:29:51 -0300] "GET /wp-admin/install.php HTTP/1.1" 200 1651 "-" "-"
jomarlogistica.com.br:80 127.0.0.1 - - [11/Oct/2025:05:29:51 -0300] "OPTIONS * HTTP/1.0" 200 110 "-" "Apache/2.4.65 (Ubuntu) (internal dummy connection)"
jomarlogistica.com.br:80 45.138.16.228 - - [11/Oct/2025:05:29:51 -0300] "GET /wp-admin/setup-config.php HTTP/1.1" 409 3061 "-" "-"
jomarlogistica.com.br:80 127.0.0.1 - - [11/Oct/2025:05:29:52 -0300] "OPTIONS * HTTP/1.0" 200 110 "-" "Apache/2.4.65 (Ubuntu) (internal dummy connection)"
jomarlogistica.com.br:80 127.0.0.1 - - [11/Oct/2025:05:29:56 -0300] "OPTIONS * HTTP/1.0" 200 110 "-" "Apache/2.4.65 (Ubuntu) (internal dummy connection)"
jomarlogistica.com.br:80 57.141.0.31 - - [11/Oct/2025:05:30:23 -0300] "GET /2023/06/02/levelling-modern-and-traditional-attitudes-in-latin-relationships/ HTTP/1.1" 200 80253 "-" "meta-externalagent/1.1 (+https://developers.facebook.com/docs/sharing/webmasters/crawler)"
stat.jomarlogistica.com.br:80 45.138.16.48 - - [11/Oct/2025:05:37:40 -0300] "GET / HTTP/1.1" 301 545 "-" "-"
stat.jomarlogistica.com.br:80 45.138.16.48 - - [11/Oct/2025:05:37:41 -0300] "GET /awstats/awstats.pl HTTP/1.1" 401 589 "-" "-"
jomarlogistica.com.br:80 172.20.1.198 - - [11/Oct/2025:05:37:41 -0300] "POST /wp-cron.php?doing_wp_cron=1760171860.8969960212707519531250 HTTP/1.1" 200 389 "https://jomarlogistica.com.br/wp-cron.php?doing_wp_cron=1760171860.8969960212707519531250" "WordPress/5.8.10; https://jomarlogistica.com.br"
jomarlogistica.com.br:80 45.138.16.48 - - [11/Oct/2025:05:37:40 -0300] "GET / HTTP/1.1" 301 449 "-" "-"
jomarlogistica.com.br:80 45.138.16.48 - - [11/Oct/2025:05:37:42 -0300] "GET / HTTP/1.1" 200 134115 "-" "-"
jomarlogistica.com.br:80 45.138.16.48 - - [11/Oct/2025:05:37:44 -0300] "GET /wp-admin/install.php HTTP/1.1" 200 1651 "-" "-"
jomarlogistica.com.br:80 45.138.16.48 - - [11/Oct/2025:05:37:45 -0300] "GET /wp-admin/setup-config.php HTTP/1.1" 409 3061 "-" "-"
jomarlogistica.com.br:80 127.0.0.1 - - [11/Oct/2025:05:37:45 -0300] "OPTIONS * HTTP/1.0" 200 110 "-" "Apache/2.4.65 (Ubuntu) (internal dummy connection)"
jomarlogistica.com.br:80 127.0.0.1 - - [11/Oct/2025:05:37:46 -0300] "OPTIONS * HTTP/1.0" 200 110 "-" "Apache/2.4.65 (Ubuntu) (internal dummy connection)"
jomarlogistica.com.br:80 127.0.0.1 - - [11/Oct/2025:05:37:49 -0300] "OPTIONS * HTTP/1.0" 200 110 "-" "Apache/2.4.65 (Ubuntu) (internal dummy connection)"
jomarlogistica.com.br:80 54.157.84.74 - - [11/Oct/2025:05:37:55 -0300] "GET /2022/11/14/understanding-camper-van-rules-in-the-netherlands-what-you-need-to-know/ HTTP/1.1" 200 14452 "-" "Mozilla/5.0 AppleWebKit/537.36 (KHTML, like Gecko; compatible; Amazonbot/0.1; +https://developer.amazon.com/support/amazonbot) Chrome/119.0.6045.214 Safari/537.36"
jomarlogistica.com.br:80 172.20.1.198 - - [11/Oct/2025:05:42:17 -0300] "POST /wp-cron.php?doing_wp_cron=1760172137.5933089256286621093750 HTTP/1.1" 200 389 "https://jomarlogistica.com.br/wp-cron.php?doing_wp_cron=1760172137.5933089256286621093750" "WordPress/5.8.10; https://jomarlogistica.com.br"
jomarlogistica.com.br:80 177.116.190.244 - - [11/Oct/2025:05:42:17 -0300] "POST /autodiscover/autodiscover.xml HTTP/1.1" 404 448 "-" "AppleExchangeWebServices/833 accountsd/113"
jomarlogistica.com.br:80 127.0.0.1 - - [11/Oct/2025:05:42:22 -0300] "OPTIONS * HTTP/1.0" 200 110 "-" "Apache/2.4.65 (Ubuntu) (internal dummy connection)"
jomarlogistica.com.br:80 177.116.190.244 - - [11/Oct/2025:05:44:11 -0300] "POST /autodiscover/autodiscover.xml HTTP/1.1" 404 448 "-" "AppleExchangeWebServices/833 accountsd/113"
jomarlogistica.com.br:80 172.20.1.198 - - [11/Oct/2025:05:48:02 -0300] "POST /wp-cron.php?doing_wp_cron=1760172482.5632970333099365234375 HTTP/1.1" 200 389 "https://jomarlogistica.com.br/wp-cron.php?doing_wp_cron=1760172482.5632970333099365234375" "WordPress/5.8.10; https://jomarlogistica.com.br"
jomarlogistica.com.br:80 34.224.9.144 - - [11/Oct/2025:05:48:01 -0300] "GET /2023/05/10/35-greatest-porn-games-together-with-free-porn-video-games-for-2023/ HTTP/1.1" 200 17633 "-" "Mozilla/5.0 AppleWebKit/537.36 (KHTML, like Gecko; compatible; Amazonbot/0.1; +https://developer.amazon.com/support/amazonbot) Chrome/119.0.6045.214 Safari/537.36"
jomarlogistica.com.br:80 127.0.0.1 - - [11/Oct/2025:05:48:08 -0300] "OPTIONS * HTTP/1.0" 200 110 "-" "Apache/2.4.65 (Ubuntu) (internal dummy connection)"
jomarlogistica.com.br:80 172.20.1.198 - - [11/Oct/2025:05:58:01 -0300] "POST /wp-cron.php?doing_wp_cron=1760173081.9365150928497314453125 HTTP/1.1" 200 389 "https://jomarlogistica.com.br/wp-cron.php?doing_wp_cron=1760173081.9365150928497314453125" "WordPress/5.8.10; https://jomarlogistica.com.br"
jomarlogistica.com.br:80 177.116.190.244 - - [11/Oct/2025:05:58:01 -0300] "POST /autodiscover/autodiscover.xml HTTP/1.1" 404 448 "-" "AppleExchangeWebServices/833 accountsd/113"
jomarlogistica.com.br:80 127.0.0.1 - - [11/Oct/2025:05:58:06 -0300] "OPTIONS * HTTP/1.0" 200 110 "-" "Apache/2.4.65 (Ubuntu) (internal dummy connection)"
jomarlogistica.com.br:80 177.116.190.244 - - [11/Oct/2025:06:01:00 -0300] "POST /autodiscover/autodiscover.xml HTTP/1.1" 404 448 "-" "AppleExchangeWebServices/833 accountsd/113"
jomarlogistica.com.br:80 172.20.1.198 - - [11/Oct/2025:06:18:13 -0300] "POST /wp-cron.php?doing_wp_cron=1760174293.4267981052398681640625 HTTP/1.1" 200 389 "https://jomarlogistica.com.br/wp-cron.php?doing_wp_cron=1760174293.4267981052398681640625" "WordPress/5.8.10; https://jomarlogistica.com.br"
jomarlogistica.com.br:80 57.141.0.6 - - [11/Oct/2025:06:18:13 -0300] "GET /2022/11/21/romantic-relationship-advice-from-experts/ HTTP/1.1" 200 82381 "-" "meta-externalagent/1.1 (+https://developers.facebook.com/docs/sharing/webmasters/crawler)"
jomarlogistica.com.br:80 127.0.0.1 - - [11/Oct/2025:06:18:18 -0300] "OPTIONS * HTTP/1.0" 200 110 "-" "Apache/2.4.65 (Ubuntu) (internal dummy connection)"
jomarlogistica.com.br:80 172.20.1.198 - - [11/Oct/2025:06:24:36 -0300] "POST /wp-cron.php?doing_wp_cron=1760174676.5092840194702148437500 HTTP/1.1" 200 389 "https://jomarlogistica.com.br/wp-cron.php?doing_wp_cron=1760174676.5092840194702148437500" "WordPress/5.8.10; https://jomarlogistica.com.br"
jomarlogistica.com.br:80 57.141.0.12 - - [11/Oct/2025:06:24:36 -0300] "GET /2023/02/25/can-you-sue-a-company-for-not-paying-you-in-the-uk-legal-advice/ HTTP/1.1" 200 59551 "-" "meta-externalagent/1.1 (+https://developers.facebook.com/docs/sharing/webmasters/crawler)"
jomarlogistica.com.br:80 127.0.0.1 - - [11/Oct/2025:06:24:41 -0300] "OPTIONS * HTTP/1.0" 200 110 "-" "Apache/2.4.65 (Ubuntu) (internal dummy connection)"
jomarlogistica.com.br:80 172.20.1.198 - - [11/Oct/2025:06:28:43 -0300] "POST /wp-cron.php?doing_wp_cron=1760174923.0904390811920166015625 HTTP/1.1" 200 389 "https://jomarlogistica.com.br/wp-cron.php?doing_wp_cron=1760174923.0904390811920166015625" "WordPress/5.8.10; https://jomarlogistica.com.br"
jomarlogistica.com.br:80 177.116.190.244 - - [11/Oct/2025:06:28:42 -0300] "POST /autodiscover/autodiscover.xml HTTP/1.1" 404 448 "-" "AppleExchangeWebServices/833 accountsd/113"
jomarlogistica.com.br:80 127.0.0.1 - - [11/Oct/2025:06:28:47 -0300] "OPTIONS * HTTP/1.0" 200 110 "-" "Apache/2.4.65 (Ubuntu) (internal dummy connection)"
jomarlogistica.com.br:80 172.20.1.198 - - [11/Oct/2025:06:32:32 -0300] "POST /wp-cron.php?doing_wp_cron=1760175152.7209670543670654296875 HTTP/1.1" 200 389 "https://jomarlogistica.com.br/wp-cron.php?doing_wp_cron=1760175152.7209670543670654296875" "WordPress/5.8.10; https://jomarlogistica.com.br"
jomarlogistica.com.br:80 177.116.190.244 - - [11/Oct/2025:06:32:32 -0300] "POST /autodiscover/autodiscover.xml HTTP/1.1" 404 448 "-" "AppleExchangeWebServices/833 accountsd/113"
jomarlogistica.com.br:80 127.0.0.1 - - [11/Oct/2025:06:32:37 -0300] "OPTIONS * HTTP/1.0" 200 110 "-" "Apache/2.4.65 (Ubuntu) (internal dummy connection)"
jomarlogistica.com.br:80 172.20.1.198 - - [11/Oct/2025:06:41:12 -0300] "POST /wp-cron.php?doing_wp_cron=1760175672.1823449134826660156250 HTTP/1.1" 200 389 "https://jomarlogistica.com.br/wp-cron.php?doing_wp_cron=1760175672.1823449134826660156250" "WordPress/5.8.10; https://jomarlogistica.com.br"
jomarlogistica.com.br:80 98.82.59.253 - - [11/Oct/2025:06:41:11 -0300] "GET /2023/10/03/advantages-and-disadvantages-of-anti-spyware/ HTTP/1.1" 200 17227 "-" "Mozilla/5.0 AppleWebKit/537.36 (KHTML, like Gecko; compatible; Amazonbot/0.1; +https://developer.amazon.com/support/amazonbot) Chrome/119.0.6045.214 Safari/537.36"
jomarlogistica.com.br:80 3.89.176.255 - - [11/Oct/2025:06:41:16 -0300] "GET /2023/09/27/what-is-a-board-portal/ HTTP/1.1" 200 17235 "-" "Mozilla/5.0 AppleWebKit/537.36 (KHTML, like Gecko; compatible; Amazonbot/0.1; +https://developer.amazon.com/support/amazonbot) Chrome/119.0.6045.214 Safari/537.36"
jomarlogistica.com.br:80 3.208.146.193 - - [11/Oct/2025:06:41:19 -0300] "GET /2022/10/08/the-qualities-of-perfect-associations/ HTTP/1.1" 200 18093 "-" "Mozilla/5.0 AppleWebKit/537.36 (KHTML, like Gecko; compatible; Amazonbot/0.1; +https://developer.amazon.com/support/amazonbot) Chrome/119.0.6045.214 Safari/537.36"
jomarlogistica.com.br:80 54.90.244.132 - - [11/Oct/2025:06:41:24 -0300] "GET /2023/10/02/how-virtual-data-rooms-can-facilitate-ma-transactions/ HTTP/1.1" 200 17196 "-" "Mozilla/5.0 AppleWebKit/537.36 (KHTML, like Gecko; compatible; Amazonbot/0.1; +https://developer.amazon.com/support/amazonbot) Chrome/119.0.6045.214 Safari/537.36"
jomarlogistica.com.br:80 44.205.192.249 - - [11/Oct/2025:06:41:27 -0300] "GET /2022/10/17/what-exactly-mutually-beneficial-arrangement/ HTTP/1.1" 200 18196 "-" "Mozilla/5.0 AppleWebKit/537.36 (KHTML, like Gecko; compatible; Amazonbot/0.1; +https://developer.amazon.com/support/amazonbot) Chrome/119.0.6045.214 Safari/537.36"
jomarlogistica.com.br:80 127.0.0.1 - - [11/Oct/2025:06:41:29 -0300] "OPTIONS * HTTP/1.0" 200 110 "-" "Apache/2.4.65 (Ubuntu) (internal dummy connection)"
jomarlogistica.com.br:80 3.232.82.72 - - [11/Oct/2025:06:41:31 -0300] "GET /2022/12/20/realizing-love-how-to-manifest-love/ HTTP/1.1" 200 17502 "-" "Mozilla/5.0 AppleWebKit/537.36 (KHTML, like Gecko; compatible; Amazonbot/0.1; +https://developer.amazon.com/support/amazonbot) Chrome/119.0.6045.214 Safari/537.36"
jomarlogistica.com.br:80 34.224.132.215 - - [11/Oct/2025:06:41:39 -0300] "GET /2023/02/25/the-challenges-of-dating-someone-from-various-country/ HTTP/1.1" 200 18188 "-" "Mozilla/5.0 AppleWebKit/537.36 (KHTML, like Gecko; compatible; Amazonbot/0.1; +https://developer.amazon.com/support/amazonbot) Chrome/119.0.6045.214 Safari/537.36"
jomarlogistica.com.br:80 34.231.45.47 - - [11/Oct/2025:06:41:40 -0300] "GET /2023/05/03/what-software-for-data-management-can-do-for-your-business/ HTTP/1.1" 200 17291 "-" "Mozilla/5.0 AppleWebKit/537.36 (KHTML, like Gecko; compatible; Amazonbot/0.1; +https://developer.amazon.com/support/amazonbot) Chrome/119.0.6045.214 Safari/537.36"
jomarlogistica.com.br:80 54.83.56.1 - - [11/Oct/2025:06:41:43 -0300] "GET /2023/09/16/free-vpn-reddit-how-to-find-a-good-vpn-on-reddit/ HTTP/1.1" 200 17236 "-" "Mozilla/5.0 AppleWebKit/537.36 (KHTML, like Gecko; compatible; Amazonbot/0.1; +https://developer.amazon.com/support/amazonbot) Chrome/119.0.6045.214 Safari/537.36"
jomarlogistica.com.br:80 34.226.89.140 - - [11/Oct/2025:06:41:48 -0300] "GET /2023/07/19/avast-secureline-vpn-license-primary/ HTTP/1.1" 200 17345 "-" "Mozilla/5.0 AppleWebKit/537.36 (KHTML, like Gecko; compatible; Amazonbot/0.1; +https://developer.amazon.com/support/amazonbot) Chrome/119.0.6045.214 Safari/537.36"
jomarlogistica.com.br:80 184.72.84.154 - - [11/Oct/2025:06:41:51 -0300] "GET /2022/08/17/bargain-agreement-vertaling-services-professional-legal-translations/ HTTP/1.1" 200 14427 "-" "Mozilla/5.0 AppleWebKit/537.36 (KHTML, like Gecko; compatible; Amazonbot/0.1; +https://developer.amazon.com/support/amazonbot) Chrome/119.0.6045.214 Safari/537.36"
jomarlogistica.com.br:80 3.216.13.10 - - [11/Oct/2025:06:41:56 -0300] "GET /2023/05/05/that-are-some-greatest-on-line-interactive-adult-pornographic-video-games-that-can-make-you-cum/ HTTP/1.1" 200 17915 "-" "Mozilla/5.0 AppleWebKit/537.36 (KHTML, like Gecko; compatible; Amazonbot/0.1; +https://developer.amazon.com/support/amazonbot) Chrome/119.0.6045.214 Safari/537.36"
jomarlogistica.com.br:80 18.210.58.238 - - [11/Oct/2025:06:41:59 -0300] "GET /2023/10/03/eset-security-review/ HTTP/1.1" 200 17175 "-" "Mozilla/5.0 AppleWebKit/537.36 (KHTML, like Gecko; compatible; Amazonbot/0.1; +https://developer.amazon.com/support/amazonbot) Chrome/119.0.6045.214 Safari/537.36"
jomarlogistica.com.br:80 54.156.55.147 - - [11/Oct/2025:06:42:04 -0300] "GET /2024/03/09/are-50-caliber-guns-legal-in-canada-rules-and-regulations-explained/ HTTP/1.1" 200 14364 "-" "Mozilla/5.0 AppleWebKit/537.36 (KHTML, like Gecko; compatible; Amazonbot/0.1; +https://developer.amazon.com/support/amazonbot) Chrome/119.0.6045.214 Safari/537.36"
jomarlogistica.com.br:80 52.71.46.142 - - [11/Oct/2025:06:42:07 -0300] "GET /2023/04/12/asian-relationship-conversation-styles/ HTTP/1.1" 200 17598 "-" "Mozilla/5.0 AppleWebKit/537.36 (KHTML, like Gecko; compatible; Amazonbot/0.1; +https://developer.amazon.com/support/amazonbot) Chrome/119.0.6045.214 Safari/537.36"
jomarlogistica.com.br:80 172.20.1.198 - - [11/Oct/2025:06:42:12 -0300] "POST /wp-cron.php?doing_wp_cron=1760175732.2800109386444091796875 HTTP/1.1" 200 389 "https://jomarlogistica.com.br/wp-cron.php?doing_wp_cron=1760175732.2800109386444091796875" "WordPress/5.8.10; https://jomarlogistica.com.br"
jomarlogistica.com.br:80 3.213.106.226 - - [11/Oct/2025:06:42:11 -0300] "GET /2023/06/02/just-what-mutually-helpful-relationship/ HTTP/1.1" 200 17609 "-" "Mozilla/5.0 AppleWebKit/537.36 (KHTML, like Gecko; compatible; Amazonbot/0.1; +https://developer.amazon.com/support/amazonbot) Chrome/119.0.6045.214 Safari/537.36"
jomarlogistica.com.br:80 3.93.98.99 - - [11/Oct/2025:06:42:16 -0300] "GET /2023/09/02/virtual-data-rooms-why-you-need-one/ HTTP/1.1" 200 17207 "-" "Mozilla/5.0 AppleWebKit/537.36 (KHTML, like Gecko; compatible; Amazonbot/0.1; +https://developer.amazon.com/support/amazonbot) Chrome/119.0.6045.214 Safari/537.36"
jomarlogistica.com.br:80 127.0.0.1 - - [11/Oct/2025:06:42:17 -0300] "OPTIONS * HTTP/1.0" 200 110 "-" "Apache/2.4.65 (Ubuntu) (internal dummy connection)"
jomarlogistica.com.br:80 3.219.81.66 - - [11/Oct/2025:06:42:20 -0300] "GET /2023/10/02/the-best-vpn-for-android/ HTTP/1.1" 200 17186 "-" "Mozilla/5.0 AppleWebKit/537.36 (KHTML, like Gecko; compatible; Amazonbot/0.1; +https://developer.amazon.com/support/amazonbot) Chrome/119.0.6045.214 Safari/537.36"
jomarlogistica.com.br:80 100.28.44.58 - - [11/Oct/2025:06:42:23 -0300] "GET /2023/02/12/where-to-get-a-bride-right-from-a-ship-order-star-of-the-wedding-catalogue/ HTTP/1.1" 200 17404 "-" "Mozilla/5.0 AppleWebKit/537.36 (KHTML, like Gecko; compatible; Amazonbot/0.1; +https://developer.amazon.com/support/amazonbot) Chrome/119.0.6045.214 Safari/537.36"
jomarlogistica.com.br:80 52.1.157.90 - - [11/Oct/2025:06:42:27 -0300] "GET /2023/04/27/mail-order-bride-noun-american-british-definition-and-synonyms/ HTTP/1.1" 200 20009 "-" "Mozilla/5.0 AppleWebKit/537.36 (KHTML, like Gecko; compatible; Amazonbot/0.1; +https://developer.amazon.com/support/amazonbot) Chrome/119.0.6045.214 Safari/537.36"
jomarlogistica.com.br:80 34.227.156.153 - - [11/Oct/2025:06:42:31 -0300] "GET /2022/05/12/baguette-laws-in-france-understanding-the-regulations/ HTTP/1.1" 200 14835 "-" "Mozilla/5.0 AppleWebKit/537.36 (KHTML, like Gecko; compatible; Amazonbot/0.1; +https://developer.amazon.com/support/amazonbot) Chrome/119.0.6045.214 Safari/537.36"
jomarlogistica.com.br:80 127.0.0.1 - - [11/Oct/2025:06:42:36 -0300] "OPTIONS * HTTP/1.0" 200 110 "-" "Apache/2.4.65 (Ubuntu) (internal dummy connection)"
jomarlogistica.com.br:80 44.214.19.8 - - [11/Oct/2025:06:42:37 -0300] "GET /2023/09/30/bmo-medical-full-form-what-does-bmo-stand-for-in-the-legal-context/ HTTP/1.1" 200 14462 "-" "Mozilla/5.0 AppleWebKit/537.36 (KHTML, like Gecko; compatible; Amazonbot/0.1; +https://developer.amazon.com/support/amazonbot) Chrome/119.0.6045.214 Safari/537.36"
jomarlogistica.com.br:80 3.229.164.203 - - [11/Oct/2025:06:42:40 -0300] "GET /2023/09/25/how-to-choose-a-secure-data-repository/ HTTP/1.1" 200 17251 "-" "Mozilla/5.0 AppleWebKit/537.36 (KHTML, like Gecko; compatible; Amazonbot/0.1; +https://developer.amazon.com/support/amazonbot) Chrome/119.0.6045.214 Safari/537.36"
jomarlogistica.com.br:80 35.171.117.160 - - [11/Oct/2025:06:42:43 -0300] "GET /2023/04/14/greatest-free-grownup-games-online-for-2023-cellular-compatible-free-tokens/ HTTP/1.1" 200 18061 "-" "Mozilla/5.0 AppleWebKit/537.36 (KHTML, like Gecko; compatible; Amazonbot/0.1; +https://developer.amazon.com/support/amazonbot) Chrome/119.0.6045.214 Safari/537.36"
jomarlogistica.com.br:80 34.204.150.196 - - [11/Oct/2025:06:42:48 -0300] "GET /2023/10/31/ways-to-simplify-the-due-diligence-process-with-a-info-room/ HTTP/1.1" 200 17328 "-" "Mozilla/5.0 AppleWebKit/537.36 (KHTML, like Gecko; compatible; Amazonbot/0.1; +https://developer.amazon.com/support/amazonbot) Chrome/119.0.6045.214 Safari/537.36"
jomarlogistica.com.br:80 52.4.213.199 - - [11/Oct/2025:06:42:51 -0300] "GET /2023/10/02/antivirus-protection-detects-and-deflects-cyber-threats/ HTTP/1.1" 200 17253 "-" "Mozilla/5.0 AppleWebKit/537.36 (KHTML, like Gecko; compatible; Amazonbot/0.1; +https://developer.amazon.com/support/amazonbot) Chrome/119.0.6045.214 Safari/537.36"
jomarlogistica.com.br:80 3.223.134.5 - - [11/Oct/2025:06:42:56 -0300] "GET /2022/12/29/feeling-hopeless-about-love-online-practitioners-can-help/ HTTP/1.1" 200 17490 "-" "Mozilla/5.0 AppleWebKit/537.36 (KHTML, like Gecko; compatible; Amazonbot/0.1; +https://developer.amazon.com/support/amazonbot) Chrome/119.0.6045.214 Safari/537.36"
jomarlogistica.com.br:80 127.0.0.1 - - [11/Oct/2025:06:43:02 -0300] "OPTIONS * HTTP/1.0" 200 110 "-" "Apache/2.4.65 (Ubuntu) (internal dummy connection)"
jomarlogistica.com.br:80 172.20.1.198 - - [11/Oct/2025:06:47:52 -0300] "POST /wp-cron.php?doing_wp_cron=1760176072.3065989017486572265625 HTTP/1.1" 200 389 "https://jomarlogistica.com.br/wp-cron.php?doing_wp_cron=1760176072.3065989017486572265625" "WordPress/5.8.10; https://jomarlogistica.com.br"
jomarlogistica.com.br:80 177.116.190.244 - - [11/Oct/2025:06:47:51 -0300] "POST /autodiscover/autodiscover.xml HTTP/1.1" 404 448 "-" "AppleExchangeWebServices/833 accountsd/113"
jomarlogistica.com.br:80 127.0.0.1 - - [11/Oct/2025:06:47:56 -0300] "OPTIONS * HTTP/1.0" 200 110 "-" "Apache/2.4.65 (Ubuntu) (internal dummy connection)"
jomarlogistica.com.br:80 169.150.203.202 - - [11/Oct/2025:06:49:10 -0300] "GET / HTTP/1.1" 200 134115 "-" "Mozilla/5.0 (Windows NT 10.0; Win64; x64) AppleWebKit/537.36 (KHTML, like Gecko) Chrome/78.0.3904.108 Safari/537.36"
jomarlogistica.com.br:80 169.150.203.202 - - [11/Oct/2025:06:49:12 -0300] "GET //wp-includes/wlwmanifest.xml HTTP/1.1" 200 1378 "-" "Mozilla/5.0 (Windows NT 10.0; Win64; x64) AppleWebKit/537.36 (KHTML, like Gecko) Chrome/78.0.3904.108 Safari/537.36"
jomarlogistica.com.br:80 169.150.203.202 - - [11/Oct/2025:06:49:13 -0300] "GET //?author=1 HTTP/1.1" 301 404 "-" "Mozilla/5.0 (Windows NT 10.0; Win64; x64) AppleWebKit/537.36 (KHTML, like Gecko) Chrome/78.0.3904.108 Safari/537.36"
jomarlogistica.com.br:80 169.150.203.202 - - [11/Oct/2025:06:49:13 -0300] "GET //?author=2 HTTP/1.1" 301 406 "-" "Mozilla/5.0 (Windows NT 10.0; Win64; x64) AppleWebKit/537.36 (KHTML, like Gecko) Chrome/78.0.3904.108 Safari/537.36"
jomarlogistica.com.br:80 169.150.203.202 - - [11/Oct/2025:06:49:14 -0300] "GET //wp-json/wp/v2/users/ HTTP/1.1" 200 1924 "-" "Mozilla/5.0 (Windows NT 10.0; Win64; x64) AppleWebKit/537.36 (KHTML, like Gecko) Chrome/78.0.3904.108 Safari/537.36"
jomarlogistica.com.br:80 169.150.203.202 - - [11/Oct/2025:06:49:14 -0300] "POST //xmlrpc.php HTTP/1.1" 403 2493 "-" "Mozilla/5.0 (Windows NT 10.0; Win64; x64) AppleWebKit/537.36 (KHTML, like Gecko) Chrome/78.0.3904.108 Safari/537.36"
jomarlogistica.com.br:80 169.150.203.202 - - [11/Oct/2025:06:49:14 -0300] "POST //xmlrpc.php HTTP/1.1" 403 2493 "-" "Mozilla/5.0 (Windows NT 10.0; Win64; x64) AppleWebKit/537.36 (KHTML, like Gecko) Chrome/78.0.3904.108 Safari/537.36"
jomarlogistica.com.br:80 172.20.1.198 - - [11/Oct/2025:06:54:25 -0300] "POST /wp-cron.php?doing_wp_cron=1760176465.4353239536285400390625 HTTP/1.1" 200 389 "https://jomarlogistica.com.br/wp-cron.php?doing_wp_cron=1760176465.4353239536285400390625" "WordPress/5.8.10; https://jomarlogistica.com.br"
jomarlogistica.com.br:80 196.251.86.154 - - [11/Oct/2025:06:54:25 -0300] "GET /.env HTTP/1.1" 404 448 "-" "Mozilla/5.0 (Linux; Android 9; VTR-L09) AppleWebKit/537.36 (KHTML, like Gecko) Chrome/76.0.3809.111 Mobile Safari/537.36"
jomarlogistica.com.br:80 127.0.0.1 - - [11/Oct/2025:06:54:30 -0300] "OPTIONS * HTTP/1.0" 200 110 "-" "Apache/2.4.65 (Ubuntu) (internal dummy connection)"
jomarlogistica.com.br:80 172.20.1.198 - - [11/Oct/2025:06:58:04 -0300] "POST /wp-cron.php?doing_wp_cron=1760176684.6359710693359375000000 HTTP/1.1" 200 389 "https://jomarlogistica.com.br/wp-cron.php?doing_wp_cron=1760176684.6359710693359375000000" "WordPress/5.8.10; https://jomarlogistica.com.br"
jomarlogistica.com.br:80 216.244.66.226 - - [11/Oct/2025:06:58:04 -0300] "GET /robots.txt HTTP/1.1" 200 565 "-" "Mozilla/5.0 (compatible; DotBot/1.2; +https://opensiteexplorer.org/dotbot; help@moz.com)"
jomarlogistica.com.br:80 127.0.0.1 - - [11/Oct/2025:06:58:09 -0300] "OPTIONS * HTTP/1.0" 200 110 "-" "Apache/2.4.65 (Ubuntu) (internal dummy connection)"
jomarlogistica.com.br:80 172.20.1.198 - - [11/Oct/2025:07:03:50 -0300] "POST /wp-cron.php?doing_wp_cron=1760177029.9968800544738769531250 HTTP/1.1" 200 389 "https://jomarlogistica.com.br/wp-cron.php?doing_wp_cron=1760177029.9968800544738769531250" "WordPress/5.8.10; https://jomarlogistica.com.br"
jomarlogistica.com.br:80 177.116.190.244 - - [11/Oct/2025:07:03:49 -0300] "POST /autodiscover/autodiscover.xml HTTP/1.1" 404 448 "-" "AppleExchangeWebServices/833 accountsd/113"
jomarlogistica.com.br:80 127.0.0.1 - - [11/Oct/2025:07:03:54 -0300] "OPTIONS * HTTP/1.0" 200 110 "-" "Apache/2.4.65 (Ubuntu) (internal dummy connection)"
jomarlogistica.com.br:80 172.20.1.198 - - [11/Oct/2025:07:10:35 -0300] "POST /wp-cron.php?doing_wp_cron=1760177435.3500270843505859375000 HTTP/1.1" 200 389 "https://jomarlogistica.com.br/wp-cron.php?doing_wp_cron=1760177435.3500270843505859375000" "WordPress/5.8.10; https://jomarlogistica.com.br"
jomarlogistica.com.br:80 43.130.40.120 - - [11/Oct/2025:07:10:34 -0300] "GET / HTTP/1.1" 200 23930 "http://jomarlogistica.com.br" "Mozilla/5.0 (iPhone; CPU iPhone OS 13_2_3 like Mac OS X) AppleWebKit/605.1.15 (KHTML, like Gecko) Version/13.0.3 Mobile/15E148 Safari/604.1"
jomarlogistica.com.br:80 127.0.0.1 - - [11/Oct/2025:07:10:41 -0300] "OPTIONS * HTTP/1.0" 200 110 "-" "Apache/2.4.65 (Ubuntu) (internal dummy connection)"
jomarlogistica.com.br:80 177.116.190.244 - - [11/Oct/2025:07:11:52 -0300] "POST /autodiscover/autodiscover.xml HTTP/1.1" 404 448 "-" "AppleExchangeWebServices/833 accountsd/113"
jomarlogistica.com.br:80 172.20.1.198 - - [11/Oct/2025:07:14:55 -0300] "POST /wp-cron.php?doing_wp_cron=1760177695.3916270732879638671875 HTTP/1.1" 200 389 "https://jomarlogistica.com.br/wp-cron.php?doing_wp_cron=1760177695.3916270732879638671875" "WordPress/5.8.10; https://jomarlogistica.com.br"
jomarlogistica.com.br:80 57.141.0.2 - - [11/Oct/2025:07:14:54 -0300] "GET /2024/01/03/in-accordance-legal-synonym-for-in-agreement-with/ HTTP/1.1" 200 60974 "-" "meta-externalagent/1.1 (+https://developers.facebook.com/docs/sharing/webmasters/crawler)"
jomarlogistica.com.br:80 127.0.0.1 - - [11/Oct/2025:07:15:00 -0300] "OPTIONS * HTTP/1.0" 200 110 "-" "Apache/2.4.65 (Ubuntu) (internal dummy connection)"
jomarlogistica.com.br:80 57.141.0.8 - - [11/Oct/2025:07:16:43 -0300] "GET /2022/11/30/the-importance-of-relationship-and-lifestyle/ HTTP/1.1" 200 81020 "-" "meta-externalagent/1.1 (+https://developers.facebook.com/docs/sharing/webmasters/crawler)"
jomarlogistica.com.br:80 172.20.1.198 - - [11/Oct/2025:07:27:09 -0300] "POST /wp-cron.php?doing_wp_cron=1760178429.5867838859558105468750 HTTP/1.1" 200 389 "https://jomarlogistica.com.br/wp-cron.php?doing_wp_cron=1760178429.5867838859558105468750" "WordPress/5.8.10; https://jomarlogistica.com.br"
jomarlogistica.com.br:80 216.244.66.226 - - [11/Oct/2025:07:27:09 -0300] "GET /2022/12/29/ukrainian-matchmaker-how-to-avoid-online-dating-scams/ HTTP/1.1" 200 81613 "-" "Mozilla/5.0 (compatible; DotBot/1.2; +https://opensiteexplorer.org/dotbot; help@moz.com)"
jomarlogistica.com.br:80 127.0.0.1 - - [11/Oct/2025:07:27:15 -0300] "OPTIONS * HTTP/1.0" 200 110 "-" "Apache/2.4.65 (Ubuntu) (internal dummy connection)"
jomarlogistica.com.br:80 172.20.1.198 - - [11/Oct/2025:07:27:39 -0300] "POST /wp-cron.php?doing_wp_cron=1760178459.1973340511322021484375 HTTP/1.1" 200 389 "https://jomarlogistica.com.br/wp-cron.php?doing_wp_cron=1760178459.1973340511322021484375" "WordPress/5.8.10; https://jomarlogistica.com.br"
jomarlogistica.com.br:80 216.244.66.226 - - [11/Oct/2025:07:27:38 -0300] "GET /2023/10/02/avast-premier-review/ HTTP/1.1" 200 79114 "-" "Mozilla/5.0 (compatible; DotBot/1.2; +https://opensiteexplorer.org/dotbot; help@moz.com)"
jomarlogistica.com.br:80 127.0.0.1 - - [11/Oct/2025:07:27:45 -0300] "OPTIONS * HTTP/1.0" 200 110 "-" "Apache/2.4.65 (Ubuntu) (internal dummy connection)"
jomarlogistica.com.br:80 216.244.66.226 - - [11/Oct/2025:07:31:35 -0300] "GET /2022/10/page/2/ HTTP/1.1" 200 93917 "-" "Mozilla/5.0 (compatible; DotBot/1.2; +https://opensiteexplorer.org/dotbot; help@moz.com)"
jomarlogistica.com.br:80 172.20.1.198 - - [11/Oct/2025:07:34:02 -0300] "POST /wp-cron.php?doing_wp_cron=1760178842.4981400966644287109375 HTTP/1.1" 200 389 "https://jomarlogistica.com.br/wp-cron.php?doing_wp_cron=1760178842.4981400966644287109375" "WordPress/5.8.10; https://jomarlogistica.com.br"
jomarlogistica.com.br:80 52.212.74.109 - - [11/Oct/2025:07:34:02 -0300] "GET / HTTP/1.1" 301 449 "-" "Mozilla/5.0 (compatible; NetcraftSurveyAgent/1.0; +info@netcraft.com)"
jomarlogistica.com.br:80 127.0.0.1 - - [11/Oct/2025:07:34:07 -0300] "OPTIONS * HTTP/1.0" 200 110 "-" "Apache/2.4.65 (Ubuntu) (internal dummy connection)"
jomarlogistica.com.br:80 57.141.0.24 - - [11/Oct/2025:07:35:29 -0300] "GET /2023/01/22/understanding-the-difference-agreement-vs-annex-in-legal-documents/ HTTP/1.1" 200 60897 "-" "meta-externalagent/1.1 (+https://developers.facebook.com/docs/sharing/webmasters/crawler)"
