jomarlogistica.com.br:80 115.138.85.58 - - [11/Oct/2025:20:13:24 -0300] "POST /wp-login.php HTTP/1.1" 403 2493 "-" "Mozilla/5.0 (Windows NT 10.0; Win64; x64) AppleWebKit/537.36 (KHTML, like Gecko) Chrome/131.0.0.0 Safari/537.36"
jomarlogistica.com.br:80 38.210.96.82 - - [11/Oct/2025:20:13:24 -0300] "GET /wp-login.php HTTP/1.1" 200 8426 "http://jomarlogistica.com.br/wp-login.php" "Mozilla/5.0 (Windows NT 10.0; Win64; x64) AppleWebKit/537.36 (KHTML, like Gecko) Chrome/131.0.0.0 Safari/537.36"
jomarlogistica.com.br:80 51.39.93.177 - - [11/Oct/2025:20:13:25 -0300] "POST /wp-login.php HTTP/1.1" 403 2512 "-" "Mozilla/5.0 (Windows NT 10.0; Win64; x64) AppleWebKit/537.36 (KHTML, like Gecko) Chrome/131.0.0.0 Safari/537.36"
jomarlogistica.com.br:80 45.161.115.246 - - [11/Oct/2025:20:13:26 -0300] "POST /wp-login.php HTTP/1.1" 403 2493 "-" "Mozilla/5.0 (Windows NT 10.0; Win64; x64) AppleWebKit/537.36 (KHTML, like Gecko) Chrome/131.0.0.0 Safari/537.36"
jomarlogistica.com.br:80 177.152.151.24 - - [11/Oct/2025:20:13:29 -0300] "GET /wp-login.php HTTP/1.1" 200 8426 "http://jomarlogistica.com.br/wp-login.php" "Mozilla/5.0 (Windows NT 10.0; Win64; x64) AppleWebKit/537.36 (KHTML, like Gecko) Chrome/131.0.0.0 Safari/537.36"
jomarlogistica.com.br:80 177.254.161.228 - - [11/Oct/2025:20:13:32 -0300] "POST /wp-login.php HTTP/1.1" 403 2493 "-" "Mozilla/5.0 (Windows NT 10.0; Win64; x64) AppleWebKit/537.36 (KHTML, like Gecko) Chrome/131.0.0.0 Safari/537.36"
jomarlogistica.com.br:80 190.142.102.57 - - [11/Oct/2025:20:13:34 -0300] "GET /wp-login.php HTTP/1.1" 200 8426 "http://jomarlogistica.com.br/wp-login.php" "Mozilla/5.0 (Windows NT 10.0; Win64; x64) AppleWebKit/537.36 (KHTML, like Gecko) Chrome/131.0.0.0 Safari/537.36"
jomarlogistica.com.br:80 103.90.46.49 - - [11/Oct/2025:20:13:37 -0300] "POST /wp-login.php HTTP/1.1" 403 2512 "-" "Mozilla/5.0 (Windows NT 10.0; Win64; x64) AppleWebKit/537.36 (KHTML, like Gecko) Chrome/131.0.0.0 Safari/537.36"
jomarlogistica.com.br:80 127.0.0.1 - - [11/Oct/2025:20:13:37 -0300] "OPTIONS * HTTP/1.0" 200 110 "-" "Apache/2.4.65 (Ubuntu) (internal dummy connection)"
jomarlogistica.com.br:80 58.11.91.230 - - [11/Oct/2025:20:13:41 -0300] "POST /wp-login.php HTTP/1.1" 403 2493 "-" "Mozilla/5.0 (Windows NT 10.0; Win64; x64) AppleWebKit/537.36 (KHTML, like Gecko) Chrome/131.0.0.0 Safari/537.36"
jomarlogistica.com.br:80 57.141.0.42 - - [11/Oct/2025:20:13:55 -0300] "GET /2023/05/28/talkiv-review-pricing-features-interface-june-2023/ HTTP/1.1" 200 82533 "-" "meta-externalagent/1.1 (+https://developers.facebook.com/docs/sharing/webmasters/crawler)"
jomarlogistica.com.br:80 179.248.120.163 - - [11/Oct/2025:20:13:58 -0300] "POST /wp-login.php HTTP/1.1" 403 2493 "-" "Mozilla/5.0 (Windows NT 10.0; Win64; x64) AppleWebKit/537.36 (KHTML, like Gecko) Chrome/131.0.0.0 Safari/537.36"
jomarlogistica.com.br:80 170.150.28.140 - - [11/Oct/2025:20:14:00 -0300] "POST /wp-login.php HTTP/1.1" 403 2493 "-" "Mozilla/5.0 (Windows NT 10.0; Win64; x64) AppleWebKit/537.36 (KHTML, like Gecko) Chrome/131.0.0.0 Safari/537.36"
jomarlogistica.com.br:80 190.206.117.4 - - [11/Oct/2025:20:14:04 -0300] "POST /wp-login.php HTTP/1.1" 403 2493 "-" "Mozilla/5.0 (Windows NT 10.0; Win64; x64) AppleWebKit/537.36 (KHTML, like Gecko) Chrome/131.0.0.0 Safari/537.36"
jomarlogistica.com.br:80 200.150.253.101 - - [11/Oct/2025:20:14:07 -0300] "POST /wp-login.php HTTP/1.1" 403 2493 "-" "Mozilla/5.0 (Windows NT 10.0; Win64; x64) AppleWebKit/537.36 (KHTML, like Gecko) Chrome/131.0.0.0 Safari/537.36"
jomarlogistica.com.br:80 127.0.0.1 - - [11/Oct/2025:20:14:11 -0300] "OPTIONS * HTTP/1.0" 200 110 "-" "Apache/2.4.65 (Ubuntu) (internal dummy connection)"
jomarlogistica.com.br:80 69.63.189.18 - - [11/Oct/2025:20:15:15 -0300] "GET /robots.txt HTTP/1.1" 206 610 "-" "facebookexternalhit/1.1 (+http://www.facebook.com/externalhit_uatext.php)"
jomarlogistica.com.br:80 177.116.190.244 - - [11/Oct/2025:20:15:52 -0300] "POST /autodiscover/autodiscover.xml HTTP/1.1" 404 448 "-" "AppleExchangeWebServices/833 accountsd/113"
jomarlogistica.com.br:80 172.20.1.198 - - [11/Oct/2025:20:20:05 -0300] "POST /wp-cron.php?doing_wp_cron=1760224805.3396880626678466796875 HTTP/1.1" 200 389 "https://jomarlogistica.com.br/wp-cron.php?doing_wp_cron=1760224805.3396880626678466796875" "WordPress/5.8.10; https://jomarlogistica.com.br"
jomarlogistica.com.br:80 193.32.126.232 - - [11/Oct/2025:20:20:04 -0300] "POST /wp-login.php HTTP/1.1" 302 1345 "https://jomarlogistica.com.br/wp-admin/" "Mozilla/5.0 (Windows NT 10.0; Win64; x64) AppleWebKit/537.36 (KHTML, like Gecko) Chrome/90.0.4430.85 Safari/537.36"
jomarlogistica.com.br:80 193.32.126.232 - - [11/Oct/2025:20:20:05 -0300] "GET /wp-login.php?redirect_to=https%3A%2F%2Fjomarlogistica.com.br%2Fwp-admin%2F&action=confirm_admin_email&wp_lang=pt_BR HTTP/1.1" 200 1815 "https://jomarlogistica.com.br/wp-admin/" "Mozilla/5.0 (Windows NT 10.0; Win64; x64) AppleWebKit/537.36 (KHTML, like Gecko) Chrome/90.0.4430.85 Safari/537.36"
jomarlogistica.com.br:80 193.32.126.232 - - [11/Oct/2025:20:20:06 -0300] "GET /wp-admin/ HTTP/1.1" 200 52126 "www.google.com" "Mozilla/5.0 (Windows NT 10.0; Win64; x64) AppleWebKit/537.36 (KHTML, like Gecko) Chrome/90.0.4430.85 Safari/537.36"
jomarlogistica.com.br:80 127.0.0.1 - - [11/Oct/2025:20:20:13 -0300] "OPTIONS * HTTP/1.0" 200 110 "-" "Apache/2.4.65 (Ubuntu) (internal dummy connection)"
jomarlogistica.com.br:80 172.20.1.198 - - [11/Oct/2025:20:25:23 -0300] "POST /wp-cron.php?doing_wp_cron=1760225123.8519330024719238281250 HTTP/1.1" 200 389 "https://jomarlogistica.com.br/wp-cron.php?doing_wp_cron=1760225123.8519330024719238281250" "WordPress/5.8.10; https://jomarlogistica.com.br"
jomarlogistica.com.br:80 57.141.0.47 - - [11/Oct/2025:20:25:23 -0300] "GET /2023/02/23/steps-to-make-a-colombian-woman-intimate/ HTTP/1.1" 200 79799 "-" "meta-externalagent/1.1 (+https://developers.facebook.com/docs/sharing/webmasters/crawler)"
jomarlogistica.com.br:80 127.0.0.1 - - [11/Oct/2025:20:25:29 -0300] "OPTIONS * HTTP/1.0" 200 110 "-" "Apache/2.4.65 (Ubuntu) (internal dummy connection)"
jomarlogistica.com.br:80 172.20.1.198 - - [11/Oct/2025:20:33:14 -0300] "POST /wp-cron.php?doing_wp_cron=1760225594.3462579250335693359375 HTTP/1.1" 200 389 "https://jomarlogistica.com.br/wp-cron.php?doing_wp_cron=1760225594.3462579250335693359375" "WordPress/5.8.10; https://jomarlogistica.com.br"
jomarlogistica.com.br:80 177.116.190.244 - - [11/Oct/2025:20:33:13 -0300] "POST /autodiscover/autodiscover.xml HTTP/1.1" 404 448 "-" "AppleExchangeWebServices/833 accountsd/113"
jomarlogistica.com.br:80 127.0.0.1 - - [11/Oct/2025:20:33:19 -0300] "OPTIONS * HTTP/1.0" 200 110 "-" "Apache/2.4.65 (Ubuntu) (internal dummy connection)"
jomarlogistica.com.br:80 172.20.1.198 - - [11/Oct/2025:20:40:48 -0300] "POST /wp-cron.php?doing_wp_cron=1760226048.8963730335235595703125 HTTP/1.1" 200 389 "https://jomarlogistica.com.br/wp-cron.php?doing_wp_cron=1760226048.8963730335235595703125" "WordPress/5.8.10; https://jomarlogistica.com.br"
jomarlogistica.com.br:80 216.244.66.226 - - [11/Oct/2025:20:40:48 -0300] "GET /2023/01/page/3/ HTTP/1.1" 200 88161 "-" "Mozilla/5.0 (compatible; DotBot/1.2; +https://opensiteexplorer.org/dotbot; help@moz.com)"
jomarlogistica.com.br:80 127.0.0.1 - - [11/Oct/2025:20:40:54 -0300] "OPTIONS * HTTP/1.0" 200 110 "-" "Apache/2.4.65 (Ubuntu) (internal dummy connection)"
stat.jomarlogistica.com.br:80 45.138.16.48 - - [11/Oct/2025:20:43:25 -0300] "GET / HTTP/1.1" 301 545 "-" "-"
stat.jomarlogistica.com.br:80 45.138.16.48 - - [11/Oct/2025:20:43:25 -0300] "GET /awstats/awstats.pl HTTP/1.1" 401 589 "-" "-"
jomarlogistica.com.br:80 172.20.1.198 - - [11/Oct/2025:20:43:26 -0300] "POST /wp-cron.php?doing_wp_cron=1760226205.7220261096954345703125 HTTP/1.1" 200 389 "https://jomarlogistica.com.br/wp-cron.php?doing_wp_cron=1760226205.7220261096954345703125" "WordPress/5.8.10; https://jomarlogistica.com.br"
jomarlogistica.com.br:80 45.138.16.48 - - [11/Oct/2025:20:43:25 -0300] "GET / HTTP/1.1" 301 449 "-" "-"
jomarlogistica.com.br:80 45.138.16.48 - - [11/Oct/2025:20:43:27 -0300] "GET / HTTP/1.1" 200 134115 "-" "-"
jomarlogistica.com.br:80 45.138.16.48 - - [11/Oct/2025:20:43:29 -0300] "GET /wp-admin/install.php HTTP/1.1" 200 1651 "-" "-"
jomarlogistica.com.br:80 45.138.16.48 - - [11/Oct/2025:20:43:29 -0300] "GET /wp-admin/setup-config.php HTTP/1.1" 409 3061 "-" "-"
jomarlogistica.com.br:80 127.0.0.1 - - [11/Oct/2025:20:43:30 -0300] "OPTIONS * HTTP/1.0" 200 110 "-" "Apache/2.4.65 (Ubuntu) (internal dummy connection)"
jomarlogistica.com.br:80 127.0.0.1 - - [11/Oct/2025:20:43:31 -0300] "OPTIONS * HTTP/1.0" 200 110 "-" "Apache/2.4.65 (Ubuntu) (internal dummy connection)"
jomarlogistica.com.br:80 127.0.0.1 - - [11/Oct/2025:20:43:34 -0300] "OPTIONS * HTTP/1.0" 200 110 "-" "Apache/2.4.65 (Ubuntu) (internal dummy connection)"
jomarlogistica.com.br:80 216.244.66.226 - - [11/Oct/2025:20:44:00 -0300] "GET /2023/12/22/accession-law-llc-expert-legal-services-for-business-accession/ HTTP/1.1" 200 59938 "-" "Mozilla/5.0 (compatible; DotBot/1.2; +https://opensiteexplorer.org/dotbot; help@moz.com)"
jomarlogistica.com.br:80 57.141.0.27 - - [11/Oct/2025:20:45:23 -0300] "GET /2023/04/11/bound-by-contract-carole-mortimer-legal-romance-novels/ HTTP/1.1" 200 63957 "-" "meta-externalagent/1.1 (+https://developers.facebook.com/docs/sharing/webmasters/crawler)"
jomarlogistica.com.br:80 172.20.1.198 - - [11/Oct/2025:20:49:05 -0300] "POST /wp-cron.php?doing_wp_cron=1760226545.6692988872528076171875 HTTP/1.1" 200 389 "https://jomarlogistica.com.br/wp-cron.php?doing_wp_cron=1760226545.6692988872528076171875" "WordPress/5.8.10; https://jomarlogistica.com.br"
jomarlogistica.com.br:80 177.116.190.244 - - [11/Oct/2025:20:49:05 -0300] "POST /autodiscover/autodiscover.xml HTTP/1.1" 404 448 "-" "AppleExchangeWebServices/833 accountsd/113"
jomarlogistica.com.br:80 127.0.0.1 - - [11/Oct/2025:20:49:10 -0300] "OPTIONS * HTTP/1.0" 200 110 "-" "Apache/2.4.65 (Ubuntu) (internal dummy connection)"
jomarlogistica.com.br:80 172.20.1.198 - - [11/Oct/2025:20:54:01 -0300] "POST /wp-cron.php?doing_wp_cron=1760226841.7976129055023193359375 HTTP/1.1" 200 389 "https://jomarlogistica.com.br/wp-cron.php?doing_wp_cron=1760226841.7976129055023193359375" "WordPress/5.8.10; https://jomarlogistica.com.br"
jomarlogistica.com.br:80 57.141.0.31 - - [11/Oct/2025:20:54:01 -0300] "GET /category/jomar/page/46/ HTTP/1.1" 200 94541 "-" "meta-externalagent/1.1 (+https://developers.facebook.com/docs/sharing/webmasters/crawler)"
jomarlogistica.com.br:80 127.0.0.1 - - [11/Oct/2025:20:54:07 -0300] "OPTIONS * HTTP/1.0" 200 110 "-" "Apache/2.4.65 (Ubuntu) (internal dummy connection)"
jomarlogistica.com.br:80 172.20.1.198 - - [11/Oct/2025:21:00:43 -0300] "POST /wp-cron.php?doing_wp_cron=1760227243.8010010719299316406250 HTTP/1.1" 200 389 "https://jomarlogistica.com.br/wp-cron.php?doing_wp_cron=1760227243.8010010719299316406250" "WordPress/5.8.10; https://jomarlogistica.com.br"
jomarlogistica.com.br:80 177.116.190.244 - - [11/Oct/2025:21:00:43 -0300] "POST /autodiscover/autodiscover.xml HTTP/1.1" 404 448 "-" "AppleExchangeWebServices/833 accountsd/113"
jomarlogistica.com.br:80 216.244.66.226 - - [11/Oct/2025:21:00:45 -0300] "GET /robots.txt HTTP/1.1" 200 565 "-" "Mozilla/5.0 (compatible; DotBot/1.2; +https://opensiteexplorer.org/dotbot; help@moz.com)"
jomarlogistica.com.br:80 127.0.0.1 - - [11/Oct/2025:21:00:50 -0300] "OPTIONS * HTTP/1.0" 200 110 "-" "Apache/2.4.65 (Ubuntu) (internal dummy connection)"
jomarlogistica.com.br:80 216.73.216.56 - - [11/Oct/2025:21:01:41 -0300] "GET /robots.txt HTTP/1.1" 200 584 "-" "Mozilla/5.0 AppleWebKit/537.36 (KHTML, like Gecko; compatible; ClaudeBot/1.0; +claudebot@anthropic.com)"
jomarlogistica.com.br:80 216.73.216.56 - - [11/Oct/2025:21:01:42 -0300] "GET /2024/02 HTTP/1.1" 301 400 "-" "Mozilla/5.0 AppleWebKit/537.36 (KHTML, like Gecko; compatible; ClaudeBot/1.0; +claudebot@anthropic.com)"
jomarlogistica.com.br:80 216.73.216.56 - - [11/Oct/2025:21:01:42 -0300] "GET /2024/03 HTTP/1.1" 301 400 "-" "Mozilla/5.0 AppleWebKit/537.36 (KHTML, like Gecko; compatible; ClaudeBot/1.0; +claudebot@anthropic.com)"
jomarlogistica.com.br:80 216.73.216.56 - - [11/Oct/2025:21:01:42 -0300] "GET /2024/02/ HTTP/1.1" 200 12652 "https://jomarlogistica.com.br/2024/02" "Mozilla/5.0 AppleWebKit/537.36 (KHTML, like Gecko; compatible; ClaudeBot/1.0; +claudebot@anthropic.com)"
jomarlogistica.com.br:80 216.73.216.56 - - [11/Oct/2025:21:01:42 -0300] "GET /2024/03/ HTTP/1.1" 200 12036 "https://jomarlogistica.com.br/2024/03" "Mozilla/5.0 AppleWebKit/537.36 (KHTML, like Gecko; compatible; ClaudeBot/1.0; +claudebot@anthropic.com)"
jomarlogistica.com.br:80 127.0.0.1 - - [11/Oct/2025:21:01:48 -0300] "OPTIONS * HTTP/1.0" 200 110 "-" "Apache/2.4.65 (Ubuntu) (internal dummy connection)"
jomarlogistica.com.br:80 216.73.216.56 - - [11/Oct/2025:21:04:06 -0300] "GET /2022/03 HTTP/1.1" 301 458 "-" "Mozilla/5.0 AppleWebKit/537.36 (KHTML, like Gecko; compatible; ClaudeBot/1.0; +claudebot@anthropic.com)"
jomarlogistica.com.br:80 172.20.1.198 - - [11/Oct/2025:21:04:06 -0300] "POST /wp-cron.php?doing_wp_cron=1760227446.7735331058502197265625 HTTP/1.1" 200 389 "https://jomarlogistica.com.br/wp-cron.php?doing_wp_cron=1760227446.7735331058502197265625" "WordPress/5.8.10; https://jomarlogistica.com.br"
jomarlogistica.com.br:80 216.73.216.56 - - [11/Oct/2025:21:04:06 -0300] "GET /2023/05 HTTP/1.1" 301 457 "-" "Mozilla/5.0 AppleWebKit/537.36 (KHTML, like Gecko; compatible; ClaudeBot/1.0; +claudebot@anthropic.com)"
jomarlogistica.com.br:80 216.73.216.56 - - [11/Oct/2025:21:04:06 -0300] "GET /2022/03/ HTTP/1.1" 200 11461 "https://jomarlogistica.com.br/2022/03" "Mozilla/5.0 AppleWebKit/537.36 (KHTML, like Gecko; compatible; ClaudeBot/1.0; +claudebot@anthropic.com)"
jomarlogistica.com.br:80 216.73.216.56 - - [11/Oct/2025:21:04:07 -0300] "GET /2023/05/ HTTP/1.1" 200 18828 "https://jomarlogistica.com.br/2023/05" "Mozilla/5.0 AppleWebKit/537.36 (KHTML, like Gecko; compatible; ClaudeBot/1.0; +claudebot@anthropic.com)"
jomarlogistica.com.br:80 127.0.0.1 - - [11/Oct/2025:21:04:08 -0300] "OPTIONS * HTTP/1.0" 200 110 "-" "Apache/2.4.65 (Ubuntu) (internal dummy connection)"
jomarlogistica.com.br:80 127.0.0.1 - - [11/Oct/2025:21:04:12 -0300] "OPTIONS * HTTP/1.0" 200 110 "-" "Apache/2.4.65 (Ubuntu) (internal dummy connection)"
jomarlogistica.com.br:80 127.0.0.1 - - [11/Oct/2025:21:04:13 -0300] "OPTIONS * HTTP/1.0" 200 110 "-" "Apache/2.4.65 (Ubuntu) (internal dummy connection)"
jomarlogistica.com.br:80 216.73.216.56 - - [11/Oct/2025:21:04:40 -0300] "GET /2022/06 HTTP/1.1" 301 458 "-" "Mozilla/5.0 AppleWebKit/537.36 (KHTML, like Gecko; compatible; ClaudeBot/1.0; +claudebot@anthropic.com)"
jomarlogistica.com.br:80 216.73.216.56 - - [11/Oct/2025:21:04:40 -0300] "GET /2022/04 HTTP/1.1" 301 458 "-" "Mozilla/5.0 AppleWebKit/537.36 (KHTML, like Gecko; compatible; ClaudeBot/1.0; +claudebot@anthropic.com)"
jomarlogistica.com.br:80 216.73.216.56 - - [11/Oct/2025:21:04:40 -0300] "GET /2022/04/ HTTP/1.1" 200 12891 "https://jomarlogistica.com.br/2022/04" "Mozilla/5.0 AppleWebKit/537.36 (KHTML, like Gecko; compatible; ClaudeBot/1.0; +claudebot@anthropic.com)"
jomarlogistica.com.br:80 216.73.216.56 - - [11/Oct/2025:21:04:40 -0300] "GET /2022/06/ HTTP/1.1" 200 13416 "https://jomarlogistica.com.br/2022/06" "Mozilla/5.0 AppleWebKit/537.36 (KHTML, like Gecko; compatible; ClaudeBot/1.0; +claudebot@anthropic.com)"
jomarlogistica.com.br:80 127.0.0.1 - - [11/Oct/2025:21:04:45 -0300] "OPTIONS * HTTP/1.0" 200 110 "-" "Apache/2.4.65 (Ubuntu) (internal dummy connection)"
jomarlogistica.com.br:80 216.73.216.56 - - [11/Oct/2025:21:05:16 -0300] "GET /2023/09 HTTP/1.1" 301 457 "-" "Mozilla/5.0 AppleWebKit/537.36 (KHTML, like Gecko; compatible; ClaudeBot/1.0; +claudebot@anthropic.com)"
jomarlogistica.com.br:80 216.73.216.56 - - [11/Oct/2025:21:05:16 -0300] "GET /2023/12 HTTP/1.1" 301 458 "-" "Mozilla/5.0 AppleWebKit/537.36 (KHTML, like Gecko; compatible; ClaudeBot/1.0; +claudebot@anthropic.com)"
jomarlogistica.com.br:80 216.73.216.56 - - [11/Oct/2025:21:05:17 -0300] "GET /2023/12/ HTTP/1.1" 200 13433 "https://jomarlogistica.com.br/2023/12" "Mozilla/5.0 AppleWebKit/537.36 (KHTML, like Gecko; compatible; ClaudeBot/1.0; +claudebot@anthropic.com)"
jomarlogistica.com.br:80 216.73.216.56 - - [11/Oct/2025:21:05:16 -0300] "GET /2023/09/ HTTP/1.1" 200 18332 "https://jomarlogistica.com.br/2023/09" "Mozilla/5.0 AppleWebKit/537.36 (KHTML, like Gecko; compatible; ClaudeBot/1.0; +claudebot@anthropic.com)"
jomarlogistica.com.br:80 127.0.0.1 - - [11/Oct/2025:21:05:22 -0300] "OPTIONS * HTTP/1.0" 200 110 "-" "Apache/2.4.65 (Ubuntu) (internal dummy connection)"
jomarlogistica.com.br:80 172.20.1.198 - - [11/Oct/2025:21:06:03 -0300] "POST /wp-cron.php?doing_wp_cron=1760227563.6744470596313476562500 HTTP/1.1" 200 389 "https://jomarlogistica.com.br/wp-cron.php?doing_wp_cron=1760227563.6744470596313476562500" "WordPress/5.8.10; https://jomarlogistica.com.br"
jomarlogistica.com.br:80 193.32.126.232 - - [11/Oct/2025:21:06:03 -0300] "HEAD / HTTP/1.1" 200 623 "https://jomarlogistica.com.br/" "Mozilla/5.0 (Windows NT 10.0; Win64; x64) AppleWebKit/537.36 (KHTML, like Gecko) Chrome/91.0.4472.124 Safari/537.36"
jomarlogistica.com.br:80 193.32.126.232 - - [11/Oct/2025:21:06:05 -0300] "HEAD / HTTP/1.1" 200 623 "https://jomarlogistica.com.br/" "Mozilla/5.0 (Windows NT 10.0; Win64; x64) AppleWebKit/537.36 (KHTML, like Gecko) Chrome/91.0.4472.124 Safari/537.36"
jomarlogistica.com.br:80 193.32.126.232 - - [11/Oct/2025:21:06:06 -0300] "GET /wp-login.php?wp_lang=en_US HTTP/1.1" 200 2552 "https://www.google.com/" "Mozilla/5.0 (Windows NT 10.0; Win64; x64) AppleWebKit/537.36 (KHTML, like Gecko) Chrome/91.0.4472.124 Safari/537.36"
jomarlogistica.com.br:80 193.32.126.232 - - [11/Oct/2025:21:06:06 -0300] "POST /wp-login.php HTTP/1.1" 302 1287 "https://jomarlogistica.com.br/wp-admin/" "Mozilla/5.0 (Windows NT 10.0; Win64; x64) AppleWebKit/537.36 (KHTML, like Gecko) Chrome/90.0.4430.85 Safari/537.36"
jomarlogistica.com.br:80 193.32.126.232 - - [11/Oct/2025:21:06:07 -0300] "GET /wp-login.php?redirect_to=https%3A%2F%2Fjomarlogistica.com.br%2Fwp-admin%2F&action=confirm_admin_email&wp_lang=pt_BR HTTP/1.1" 200 1834 "https://jomarlogistica.com.br/wp-admin/" "Mozilla/5.0 (Windows NT 10.0; Win64; x64) AppleWebKit/537.36 (KHTML, like Gecko) Chrome/90.0.4430.85 Safari/537.36"
jomarlogistica.com.br:80 193.32.126.232 - - [11/Oct/2025:21:06:07 -0300] "GET /wp-admin/ HTTP/1.1" 200 52119 "https://www.google.com/" "Mozilla/5.0 (Windows NT 10.0; Win64; x64) AppleWebKit/537.36 (KHTML, like Gecko) Chrome/91.0.4472.124 Safari/537.36"
jomarlogistica.com.br:80 193.32.126.232 - - [11/Oct/2025:21:06:09 -0300] "GET /wp-admin/plugin-install.php?tab=upload HTTP/1.1" 200 27266 "https://www.google.com/" "Mozilla/5.0 (Windows NT 10.0; Win64; x64) AppleWebKit/537.36 (KHTML, like Gecko) Chrome/91.0.4472.124 Safari/537.36"
jomarlogistica.com.br:80 193.32.126.232 - - [11/Oct/2025:21:06:11 -0300] "POST /wp-admin/update.php?action=upload-plugin HTTP/1.1" 200 23650 "https://jomarlogistica.com.br/wp-admin/plugin-install.php" "Mozilla/5.0 (Windows NT 10.0; Win64; x64) AppleWebKit/537.36 (KHTML, like Gecko) Chrome/132.0.0.0 Safari/537.36"
jomarlogistica.com.br:80 193.32.126.232 - - [11/Oct/2025:21:06:14 -0300] "GET /wp-content/plugins/nahxq/index.php HTTP/1.1" 301 494 "-" "python-requests/2.32.3"
jomarlogistica.com.br:80 193.32.126.232 - - [11/Oct/2025:21:06:15 -0300] "GET /wp-content/plugins/nahxq/ HTTP/1.1" 404 390 "-" "python-requests/2.32.3"
jomarlogistica.com.br:80 193.32.126.232 - - [11/Oct/2025:21:06:15 -0300] "GET /wp-admin/ HTTP/1.1" 200 52120 "-" "Mozilla/5.0 (Windows NT 10.0; Win64; x64) AppleWebKit/537.36 (KHTML, like Gecko) Chrome/133.0.0.0 Safari/537.36"
jomarlogistica.com.br:80 193.32.126.232 - - [11/Oct/2025:21:06:18 -0300] "POST /wp-admin/admin-ajax.php HTTP/1.1" 200 646 "-" "Mozilla/5.0 (Windows NT 10.0; Win64; x64) AppleWebKit/537.36 (KHTML, like Gecko) Chrome/133.0.0.0 Safari/537.36"
jomarlogistica.com.br:80 193.32.126.232 - - [11/Oct/2025:21:06:19 -0300] "POST /wp-admin/admin-ajax.php HTTP/1.1" 400 473 "-" "Mozilla/5.0 (Windows NT 10.0; Win64; x64) AppleWebKit/537.36 (KHTML, like Gecko) Chrome/133.0.0.0 Safari/537.36"
jomarlogistica.com.br:80 193.32.126.232 - - [11/Oct/2025:21:06:19 -0300] "GET /wp-admin/plugins.php HTTP/1.1" 200 38437 "-" "Mozilla/5.0 (Windows NT 10.0; Win64; x64) AppleWebKit/537.36 (KHTML, like Gecko) Chrome/133.0.0.0 Safari/537.36"
jomarlogistica.com.br:80 193.32.126.232 - - [11/Oct/2025:21:06:22 -0300] "GET /wp-admin/admin.php?page=wp_file_manager HTTP/1.1" 403 1436 "https://www.google.com/" "Mozilla/5.0 (Windows NT 10.0; Win64; x64) AppleWebKit/537.36 (KHTML, like Gecko) Chrome/91.0.4472.124 Safari/537.36"
jomarlogistica.com.br:80 193.32.126.232 - - [11/Oct/2025:21:06:22 -0300] "GET /wp-admin/theme-install.php?tab=upload HTTP/1.1" 200 30530 "https://www.google.com/" "Mozilla/5.0 (Windows NT 10.0; Win64; x64) AppleWebKit/537.36 (KHTML, like Gecko) Chrome/91.0.4472.124 Safari/537.36"
jomarlogistica.com.br:80 193.32.126.232 - - [11/Oct/2025:21:06:24 -0300] "POST /wp-admin/update.php?action=upload-theme HTTP/1.1" 200 23633 "https://jomarlogistica.com.br/wp-admin/theme-install.php" "Mozilla/5.0 (Windows NT 10.0; Win64; x64) AppleWebKit/537.36 (KHTML, like Gecko) Chrome/132.0.0.0 Safari/537.36"
jomarlogistica.com.br:80 193.32.126.232 - - [11/Oct/2025:21:06:26 -0300] "GET /wp-content/themes/ysyne/index.php HTTP/1.1" 301 493 "https://www.google.com/" "Mozilla/5.0 (Windows NT 10.0; Win64; x64) AppleWebKit/537.36 (KHTML, like Gecko) Chrome/91.0.4472.124 Safari/537.36"
jomarlogistica.com.br:80 193.32.126.232 - - [11/Oct/2025:21:06:26 -0300] "GET /wp-content/themes/ysyne/ HTTP/1.1" 404 390 "https://www.google.com/" "Mozilla/5.0 (Windows NT 10.0; Win64; x64) AppleWebKit/537.36 (KHTML, like Gecko) Chrome/91.0.4472.124 Safari/537.36"
jomarlogistica.com.br:80 193.32.126.232 - - [11/Oct/2025:21:06:27 -0300] "GET /wp-admin/ HTTP/1.1" 200 52120 "-" "Mozilla/5.0 (Windows NT 10.0; Win64; x64) AppleWebKit/537.36 (KHTML, like Gecko) Chrome/133.0.0.0 Safari/537.36"
jomarlogistica.com.br:80 193.32.126.232 - - [11/Oct/2025:21:06:29 -0300] "GET /wp-admin/plugin-editor.php?plugin=wp-file-manager%2Ffile_folder_manager.php&Submit=Select HTTP/1.1" 500 1562 "-" "Mozilla/5.0 (Windows NT 10.0; Win64; x64) AppleWebKit/537.36 (KHTML, like Gecko) Chrome/133.0.0.0 Safari/537.36"
jomarlogistica.com.br:80 193.32.126.232 - - [11/Oct/2025:21:06:29 -0300] "POST /wp-admin/admin-ajax.php HTTP/1.1" 200 659 "-" "Mozilla/5.0 (Windows NT 10.0; Win64; x64) AppleWebKit/537.36 (KHTML, like Gecko) Chrome/133.0.0.0 Safari/537.36"
jomarlogistica.com.br:80 193.32.126.232 - - [11/Oct/2025:21:06:30 -0300] "POST /wp-admin/admin-ajax.php HTTP/1.1" 200 646 "-" "Mozilla/5.0 (Windows NT 10.0; Win64; x64) AppleWebKit/537.36 (KHTML, like Gecko) Chrome/133.0.0.0 Safari/537.36"
jomarlogistica.com.br:80 193.32.126.232 - - [11/Oct/2025:21:06:31 -0300] "POST /wp-admin/admin-ajax.php HTTP/1.1" 400 473 "-" "Mozilla/5.0 (Windows NT 10.0; Win64; x64) AppleWebKit/537.36 (KHTML, like Gecko) Chrome/133.0.0.0 Safari/537.36"
jomarlogistica.com.br:80 193.32.126.232 - - [11/Oct/2025:21:06:32 -0300] "GET /wp-admin/plugin-editor.php?plugin=wp-file-manager%2Ffile_folder_manager.php&Submit=Select HTTP/1.1" 500 1562 "-" "Mozilla/5.0 (Windows NT 10.0; Win64; x64) AppleWebKit/537.36 (KHTML, like Gecko) Chrome/133.0.0.0 Safari/537.36"
jomarlogistica.com.br:80 193.32.126.232 - - [11/Oct/2025:21:06:33 -0300] "POST /wp-admin/admin-ajax.php HTTP/1.1" 200 571 "https://jomarlogistica.com.br/wp-admin/plugin-editor.php" "Mozilla/5.0 (Windows NT 10.0; Win64; x64) AppleWebKit/537.36 (KHTML, like Gecko) Chrome/138.0.0.0 Safari/537.36"
jomarlogistica.com.br:80 193.32.126.232 - - [11/Oct/2025:21:06:34 -0300] "GET /wp-admin/plugin-editor.php HTTP/1.1" 200 41647 "https://jomarlogistica.com.br/wp-admin/plugin-editor.php" "Mozilla/5.0 (Windows NT 10.0; Win64; x64) AppleWebKit/537.36 (KHTML, like Gecko) Chrome/138.0.0.0 Safari/537.36"
jomarlogistica.com.br:80 193.32.126.232 - - [11/Oct/2025:21:06:35 -0300] "GET /wp-admin/plugin-editor.php?plugin=booked%2Fbooked.php&Submit=Select HTTP/1.1" 200 41731 "https://jomarlogistica.com.br/wp-admin/plugin-editor.php" "Mozilla/5.0 (Windows NT 10.0; Win64; x64) AppleWebKit/537.36 (KHTML, like Gecko) Chrome/138.0.0.0 Safari/537.36"
jomarlogistica.com.br:80 172.20.1.198 - - [11/Oct/2025:21:06:37 -0300] "GET /wp-admin/plugin-editor.php?plugin=booked%2Fbooked.php&file=booked%2Fbooked.php&wp_scrape_key=45ced8b9ab2f3da2926707ef62ea66e1&wp_scrape_nonce=281095335 HTTP/1.1" 200 7995 "https://jomarlogistica.com.br/wp-admin/plugin-editor.php?plugin=booked%2Fbooked.php&file=booked%2Fbooked.php&wp_scrape_key=45ced8b9ab2f3da2926707ef62ea66e1&wp_scrape_nonce=281095335" "WordPress/5.8.10; https://jomarlogistica.com.br"
jomarlogistica.com.br:80 172.20.1.198 - - [11/Oct/2025:21:06:37 -0300] "GET /?wp_scrape_key=45ced8b9ab2f3da2926707ef62ea66e1&wp_scrape_nonce=281095335 HTTP/1.1" 200 4523 "https://jomarlogistica.com.br/?wp_scrape_key=45ced8b9ab2f3da2926707ef62ea66e1&wp_scrape_nonce=281095335" "WordPress/5.8.10; https://jomarlogistica.com.br"
jomarlogistica.com.br:80 193.32.126.232 - - [11/Oct/2025:21:06:37 -0300] "POST /wp-admin/admin-ajax.php HTTP/1.1" 200 634 "https://jomarlogistica.com.br/wp-admin/plugin-editor.php" "Mozilla/5.0 (Windows NT 10.0; Win64; x64) AppleWebKit/537.36 (KHTML, like Gecko) Chrome/138.0.0.0 Safari/537.36"
jomarlogistica.com.br:80 193.32.126.232 - - [11/Oct/2025:21:06:38 -0300] "GET /wp-content/plugins/booked/booked.php HTTP/1.1" 200 4016 "https://jomarlogistica.com.br/wp-admin/plugin-editor.php" "Mozilla/5.0 (Windows NT 10.0; Win64; x64) AppleWebKit/537.36 (KHTML, like Gecko) Chrome/138.0.0.0 Safari/537.36"
jomarlogistica.com.br:80 127.0.0.1 - - [11/Oct/2025:21:06:42 -0300] "OPTIONS * HTTP/1.0" 200 110 "-" "Apache/2.4.65 (Ubuntu) (internal dummy connection)"
jomarlogistica.com.br:80 216.73.216.56 - - [11/Oct/2025:21:07:14 -0300] "GET / HTTP/1.1" 200 4462 "-" "Mozilla/5.0 AppleWebKit/537.36 (KHTML, like Gecko; compatible; ClaudeBot/1.0; +claudebot@anthropic.com)"
jomarlogistica.com.br:80 216.73.216.56 - - [11/Oct/2025:21:07:15 -0300] "GET /2024/03/08/ccpa-non-disclosure-agreement-protect-your-data HTTP/1.1" 200 4462 "-" "Mozilla/5.0 AppleWebKit/537.36 (KHTML, like Gecko; compatible; ClaudeBot/1.0; +claudebot@anthropic.com)"
jomarlogistica.com.br:80 216.73.216.56 - - [11/Oct/2025:21:07:41 -0300] "GET /2022/06/18/charter-party-agreement-india-legal-guide-expert-advice HTTP/1.1" 200 4462 "-" "Mozilla/5.0 AppleWebKit/537.36 (KHTML, like Gecko; compatible; ClaudeBot/1.0; +claudebot@anthropic.com)"
jomarlogistica.com.br:80 216.73.216.56 - - [11/Oct/2025:21:07:41 -0300] "GET /2022/06/24/eavesdropping-laws-in-georgia-what-you-need-to-know HTTP/1.1" 200 4462 "-" "Mozilla/5.0 AppleWebKit/537.36 (KHTML, like Gecko; compatible; ClaudeBot/1.0; +claudebot@anthropic.com)"
jomarlogistica.com.br:80 216.73.216.56 - - [11/Oct/2025:21:08:01 -0300] "GET /2024/03/09/auburn-hills-legal-services-expert-legal-advice-representation HTTP/1.1" 200 4462 "-" "Mozilla/5.0 AppleWebKit/537.36 (KHTML, like Gecko; compatible; ClaudeBot/1.0; +claudebot@anthropic.com)"
jomarlogistica.com.br:80 216.73.216.56 - - [11/Oct/2025:21:08:01 -0300] "GET /2022/06/23/are-cherry-bomb-mufflers-legal-legal-information-and-regulations/feed HTTP/1.1" 200 4462 "-" "Mozilla/5.0 AppleWebKit/537.36 (KHTML, like Gecko; compatible; ClaudeBot/1.0; +claudebot@anthropic.com)"
jomarlogistica.com.br:80 127.0.0.1 - - [11/Oct/2025:21:08:05 -0300] "OPTIONS * HTTP/1.0" 200 110 "-" "Apache/2.4.65 (Ubuntu) (internal dummy connection)"
jomarlogistica.com.br:80 57.141.0.51 - - [11/Oct/2025:21:08:39 -0300] "GET /2023/01/09/best-evidence-rule-understanding-digital-evidence/ HTTP/1.1" 200 46229 "-" "meta-externalagent/1.1 (+https://developers.facebook.com/docs/sharing/webmasters/crawler)"
jomarlogistica.com.br:80 57.141.0.26 - - [11/Oct/2025:21:10:02 -0300] "GET /2023/12/18/alien-wedge-legal-understanding-the-legalities-of-alienation-of-land/ HTTP/1.1" 200 46229 "-" "meta-externalagent/1.1 (+https://developers.facebook.com/docs/sharing/webmasters/crawler)"
jomarlogistica.com.br:80 216.73.216.56 - - [11/Oct/2025:21:10:09 -0300] "GET /2023/08 HTTP/1.1" 200 4462 "-" "Mozilla/5.0 AppleWebKit/537.36 (KHTML, like Gecko; compatible; ClaudeBot/1.0; +claudebot@anthropic.com)"
jomarlogistica.com.br:80 216.73.216.56 - - [11/Oct/2025:21:10:09 -0300] "GET /2023/07 HTTP/1.1" 200 4462 "-" "Mozilla/5.0 AppleWebKit/537.36 (KHTML, like Gecko; compatible; ClaudeBot/1.0; +claudebot@anthropic.com)"
jomarlogistica.com.br:80 127.0.0.1 - - [11/Oct/2025:21:10:13 -0300] "OPTIONS * HTTP/1.0" 200 110 "-" "Apache/2.4.65 (Ubuntu) (internal dummy connection)"
jomarlogistica.com.br:80 177.116.190.244 - - [11/Oct/2025:21:13:36 -0300] "POST /autodiscover/autodiscover.xml HTTP/1.1" 200 4462 "-" "AppleExchangeWebServices/833 accountsd/113"
jomarlogistica.com.br:80 171.22.30.170 - - [11/Oct/2025:21:13:39 -0300] "GET /wp-admin/wp-login.php HTTP/1.1" 200 4462 "-" "python-requests/2.32.4"
jomarlogistica.com.br:80 171.22.30.170 - - [11/Oct/2025:21:13:40 -0300] "POST /wp-admin/wp-login.php HTTP/1.1" 403 2493 "-" "python-requests/2.32.4"
jomarlogistica.com.br:80 171.22.30.170 - - [11/Oct/2025:21:13:41 -0300] "GET /wp-admin HTTP/1.1" 301 515 "-" "python-requests/2.32.4"
jomarlogistica.com.br:80 171.22.30.170 - - [11/Oct/2025:21:13:42 -0300] "GET /wp-admin/ HTTP/1.1" 200 7951 "-" "python-requests/2.32.4"
jomarlogistica.com.br:80 171.22.30.170 - - [11/Oct/2025:21:13:44 -0300] "GET /wp-admin/readme.html HTTP/1.1" 200 4462 "-" "python-requests/2.32.4"
jomarlogistica.com.br:80 171.22.30.170 - - [11/Oct/2025:21:13:45 -0300] "GET /wp-admin/wp-includes/version.php HTTP/1.1" 200 4462 "-" "python-requests/2.32.4"
jomarlogistica.com.br:80 171.22.30.170 - - [11/Oct/2025:21:13:46 -0300] "GET /wp-admin/feed/ HTTP/1.1" 200 4462 "-" "python-requests/2.32.4"
jomarlogistica.com.br:80 216.244.66.226 - - [11/Oct/2025:21:32:33 -0300] "GET /2022/10/28/why-european-ladies-are-the-best/ HTTP/1.1" 200 46229 "-" "Mozilla/5.0 (compatible; DotBot/1.2; +https://opensiteexplorer.org/dotbot; help@moz.com)"
jomarlogistica.com.br:80 95.173.216.42 - - [11/Oct/2025:21:33:03 -0300] "GET / HTTP/1.1" 200 4462 "-" "Mozilla/5.0 (Windows NT 10.0; Win64; x64) AppleWebKit/537.36 (KHTML, like Gecko) Chrome/58.0.3029.110 Safari/537.3"
jomarlogistica.com.br:80 95.173.216.42 - - [11/Oct/2025:21:33:10 -0300] "GET /phpinfo.php HTTP/1.1" 200 4462 "-" "Mozilla/5.0 (Windows NT 10.0; Win64; x64) AppleWebKit/537.36 (KHTML, like Gecko) Chrome/58.0.3029.110 Safari/537.3"
jomarlogistica.com.br:80 95.173.216.42 - - [11/Oct/2025:21:33:14 -0300] "GET /test.php HTTP/1.1" 200 4462 "-" "Mozilla/5.0 (Windows NT 10.0; Win64; x64) AppleWebKit/537.36 (KHTML, like Gecko) Chrome/58.0.3029.110 Safari/537.3"
jomarlogistica.com.br:80 95.173.216.42 - - [11/Oct/2025:21:33:19 -0300] "GET /_profiler/phpinfo HTTP/1.1" 200 4462 "-" "Mozilla/5.0 (Windows NT 10.0; Win64; x64) AppleWebKit/537.36 (KHTML, like Gecko) Chrome/58.0.3029.110 Safari/537.3"
jomarlogistica.com.br:80 95.173.216.42 - - [11/Oct/2025:21:33:24 -0300] "GET /.env HTTP/1.1" 200 4462 "-" "Mozilla/5.0 (Windows NT 10.0; Win64; x64) AppleWebKit/537.36 (KHTML, like Gecko) Chrome/58.0.3029.110 Safari/537.3"
jomarlogistica.com.br:80 95.173.216.42 - - [11/Oct/2025:21:33:31 -0300] "GET / HTTP/1.1" 200 4462 "-" "Mozilla/5.0 (Windows NT 10.0; Win64; x64) AppleWebKit/537.36 (KHTML, like Gecko) Chrome/58.0.3029.110 Safari/537.3"
jomarlogistica.com.br:80 95.173.216.42 - - [11/Oct/2025:21:33:36 -0300] "GET /index.php HTTP/1.1" 200 4462 "-" "Mozilla/5.0 (Windows NT 10.0; Win64; x64) AppleWebKit/537.36 (KHTML, like Gecko) Chrome/58.0.3029.110 Safari/537.3"
jomarlogistica.com.br:80 95.173.216.42 - - [11/Oct/2025:21:33:42 -0300] "GET /.aws/credentials HTTP/1.1" 200 4462 "-" "Mozilla/5.0 (Windows NT 10.0; Win64; x64) AppleWebKit/537.36 (KHTML, like Gecko) Chrome/58.0.3029.110 Safari/537.3"
jomarlogistica.com.br:80 216.244.66.226 - - [11/Oct/2025:21:36:15 -0300] "GET /2023/03/10/online-dating-services-safety-recommendations/ HTTP/1.1" 200 46229 "-" "Mozilla/5.0 (compatible; DotBot/1.2; +https://opensiteexplorer.org/dotbot; help@moz.com)"
jomarlogistica.com.br:80 216.244.66.226 - - [11/Oct/2025:21:36:27 -0300] "GET /2023/07/01/organization-management-jobs/ HTTP/1.1" 200 46229 "-" "Mozilla/5.0 (compatible; DotBot/1.2; +https://opensiteexplorer.org/dotbot; help@moz.com)"
jomarlogistica.com.br:80 216.244.66.226 - - [11/Oct/2025:21:36:39 -0300] "GET /2023/09/27/what-is-a-board-portal/ HTTP/1.1" 200 46229 "-" "Mozilla/5.0 (compatible; DotBot/1.2; +https://opensiteexplorer.org/dotbot; help@moz.com)"
jomarlogistica.com.br:80 216.244.66.226 - - [11/Oct/2025:21:36:54 -0300] "GET /author/wadminw/feed/ HTTP/1.1" 200 46229 "-" "Mozilla/5.0 (compatible; DotBot/1.2; +https://opensiteexplorer.org/dotbot; help@moz.com)"
jomarlogistica.com.br:80 34.224.132.215 - - [11/Oct/2025:21:39:52 -0300] "GET /2022/09/15/understanding-accrued-legal-meaning-a-comprehensive-guide/ HTTP/1.1" 200 4462 "-" "Mozilla/5.0 AppleWebKit/537.36 (KHTML, like Gecko; compatible; Amazonbot/0.1; +https://developer.amazon.com/support/amazonbot) Chrome/119.0.6045.214 Safari/537.36"
jomarlogistica.com.br:80 216.244.66.226 - - [11/Oct/2025:21:40:41 -0300] "GET /2023/06/page/4/ HTTP/1.1" 200 46229 "-" "Mozilla/5.0 (compatible; DotBot/1.2; +https://opensiteexplorer.org/dotbot; help@moz.com)"
jomarlogistica.com.br:80 177.116.190.244 - - [11/Oct/2025:21:41:03 -0300] "POST /autodiscover/autodiscover.xml HTTP/1.1" 200 4462 "-" "AppleExchangeWebServices/833 accountsd/113"
jomarlogistica.com.br:80 57.141.0.3 - - [11/Oct/2025:21:53:08 -0300] "GET /2023/02/15/wedding-ceremony-traditions-inside-the-balkans/ HTTP/1.1" 200 46229 "-" "meta-externalagent/1.1 (+https://developers.facebook.com/docs/sharing/webmasters/crawler)"
jomarlogistica.com.br:80 216.244.66.226 - - [11/Oct/2025:21:55:24 -0300] "GET /robots.txt HTTP/1.1" 200 46229 "-" "Mozilla/5.0 (compatible; DotBot/1.2; +https://opensiteexplorer.org/dotbot; help@moz.com)"
jomarlogistica.com.br:80 177.116.190.244 - - [11/Oct/2025:21:55:32 -0300] "POST /autodiscover/autodiscover.xml HTTP/1.1" 200 4462 "-" "AppleExchangeWebServices/833 accountsd/113"
jomarlogistica.com.br:80 74.7.35.61 - - [11/Oct/2025:21:57:23 -0300] "GET /2024/03/09/are-50-caliber-guns-legal-in-canada-rules-and-regulations-explained/ HTTP/1.1" 200 4462 "-" "Mozilla/5.0 AppleWebKit/537.36 (KHTML, like Gecko); compatible; ChatGPT-User/1.0; +https://openai.com/bot"
jomarlogistica.com.br:80 57.141.0.24 - - [11/Oct/2025:21:58:19 -0300] "GET /2023/10/03/cds-full-form-age-limit-eligibility-criteria-for-cds-exam/ HTTP/1.1" 200 46229 "-" "meta-externalagent/1.1 (+https://developers.facebook.com/docs/sharing/webmasters/crawler)"
jomarlogistica.com.br:80 177.116.190.244 - - [11/Oct/2025:22:04:53 -0300] "POST /autodiscover/autodiscover.xml HTTP/1.1" 200 4462 "-" "AppleExchangeWebServices/833 accountsd/113"
jomarlogistica.com.br:80 17.246.19.93 - - [11/Oct/2025:22:05:39 -0300] "GET /2023/02/25/where-you-should-play-no-cost-porn-game-titles/ HTTP/1.1" 200 4462 "-" "Mozilla/5.0 (Macintosh; Intel Mac OS X 10_15_7) AppleWebKit/605.1.15 (KHTML, like Gecko) Version/17.4 Safari/605.1.15 (Applebot/0.1; +http://www.apple.com/go/applebot)"
jomarlogistica.com.br:80 20.97.189.111 - - [11/Oct/2025:22:05:41 -0300] "GET /2024/01/16/is-owning-pet-squirrels-legal-in-florida-laws-regulations/ HTTP/1.1" 200 4462 "-" "Mozilla/5.0 AppleWebKit/537.36 (KHTML, like Gecko); compatible; ChatGPT-User/1.0; +https://openai.com/bot"
jomarlogistica.com.br:80 177.116.190.244 - - [11/Oct/2025:22:12:28 -0300] "POST /autodiscover/autodiscover.xml HTTP/1.1" 200 4462 "-" "AppleExchangeWebServices/833 accountsd/113"
jomarlogistica.com.br:80 57.141.0.51 - - [11/Oct/2025:22:14:24 -0300] "GET /2023/09/28/car-sale-agreement-stamp-paper-legal-document-for-vehicle-sale/ HTTP/1.1" 200 46229 "-" "meta-externalagent/1.1 (+https://developers.facebook.com/docs/sharing/webmasters/crawler)"
jomarlogistica.com.br:80 216.244.66.226 - - [11/Oct/2025:22:24:50 -0300] "GET /2023/09/27/how-to-conduct-a-borad-meeting-online/ HTTP/1.1" 200 46229 "-" "Mozilla/5.0 (compatible; DotBot/1.2; +https://opensiteexplorer.org/dotbot; help@moz.com)"
jomarlogistica.com.br:80 57.141.0.28 - - [11/Oct/2025:22:30:34 -0300] "GET /2022/12/11/the-culture-of-dating-a-latin-girl/ HTTP/1.1" 200 46229 "-" "meta-externalagent/1.1 (+https://developers.facebook.com/docs/sharing/webmasters/crawler)"
jomarlogistica.com.br:80 177.116.190.244 - - [11/Oct/2025:22:33:52 -0300] "POST /autodiscover/autodiscover.xml HTTP/1.1" 200 4462 "-" "AppleExchangeWebServices/833 accountsd/113"
jomarlogistica.com.br:80 57.141.0.14 - - [11/Oct/2025:22:34:46 -0300] "GET /2023/07/28/choosing-love-after-divorce-at-40/ HTTP/1.1" 200 46229 "-" "meta-externalagent/1.1 (+https://developers.facebook.com/docs/sharing/webmasters/crawler)"
jomarlogistica.com.br:80 216.244.66.226 - - [11/Oct/2025:22:35:56 -0300] "GET /2023/04/27/mail-order-bride-noun-american-british-definition-and-synonyms/ HTTP/1.1" 200 46229 "-" "Mozilla/5.0 (compatible; DotBot/1.2; +https://opensiteexplorer.org/dotbot; help@moz.com)"
jomarlogistica.com.br:80 216.244.66.226 - - [11/Oct/2025:22:49:48 -0300] "GET /robots.txt HTTP/1.1" 200 46229 "-" "Mozilla/5.0 (compatible; DotBot/1.2; +https://opensiteexplorer.org/dotbot; help@moz.com)"
jomarlogistica.com.br:80 177.116.190.244 - - [11/Oct/2025:22:54:02 -0300] "POST /autodiscover/autodiscover.xml HTTP/1.1" 200 4462 "-" "AppleExchangeWebServices/833 accountsd/113"
jomarlogistica.com.br:80 57.141.0.68 - - [11/Oct/2025:22:58:25 -0300] "GET /2023/10/17/submit-uif-forms-online-application-process-and-requirements/ HTTP/1.1" 200 46229 "-" "meta-externalagent/1.1 (+https://developers.facebook.com/docs/sharing/webmasters/crawler)"
jomarlogistica.com.br:80 57.141.0.19 - - [11/Oct/2025:23:02:57 -0300] "GET /2023/12/08/application-for-non-renewal-of-contract-legal-guide/ HTTP/1.1" 200 46229 "-" "meta-externalagent/1.1 (+https://developers.facebook.com/docs/sharing/webmasters/crawler)"
jomarlogistica.com.br:80 57.141.0.66 - - [11/Oct/2025:23:16:11 -0300] "GET /2023/01/22/callide-power-station-enterprise-agreement-2018-legal-implications-explained/ HTTP/1.1" 200 46229 "-" "meta-externalagent/1.1 (+https://developers.facebook.com/docs/sharing/webmasters/crawler)"
jomarlogistica.com.br:80 186.202.163.106 - - [11/Oct/2025:23:17:34 -0300] "GET / HTTP/1.1" 200 4462 "-" "Mozilla/5.0 (Windows NT 10.0; rv:91.0) Gecko/20100101 Firefox/91.0"
jomarlogistica.com.br:80 57.141.0.21 - - [11/Oct/2025:23:22:58 -0300] "GET /2023/02/25/marriage-relationship-advice-how-to-keep-your-marriage-happy-healthy-and-strong/ HTTP/1.1" 200 46229 "-" "meta-externalagent/1.1 (+https://developers.facebook.com/docs/sharing/webmasters/crawler)"
jomarlogistica.com.br:80 216.244.66.226 - - [11/Oct/2025:23:24:48 -0300] "GET /2023/05/10/kellie-chauvin-and-a-history-of-asian-females-being-judged-for-to-whom-they-get-married-to/ HTTP/1.1" 200 46229 "-" "Mozilla/5.0 (compatible; DotBot/1.2; +https://opensiteexplorer.org/dotbot; help@moz.com)"
jomarlogistica.com.br:80 216.73.216.56 - - [11/Oct/2025:23:25:23 -0300] "GET /robots.txt HTTP/1.1" 200 4462 "-" "Mozilla/5.0 AppleWebKit/537.36 (KHTML, like Gecko; compatible; ClaudeBot/1.0; +claudebot@anthropic.com)"
jomarlogistica.com.br:80 216.73.216.56 - - [11/Oct/2025:23:25:23 -0300] "GET /2022/06/24/eavesdropping-laws-in-georgia-what-you-need-to-know?fileloc=%2Fvar%2Fwww%2Fvhosts%2Fjomarlogistica.com.br%2Fhttpdocs%2Fxmlrpc.php&path=%2Fvar%2Fwww%2Fvhosts%2Fjomarlogistica.com.br%2Fhttpdocs HTTP/1.1" 200 4507 "-" "Mozilla/5.0 AppleWebKit/537.36 (KHTML, like Gecko; compatible; ClaudeBot/1.0; +claudebot@anthropic.com)"
jomarlogistica.com.br:80 216.73.216.56 - - [11/Oct/2025:23:25:23 -0300] "GET /2024/03/08/ccpa-non-disclosure-agreement-protect-your-data?fileloc=%2Fvar%2Fwww%2Fvhosts%2Fjomarlogistica.com.br%2Fhttpdocs%2Fwp-signup.php&path=%2Fvar%2Fwww%2Fvhosts%2Fjomarlogistica.com.br%2Fhttpdocs HTTP/1.1" 200 11177 "-" "Mozilla/5.0 AppleWebKit/537.36 (KHTML, like Gecko; compatible; ClaudeBot/1.0; +claudebot@anthropic.com)"
jomarlogistica.com.br:80 216.73.216.56 - - [11/Oct/2025:23:25:24 -0300] "GET /2024/03/08/ccpa-non-disclosure-agreement-protect-your-data?fileloc=%2Fvar%2Fwww%2Fvhosts%2Fjomarlogistica.com.br%2Fhttpdocs%2Fwp-comments-post.php&path=%2Fvar%2Fwww%2Fvhosts%2Fjomarlogistica.com.br%2Fhttpdocs HTTP/1.1" 200 4143 "-" "Mozilla/5.0 AppleWebKit/537.36 (KHTML, like Gecko; compatible; ClaudeBot/1.0; +claudebot@anthropic.com)"
jomarlogistica.com.br:80 216.73.216.56 - - [11/Oct/2025:23:25:24 -0300] "GET /?fileloc=%2Fvar%2Fwww%2Fvhosts%2Fjomarlogistica.com.br%2Fhttpdocs%2Findex.php&path=%2Fvar%2Fwww%2Fvhosts%2Fjomarlogistica.com.br%2Fhttpdocs HTTP/1.1" 200 3316 "-" "Mozilla/5.0 AppleWebKit/537.36 (KHTML, like Gecko; compatible; ClaudeBot/1.0; +claudebot@anthropic.com)"
jomarlogistica.com.br:80 216.73.216.56 - - [11/Oct/2025:23:25:25 -0300] "GET /2022/06/24/eavesdropping-laws-in-georgia-what-you-need-to-know?fileloc=%2Fvar%2Fwww%2Fvhosts%2Fjomarlogistica.com.br%2Fhttpdocs%2Fwp-links-opml.php&path=%2Fvar%2Fwww%2Fvhosts%2Fjomarlogistica.com.br%2Fhttpdocs HTTP/1.1" 200 4205 "-" "Mozilla/5.0 AppleWebKit/537.36 (KHTML, like Gecko; compatible; ClaudeBot/1.0; +claudebot@anthropic.com)"
jomarlogistica.com.br:80 216.73.216.56 - - [11/Oct/2025:23:25:25 -0300] "GET /2022/06/24/eavesdropping-laws-in-georgia-what-you-need-to-know?fileloc=%2Fvar%2Fwww%2Fvhosts%2Fjomarlogistica.com.br%2Fhttpdocs%2Fwp-config-sample.php&path=%2Fvar%2Fwww%2Fvhosts%2Fjomarlogistica.com.br%2Fhttpdocs HTTP/1.1" 200 4312 "-" "Mozilla/5.0 AppleWebKit/537.36 (KHTML, like Gecko; compatible; ClaudeBot/1.0; +claudebot@anthropic.com)"
jomarlogistica.com.br:80 216.73.216.56 - - [11/Oct/2025:23:25:26 -0300] "GET /2024/03/08/ccpa-non-disclosure-agreement-protect-your-data?fileloc=%2Fvar%2Fwww%2Fvhosts%2Fjomarlogistica.com.br%2Fhttpdocs%2Fwp-load.php&path=%2Fvar%2Fwww%2Fvhosts%2Fjomarlogistica.com.br%2Fhttpdocs HTTP/1.1" 200 4770 "-" "Mozilla/5.0 AppleWebKit/537.36 (KHTML, like Gecko; compatible; ClaudeBot/1.0; +claudebot@anthropic.com)"
jomarlogistica.com.br:80 216.73.216.56 - - [11/Oct/2025:23:25:26 -0300] "GET /2024/03/08/ccpa-non-disclosure-agreement-protect-your-data?path=%2Fvar%2Fwww%2Fvhosts%2Fjomarlogistica.com.br%2Fhttpdocs%2Fwp-content HTTP/1.1" 200 3745 "-" "Mozilla/5.0 AppleWebKit/537.36 (KHTML, like Gecko; compatible; ClaudeBot/1.0; +claudebot@anthropic.com)"
jomarlogistica.com.br:80 216.73.216.56 - - [11/Oct/2025:23:25:26 -0300] "GET /2022/06/24/eavesdropping-laws-in-georgia-what-you-need-to-know?fileloc=%2Fvar%2Fwww%2Fvhosts%2Fjomarlogistica.com.br%2Fhttpdocs%2Fwp-cron.php&path=%2Fvar%2Fwww%2Fvhosts%2Fjomarlogistica.com.br%2Fhttpdocs HTTP/1.1" 200 4826 "-" "Mozilla/5.0 AppleWebKit/537.36 (KHTML, like Gecko; compatible; ClaudeBot/1.0; +claudebot@anthropic.com)"
jomarlogistica.com.br:80 216.73.216.56 - - [11/Oct/2025:23:25:27 -0300] "GET /2022/06/24/eavesdropping-laws-in-georgia-what-you-need-to-know?fileloc=%2Fvar%2Fwww%2Fvhosts%2Fjomarlogistica.com.br%2Fhttpdocs%2Fwp-blog-header.php&path=%2Fvar%2Fwww%2Fvhosts%2Fjomarlogistica.com.br%2Fhttpdocs HTTP/1.1" 200 3276 "-" "Mozilla/5.0 AppleWebKit/537.36 (KHTML, like Gecko; compatible; ClaudeBot/1.0; +claudebot@anthropic.com)"
jomarlogistica.com.br:80 216.73.216.56 - - [11/Oct/2025:23:25:27 -0300] "GET /?fileloc=%2Fvar%2Fwww%2Fvhosts%2Fjomarlogistica.com.br%2Fhttpdocs%2Fwp-signup.php&path=%2Fvar%2Fwww%2Fvhosts%2Fjomarlogistica.com.br%2Fhttpdocs HTTP/1.1" 200 11177 "-" "Mozilla/5.0 AppleWebKit/537.36 (KHTML, like Gecko; compatible; ClaudeBot/1.0; +claudebot@anthropic.com)"
jomarlogistica.com.br:80 216.73.216.56 - - [11/Oct/2025:23:25:27 -0300] "GET /2024/03/08/ccpa-non-disclosure-agreement-protect-your-data?fileloc=%2Fvar%2Fwww%2Fvhosts%2Fjomarlogistica.com.br%2Fhttpdocs%2Fwp-settings.php&path=%2Fvar%2Fwww%2Fvhosts%2Fjomarlogistica.com.br%2Fhttpdocs HTTP/1.1" 200 8278 "-" "Mozilla/5.0 AppleWebKit/537.36 (KHTML, like Gecko; compatible; ClaudeBot/1.0; +claudebot@anthropic.com)"
jomarlogistica.com.br:80 216.73.216.56 - - [11/Oct/2025:23:25:28 -0300] "GET /2024/03/08/ccpa-non-disclosure-agreement-protect-your-data?fileloc=%2Fvar%2Fwww%2Fvhosts%2Fjomarlogistica.com.br%2Fhttpdocs%2Fwp-mail.php&path=%2Fvar%2Fwww%2Fvhosts%2Fjomarlogistica.com.br%2Fhttpdocs HTTP/1.1" 200 6062 "-" "Mozilla/5.0 AppleWebKit/537.36 (KHTML, like Gecko; compatible; ClaudeBot/1.0; +claudebot@anthropic.com)"
jomarlogistica.com.br:80 216.73.216.56 - - [11/Oct/2025:23:25:28 -0300] "GET /?path=%2Fvar%2Fwww%2Fvhosts%2Fjomarlogistica.com.br%2Fhttpdocs%2Fwp-content HTTP/1.1" 200 3764 "-" "Mozilla/5.0 AppleWebKit/537.36 (KHTML, like Gecko; compatible; ClaudeBot/1.0; +claudebot@anthropic.com)"
jomarlogistica.com.br:80 216.73.216.56 - - [11/Oct/2025:23:25:28 -0300] "GET /?fileloc=%2Fvar%2Fwww%2Fvhosts%2Fjomarlogistica.com.br%2Fhttpdocs%2Fwp-comments-post.php&path=%2Fvar%2Fwww%2Fvhosts%2Fjomarlogistica.com.br%2Fhttpdocs HTTP/1.1" 200 4143 "-" "Mozilla/5.0 AppleWebKit/537.36 (KHTML, like Gecko; compatible; ClaudeBot/1.0; +claudebot@anthropic.com)"
jomarlogistica.com.br:80 216.73.216.56 - - [11/Oct/2025:23:25:28 -0300] "GET /2024/03/08/ccpa-non-disclosure-agreement-protect-your-data?fileloc=%2Fvar%2Fwww%2Fvhosts%2Fjomarlogistica.com.br%2Fhttpdocs%2Fwp-activate.php&path=%2Fvar%2Fwww%2Fvhosts%2Fjomarlogistica.com.br%2Fhttpdocs HTTP/1.1" 200 5598 "-" "Mozilla/5.0 AppleWebKit/537.36 (KHTML, like Gecko; compatible; ClaudeBot/1.0; +claudebot@anthropic.com)"
jomarlogistica.com.br:80 216.73.216.56 - - [11/Oct/2025:23:25:29 -0300] "GET /2024/03/08/ccpa-non-disclosure-agreement-protect-your-data?fileloc=%2Fvar%2Fwww%2Fvhosts%2Fjomarlogistica.com.br%2Fhttpdocs%2Fwp-trackback.php&path=%2Fvar%2Fwww%2Fvhosts%2Fjomarlogistica.com.br%2Fhttpdocs HTTP/1.1" 200 4885 "-" "Mozilla/5.0 AppleWebKit/537.36 (KHTML, like Gecko; compatible; ClaudeBot/1.0; +claudebot@anthropic.com)"
jomarlogistica.com.br:80 216.73.216.56 - - [11/Oct/2025:23:26:19 -0300] "GET /2024/03/08/ccpa-non-disclosure-agreement-protect-your-data?path=%2Fvar%2Fwww%2Fvhosts HTTP/1.1" 200 3368 "-" "Mozilla/5.0 AppleWebKit/537.36 (KHTML, like Gecko; compatible; ClaudeBot/1.0; +claudebot@anthropic.com)"
jomarlogistica.com.br:80 216.73.216.56 - - [11/Oct/2025:23:26:19 -0300] "GET /2022/06/24/eavesdropping-laws-in-georgia-what-you-need-to-know?path=%2Fvar%2Fwww%2Fvhosts%2Fjomarlogistica.com.br%2Fhttpdocs%2Fwp-content HTTP/1.1" 200 3745 "-" "Mozilla/5.0 AppleWebKit/537.36 (KHTML, like Gecko; compatible; ClaudeBot/1.0; +claudebot@anthropic.com)"
jomarlogistica.com.br:80 216.73.216.56 - - [11/Oct/2025:23:26:19 -0300] "GET /2024/03/08/ccpa-non-disclosure-agreement-protect-your-data?fileloc=%2Fvar%2Fwww%2Fvhosts%2Fjomarlogistica.com.br%2Fhttpdocs%2Freadme.html&path=%2Fvar%2Fwww%2Fvhosts%2Fjomarlogistica.com.br%2Fhttpdocs HTTP/1.1" 200 6203 "-" "Mozilla/5.0 AppleWebKit/537.36 (KHTML, like Gecko; compatible; ClaudeBot/1.0; +claudebot@anthropic.com)"
jomarlogistica.com.br:80 216.73.216.56 - - [11/Oct/2025:23:26:19 -0300] "GET /?fileloc=%2Fvar%2Fwww%2Fvhosts%2Fjomarlogistica.com.br%2Fhttpdocs%2Freadme.html&path=%2Fvar%2Fwww%2Fvhosts%2Fjomarlogistica.com.br%2Fhttpdocs HTTP/1.1" 200 6203 "-" "Mozilla/5.0 AppleWebKit/537.36 (KHTML, like Gecko; compatible; ClaudeBot/1.0; +claudebot@anthropic.com)"
jomarlogistica.com.br:80 216.73.216.56 - - [11/Oct/2025:23:26:19 -0300] "GET /2022/06/24/eavesdropping-laws-in-georgia-what-you-need-to-know?fileloc=%2Fvar%2Fwww%2Fvhosts%2Fjomarlogistica.com.br%2Fhttpdocs%2Findex.php&path=%2Fvar%2Fwww%2Fvhosts%2Fjomarlogistica.com.br%2Fhttpdocs HTTP/1.1" 200 3297 "-" "Mozilla/5.0 AppleWebKit/537.36 (KHTML, like Gecko; compatible; ClaudeBot/1.0; +claudebot@anthropic.com)"
jomarlogistica.com.br:80 216.73.216.56 - - [11/Oct/2025:23:26:19 -0300] "GET /2024/03/08/ccpa-non-disclosure-agreement-protect-your-data?path=%2Fvar%2Fwww%2Fvhosts%2Fjomarlogistica.com.br%2Fhttpdocs%2Fwp-admin HTTP/1.1" 200 7932 "-" "Mozilla/5.0 AppleWebKit/537.36 (KHTML, like Gecko; compatible; ClaudeBot/1.0; +claudebot@anthropic.com)"
jomarlogistica.com.br:80 216.73.216.56 - - [11/Oct/2025:23:26:20 -0300] "GET /?path=%2Fvar%2Fwww%2Fvhosts%2Fjomarlogistica.com.br%2Fhttpdocs%2Fwp-includes HTTP/1.1" 200 13090 "-" "Mozilla/5.0 AppleWebKit/537.36 (KHTML, like Gecko; compatible; ClaudeBot/1.0; +claudebot@anthropic.com)"
jomarlogistica.com.br:80 216.73.216.56 - - [11/Oct/2025:23:26:20 -0300] "GET /2022/06/24/eavesdropping-laws-in-georgia-what-you-need-to-know?fileloc=%2Fvar%2Fwww%2Fvhosts%2Fjomarlogistica.com.br%2Fhttpdocs%2Fwp-signup.php&path=%2Fvar%2Fwww%2Fvhosts%2Fjomarlogistica.com.br%2Fhttpdocs HTTP/1.1" 200 11177 "-" "Mozilla/5.0 AppleWebKit/537.36 (KHTML, like Gecko; compatible; ClaudeBot/1.0; +claudebot@anthropic.com)"
jomarlogistica.com.br:80 216.73.216.56 - - [11/Oct/2025:23:26:20 -0300] "GET /2024/03/08/ccpa-non-disclosure-agreement-protect-your-data?path=%2Fvar%2Fwww%2Fvhosts%2Fjomarlogistica.com.br%2Fhttpdocs%2Fwp-includes HTTP/1.1" 200 13071 "-" "Mozilla/5.0 AppleWebKit/537.36 (KHTML, like Gecko; compatible; ClaudeBot/1.0; +claudebot@anthropic.com)"
jomarlogistica.com.br:80 216.73.216.56 - - [11/Oct/2025:23:26:20 -0300] "GET /2022/06/24/eavesdropping-laws-in-georgia-what-you-need-to-know?fileloc=%2Fvar%2Fwww%2Fvhosts%2Fjomarlogistica.com.br%2Fhttpdocs%2Fwp-comments-post.php&path=%2Fvar%2Fwww%2Fvhosts%2Fjomarlogistica.com.br%2Fhttpdocs HTTP/1.1" 200 4143 "-" "Mozilla/5.0 AppleWebKit/537.36 (KHTML, like Gecko; compatible; ClaudeBot/1.0; +claudebot@anthropic.com)"
