jomarlogistica.com.br:80 216.73.216.56 - - [11/Oct/2025:23:26:20 -0300] "GET /2022/06/24/eavesdropping-laws-in-georgia-what-you-need-to-know?fileloc=%2Fvar%2Fwww%2Fvhosts%2Fjomarlogistica.com.br%2Fhttpdocs%2Fwp-load.php&path=%2Fvar%2Fwww%2Fvhosts%2Fjomarlogistica.com.br%2Fhttpdocs HTTP/1.1" 200 4770 "-" "Mozilla/5.0 AppleWebKit/537.36 (KHTML, like Gecko; compatible; ClaudeBot/1.0; +claudebot@anthropic.com)"
jomarlogistica.com.br:80 216.73.216.56 - - [11/Oct/2025:23:26:21 -0300] "GET /2022/06/24/eavesdropping-laws-in-georgia-what-you-need-to-know?fileloc=%2Fvar%2Fwww%2Fvhosts%2Fjomarlogistica.com.br%2Fhttpdocs%2Fwp-settings.php&path=%2Fvar%2Fwww%2Fvhosts%2Fjomarlogistica.com.br%2Fhttpdocs HTTP/1.1" 200 8278 "-" "Mozilla/5.0 AppleWebKit/537.36 (KHTML, like Gecko; compatible; ClaudeBot/1.0; +claudebot@anthropic.com)"
jomarlogistica.com.br:80 216.73.216.56 - - [11/Oct/2025:23:26:21 -0300] "GET /2022/06/24/eavesdropping-laws-in-georgia-what-you-need-to-know?fileloc=%2Fvar%2Fwww%2Fvhosts%2Fjomarlogistica.com.br%2Fhttpdocs%2Fwp-mail.php&path=%2Fvar%2Fwww%2Fvhosts%2Fjomarlogistica.com.br%2Fhttpdocs HTTP/1.1" 200 6081 "-" "Mozilla/5.0 AppleWebKit/537.36 (KHTML, like Gecko; compatible; ClaudeBot/1.0; +claudebot@anthropic.com)"
jomarlogistica.com.br:80 216.73.216.56 - - [11/Oct/2025:23:26:21 -0300] "GET /2024/03/08/ccpa-non-disclosure-agreement-protect-your-data?fileloc=%2Fvar%2Fwww%2Fvhosts%2Fjomarlogistica.com.br%2Fhttpdocs%2Findex.php&path=%2Fvar%2Fwww%2Fvhosts%2Fjomarlogistica.com.br%2Fhttpdocs HTTP/1.1" 200 3297 "-" "Mozilla/5.0 AppleWebKit/537.36 (KHTML, like Gecko; compatible; ClaudeBot/1.0; +claudebot@anthropic.com)"
jomarlogistica.com.br:80 216.73.216.56 - - [11/Oct/2025:23:26:21 -0300] "GET /2022/06/24/eavesdropping-laws-in-georgia-what-you-need-to-know?fileloc=%2Fvar%2Fwww%2Fvhosts%2Fjomarlogistica.com.br%2Fhttpdocs%2Fwp-activate.php&path=%2Fvar%2Fwww%2Fvhosts%2Fjomarlogistica.com.br%2Fhttpdocs HTTP/1.1" 200 5617 "-" "Mozilla/5.0 AppleWebKit/537.36 (KHTML, like Gecko; compatible; ClaudeBot/1.0; +claudebot@anthropic.com)"
jomarlogistica.com.br:80 216.73.216.56 - - [11/Oct/2025:23:26:21 -0300] "GET /2022/06/24/eavesdropping-laws-in-georgia-what-you-need-to-know?fileloc=%2Fvar%2Fwww%2Fvhosts%2Fjomarlogistica.com.br%2Fhttpdocs%2Fwp-config.php&path=%2Fvar%2Fwww%2Fvhosts%2Fjomarlogistica.com.br%2Fhttpdocs HTTP/1.1" 200 4839 "-" "Mozilla/5.0 AppleWebKit/537.36 (KHTML, like Gecko; compatible; ClaudeBot/1.0; +claudebot@anthropic.com)"
jomarlogistica.com.br:80 216.73.216.56 - - [11/Oct/2025:23:26:21 -0300] "GET /2022/06/24/eavesdropping-laws-in-georgia-what-you-need-to-know?fileloc=%2Fvar%2Fwww%2Fvhosts%2Fjomarlogistica.com.br%2Fhttpdocs%2Fwp-trackback.php&path=%2Fvar%2Fwww%2Fvhosts%2Fjomarlogistica.com.br%2Fhttpdocs HTTP/1.1" 200 4885 "-" "Mozilla/5.0 AppleWebKit/537.36 (KHTML, like Gecko; compatible; ClaudeBot/1.0; +claudebot@anthropic.com)"
jomarlogistica.com.br:80 127.0.0.1 - - [11/Oct/2025:23:26:25 -0300] "OPTIONS * HTTP/1.0" 200 110 "-" "Apache/2.4.65 (Ubuntu) (internal dummy connection)"
jomarlogistica.com.br:80 216.73.216.56 - - [11/Oct/2025:23:27:39 -0300] "GET /2022/06/18/charter-party-agreement-india-legal-guide-expert-advice?fileloc=%2Fvar%2Fwww%2Fvhosts%2Fjomarlogistica.com.br%2Fhttpdocs%2Fwp-links-opml.php&path=%2Fvar%2Fwww%2Fvhosts%2Fjomarlogistica.com.br%2Fhttpdocs HTTP/1.1" 200 4205 "-" "Mozilla/5.0 AppleWebKit/537.36 (KHTML, like Gecko; compatible; ClaudeBot/1.0; +claudebot@anthropic.com)"
jomarlogistica.com.br:80 216.73.216.56 - - [11/Oct/2025:23:27:39 -0300] "GET /2022/06/18/charter-party-agreement-india-legal-guide-expert-advice?fileloc=%2Fvar%2Fwww%2Fvhosts%2Fjomarlogistica.com.br%2Fhttpdocs%2Fwp-config-sample.php&path=%2Fvar%2Fwww%2Fvhosts%2Fjomarlogistica.com.br%2Fhttpdocs HTTP/1.1" 200 4312 "-" "Mozilla/5.0 AppleWebKit/537.36 (KHTML, like Gecko; compatible; ClaudeBot/1.0; +claudebot@anthropic.com)"
jomarlogistica.com.br:80 216.73.216.56 - - [11/Oct/2025:23:27:39 -0300] "GET /2022/06/24/eavesdropping-laws-in-georgia-what-you-need-to-know?path=%2Fvar%2Fwww%2Fvhosts%2Fjomarlogistica.com.br%2Fhttpdocs%2Fwp-admin HTTP/1.1" 200 7932 "-" "Mozilla/5.0 AppleWebKit/537.36 (KHTML, like Gecko; compatible; ClaudeBot/1.0; +claudebot@anthropic.com)"
jomarlogistica.com.br:80 216.73.216.56 - - [11/Oct/2025:23:27:39 -0300] "GET /2022/06/18/charter-party-agreement-india-legal-guide-expert-advice?fileloc=%2Fvar%2Fwww%2Fvhosts%2Fjomarlogistica.com.br%2Fhttpdocs%2Fwp-cron.php&path=%2Fvar%2Fwww%2Fvhosts%2Fjomarlogistica.com.br%2Fhttpdocs HTTP/1.1" 200 4807 "-" "Mozilla/5.0 AppleWebKit/537.36 (KHTML, like Gecko; compatible; ClaudeBot/1.0; +claudebot@anthropic.com)"
jomarlogistica.com.br:80 216.73.216.56 - - [11/Oct/2025:23:27:39 -0300] "GET /?path=%2Fvar%2Fwww%2Fvhosts%2Fjomarlogistica.com.br%2Fhttpdocs HTTP/1.1" 200 4462 "-" "Mozilla/5.0 AppleWebKit/537.36 (KHTML, like Gecko; compatible; ClaudeBot/1.0; +claudebot@anthropic.com)"
jomarlogistica.com.br:80 216.73.216.56 - - [11/Oct/2025:23:27:40 -0300] "GET /2022/06/24/eavesdropping-laws-in-georgia-what-you-need-to-know?fileloc=%2Fvar%2Fwww%2Fvhosts%2Fjomarlogistica.com.br%2Fhttpdocs%2F.htaccess&path=%2Fvar%2Fwww%2Fvhosts%2Fjomarlogistica.com.br%2Fhttpdocs HTTP/1.1" 200 5378 "-" "Mozilla/5.0 AppleWebKit/537.36 (KHTML, like Gecko; compatible; ClaudeBot/1.0; +claudebot@anthropic.com)"
jomarlogistica.com.br:80 216.73.216.56 - - [11/Oct/2025:23:27:40 -0300] "GET /?fileloc=%2Fvar%2Fwww%2Fvhosts%2Fjomarlogistica.com.br%2Fhttpdocs%2Flicense.txt&path=%2Fvar%2Fwww%2Fvhosts%2Fjomarlogistica.com.br%2Fhttpdocs HTTP/1.1" 200 10629 "-" "Mozilla/5.0 AppleWebKit/537.36 (KHTML, like Gecko; compatible; ClaudeBot/1.0; +claudebot@anthropic.com)"
jomarlogistica.com.br:80 216.73.216.56 - - [11/Oct/2025:23:27:40 -0300] "GET /2022/06/18/charter-party-agreement-india-legal-guide-expert-advice?fileloc=%2Fvar%2Fwww%2Fvhosts%2Fjomarlogistica.com.br%2Fhttpdocs%2Fwp-blog-header.php&path=%2Fvar%2Fwww%2Fvhosts%2Fjomarlogistica.com.br%2Fhttpdocs HTTP/1.1" 200 3276 "-" "Mozilla/5.0 AppleWebKit/537.36 (KHTML, like Gecko; compatible; ClaudeBot/1.0; +claudebot@anthropic.com)"
jomarlogistica.com.br:80 216.73.216.56 - - [11/Oct/2025:23:27:40 -0300] "GET /2024/03/08/ccpa-non-disclosure-agreement-protect-your-data?fileloc=%2Fvar%2Fwww%2Fvhosts%2Fjomarlogistica.com.br%2Fhttpdocs%2Flicense.txt&path=%2Fvar%2Fwww%2Fvhosts%2Fjomarlogistica.com.br%2Fhttpdocs HTTP/1.1" 200 10629 "-" "Mozilla/5.0 AppleWebKit/537.36 (KHTML, like Gecko; compatible; ClaudeBot/1.0; +claudebot@anthropic.com)"
jomarlogistica.com.br:80 216.73.216.56 - - [11/Oct/2025:23:27:40 -0300] "GET /2024/03/08/ccpa-non-disclosure-agreement-protect-your-data?path=%2Fvar%2Fwww HTTP/1.1" 200 3446 "-" "Mozilla/5.0 AppleWebKit/537.36 (KHTML, like Gecko; compatible; ClaudeBot/1.0; +claudebot@anthropic.com)"
jomarlogistica.com.br:80 216.73.216.56 - - [11/Oct/2025:23:27:40 -0300] "GET /?fileloc=%2Fvar%2Fwww%2Fvhosts%2Fjomarlogistica.com.br%2Fhttpdocs%2F.htaccess&path=%2Fvar%2Fwww%2Fvhosts%2Fjomarlogistica.com.br%2Fhttpdocs HTTP/1.1" 200 5359 "-" "Mozilla/5.0 AppleWebKit/537.36 (KHTML, like Gecko; compatible; ClaudeBot/1.0; +claudebot@anthropic.com)"
jomarlogistica.com.br:80 216.73.216.56 - - [11/Oct/2025:23:27:40 -0300] "GET /2024/03/08/ccpa-non-disclosure-agreement-protect-your-data?fileloc=%2Fvar%2Fwww%2Fvhosts%2Fjomarlogistica.com.br%2Fhttpdocs%2F.htaccess&path=%2Fvar%2Fwww%2Fvhosts%2Fjomarlogistica.com.br%2Fhttpdocs HTTP/1.1" 200 5378 "-" "Mozilla/5.0 AppleWebKit/537.36 (KHTML, like Gecko; compatible; ClaudeBot/1.0; +claudebot@anthropic.com)"
jomarlogistica.com.br:80 216.73.216.56 - - [11/Oct/2025:23:27:40 -0300] "GET /?path=%2Fvar%2Fwww%2Fvhosts HTTP/1.1" 200 3368 "-" "Mozilla/5.0 AppleWebKit/537.36 (KHTML, like Gecko; compatible; ClaudeBot/1.0; +claudebot@anthropic.com)"
jomarlogistica.com.br:80 216.73.216.56 - - [11/Oct/2025:23:27:40 -0300] "GET /?path=%2Fvar%2Fwww%2Fvhosts%2Fjomarlogistica.com.br%2Fhttpdocs%2Fwp-admin HTTP/1.1" 200 7932 "-" "Mozilla/5.0 AppleWebKit/537.36 (KHTML, like Gecko; compatible; ClaudeBot/1.0; +claudebot@anthropic.com)"
jomarlogistica.com.br:80 216.73.216.56 - - [11/Oct/2025:23:27:41 -0300] "GET /2024/03/08/ccpa-non-disclosure-agreement-protect-your-data?path=%2Fvar%2Fwww%2Fvhosts%2Fjomarlogistica.com.br%2Fhttpdocs HTTP/1.1" 200 4462 "-" "Mozilla/5.0 AppleWebKit/537.36 (KHTML, like Gecko; compatible; ClaudeBot/1.0; +claudebot@anthropic.com)"
jomarlogistica.com.br:80 216.73.216.56 - - [11/Oct/2025:23:27:40 -0300] "GET /2022/06/24/eavesdropping-laws-in-georgia-what-you-need-to-know?path=%2Fvar%2Fwww%2Fvhosts%2Fjomarlogistica.com.br%2Fhttpdocs%2Fwp-includes HTTP/1.1" 200 13071 "-" "Mozilla/5.0 AppleWebKit/537.36 (KHTML, like Gecko; compatible; ClaudeBot/1.0; +claudebot@anthropic.com)"
jomarlogistica.com.br:80 216.73.216.56 - - [11/Oct/2025:23:27:41 -0300] "GET /2022/06/24/eavesdropping-laws-in-georgia-what-you-need-to-know?fileloc=%2Fvar%2Fwww%2Fvhosts%2Fjomarlogistica.com.br%2Fhttpdocs%2Freadme.html&path=%2Fvar%2Fwww%2Fvhosts%2Fjomarlogistica.com.br%2Fhttpdocs HTTP/1.1" 200 6203 "-" "Mozilla/5.0 AppleWebKit/537.36 (KHTML, like Gecko; compatible; ClaudeBot/1.0; +claudebot@anthropic.com)"
jomarlogistica.com.br:80 127.0.0.1 - - [11/Oct/2025:23:27:46 -0300] "OPTIONS * HTTP/1.0" 200 110 "-" "Apache/2.4.65 (Ubuntu) (internal dummy connection)"
jomarlogistica.com.br:80 216.73.216.56 - - [11/Oct/2025:23:28:10 -0300] "GET /2022/06/18/charter-party-agreement-india-legal-guide-expert-advice?fileloc=%2Fvar%2Fwww%2Fvhosts%2Fjomarlogistica.com.br%2Fhttpdocs%2Findex.php&path=%2Fvar%2Fwww%2Fvhosts%2Fjomarlogistica.com.br%2Fhttpdocs HTTP/1.1" 200 3297 "-" "Mozilla/5.0 AppleWebKit/537.36 (KHTML, like Gecko; compatible; ClaudeBot/1.0; +claudebot@anthropic.com)"
jomarlogistica.com.br:80 216.73.216.56 - - [11/Oct/2025:23:28:10 -0300] "GET /?path=%2Fvar%2Fwww HTTP/1.1" 200 3446 "-" "Mozilla/5.0 AppleWebKit/537.36 (KHTML, like Gecko; compatible; ClaudeBot/1.0; +claudebot@anthropic.com)"
jomarlogistica.com.br:80 216.73.216.56 - - [11/Oct/2025:23:28:10 -0300] "GET /2022/06/18/charter-party-agreement-india-legal-guide-expert-advice?fileloc=%2Fvar%2Fwww%2Fvhosts%2Fjomarlogistica.com.br%2Fhttpdocs%2Fwp-settings.php&path=%2Fvar%2Fwww%2Fvhosts%2Fjomarlogistica.com.br%2Fhttpdocs HTTP/1.1" 200 8278 "-" "Mozilla/5.0 AppleWebKit/537.36 (KHTML, like Gecko; compatible; ClaudeBot/1.0; +claudebot@anthropic.com)"
jomarlogistica.com.br:80 216.73.216.56 - - [11/Oct/2025:23:28:10 -0300] "GET /2024/03/08/ccpa-non-disclosure-agreement-protect-your-data?path=%2Fvar%2Fwww%2Fvhosts%2Fjomarlogistica.com.br HTTP/1.1" 200 3520 "-" "Mozilla/5.0 AppleWebKit/537.36 (KHTML, like Gecko; compatible; ClaudeBot/1.0; +claudebot@anthropic.com)"
jomarlogistica.com.br:80 216.73.216.56 - - [11/Oct/2025:23:28:10 -0300] "GET /2022/06/18/charter-party-agreement-india-legal-guide-expert-advice?fileloc=%2Fvar%2Fwww%2Fvhosts%2Fjomarlogistica.com.br%2Fhttpdocs%2Fwp-mail.php&path=%2Fvar%2Fwww%2Fvhosts%2Fjomarlogistica.com.br%2Fhttpdocs HTTP/1.1" 200 6062 "-" "Mozilla/5.0 AppleWebKit/537.36 (KHTML, like Gecko; compatible; ClaudeBot/1.0; +claudebot@anthropic.com)"
jomarlogistica.com.br:80 216.73.216.56 - - [11/Oct/2025:23:28:11 -0300] "GET /2022/06/24/eavesdropping-laws-in-georgia-what-you-need-to-know?path=%2Fvar%2Fwww%2Fvhosts%2Fjomarlogistica.com.br%2Fhttpdocs HTTP/1.1" 200 4481 "-" "Mozilla/5.0 AppleWebKit/537.36 (KHTML, like Gecko; compatible; ClaudeBot/1.0; +claudebot@anthropic.com)"
jomarlogistica.com.br:80 216.73.216.56 - - [11/Oct/2025:23:28:11 -0300] "GET /2022/06/24/eavesdropping-laws-in-georgia-what-you-need-to-know?path=%2Fvar%2Fwww%2Fvhosts HTTP/1.1" 200 3368 "-" "Mozilla/5.0 AppleWebKit/537.36 (KHTML, like Gecko; compatible; ClaudeBot/1.0; +claudebot@anthropic.com)"
jomarlogistica.com.br:80 216.73.216.56 - - [11/Oct/2025:23:28:11 -0300] "GET /2024/03/08/ccpa-non-disclosure-agreement-protect-your-data?path=%2F HTTP/1.1" 200 3077 "-" "Mozilla/5.0 AppleWebKit/537.36 (KHTML, like Gecko; compatible; ClaudeBot/1.0; +claudebot@anthropic.com)"
jomarlogistica.com.br:80 216.73.216.56 - - [11/Oct/2025:23:28:11 -0300] "GET /2024/03/08/ccpa-non-disclosure-agreement-protect-your-data?path=%2Fvar HTTP/1.1" 200 3089 "-" "Mozilla/5.0 AppleWebKit/537.36 (KHTML, like Gecko; compatible; ClaudeBot/1.0; +claudebot@anthropic.com)"
jomarlogistica.com.br:80 216.73.216.56 - - [11/Oct/2025:23:28:11 -0300] "GET /2022/06/18/charter-party-agreement-india-legal-guide-expert-advice?fileloc=%2Fvar%2Fwww%2Fvhosts%2Fjomarlogistica.com.br%2Fhttpdocs%2Fwp-comments-post.php&path=%2Fvar%2Fwww%2Fvhosts%2Fjomarlogistica.com.br%2Fhttpdocs HTTP/1.1" 200 4143 "-" "Mozilla/5.0 AppleWebKit/537.36 (KHTML, like Gecko; compatible; ClaudeBot/1.0; +claudebot@anthropic.com)"
jomarlogistica.com.br:80 216.73.216.56 - - [11/Oct/2025:23:28:11 -0300] "GET /2022/06/18/charter-party-agreement-india-legal-guide-expert-advice?fileloc=%2Fvar%2Fwww%2Fvhosts%2Fjomarlogistica.com.br%2Fhttpdocs%2Fwp-config.php&path=%2Fvar%2Fwww%2Fvhosts%2Fjomarlogistica.com.br%2Fhttpdocs HTTP/1.1" 200 4839 "-" "Mozilla/5.0 AppleWebKit/537.36 (KHTML, like Gecko; compatible; ClaudeBot/1.0; +claudebot@anthropic.com)"
jomarlogistica.com.br:80 216.73.216.56 - - [11/Oct/2025:23:28:11 -0300] "GET /2022/06/18/charter-party-agreement-india-legal-guide-expert-advice?fileloc=%2Fvar%2Fwww%2Fvhosts%2Fjomarlogistica.com.br%2Fhttpdocs%2Fwp-signup.php&path=%2Fvar%2Fwww%2Fvhosts%2Fjomarlogistica.com.br%2Fhttpdocs HTTP/1.1" 200 11177 "-" "Mozilla/5.0 AppleWebKit/537.36 (KHTML, like Gecko; compatible; ClaudeBot/1.0; +claudebot@anthropic.com)"
jomarlogistica.com.br:80 216.73.216.56 - - [11/Oct/2025:23:28:11 -0300] "GET /2022/06/18/charter-party-agreement-india-legal-guide-expert-advice?fileloc=%2Fvar%2Fwww%2Fvhosts%2Fjomarlogistica.com.br%2Fhttpdocs%2Fwp-activate.php&path=%2Fvar%2Fwww%2Fvhosts%2Fjomarlogistica.com.br%2Fhttpdocs HTTP/1.1" 200 5598 "-" "Mozilla/5.0 AppleWebKit/537.36 (KHTML, like Gecko; compatible; ClaudeBot/1.0; +claudebot@anthropic.com)"
jomarlogistica.com.br:80 216.73.216.56 - - [11/Oct/2025:23:28:11 -0300] "GET /2022/06/18/charter-party-agreement-india-legal-guide-expert-advice?fileloc=%2Fvar%2Fwww%2Fvhosts%2Fjomarlogistica.com.br%2Fhttpdocs%2Fwp-load.php&path=%2Fvar%2Fwww%2Fvhosts%2Fjomarlogistica.com.br%2Fhttpdocs HTTP/1.1" 200 4770 "-" "Mozilla/5.0 AppleWebKit/537.36 (KHTML, like Gecko; compatible; ClaudeBot/1.0; +claudebot@anthropic.com)"
jomarlogistica.com.br:80 216.73.216.56 - - [11/Oct/2025:23:28:11 -0300] "GET /2022/06/18/charter-party-agreement-india-legal-guide-expert-advice?fileloc=%2Fvar%2Fwww%2Fvhosts%2Fjomarlogistica.com.br%2Fhttpdocs%2Fxmlrpc.php&path=%2Fvar%2Fwww%2Fvhosts%2Fjomarlogistica.com.br%2Fhttpdocs HTTP/1.1" 200 4526 "-" "Mozilla/5.0 AppleWebKit/537.36 (KHTML, like Gecko; compatible; ClaudeBot/1.0; +claudebot@anthropic.com)"
jomarlogistica.com.br:80 216.73.216.56 - - [11/Oct/2025:23:28:11 -0300] "GET /2022/06/18/charter-party-agreement-india-legal-guide-expert-advice?fileloc=%2Fvar%2Fwww%2Fvhosts%2Fjomarlogistica.com.br%2Fhttpdocs%2Fwp-trackback.php&path=%2Fvar%2Fwww%2Fvhosts%2Fjomarlogistica.com.br%2Fhttpdocs HTTP/1.1" 200 4885 "-" "Mozilla/5.0 AppleWebKit/537.36 (KHTML, like Gecko; compatible; ClaudeBot/1.0; +claudebot@anthropic.com)"
jomarlogistica.com.br:80 216.73.216.56 - - [11/Oct/2025:23:28:11 -0300] "GET /2022/06/24/eavesdropping-laws-in-georgia-what-you-need-to-know?fileloc=%2Fvar%2Fwww%2Fvhosts%2Fjomarlogistica.com.br%2Fhttpdocs%2Flicense.txt&path=%2Fvar%2Fwww%2Fvhosts%2Fjomarlogistica.com.br%2Fhttpdocs HTTP/1.1" 200 10629 "-" "Mozilla/5.0 AppleWebKit/537.36 (KHTML, like Gecko; compatible; ClaudeBot/1.0; +claudebot@anthropic.com)"
jomarlogistica.com.br:80 127.0.0.1 - - [11/Oct/2025:23:28:16 -0300] "OPTIONS * HTTP/1.0" 200 110 "-" "Apache/2.4.65 (Ubuntu) (internal dummy connection)"
jomarlogistica.com.br:80 216.73.216.56 - - [11/Oct/2025:23:29:21 -0300] "GET /?path=%2F HTTP/1.1" 200 3077 "-" "Mozilla/5.0 AppleWebKit/537.36 (KHTML, like Gecko; compatible; ClaudeBot/1.0; +claudebot@anthropic.com)"
jomarlogistica.com.br:80 216.73.216.56 - - [11/Oct/2025:23:29:21 -0300] "GET /?path=%2Fvar HTTP/1.1" 200 3089 "-" "Mozilla/5.0 AppleWebKit/537.36 (KHTML, like Gecko; compatible; ClaudeBot/1.0; +claudebot@anthropic.com)"
jomarlogistica.com.br:80 216.73.216.56 - - [11/Oct/2025:23:29:21 -0300] "GET /2022/06/18/charter-party-agreement-india-legal-guide-expert-advice?fileloc=%2Fvar%2Fwww%2Fvhosts%2Fjomarlogistica.com.br%2Fhttpdocs%2Flicense.txt&path=%2Fvar%2Fwww%2Fvhosts%2Fjomarlogistica.com.br%2Fhttpdocs HTTP/1.1" 200 10629 "-" "Mozilla/5.0 AppleWebKit/537.36 (KHTML, like Gecko; compatible; ClaudeBot/1.0; +claudebot@anthropic.com)"
jomarlogistica.com.br:80 216.73.216.56 - - [11/Oct/2025:23:29:22 -0300] "GET /2022/06/24/eavesdropping-laws-in-georgia-what-you-need-to-know?path=%2Fvar HTTP/1.1" 200 3089 "-" "Mozilla/5.0 AppleWebKit/537.36 (KHTML, like Gecko; compatible; ClaudeBot/1.0; +claudebot@anthropic.com)"
jomarlogistica.com.br:80 216.73.216.56 - - [11/Oct/2025:23:29:22 -0300] "GET /2022/06/18/charter-party-agreement-india-legal-guide-expert-advice?path=%2Fvar%2Fwww%2Fvhosts%2Fjomarlogistica.com.br%2Fhttpdocs%2Fwp-includes HTTP/1.1" 200 13071 "-" "Mozilla/5.0 AppleWebKit/537.36 (KHTML, like Gecko; compatible; ClaudeBot/1.0; +claudebot@anthropic.com)"
jomarlogistica.com.br:80 216.73.216.56 - - [11/Oct/2025:23:29:22 -0300] "GET /2022/06/18/charter-party-agreement-india-legal-guide-expert-advice?path=%2Fvar%2Fwww%2Fvhosts%2Fjomarlogistica.com.br HTTP/1.1" 200 3520 "-" "Mozilla/5.0 AppleWebKit/537.36 (KHTML, like Gecko; compatible; ClaudeBot/1.0; +claudebot@anthropic.com)"
jomarlogistica.com.br:80 216.73.216.56 - - [11/Oct/2025:23:29:22 -0300] "GET /2022/06/18/charter-party-agreement-india-legal-guide-expert-advice?fileloc=%2Fvar%2Fwww%2Fvhosts%2Fjomarlogistica.com.br%2Fhttpdocs%2F.htaccess&path=%2Fvar%2Fwww%2Fvhosts%2Fjomarlogistica.com.br%2Fhttpdocs HTTP/1.1" 200 5359 "-" "Mozilla/5.0 AppleWebKit/537.36 (KHTML, like Gecko; compatible; ClaudeBot/1.0; +claudebot@anthropic.com)"
jomarlogistica.com.br:80 216.73.216.56 - - [11/Oct/2025:23:29:22 -0300] "GET /2022/06/24/eavesdropping-laws-in-georgia-what-you-need-to-know?path=%2F HTTP/1.1" 200 3077 "-" "Mozilla/5.0 AppleWebKit/537.36 (KHTML, like Gecko; compatible; ClaudeBot/1.0; +claudebot@anthropic.com)"
jomarlogistica.com.br:80 216.73.216.56 - - [11/Oct/2025:23:29:22 -0300] "GET /2022/06/18/charter-party-agreement-india-legal-guide-expert-advice?path=%2Fvar%2Fwww%2Fvhosts HTTP/1.1" 200 3368 "-" "Mozilla/5.0 AppleWebKit/537.36 (KHTML, like Gecko; compatible; ClaudeBot/1.0; +claudebot@anthropic.com)"
jomarlogistica.com.br:80 216.73.216.56 - - [11/Oct/2025:23:29:22 -0300] "GET /2022/06/24/eavesdropping-laws-in-georgia-what-you-need-to-know?path=%2Fvar%2Fwww HTTP/1.1" 200 3446 "-" "Mozilla/5.0 AppleWebKit/537.36 (KHTML, like Gecko; compatible; ClaudeBot/1.0; +claudebot@anthropic.com)"
jomarlogistica.com.br:80 216.73.216.56 - - [11/Oct/2025:23:29:22 -0300] "GET /?path=%2Fvar%2Fwww%2Fvhosts%2Fjomarlogistica.com.br HTTP/1.1" 200 3520 "-" "Mozilla/5.0 AppleWebKit/537.36 (KHTML, like Gecko; compatible; ClaudeBot/1.0; +claudebot@anthropic.com)"
jomarlogistica.com.br:80 216.73.216.56 - - [11/Oct/2025:23:29:22 -0300] "GET /2022/06/18/charter-party-agreement-india-legal-guide-expert-advice?path=%2Fvar%2Fwww%2Fvhosts%2Fjomarlogistica.com.br%2Fhttpdocs%2Fwp-content HTTP/1.1" 200 3745 "-" "Mozilla/5.0 AppleWebKit/537.36 (KHTML, like Gecko; compatible; ClaudeBot/1.0; +claudebot@anthropic.com)"
jomarlogistica.com.br:80 216.73.216.56 - - [11/Oct/2025:23:29:22 -0300] "GET /2022/06/24/eavesdropping-laws-in-georgia-what-you-need-to-know?path=%2Fvar%2Fwww%2Fvhosts%2Fjomarlogistica.com.br HTTP/1.1" 200 3539 "-" "Mozilla/5.0 AppleWebKit/537.36 (KHTML, like Gecko; compatible; ClaudeBot/1.0; +claudebot@anthropic.com)"
jomarlogistica.com.br:80 216.73.216.56 - - [11/Oct/2025:23:29:22 -0300] "GET /2022/06/18/charter-party-agreement-india-legal-guide-expert-advice?path=%2Fvar%2Fwww%2Fvhosts%2Fjomarlogistica.com.br%2Fhttpdocs HTTP/1.1" 200 4462 "-" "Mozilla/5.0 AppleWebKit/537.36 (KHTML, like Gecko; compatible; ClaudeBot/1.0; +claudebot@anthropic.com)"
jomarlogistica.com.br:80 216.73.216.56 - - [11/Oct/2025:23:29:22 -0300] "GET /2022/06/18/charter-party-agreement-india-legal-guide-expert-advice?fileloc=%2Fvar%2Fwww%2Fvhosts%2Fjomarlogistica.com.br%2Fhttpdocs%2Freadme.html&path=%2Fvar%2Fwww%2Fvhosts%2Fjomarlogistica.com.br%2Fhttpdocs HTTP/1.1" 200 6203 "-" "Mozilla/5.0 AppleWebKit/537.36 (KHTML, like Gecko; compatible; ClaudeBot/1.0; +claudebot@anthropic.com)"
jomarlogistica.com.br:80 216.73.216.56 - - [11/Oct/2025:23:29:22 -0300] "GET /2022/06/18/charter-party-agreement-india-legal-guide-expert-advice?path=%2Fvar%2Fwww%2Fvhosts%2Fjomarlogistica.com.br%2Fhttpdocs%2Fwp-admin HTTP/1.1" 200 7932 "-" "Mozilla/5.0 AppleWebKit/537.36 (KHTML, like Gecko; compatible; ClaudeBot/1.0; +claudebot@anthropic.com)"
jomarlogistica.com.br:80 127.0.0.1 - - [11/Oct/2025:23:29:27 -0300] "OPTIONS * HTTP/1.0" 200 110 "-" "Apache/2.4.65 (Ubuntu) (internal dummy connection)"
jomarlogistica.com.br:80 216.73.216.56 - - [11/Oct/2025:23:31:15 -0300] "GET /2022/06/18/charter-party-agreement-india-legal-guide-expert-advice?path=%2F HTTP/1.1" 200 3077 "-" "Mozilla/5.0 AppleWebKit/537.36 (KHTML, like Gecko; compatible; ClaudeBot/1.0; +claudebot@anthropic.com)"
jomarlogistica.com.br:80 216.73.216.56 - - [11/Oct/2025:23:31:15 -0300] "GET /2023/09/27/what-is-a-board-portal HTTP/1.1" 200 4462 "-" "Mozilla/5.0 AppleWebKit/537.36 (KHTML, like Gecko; compatible; ClaudeBot/1.0; +claudebot@anthropic.com)"
jomarlogistica.com.br:80 216.73.216.56 - - [11/Oct/2025:23:31:15 -0300] "GET /2022/06/07/bequest-definition-uk-law-understanding-inheritance-laws HTTP/1.1" 200 4462 "-" "Mozilla/5.0 AppleWebKit/537.36 (KHTML, like Gecko; compatible; ClaudeBot/1.0; +claudebot@anthropic.com)"
jomarlogistica.com.br:80 216.73.216.56 - - [11/Oct/2025:23:31:15 -0300] "GET /2023/09/27/how-to-create-an-investor-data-room HTTP/1.1" 200 4462 "-" "Mozilla/5.0 AppleWebKit/537.36 (KHTML, like Gecko; compatible; ClaudeBot/1.0; +claudebot@anthropic.com)"
jomarlogistica.com.br:80 216.73.216.56 - - [11/Oct/2025:23:31:15 -0300] "GET /2022/04/19/understanding-the-key-elements-of-an-agreement-legal-contract-basics HTTP/1.1" 200 4462 "-" "Mozilla/5.0 AppleWebKit/537.36 (KHTML, like Gecko; compatible; ClaudeBot/1.0; +claudebot@anthropic.com)"
jomarlogistica.com.br:80 216.73.216.56 - - [11/Oct/2025:23:31:16 -0300] "GET /2024/02/17/understanding-bt-price-increase-in-contract-what-you-need-to-know HTTP/1.1" 200 4481 "-" "Mozilla/5.0 AppleWebKit/537.36 (KHTML, like Gecko; compatible; ClaudeBot/1.0; +claudebot@anthropic.com)"
jomarlogistica.com.br:80 216.73.216.56 - - [11/Oct/2025:23:31:16 -0300] "GET /2022/06/18/charter-party-agreement-india-legal-guide-expert-advice?path=%2Fvar HTTP/1.1" 200 3089 "-" "Mozilla/5.0 AppleWebKit/537.36 (KHTML, like Gecko; compatible; ClaudeBot/1.0; +claudebot@anthropic.com)"
jomarlogistica.com.br:80 216.73.216.56 - - [11/Oct/2025:23:31:16 -0300] "GET /2023/05/30/keeping-the-momentum-moving-in-an-ma-integration HTTP/1.1" 200 4462 "-" "Mozilla/5.0 AppleWebKit/537.36 (KHTML, like Gecko; compatible; ClaudeBot/1.0; +claudebot@anthropic.com)"
jomarlogistica.com.br:80 216.73.216.56 - - [11/Oct/2025:23:31:16 -0300] "GET /2023/09/27/types-of-data-security HTTP/1.1" 200 4462 "-" "Mozilla/5.0 AppleWebKit/537.36 (KHTML, like Gecko; compatible; ClaudeBot/1.0; +claudebot@anthropic.com)"
jomarlogistica.com.br:80 216.73.216.56 - - [11/Oct/2025:23:31:16 -0300] "GET /2022/06/18/charter-party-agreement-india-legal-guide-expert-advice?path=%2Fvar%2Fwww HTTP/1.1" 200 3446 "-" "Mozilla/5.0 AppleWebKit/537.36 (KHTML, like Gecko; compatible; ClaudeBot/1.0; +claudebot@anthropic.com)"
jomarlogistica.com.br:80 216.73.216.56 - - [11/Oct/2025:23:31:16 -0300] "GET /2023/09/27/using-a-digital-data-room-to-accelerate-due-diligence HTTP/1.1" 200 4462 "-" "Mozilla/5.0 AppleWebKit/537.36 (KHTML, like Gecko; compatible; ClaudeBot/1.0; +claudebot@anthropic.com)"
jomarlogistica.com.br:80 216.73.216.56 - - [11/Oct/2025:23:31:16 -0300] "GET /2023/12/page/2 HTTP/1.1" 200 4462 "-" "Mozilla/5.0 AppleWebKit/537.36 (KHTML, like Gecko; compatible; ClaudeBot/1.0; +claudebot@anthropic.com)"
jomarlogistica.com.br:80 216.73.216.56 - - [11/Oct/2025:23:31:16 -0300] "GET /2023/05/30/how-you-can-calculate-intrinsic-value HTTP/1.1" 200 4481 "-" "Mozilla/5.0 AppleWebKit/537.36 (KHTML, like Gecko; compatible; ClaudeBot/1.0; +claudebot@anthropic.com)"
jomarlogistica.com.br:80 216.73.216.56 - - [11/Oct/2025:23:31:16 -0300] "GET /2023/09/page/2 HTTP/1.1" 200 4462 "-" "Mozilla/5.0 AppleWebKit/537.36 (KHTML, like Gecko; compatible; ClaudeBot/1.0; +claudebot@anthropic.com)"
jomarlogistica.com.br:80 216.73.216.56 - - [11/Oct/2025:23:31:16 -0300] "GET /2023/05/31/understanding-system-error-codes HTTP/1.1" 200 4462 "-" "Mozilla/5.0 AppleWebKit/537.36 (KHTML, like Gecko; compatible; ClaudeBot/1.0; +claudebot@anthropic.com)"
jomarlogistica.com.br:80 216.73.216.56 - - [11/Oct/2025:23:31:16 -0300] "GET /2023/09/27/virtual-data-room-preparation HTTP/1.1" 200 4462 "-" "Mozilla/5.0 AppleWebKit/537.36 (KHTML, like Gecko; compatible; ClaudeBot/1.0; +claudebot@anthropic.com)"
jomarlogistica.com.br:80 127.0.0.1 - - [11/Oct/2025:23:31:21 -0300] "OPTIONS * HTTP/1.0" 200 110 "-" "Apache/2.4.65 (Ubuntu) (internal dummy connection)"
jomarlogistica.com.br:80 216.73.216.56 - - [11/Oct/2025:23:31:49 -0300] "GET /2023/09/27/virtual-data-room-usa HTTP/1.1" 200 4462 "-" "Mozilla/5.0 AppleWebKit/537.36 (KHTML, like Gecko; compatible; ClaudeBot/1.0; +claudebot@anthropic.com)"
jomarlogistica.com.br:80 216.73.216.56 - - [11/Oct/2025:23:31:49 -0300] "GET /2022/04/30/a-cooperative-a-popular-form-of-business-ownership HTTP/1.1" 200 4462 "-" "Mozilla/5.0 AppleWebKit/537.36 (KHTML, like Gecko; compatible; ClaudeBot/1.0; +claudebot@anthropic.com)"
jomarlogistica.com.br:80 216.73.216.56 - - [11/Oct/2025:23:31:49 -0300] "GET /2023/09/27/board-meeting-software HTTP/1.1" 200 4462 "-" "Mozilla/5.0 AppleWebKit/537.36 (KHTML, like Gecko; compatible; ClaudeBot/1.0; +claudebot@anthropic.com)"
jomarlogistica.com.br:80 216.73.216.56 - - [11/Oct/2025:23:31:50 -0300] "GET /2022/04/29/automation-service-agreement-legal-contracts-for-business-efficiency HTTP/1.1" 200 4462 "-" "Mozilla/5.0 AppleWebKit/537.36 (KHTML, like Gecko; compatible; ClaudeBot/1.0; +claudebot@anthropic.com)"
jomarlogistica.com.br:80 216.73.216.56 - - [11/Oct/2025:23:31:50 -0300] "GET /2023/12/15/are-binary-triggers-legal-in-virginia-legal-insights-2022 HTTP/1.1" 200 4462 "-" "Mozilla/5.0 AppleWebKit/537.36 (KHTML, like Gecko; compatible; ClaudeBot/1.0; +claudebot@anthropic.com)"
jomarlogistica.com.br:80 216.73.216.56 - - [11/Oct/2025:23:31:50 -0300] "GET /2022/06/02/breaking-good-friday-agreement-implications-and-consequences-explained HTTP/1.1" 200 4481 "-" "Mozilla/5.0 AppleWebKit/537.36 (KHTML, like Gecko; compatible; ClaudeBot/1.0; +claudebot@anthropic.com)"
jomarlogistica.com.br:80 216.73.216.56 - - [11/Oct/2025:23:31:50 -0300] "GET /2024 HTTP/1.1" 200 4462 "-" "Mozilla/5.0 AppleWebKit/537.36 (KHTML, like Gecko; compatible; ClaudeBot/1.0; +claudebot@anthropic.com)"
jomarlogistica.com.br:80 216.73.216.56 - - [11/Oct/2025:23:31:50 -0300] "GET /2023/05/28/local-plumber-of-working-day-for-internet-dating HTTP/1.1" 200 4462 "-" "Mozilla/5.0 AppleWebKit/537.36 (KHTML, like Gecko; compatible; ClaudeBot/1.0; +claudebot@anthropic.com)"
jomarlogistica.com.br:80 216.73.216.56 - - [11/Oct/2025:23:31:50 -0300] "GET /2023/05/30/impair-services-the-advantages-of-virtualization HTTP/1.1" 200 4462 "-" "Mozilla/5.0 AppleWebKit/537.36 (KHTML, like Gecko; compatible; ClaudeBot/1.0; +claudebot@anthropic.com)"
jomarlogistica.com.br:80 216.73.216.56 - - [11/Oct/2025:23:31:50 -0300] "GET /2023/11/12/the-best-android-anti-virus-app HTTP/1.1" 200 4462 "-" "Mozilla/5.0 AppleWebKit/537.36 (KHTML, like Gecko; compatible; ClaudeBot/1.0; +claudebot@anthropic.com)"
jomarlogistica.com.br:80 216.73.216.56 - - [11/Oct/2025:23:31:50 -0300] "GET /2023/11/15/how-to-organise-the-board-records-with-boardpro HTTP/1.1" 200 4462 "-" "Mozilla/5.0 AppleWebKit/537.36 (KHTML, like Gecko; compatible; ClaudeBot/1.0; +claudebot@anthropic.com)"
jomarlogistica.com.br:80 216.73.216.56 - - [11/Oct/2025:23:31:50 -0300] "GET /2022/06/02/understanding-independent-contractor-case-laws-what-you-need-to-know HTTP/1.1" 200 4462 "-" "Mozilla/5.0 AppleWebKit/537.36 (KHTML, like Gecko; compatible; ClaudeBot/1.0; +claudebot@anthropic.com)"
jomarlogistica.com.br:80 216.73.216.56 - - [11/Oct/2025:23:31:50 -0300] "GET /2023/09/page/7 HTTP/1.1" 200 4481 "-" "Mozilla/5.0 AppleWebKit/537.36 (KHTML, like Gecko; compatible; ClaudeBot/1.0; +claudebot@anthropic.com)"
jomarlogistica.com.br:80 216.73.216.56 - - [11/Oct/2025:23:31:50 -0300] "GET /2023/05/page/10 HTTP/1.1" 200 4462 "-" "Mozilla/5.0 AppleWebKit/537.36 (KHTML, like Gecko; compatible; ClaudeBot/1.0; +claudebot@anthropic.com)"
jomarlogistica.com.br:80 216.73.216.56 - - [11/Oct/2025:23:31:50 -0300] "GET /2023/05/page/2 HTTP/1.1" 200 4462 "-" "Mozilla/5.0 AppleWebKit/537.36 (KHTML, like Gecko; compatible; ClaudeBot/1.0; +claudebot@anthropic.com)"
jomarlogistica.com.br:80 216.73.216.56 - - [11/Oct/2025:23:31:50 -0300] "GET /2023/09/27/5-specialized-virtual-data-room-vdr-use-cases-for-mission-critical-processes HTTP/1.1" 200 4481 "-" "Mozilla/5.0 AppleWebKit/537.36 (KHTML, like Gecko; compatible; ClaudeBot/1.0; +claudebot@anthropic.com)"
jomarlogistica.com.br:80 127.0.0.1 - - [11/Oct/2025:23:31:55 -0300] "OPTIONS * HTTP/1.0" 200 110 "-" "Apache/2.4.65 (Ubuntu) (internal dummy connection)"
jomarlogistica.com.br:80 177.116.190.244 - - [11/Oct/2025:23:31:55 -0300] "POST /autodiscover/autodiscover.xml HTTP/1.1" 200 4462 "-" "AppleExchangeWebServices/833 accountsd/113"
jomarlogistica.com.br:80 216.73.216.56 - - [11/Oct/2025:23:33:01 -0300] "GET /2022/04/17/are-jamaican-marriages-legal-in-the-us-everything-you-need-to-know HTTP/1.1" 200 4462 "-" "Mozilla/5.0 AppleWebKit/537.36 (KHTML, like Gecko; compatible; ClaudeBot/1.0; +claudebot@anthropic.com)"
jomarlogistica.com.br:80 216.73.216.56 - - [11/Oct/2025:23:33:01 -0300] "GET /2024/01/31/can-a-company-legally-dilute-my-shares-understanding-your-rights HTTP/1.1" 200 4462 "-" "Mozilla/5.0 AppleWebKit/537.36 (KHTML, like Gecko; compatible; ClaudeBot/1.0; +claudebot@anthropic.com)"
jomarlogistica.com.br:80 216.73.216.56 - - [11/Oct/2025:23:33:01 -0300] "GET /2023/09/27/the-board-meeting-schedule HTTP/1.1" 200 4462 "-" "Mozilla/5.0 AppleWebKit/537.36 (KHTML, like Gecko; compatible; ClaudeBot/1.0; +claudebot@anthropic.com)"
jomarlogistica.com.br:80 216.73.216.56 - - [11/Oct/2025:23:33:01 -0300] "GET /2023/12/30/are-signed-mediation-agreements-binding-expert-legal-insight HTTP/1.1" 200 4462 "-" "Mozilla/5.0 AppleWebKit/537.36 (KHTML, like Gecko; compatible; ClaudeBot/1.0; +claudebot@anthropic.com)"
jomarlogistica.com.br:80 216.73.216.56 - - [11/Oct/2025:23:33:01 -0300] "GET /2024/02/07/can-usps-serve-court-papers-legal-process-requirements-explained HTTP/1.1" 200 4462 "-" "Mozilla/5.0 AppleWebKit/537.36 (KHTML, like Gecko; compatible; ClaudeBot/1.0; +claudebot@anthropic.com)"
jomarlogistica.com.br:80 216.73.216.56 - - [11/Oct/2025:23:33:02 -0300] "GET /2022/04/14/understanding-assumption-of-the-risk-agreements-legal-implications HTTP/1.1" 200 4481 "-" "Mozilla/5.0 AppleWebKit/537.36 (KHTML, like Gecko; compatible; ClaudeBot/1.0; +claudebot@anthropic.com)"
jomarlogistica.com.br:80 216.73.216.56 - - [11/Oct/2025:23:33:02 -0300] "GET /2023/05/31/finest-relationship-websites-big-apple-the-7-best-courting-apps-sites-in-ny-city HTTP/1.1" 200 4462 "-" "Mozilla/5.0 AppleWebKit/537.36 (KHTML, like Gecko; compatible; ClaudeBot/1.0; +claudebot@anthropic.com)"
jomarlogistica.com.br:80 216.73.216.56 - - [11/Oct/2025:23:33:02 -0300] "GET /2023/12/14/adobe-agreement-sign-learn-how-to-sign-legal-documents-online HTTP/1.1" 200 4462 "-" "Mozilla/5.0 AppleWebKit/537.36 (KHTML, like Gecko; compatible; ClaudeBot/1.0; +claudebot@anthropic.com)"
jomarlogistica.com.br:80 216.73.216.56 - - [11/Oct/2025:23:33:02 -0300] "GET /2023/05/30/business-analytics-over-the-internet-courses HTTP/1.1" 200 4462 "-" "Mozilla/5.0 AppleWebKit/537.36 (KHTML, like Gecko; compatible; ClaudeBot/1.0; +claudebot@anthropic.com)"
jomarlogistica.com.br:80 216.73.216.56 - - [11/Oct/2025:23:33:02 -0300] "GET /2022/03/29/13-rules-to-a-gunfight-usmc-poster-essential-tips-for-tactical-defense HTTP/1.1" 200 4462 "-" "Mozilla/5.0 AppleWebKit/537.36 (KHTML, like Gecko; compatible; ClaudeBot/1.0; +claudebot@anthropic.com)"
jomarlogistica.com.br:80 216.73.216.56 - - [11/Oct/2025:23:33:02 -0300] "GET /2023/12/25/understanding-the-2-year-rule-employment-legal-guidelines-and-advice HTTP/1.1" 200 4462 "-" "Mozilla/5.0 AppleWebKit/537.36 (KHTML, like Gecko; compatible; ClaudeBot/1.0; +claudebot@anthropic.com)"
jomarlogistica.com.br:80 216.73.216.56 - - [11/Oct/2025:23:33:02 -0300] "GET /2022/04/20/alabama-suboxone-laws-what-you-need-to-know HTTP/1.1" 200 4462 "-" "Mozilla/5.0 AppleWebKit/537.36 (KHTML, like Gecko; compatible; ClaudeBot/1.0; +claudebot@anthropic.com)"
jomarlogistica.com.br:80 216.73.216.56 - - [11/Oct/2025:23:33:02 -0300] "GET /2024/03/04/quitting-contract-jobs-in-india-legalities-of-terminating-contracts-early HTTP/1.1" 200 4481 "-" "Mozilla/5.0 AppleWebKit/537.36 (KHTML, like Gecko; compatible; ClaudeBot/1.0; +claudebot@anthropic.com)"
jomarlogistica.com.br:80 216.73.216.56 - - [11/Oct/2025:23:33:02 -0300] "GET /2024/01/23/a-lease-agreement-sets-the-terms-of-a-rental-contract HTTP/1.1" 200 4462 "-" "Mozilla/5.0 AppleWebKit/537.36 (KHTML, like Gecko; compatible; ClaudeBot/1.0; +claudebot@anthropic.com)"
jomarlogistica.com.br:80 216.73.216.56 - - [11/Oct/2025:23:33:02 -0300] "GET /2022/06/04/generator-interlock-kits-legal-in-washington-state-expert-analysis HTTP/1.1" 200 4462 "-" "Mozilla/5.0 AppleWebKit/537.36 (KHTML, like Gecko; compatible; ClaudeBot/1.0; +claudebot@anthropic.com)"
jomarlogistica.com.br:80 216.73.216.56 - - [11/Oct/2025:23:33:02 -0300] "GET /2023/09/27/deal-management-software-how-it-can-accelerate-your-private-equity-deals HTTP/1.1" 200 4462 "-" "Mozilla/5.0 AppleWebKit/537.36 (KHTML, like Gecko; compatible; ClaudeBot/1.0; +claudebot@anthropic.com)"
jomarlogistica.com.br:80 127.0.0.1 - - [11/Oct/2025:23:33:07 -0300] "OPTIONS * HTTP/1.0" 200 110 "-" "Apache/2.4.65 (Ubuntu) (internal dummy connection)"
jomarlogistica.com.br:80 177.116.190.244 - - [11/Oct/2025:23:33:49 -0300] "POST /autodiscover/autodiscover.xml HTTP/1.1" 200 4462 "-" "AppleExchangeWebServices/833 accountsd/113"
jomarlogistica.com.br:80 216.73.216.56 - - [11/Oct/2025:23:34:16 -0300] "GET /2024/03/08/ccpa-non-disclosure-agreement-protect-your-data?fileloc=%2Fvar%2Fwww%2Fvhosts%2Fjomarlogistica.com.br%2Fhttpdocs%2Fwp-config.php&path=%2Fvar%2Fwww%2Fvhosts%2Fjomarlogistica.com.br%2Fhttpdocs HTTP/1.1" 200 4839 "-" "Mozilla/5.0 AppleWebKit/537.36 (KHTML, like Gecko; compatible; ClaudeBot/1.0; +claudebot@anthropic.com)"
jomarlogistica.com.br:80 216.73.216.56 - - [11/Oct/2025:23:34:16 -0300] "GET /?fileloc=%2Fvar%2Fwww%2Fvhosts%2Fjomarlogistica.com.br%2Fhttpdocs%2Fwp-mail.php&path=%2Fvar%2Fwww%2Fvhosts%2Fjomarlogistica.com.br%2Fhttpdocs HTTP/1.1" 200 6062 "-" "Mozilla/5.0 AppleWebKit/537.36 (KHTML, like Gecko; compatible; ClaudeBot/1.0; +claudebot@anthropic.com)"
jomarlogistica.com.br:80 216.73.216.56 - - [11/Oct/2025:23:34:16 -0300] "GET /2024/03/08/ccpa-non-disclosure-agreement-protect-your-data?fileloc=%2Fvar%2Fwww%2Fvhosts%2Fjomarlogistica.com.br%2Fhttpdocs%2Fwp-config-sample.php&path=%2Fvar%2Fwww%2Fvhosts%2Fjomarlogistica.com.br%2Fhttpdocs HTTP/1.1" 200 4312 "-" "Mozilla/5.0 AppleWebKit/537.36 (KHTML, like Gecko; compatible; ClaudeBot/1.0; +claudebot@anthropic.com)"
jomarlogistica.com.br:80 216.73.216.56 - - [11/Oct/2025:23:34:16 -0300] "GET /2024/03/08/ccpa-non-disclosure-agreement-protect-your-data?fileloc=%2Fvar%2Fwww%2Fvhosts%2Fjomarlogistica.com.br%2Fhttpdocs%2Fwp-cron.php&path=%2Fvar%2Fwww%2Fvhosts%2Fjomarlogistica.com.br%2Fhttpdocs HTTP/1.1" 200 4807 "-" "Mozilla/5.0 AppleWebKit/537.36 (KHTML, like Gecko; compatible; ClaudeBot/1.0; +claudebot@anthropic.com)"
jomarlogistica.com.br:80 216.73.216.56 - - [11/Oct/2025:23:34:16 -0300] "GET /?fileloc=%2Fvar%2Fwww%2Fvhosts%2Fjomarlogistica.com.br%2Fhttpdocs%2Fwp-activate.php&path=%2Fvar%2Fwww%2Fvhosts%2Fjomarlogistica.com.br%2Fhttpdocs HTTP/1.1" 200 5598 "-" "Mozilla/5.0 AppleWebKit/537.36 (KHTML, like Gecko; compatible; ClaudeBot/1.0; +claudebot@anthropic.com)"
jomarlogistica.com.br:80 216.73.216.56 - - [11/Oct/2025:23:34:16 -0300] "GET /?fileloc=%2Fvar%2Fwww%2Fvhosts%2Fjomarlogistica.com.br%2Fhttpdocs%2Fwp-trackback.php&path=%2Fvar%2Fwww%2Fvhosts%2Fjomarlogistica.com.br%2Fhttpdocs HTTP/1.1" 200 4904 "-" "Mozilla/5.0 AppleWebKit/537.36 (KHTML, like Gecko; compatible; ClaudeBot/1.0; +claudebot@anthropic.com)"
jomarlogistica.com.br:80 216.73.216.56 - - [11/Oct/2025:23:34:16 -0300] "GET /?fileloc=%2Fvar%2Fwww%2Fvhosts%2Fjomarlogistica.com.br%2Fhttpdocs%2Fwp-load.php&path=%2Fvar%2Fwww%2Fvhosts%2Fjomarlogistica.com.br%2Fhttpdocs HTTP/1.1" 200 4770 "-" "Mozilla/5.0 AppleWebKit/537.36 (KHTML, like Gecko; compatible; ClaudeBot/1.0; +claudebot@anthropic.com)"
jomarlogistica.com.br:80 216.73.216.56 - - [11/Oct/2025:23:34:17 -0300] "GET /2024/03/08/ccpa-non-disclosure-agreement-protect-your-data?fileloc=%2Fvar%2Fwww%2Fvhosts%2Fjomarlogistica.com.br%2Fhttpdocs%2Fwp-blog-header.php&path=%2Fvar%2Fwww%2Fvhosts%2Fjomarlogistica.com.br%2Fhttpdocs HTTP/1.1" 200 3276 "-" "Mozilla/5.0 AppleWebKit/537.36 (KHTML, like Gecko; compatible; ClaudeBot/1.0; +claudebot@anthropic.com)"
jomarlogistica.com.br:80 216.73.216.56 - - [11/Oct/2025:23:34:17 -0300] "GET /?fileloc=%2Fvar%2Fwww%2Fvhosts%2Fjomarlogistica.com.br%2Fhttpdocs%2Fwp-config.php&path=%2Fvar%2Fwww%2Fvhosts%2Fjomarlogistica.com.br%2Fhttpdocs HTTP/1.1" 200 4839 "-" "Mozilla/5.0 AppleWebKit/537.36 (KHTML, like Gecko; compatible; ClaudeBot/1.0; +claudebot@anthropic.com)"
jomarlogistica.com.br:80 216.73.216.56 - - [11/Oct/2025:23:34:17 -0300] "GET /?fileloc=%2Fvar%2Fwww%2Fvhosts%2Fjomarlogistica.com.br%2Fhttpdocs%2Fxmlrpc.php&path=%2Fvar%2Fwww%2Fvhosts%2Fjomarlogistica.com.br%2Fhttpdocs HTTP/1.1" 200 4507 "-" "Mozilla/5.0 AppleWebKit/537.36 (KHTML, like Gecko; compatible; ClaudeBot/1.0; +claudebot@anthropic.com)"
jomarlogistica.com.br:80 216.73.216.56 - - [11/Oct/2025:23:34:17 -0300] "GET /?fileloc=%2Fvar%2Fwww%2Fvhosts%2Fjomarlogistica.com.br%2Fhttpdocs%2Fwp-links-opml.php&path=%2Fvar%2Fwww%2Fvhosts%2Fjomarlogistica.com.br%2Fhttpdocs HTTP/1.1" 200 4224 "-" "Mozilla/5.0 AppleWebKit/537.36 (KHTML, like Gecko; compatible; ClaudeBot/1.0; +claudebot@anthropic.com)"
jomarlogistica.com.br:80 216.73.216.56 - - [11/Oct/2025:23:34:17 -0300] "GET /2024/03/08/ccpa-non-disclosure-agreement-protect-your-data?fileloc=%2Fvar%2Fwww%2Fvhosts%2Fjomarlogistica.com.br%2Fhttpdocs%2Fxmlrpc.php&path=%2Fvar%2Fwww%2Fvhosts%2Fjomarlogistica.com.br%2Fhttpdocs HTTP/1.1" 200 4507 "-" "Mozilla/5.0 AppleWebKit/537.36 (KHTML, like Gecko; compatible; ClaudeBot/1.0; +claudebot@anthropic.com)"
jomarlogistica.com.br:80 216.73.216.56 - - [11/Oct/2025:23:34:17 -0300] "GET /?fileloc=%2Fvar%2Fwww%2Fvhosts%2Fjomarlogistica.com.br%2Fhttpdocs%2Fwp-config-sample.php&path=%2Fvar%2Fwww%2Fvhosts%2Fjomarlogistica.com.br%2Fhttpdocs HTTP/1.1" 200 4312 "-" "Mozilla/5.0 AppleWebKit/537.36 (KHTML, like Gecko; compatible; ClaudeBot/1.0; +claudebot@anthropic.com)"
jomarlogistica.com.br:80 216.73.216.56 - - [11/Oct/2025:23:34:17 -0300] "GET /?fileloc=%2Fvar%2Fwww%2Fvhosts%2Fjomarlogistica.com.br%2Fhttpdocs%2Fwp-cron.php&path=%2Fvar%2Fwww%2Fvhosts%2Fjomarlogistica.com.br%2Fhttpdocs HTTP/1.1" 200 4807 "-" "Mozilla/5.0 AppleWebKit/537.36 (KHTML, like Gecko; compatible; ClaudeBot/1.0; +claudebot@anthropic.com)"
jomarlogistica.com.br:80 216.73.216.56 - - [11/Oct/2025:23:34:17 -0300] "GET /?fileloc=%2Fvar%2Fwww%2Fvhosts%2Fjomarlogistica.com.br%2Fhttpdocs%2Fwp-settings.php&path=%2Fvar%2Fwww%2Fvhosts%2Fjomarlogistica.com.br%2Fhttpdocs HTTP/1.1" 200 8278 "-" "Mozilla/5.0 AppleWebKit/537.36 (KHTML, like Gecko; compatible; ClaudeBot/1.0; +claudebot@anthropic.com)"
jomarlogistica.com.br:80 216.73.216.56 - - [11/Oct/2025:23:34:17 -0300] "GET /2024/03/08/ccpa-non-disclosure-agreement-protect-your-data?fileloc=%2Fvar%2Fwww%2Fvhosts%2Fjomarlogistica.com.br%2Fhttpdocs%2Fwp-links-opml.php&path=%2Fvar%2Fwww%2Fvhosts%2Fjomarlogistica.com.br%2Fhttpdocs HTTP/1.1" 200 4205 "-" "Mozilla/5.0 AppleWebKit/537.36 (KHTML, like Gecko; compatible; ClaudeBot/1.0; +claudebot@anthropic.com)"
jomarlogistica.com.br:80 216.73.216.56 - - [11/Oct/2025:23:34:17 -0300] "GET /?fileloc=%2Fvar%2Fwww%2Fvhosts%2Fjomarlogistica.com.br%2Fhttpdocs%2Fwp-blog-header.php&path=%2Fvar%2Fwww%2Fvhosts%2Fjomarlogistica.com.br%2Fhttpdocs HTTP/1.1" 200 3276 "-" "Mozilla/5.0 AppleWebKit/537.36 (KHTML, like Gecko; compatible; ClaudeBot/1.0; +claudebot@anthropic.com)"
jomarlogistica.com.br:80 127.0.0.1 - - [11/Oct/2025:23:34:22 -0300] "OPTIONS * HTTP/1.0" 200 110 "-" "Apache/2.4.65 (Ubuntu) (internal dummy connection)"
jomarlogistica.com.br:80 216.73.216.56 - - [11/Oct/2025:23:34:36 -0300] "GET /2023/12/22/accession-law-llc-expert-legal-services-for-business-accession HTTP/1.1" 200 4462 "-" "Mozilla/5.0 AppleWebKit/537.36 (KHTML, like Gecko; compatible; ClaudeBot/1.0; +claudebot@anthropic.com)"
jomarlogistica.com.br:80 216.73.216.56 - - [11/Oct/2025:23:34:36 -0300] "GET /2023/12/27/carr-legal-photos-high-quality-legal-photography-services HTTP/1.1" 200 4462 "-" "Mozilla/5.0 AppleWebKit/537.36 (KHTML, like Gecko; compatible; ClaudeBot/1.0; +claudebot@anthropic.com)"
jomarlogistica.com.br:80 216.73.216.56 - - [11/Oct/2025:23:34:36 -0300] "GET /2024/02/24/austin-temp-agencies-legal-hire-legal-staff-with-confidence HTTP/1.1" 200 4462 "-" "Mozilla/5.0 AppleWebKit/537.36 (KHTML, like Gecko; compatible; ClaudeBot/1.0; +claudebot@anthropic.com)"
jomarlogistica.com.br:80 216.73.216.56 - - [11/Oct/2025:23:34:36 -0300] "GET /2023/12/15/are-fire-pits-legal-in-florida-regulations-laws-explained HTTP/1.1" 200 4462 "-" "Mozilla/5.0 AppleWebKit/537.36 (KHTML, like Gecko; compatible; ClaudeBot/1.0; +claudebot@anthropic.com)"
jomarlogistica.com.br:80 216.73.216.56 - - [11/Oct/2025:23:34:36 -0300] "GET /2022/06/04/california-gun-law-case-legal-info-updates HTTP/1.1" 200 4462 "-" "Mozilla/5.0 AppleWebKit/537.36 (KHTML, like Gecko; compatible; ClaudeBot/1.0; +claudebot@anthropic.com)"
jomarlogistica.com.br:80 216.73.216.56 - - [11/Oct/2025:23:34:36 -0300] "GET /2023/12/13/are-otf-knives-legal-in-the-uk-uk-knife-laws-explained HTTP/1.1" 200 4462 "-" "Mozilla/5.0 AppleWebKit/537.36 (KHTML, like Gecko; compatible; ClaudeBot/1.0; +claudebot@anthropic.com)"
jomarlogistica.com.br:80 216.73.216.56 - - [11/Oct/2025:23:34:36 -0300] "GET /2023/12/16/air-france-covid-requirements-legal-guidelines-and-updates HTTP/1.1" 200 4462 "-" "Mozilla/5.0 AppleWebKit/537.36 (KHTML, like Gecko; compatible; ClaudeBot/1.0; +claudebot@anthropic.com)"
jomarlogistica.com.br:80 216.73.216.56 - - [11/Oct/2025:23:34:36 -0300] "GET /2022/03/20/north-america-free-trade-agreement-everything-you-need-to-know HTTP/1.1" 200 4462 "-" "Mozilla/5.0 AppleWebKit/537.36 (KHTML, like Gecko; compatible; ClaudeBot/1.0; +claudebot@anthropic.com)"
jomarlogistica.com.br:80 216.73.216.56 - - [11/Oct/2025:23:34:36 -0300] "GET /2022/03/18/are-bearded-dragons-legal-in-new-york-laws-regulations-explained HTTP/1.1" 200 4462 "-" "Mozilla/5.0 AppleWebKit/537.36 (KHTML, like Gecko; compatible; ClaudeBot/1.0; +claudebot@anthropic.com)"
jomarlogistica.com.br:80 216.73.216.56 - - [11/Oct/2025:23:34:36 -0300] "GET /2023/05/30/sts-kod-promocji-sts-kupon-na-obecnie-darmowy-voucher-sts HTTP/1.1" 200 4462 "-" "Mozilla/5.0 AppleWebKit/537.36 (KHTML, like Gecko; compatible; ClaudeBot/1.0; +claudebot@anthropic.com)"
jomarlogistica.com.br:80 216.73.216.56 - - [11/Oct/2025:23:34:37 -0300] "GET /2024/01/17/new-number-agreement-in-france-summer-legal-requirements HTTP/1.1" 200 4481 "-" "Mozilla/5.0 AppleWebKit/537.36 (KHTML, like Gecko; compatible; ClaudeBot/1.0; +claudebot@anthropic.com)"
jomarlogistica.com.br:80 216.73.216.56 - - [11/Oct/2025:23:34:37 -0300] "GET /2022/04/13/addendum-huurcontract-betekenis-alles-wat-u-moet-weten HTTP/1.1" 200 4462 "-" "Mozilla/5.0 AppleWebKit/537.36 (KHTML, like Gecko; compatible; ClaudeBot/1.0; +claudebot@anthropic.com)"
jomarlogistica.com.br:80 216.73.216.56 - - [11/Oct/2025:23:34:37 -0300] "GET /2023/12/18/alien-wedge-legal-understanding-the-legalities-of-alienation-of-land HTTP/1.1" 200 4462 "-" "Mozilla/5.0 AppleWebKit/537.36 (KHTML, like Gecko; compatible; ClaudeBot/1.0; +claudebot@anthropic.com)"
jomarlogistica.com.br:80 216.73.216.56 - - [11/Oct/2025:23:34:37 -0300] "GET /2022/04/11/legal-and-business-studies-expert-courses-training HTTP/1.1" 200 4462 "-" "Mozilla/5.0 AppleWebKit/537.36 (KHTML, like Gecko; compatible; ClaudeBot/1.0; +claudebot@anthropic.com)"
jomarlogistica.com.br:80 216.73.216.56 - - [11/Oct/2025:23:34:37 -0300] "GET /2023/05/31/forbes-health-what-are-the-safest-online-dating-sites HTTP/1.1" 200 4462 "-" "Mozilla/5.0 AppleWebKit/537.36 (KHTML, like Gecko; compatible; ClaudeBot/1.0; +claudebot@anthropic.com)"
jomarlogistica.com.br:80 216.73.216.56 - - [11/Oct/2025:23:34:37 -0300] "GET /2023/05/30/st-matthews-healthiness-center HTTP/1.1" 200 4462 "-" "Mozilla/5.0 AppleWebKit/537.36 (KHTML, like Gecko; compatible; ClaudeBot/1.0; +claudebot@anthropic.com)"
jomarlogistica.com.br:80 127.0.0.1 - - [11/Oct/2025:23:34:42 -0300] "OPTIONS * HTTP/1.0" 200 110 "-" "Apache/2.4.65 (Ubuntu) (internal dummy connection)"
jomarlogistica.com.br:80 57.141.0.2 - - [11/Oct/2025:23:37:14 -0300] "GET /2023/05/05/amazing-latina-gals/ HTTP/1.1" 200 46229 "-" "meta-externalagent/1.1 (+https://developers.facebook.com/docs/sharing/webmasters/crawler)"
jomarlogistica.com.br:80 216.244.66.226 - - [11/Oct/2025:23:40:07 -0300] "GET /robots.txt HTTP/1.1" 200 46229 "-" "Mozilla/5.0 (compatible; DotBot/1.2; +https://opensiteexplorer.org/dotbot; help@moz.com)"
jomarlogistica.com.br:80 57.141.0.8 - - [11/Oct/2025:23:45:49 -0300] "GET /2023/02/03/agarbatti-making-with-buyback-agreement-legal-company-services/ HTTP/1.1" 200 46229 "-" "meta-externalagent/1.1 (+https://developers.facebook.com/docs/sharing/webmasters/crawler)"
jomarlogistica.com.br:80 177.116.190.244 - - [11/Oct/2025:23:50:19 -0300] "POST /autodiscover/autodiscover.xml HTTP/1.1" 200 4462 "-" "AppleExchangeWebServices/833 accountsd/113"
jomarlogistica.com.br:80 216.73.216.56 - - [12/Oct/2025:00:03:10 -0300] "GET /2023/07?fileloc=%2Fvar%2Fwww%2Fvhosts%2Fjomarlogistica.com.br%2Fhttpdocs%2Fxmlrpc.php&path=%2Fvar%2Fwww%2Fvhosts%2Fjomarlogistica.com.br%2Fhttpdocs HTTP/1.1" 200 4507 "-" "Mozilla/5.0 AppleWebKit/537.36 (KHTML, like Gecko; compatible; ClaudeBot/1.0; +claudebot@anthropic.com)"
jomarlogistica.com.br:80 216.73.216.56 - - [12/Oct/2025:00:03:10 -0300] "GET /2023/07?fileloc=%2Fvar%2Fwww%2Fvhosts%2Fjomarlogistica.com.br%2Fhttpdocs%2Fwp-config.php&path=%2Fvar%2Fwww%2Fvhosts%2Fjomarlogistica.com.br%2Fhttpdocs HTTP/1.1" 200 4839 "-" "Mozilla/5.0 AppleWebKit/537.36 (KHTML, like Gecko; compatible; ClaudeBot/1.0; +claudebot@anthropic.com)"
jomarlogistica.com.br:80 216.73.216.56 - - [12/Oct/2025:00:03:10 -0300] "GET /2023/08?fileloc=%2Fvar%2Fwww%2Fvhosts%2Fjomarlogistica.com.br%2Fhttpdocs%2Fwp-links-opml.php&path=%2Fvar%2Fwww%2Fvhosts%2Fjomarlogistica.com.br%2Fhttpdocs HTTP/1.1" 200 4205 "-" "Mozilla/5.0 AppleWebKit/537.36 (KHTML, like Gecko; compatible; ClaudeBot/1.0; +claudebot@anthropic.com)"
jomarlogistica.com.br:80 216.73.216.56 - - [12/Oct/2025:00:03:11 -0300] "GET /2023/08?fileloc=%2Fvar%2Fwww%2Fvhosts%2Fjomarlogistica.com.br%2Fhttpdocs%2Fwp-config-sample.php&path=%2Fvar%2Fwww%2Fvhosts%2Fjomarlogistica.com.br%2Fhttpdocs HTTP/1.1" 200 4312 "-" "Mozilla/5.0 AppleWebKit/537.36 (KHTML, like Gecko; compatible; ClaudeBot/1.0; +claudebot@anthropic.com)"
jomarlogistica.com.br:80 216.73.216.56 - - [12/Oct/2025:00:03:11 -0300] "GET /2023/08?fileloc=%2Fvar%2Fwww%2Fvhosts%2Fjomarlogistica.com.br%2Fhttpdocs%2Fwp-cron.php&path=%2Fvar%2Fwww%2Fvhosts%2Fjomarlogistica.com.br%2Fhttpdocs HTTP/1.1" 200 4807 "-" "Mozilla/5.0 AppleWebKit/537.36 (KHTML, like Gecko; compatible; ClaudeBot/1.0; +claudebot@anthropic.com)"
jomarlogistica.com.br:80 216.73.216.56 - - [12/Oct/2025:00:03:12 -0300] "GET /2023/07?fileloc=%2Fvar%2Fwww%2Fvhosts%2Fjomarlogistica.com.br%2Fhttpdocs%2Fwp-links-opml.php&path=%2Fvar%2Fwww%2Fvhosts%2Fjomarlogistica.com.br%2Fhttpdocs HTTP/1.1" 200 4224 "-" "Mozilla/5.0 AppleWebKit/537.36 (KHTML, like Gecko; compatible; ClaudeBot/1.0; +claudebot@anthropic.com)"
jomarlogistica.com.br:80 216.73.216.56 - - [12/Oct/2025:00:03:12 -0300] "GET /2023/07?fileloc=%2Fvar%2Fwww%2Fvhosts%2Fjomarlogistica.com.br%2Fhttpdocs%2Fwp-config-sample.php&path=%2Fvar%2Fwww%2Fvhosts%2Fjomarlogistica.com.br%2Fhttpdocs HTTP/1.1" 200 4312 "-" "Mozilla/5.0 AppleWebKit/537.36 (KHTML, like Gecko; compatible; ClaudeBot/1.0; +claudebot@anthropic.com)"
jomarlogistica.com.br:80 216.73.216.56 - - [12/Oct/2025:00:03:13 -0300] "GET /2023/07?fileloc=%2Fvar%2Fwww%2Fvhosts%2Fjomarlogistica.com.br%2Fhttpdocs%2Fwp-cron.php&path=%2Fvar%2Fwww%2Fvhosts%2Fjomarlogistica.com.br%2Fhttpdocs HTTP/1.1" 200 4807 "-" "Mozilla/5.0 AppleWebKit/537.36 (KHTML, like Gecko; compatible; ClaudeBot/1.0; +claudebot@anthropic.com)"
jomarlogistica.com.br:80 216.73.216.56 - - [12/Oct/2025:00:03:13 -0300] "GET /2023/08?path=%2Fvar%2Fwww%2Fvhosts%2Fjomarlogistica.com.br%2Fhttpdocs%2Fwp-content HTTP/1.1" 200 3745 "-" "Mozilla/5.0 AppleWebKit/537.36 (KHTML, like Gecko; compatible; ClaudeBot/1.0; +claudebot@anthropic.com)"
