jomarlogistica.com.br:80 73.42.233.213 - - [03/Oct/2025:17:06:13 -0300] "GET /wp-content/themes/consultio/assets/fonts/fontawesome/fa-regular-400.woff2 HTTP/1.1" 200 145375 "https://jomarlogistica.com.br/wp-content/themes/consultio/assets/css/font-awesome5.min.css?ver=5.8.0" "Mozilla/5.0 (Windows NT 10.0; Win64; x64) AppleWebKit/537.36 (KHTML, like Gecko) Chrome/141.0.0.0 Safari/537.36 Edg/141.0.0.0"
jomarlogistica.com.br:80 127.0.0.1 - - [03/Oct/2025:17:06:16 -0300] "OPTIONS * HTTP/1.0" 200 110 "-" "Apache/2.4.65 (Ubuntu) (internal dummy connection)"
jomarlogistica.com.br:80 127.0.0.1 - - [03/Oct/2025:17:06:18 -0300] "OPTIONS * HTTP/1.0" 200 110 "-" "Apache/2.4.65 (Ubuntu) (internal dummy connection)"
jomarlogistica.com.br:80 127.0.0.1 - - [03/Oct/2025:17:06:19 -0300] "OPTIONS * HTTP/1.0" 200 110 "-" "Apache/2.4.65 (Ubuntu) (internal dummy connection)"
jomarlogistica.com.br:80 73.42.233.213 - - [03/Oct/2025:17:06:11 -0300] "GET /?a7b529c=7179524 HTTP/1.1" 200 287 "https://jomarlogistica.com.br/2022/06/04/generator-interlock-kits-legal-in-washington-state-expert-analysis/" "Mozilla/5.0 (Windows NT 10.0; Win64; x64) AppleWebKit/537.36 (KHTML, like Gecko) Chrome/141.0.0.0 Safari/537.36 Edg/141.0.0.0"
jomarlogistica.com.br:80 73.42.233.213 - - [03/Oct/2025:17:06:22 -0300] "GET /wp-content/themes/consultio/assets/fonts/Material-Design-Iconic-Font.woff?v=2.2.0 HTTP/1.1" 200 49348 "https://jomarlogistica.com.br/wp-content/themes/consultio/assets/css/material-design-iconic-font.min.css?ver=2.2.0" "Mozilla/5.0 (Windows NT 10.0; Win64; x64) AppleWebKit/537.36 (KHTML, like Gecko) Chrome/141.0.0.0 Safari/537.36 Edg/141.0.0.0"
jomarlogistica.com.br:80 73.42.233.213 - - [03/Oct/2025:17:06:22 -0300] "GET /wp-content/plugins/elementor/assets/lib/font-awesome/fonts/fontawesome-webfont.woff?v=4.7.0 HTTP/1.1" 200 98291 "https://jomarlogistica.com.br/wp-content/plugins/elementor/assets/lib/font-awesome/css/font-awesome.min.css?ver=4.7.0" "Mozilla/5.0 (Windows NT 10.0; Win64; x64) AppleWebKit/537.36 (KHTML, like Gecko) Chrome/141.0.0.0 Safari/537.36 Edg/141.0.0.0"
jomarlogistica.com.br:80 127.0.0.1 - - [03/Oct/2025:17:06:26 -0300] "OPTIONS * HTTP/1.0" 200 110 "-" "Apache/2.4.65 (Ubuntu) (internal dummy connection)"
jomarlogistica.com.br:80 178.128.23.146 - - [03/Oct/2025:17:07:37 -0300] "GET / HTTP/1.1" 200 134115 "-" "Mozilla/5.0 (Windows NT 10.0; Win64; x64) AppleWebKit/537.36 (KHTML, like Gecko) Chrome/78.0.3904.108 Safari/537.36"
jomarlogistica.com.br:80 172.20.1.198 - - [03/Oct/2025:17:07:38 -0300] "POST /wp-cron.php?doing_wp_cron=1759522058.0403909683227539062500 HTTP/1.1" 200 389 "https://jomarlogistica.com.br/wp-cron.php?doing_wp_cron=1759522058.0403909683227539062500" "WordPress/5.8.10; https://jomarlogistica.com.br"
jomarlogistica.com.br:80 178.128.23.146 - - [03/Oct/2025:17:07:37 -0300] "GET / HTTP/1.1" 200 134115 "-" "Mozilla/5.0 (Windows NT 10.0; Win64; x64) AppleWebKit/537.36 (KHTML, like Gecko) Chrome/78.0.3904.108 Safari/537.36"
jomarlogistica.com.br:80 178.128.23.146 - - [03/Oct/2025:17:07:40 -0300] "GET //wp-includes/wlwmanifest.xml HTTP/1.1" 200 1378 "-" "Mozilla/5.0 (Windows NT 10.0; Win64; x64) AppleWebKit/537.36 (KHTML, like Gecko) Chrome/78.0.3904.108 Safari/537.36"
jomarlogistica.com.br:80 178.128.23.146 - - [03/Oct/2025:17:07:39 -0300] "GET / HTTP/1.1" 200 134115 "-" "Mozilla/5.0 (Windows NT 10.0; Win64; x64) AppleWebKit/537.36 (KHTML, like Gecko) Chrome/78.0.3904.108 Safari/537.36"
jomarlogistica.com.br:80 178.128.23.146 - - [03/Oct/2025:17:07:40 -0300] "GET //?author=1 HTTP/1.1" 301 404 "-" "Mozilla/5.0 (Windows NT 10.0; Win64; x64) AppleWebKit/537.36 (KHTML, like Gecko) Chrome/78.0.3904.108 Safari/537.36"
jomarlogistica.com.br:80 178.128.23.146 - - [03/Oct/2025:17:07:41 -0300] "GET //wp-includes/wlwmanifest.xml HTTP/1.1" 200 1378 "-" "Mozilla/5.0 (Windows NT 10.0; Win64; x64) AppleWebKit/537.36 (KHTML, like Gecko) Chrome/78.0.3904.108 Safari/537.36"
jomarlogistica.com.br:80 178.128.23.146 - - [03/Oct/2025:17:07:41 -0300] "GET //?author=2 HTTP/1.1" 301 425 "-" "Mozilla/5.0 (Windows NT 10.0; Win64; x64) AppleWebKit/537.36 (KHTML, like Gecko) Chrome/78.0.3904.108 Safari/537.36"
jomarlogistica.com.br:80 178.128.23.146 - - [03/Oct/2025:17:07:41 -0300] "GET //wp-includes/wlwmanifest.xml HTTP/1.1" 200 1378 "-" "Mozilla/5.0 (Windows NT 10.0; Win64; x64) AppleWebKit/537.36 (KHTML, like Gecko) Chrome/78.0.3904.108 Safari/537.36"
jomarlogistica.com.br:80 178.128.23.146 - - [03/Oct/2025:17:07:41 -0300] "GET //?author=1 HTTP/1.1" 301 404 "-" "Mozilla/5.0 (Windows NT 10.0; Win64; x64) AppleWebKit/537.36 (KHTML, like Gecko) Chrome/78.0.3904.108 Safari/537.36"
jomarlogistica.com.br:80 178.128.23.146 - - [03/Oct/2025:17:07:40 -0300] "GET / HTTP/1.1" 200 134115 "-" "Mozilla/5.0 (Windows NT 10.0; Win64; x64) AppleWebKit/537.36 (KHTML, like Gecko) Chrome/78.0.3904.108 Safari/537.36"
jomarlogistica.com.br:80 178.128.23.146 - - [03/Oct/2025:17:07:41 -0300] "GET //wp-json/wp/v2/users/ HTTP/1.1" 200 1905 "-" "Mozilla/5.0 (Windows NT 10.0; Win64; x64) AppleWebKit/537.36 (KHTML, like Gecko) Chrome/78.0.3904.108 Safari/537.36"
jomarlogistica.com.br:80 178.128.23.146 - - [03/Oct/2025:17:07:42 -0300] "GET //?author=1 HTTP/1.1" 301 404 "-" "Mozilla/5.0 (Windows NT 10.0; Win64; x64) AppleWebKit/537.36 (KHTML, like Gecko) Chrome/78.0.3904.108 Safari/537.36"
jomarlogistica.com.br:80 178.128.23.146 - - [03/Oct/2025:17:07:42 -0300] "GET //?author=2 HTTP/1.1" 301 406 "-" "Mozilla/5.0 (Windows NT 10.0; Win64; x64) AppleWebKit/537.36 (KHTML, like Gecko) Chrome/78.0.3904.108 Safari/537.36"
jomarlogistica.com.br:80 178.128.23.146 - - [03/Oct/2025:17:07:42 -0300] "POST //xmlrpc.php HTTP/1.1" 403 2493 "-" "Mozilla/5.0 (Windows NT 10.0; Win64; x64) AppleWebKit/537.36 (KHTML, like Gecko) Chrome/78.0.3904.108 Safari/537.36"
jomarlogistica.com.br:80 178.128.23.146 - - [03/Oct/2025:17:07:42 -0300] "POST //xmlrpc.php HTTP/1.1" 403 2493 "-" "Mozilla/5.0 (Windows NT 10.0; Win64; x64) AppleWebKit/537.36 (KHTML, like Gecko) Chrome/78.0.3904.108 Safari/537.36"
jomarlogistica.com.br:80 178.128.23.146 - - [03/Oct/2025:17:07:42 -0300] "GET //?author=2 HTTP/1.1" 301 406 "-" "Mozilla/5.0 (Windows NT 10.0; Win64; x64) AppleWebKit/537.36 (KHTML, like Gecko) Chrome/78.0.3904.108 Safari/537.36"
jomarlogistica.com.br:80 178.128.23.146 - - [03/Oct/2025:17:07:43 -0300] "GET //wp-includes/wlwmanifest.xml HTTP/1.1" 200 1378 "-" "Mozilla/5.0 (Windows NT 10.0; Win64; x64) AppleWebKit/537.36 (KHTML, like Gecko) Chrome/78.0.3904.108 Safari/537.36"
jomarlogistica.com.br:80 178.128.23.146 - - [03/Oct/2025:17:07:42 -0300] "GET //wp-json/wp/v2/users/ HTTP/1.1" 200 1905 "-" "Mozilla/5.0 (Windows NT 10.0; Win64; x64) AppleWebKit/537.36 (KHTML, like Gecko) Chrome/78.0.3904.108 Safari/537.36"
jomarlogistica.com.br:80 178.128.23.146 - - [03/Oct/2025:17:07:43 -0300] "POST //xmlrpc.php HTTP/1.1" 403 2493 "-" "Mozilla/5.0 (Windows NT 10.0; Win64; x64) AppleWebKit/537.36 (KHTML, like Gecko) Chrome/78.0.3904.108 Safari/537.36"
jomarlogistica.com.br:80 178.128.23.146 - - [03/Oct/2025:17:07:43 -0300] "GET //wp-json/wp/v2/users/ HTTP/1.1" 200 1905 "-" "Mozilla/5.0 (Windows NT 10.0; Win64; x64) AppleWebKit/537.36 (KHTML, like Gecko) Chrome/78.0.3904.108 Safari/537.36"
jomarlogistica.com.br:80 178.128.23.146 - - [03/Oct/2025:17:07:43 -0300] "GET //?author=1 HTTP/1.1" 301 404 "-" "Mozilla/5.0 (Windows NT 10.0; Win64; x64) AppleWebKit/537.36 (KHTML, like Gecko) Chrome/78.0.3904.108 Safari/537.36"
jomarlogistica.com.br:80 178.128.23.146 - - [03/Oct/2025:17:07:43 -0300] "POST //xmlrpc.php HTTP/1.1" 403 2512 "-" "Mozilla/5.0 (Windows NT 10.0; Win64; x64) AppleWebKit/537.36 (KHTML, like Gecko) Chrome/78.0.3904.108 Safari/537.36"
jomarlogistica.com.br:80 178.128.23.146 - - [03/Oct/2025:17:07:44 -0300] "POST //xmlrpc.php HTTP/1.1" 403 2512 "-" "Mozilla/5.0 (Windows NT 10.0; Win64; x64) AppleWebKit/537.36 (KHTML, like Gecko) Chrome/78.0.3904.108 Safari/537.36"
jomarlogistica.com.br:80 178.128.23.146 - - [03/Oct/2025:17:07:44 -0300] "POST //xmlrpc.php HTTP/1.1" 403 2493 "-" "Mozilla/5.0 (Windows NT 10.0; Win64; x64) AppleWebKit/537.36 (KHTML, like Gecko) Chrome/78.0.3904.108 Safari/537.36"
jomarlogistica.com.br:80 178.128.23.146 - - [03/Oct/2025:17:07:44 -0300] "GET //?author=2 HTTP/1.1" 301 406 "-" "Mozilla/5.0 (Windows NT 10.0; Win64; x64) AppleWebKit/537.36 (KHTML, like Gecko) Chrome/78.0.3904.108 Safari/537.36"
jomarlogistica.com.br:80 178.128.23.146 - - [03/Oct/2025:17:07:45 -0300] "GET //wp-json/wp/v2/users/ HTTP/1.1" 200 1924 "-" "Mozilla/5.0 (Windows NT 10.0; Win64; x64) AppleWebKit/537.36 (KHTML, like Gecko) Chrome/78.0.3904.108 Safari/537.36"
jomarlogistica.com.br:80 178.128.23.146 - - [03/Oct/2025:17:07:45 -0300] "POST //xmlrpc.php HTTP/1.1" 403 2493 "-" "Mozilla/5.0 (Windows NT 10.0; Win64; x64) AppleWebKit/537.36 (KHTML, like Gecko) Chrome/78.0.3904.108 Safari/537.36"
jomarlogistica.com.br:80 178.128.23.146 - - [03/Oct/2025:17:07:46 -0300] "POST //xmlrpc.php HTTP/1.1" 403 2493 "-" "Mozilla/5.0 (Windows NT 10.0; Win64; x64) AppleWebKit/537.36 (KHTML, like Gecko) Chrome/78.0.3904.108 Safari/537.36"
jomarlogistica.com.br:80 127.0.0.1 - - [03/Oct/2025:17:07:48 -0300] "OPTIONS * HTTP/1.0" 200 110 "-" "Apache/2.4.65 (Ubuntu) (internal dummy connection)"
jomarlogistica.com.br:80 127.0.0.1 - - [03/Oct/2025:17:07:50 -0300] "OPTIONS * HTTP/1.0" 200 110 "-" "Apache/2.4.65 (Ubuntu) (internal dummy connection)"
jomarlogistica.com.br:80 172.20.1.198 - - [03/Oct/2025:17:13:13 -0300] "POST /wp-cron.php?doing_wp_cron=1759522393.3883860111236572265625 HTTP/1.1" 200 389 "https://jomarlogistica.com.br/wp-cron.php?doing_wp_cron=1759522393.3883860111236572265625" "WordPress/5.8.10; https://jomarlogistica.com.br"
jomarlogistica.com.br:80 216.244.66.226 - - [03/Oct/2025:17:13:12 -0300] "GET /2023/07/04/the-very-best-free-vpn-application/ HTTP/1.1" 200 79326 "-" "Mozilla/5.0 (compatible; DotBot/1.2; +https://opensiteexplorer.org/dotbot; help@moz.com)"
jomarlogistica.com.br:80 127.0.0.1 - - [03/Oct/2025:17:13:19 -0300] "OPTIONS * HTTP/1.0" 200 110 "-" "Apache/2.4.65 (Ubuntu) (internal dummy connection)"
jomarlogistica.com.br:80 172.20.1.198 - - [03/Oct/2025:17:18:19 -0300] "POST /wp-cron.php?doing_wp_cron=1759522699.8716740608215332031250 HTTP/1.1" 200 389 "https://jomarlogistica.com.br/wp-cron.php?doing_wp_cron=1759522699.8716740608215332031250" "WordPress/5.8.10; https://jomarlogistica.com.br"
jomarlogistica.com.br:80 85.208.96.207 - - [03/Oct/2025:17:18:19 -0300] "GET /2022/09/30/manifesting-love-signs-you-are-in-love/ HTTP/1.1" 200 17464 "-" "Mozilla/5.0 (compatible; SemrushBot/7~bl; +http://www.semrush.com/bot.html)"
jomarlogistica.com.br:80 127.0.0.1 - - [03/Oct/2025:17:18:25 -0300] "OPTIONS * HTTP/1.0" 200 110 "-" "Apache/2.4.65 (Ubuntu) (internal dummy connection)"
jomarlogistica.com.br:80 177.212.249.167 - - [03/Oct/2025:17:18:49 -0300] "POST /autodiscover/autodiscover.xml HTTP/1.1" 404 448 "-" "AppleExchangeWebServices/833 accountsd/113"
jomarlogistica.com.br:80 216.244.66.226 - - [03/Oct/2025:17:21:05 -0300] "GET /2022/06/06/buy-phone-outright-vs-contract-uk-legal-considerations/ HTTP/1.1" 200 63546 "-" "Mozilla/5.0 (compatible; DotBot/1.2; +https://opensiteexplorer.org/dotbot; help@moz.com)"
jomarlogistica.com.br:80 45.138.16.48 - - [03/Oct/2025:17:21:23 -0300] "GET / HTTP/1.1" 200 134115 "-" "-"
jomarlogistica.com.br:80 45.138.16.48 - - [03/Oct/2025:17:21:25 -0300] "GET /wp-admin/install.php HTTP/1.1" 200 1651 "-" "-"
jomarlogistica.com.br:80 45.138.16.48 - - [03/Oct/2025:17:21:25 -0300] "GET /wp-admin/setup-config.php HTTP/1.1" 409 3061 "-" "-"
jomarlogistica.com.br:80 172.20.1.198 - - [03/Oct/2025:17:22:28 -0300] "POST /wp-cron.php?doing_wp_cron=1759522948.0431509017944335937500 HTTP/1.1" 200 389 "https://jomarlogistica.com.br/wp-cron.php?doing_wp_cron=1759522948.0431509017944335937500" "WordPress/5.8.10; https://jomarlogistica.com.br"
jomarlogistica.com.br:80 85.208.96.210 - - [03/Oct/2025:17:22:27 -0300] "GET /2023/02/01/on-line-sugar-daddy-arrangements/ HTTP/1.1" 200 18159 "-" "Mozilla/5.0 (compatible; SemrushBot/7~bl; +http://www.semrush.com/bot.html)"
jomarlogistica.com.br:80 127.0.0.1 - - [03/Oct/2025:17:22:33 -0300] "OPTIONS * HTTP/1.0" 200 110 "-" "Apache/2.4.65 (Ubuntu) (internal dummy connection)"
jomarlogistica.com.br:80 177.212.249.167 - - [03/Oct/2025:17:23:34 -0300] "POST /autodiscover/autodiscover.xml HTTP/1.1" 404 448 "-" "AppleExchangeWebServices/833 accountsd/113"
jomarlogistica.com.br:80 18.215.77.19 - - [03/Oct/2025:17:23:55 -0300] "GET /blog-standard-left-sidebar/page/17/ HTTP/1.1" 200 19674 "-" "Mozilla/5.0 AppleWebKit/537.36 (KHTML, like Gecko; compatible; Amazonbot/0.1; +https://developer.amazon.com/support/amazonbot) Chrome/119.0.6045.214 Safari/537.36"
jomarlogistica.com.br:80 114.119.159.76 - - [03/Oct/2025:17:24:23 -0300] "GET /2023/08/29/why-startups-need-a-vdr-for-startup/ HTTP/1.1" 200 17149 "https://jomarlogistica.com.br/category/jomar/page/12/" "Mozilla/5.0 (Linux; Android 7.0;) AppleWebKit/537.36 (KHTML, like Gecko) Mobile Safari/537.36 (compatible; PetalBot;+https://webmaster.petalsearch.com/site/petalbot)"
jomarlogistica.com.br:80 57.141.0.33 - - [03/Oct/2025:17:24:26 -0300] "GET /2023/04/12/asian-american-friends-and-family-expectations/ HTTP/1.1" 200 80061 "-" "meta-externalagent/1.1 (+https://developers.facebook.com/docs/sharing/webmasters/crawler)"
jomarlogistica.com.br:80 114.119.138.130 - - [03/Oct/2025:17:25:50 -0300] "GET /author/jomar/page/43/ HTTP/1.1" 200 18802 "https://jomarlogistica.com.br/author/jomar/page/44/" "Mozilla/5.0 (Linux; Android 7.0;) AppleWebKit/537.36 (KHTML, like Gecko) Mobile Safari/537.36 (compatible; PetalBot;+https://webmaster.petalsearch.com/site/petalbot)"
jomarlogistica.com.br:80 114.119.138.130 - - [03/Oct/2025:17:27:10 -0300] "GET /2023/07/04/asus-gaming-laptops/ HTTP/1.1" 200 17397 "https://jomarlogistica.com.br/2023/page/16/" "Mozilla/5.0 (Linux; Android 7.0;) AppleWebKit/537.36 (KHTML, like Gecko) Mobile Safari/537.36 (compatible; PetalBot;+https://webmaster.petalsearch.com/site/petalbot)"
jomarlogistica.com.br:80 172.20.1.198 - - [03/Oct/2025:17:27:32 -0300] "POST /wp-cron.php?doing_wp_cron=1759523252.7822370529174804687500 HTTP/1.1" 200 389 "https://jomarlogistica.com.br/wp-cron.php?doing_wp_cron=1759523252.7822370529174804687500" "WordPress/5.8.10; https://jomarlogistica.com.br"
jomarlogistica.com.br:80 152.255.108.47 - - [03/Oct/2025:17:27:32 -0300] "GET /?fbclid=PAZXh0bgNhZW0CMTEAAacCRemYM0WboKuIdEbzdLqpj91bbWobq9eNB8KN_KL4QAeBysK11KobeV0_mQ_aem_QDm7Rk9E1u1VdAjg9wTGSw HTTP/1.1" 301 564 "https://l.instagram.com/" "Mozilla/5.0 (iPhone; CPU iPhone OS 16_1_1 like Mac OS X) AppleWebKit/605.1.15 (KHTML, like Gecko) Mobile/20B101 Instagram 400.0.0.27.75 (iPhone13,4; iOS 16_1_1; pt_BR; pt; scale=3.00; 1284x2778; IABMV/1; 797775111)"
jomarlogistica.com.br:80 152.255.108.47 - - [03/Oct/2025:17:27:33 -0300] "GET /?fbclid=PAZXh0bgNhZW0CMTEAAacCRemYM0WboKuIdEbzdLqpj91bbWobq9eNB8KN_KL4QAeBysK11KobeV0_mQ_aem_QDm7Rk9E1u1VdAjg9wTGSw HTTP/1.1" 200 24056 "https://l.instagram.com/" "Mozilla/5.0 (iPhone; CPU iPhone OS 16_1_1 like Mac OS X) AppleWebKit/605.1.15 (KHTML, like Gecko) Mobile/20B101 Instagram 400.0.0.27.75 (iPhone13,4; iOS 16_1_1; pt_BR; pt; scale=3.00; 1284x2778; IABMV/1; 797775111)"
jomarlogistica.com.br:80 152.255.108.47 - - [03/Oct/2025:17:27:35 -0300] "GET /wp-includes/js/wp-emoji-release.min.js?ver=5.8.10 HTTP/1.1" 200 5577 "https://jomarlogistica.com.br/?fbclid=PAZXh0bgNhZW0CMTEAAacCRemYM0WboKuIdEbzdLqpj91bbWobq9eNB8KN_KL4QAeBysK11KobeV0_mQ_aem_QDm7Rk9E1u1VdAjg9wTGSw" "Mozilla/5.0 (iPhone; CPU iPhone OS 16_1_1 like Mac OS X) AppleWebKit/605.1.15 (KHTML, like Gecko) Mobile/20B101 Instagram 400.0.0.27.75 (iPhone13,4; iOS 16_1_1; pt_BR; pt; scale=3.00; 1284x2778; IABMV/1; 797775111)"
jomarlogistica.com.br:80 152.255.108.47 - - [03/Oct/2025:17:27:35 -0300] "GET /wp-content/plugins/instagram-feed/css/sbi-styles.min.css?ver=2.9.7 HTTP/1.1" 200 3355 "https://jomarlogistica.com.br/?fbclid=PAZXh0bgNhZW0CMTEAAacCRemYM0WboKuIdEbzdLqpj91bbWobq9eNB8KN_KL4QAeBysK11KobeV0_mQ_aem_QDm7Rk9E1u1VdAjg9wTGSw" "Mozilla/5.0 (iPhone; CPU iPhone OS 16_1_1 like Mac OS X) AppleWebKit/605.1.15 (KHTML, like Gecko) Mobile/20B101 Instagram 400.0.0.27.75 (iPhone13,4; iOS 16_1_1; pt_BR; pt; scale=3.00; 1284x2778; IABMV/1; 797775111)"
jomarlogistica.com.br:80 152.255.108.47 - - [03/Oct/2025:17:27:35 -0300] "GET /wp-content/plugins/contact-form-7-multi-step/assets/frontend/animate/animate.min.css?ver=2.5.4 HTTP/1.1" 200 5244 "https://jomarlogistica.com.br/?fbclid=PAZXh0bgNhZW0CMTEAAacCRemYM0WboKuIdEbzdLqpj91bbWobq9eNB8KN_KL4QAeBysK11KobeV0_mQ_aem_QDm7Rk9E1u1VdAjg9wTGSw" "Mozilla/5.0 (iPhone; CPU iPhone OS 16_1_1 like Mac OS X) AppleWebKit/605.1.15 (KHTML, like Gecko) Mobile/20B101 Instagram 400.0.0.27.75 (iPhone13,4; iOS 16_1_1; pt_BR; pt; scale=3.00; 1284x2778; IABMV/1; 797775111)"
jomarlogistica.com.br:80 152.255.108.47 - - [03/Oct/2025:17:27:35 -0300] "GET /wp-includes/css/dist/block-library/style.min.css?ver=5.8.10 HTTP/1.1" 200 12027 "https://jomarlogistica.com.br/?fbclid=PAZXh0bgNhZW0CMTEAAacCRemYM0WboKuIdEbzdLqpj91bbWobq9eNB8KN_KL4QAeBysK11KobeV0_mQ_aem_QDm7Rk9E1u1VdAjg9wTGSw" "Mozilla/5.0 (iPhone; CPU iPhone OS 16_1_1 like Mac OS X) AppleWebKit/605.1.15 (KHTML, like Gecko) Mobile/20B101 Instagram 400.0.0.27.75 (iPhone13,4; iOS 16_1_1; pt_BR; pt; scale=3.00; 1284x2778; IABMV/1; 797775111)"
jomarlogistica.com.br:80 152.255.108.47 - - [03/Oct/2025:17:27:35 -0300] "GET /wp-content/plugins/redux-framework/redux-core/extendify-sdk/public/build/extendify-utilities.css?ver=13.4 HTTP/1.1" 200 6477 "https://jomarlogistica.com.br/?fbclid=PAZXh0bgNhZW0CMTEAAacCRemYM0WboKuIdEbzdLqpj91bbWobq9eNB8KN_KL4QAeBysK11KobeV0_mQ_aem_QDm7Rk9E1u1VdAjg9wTGSw" "Mozilla/5.0 (iPhone; CPU iPhone OS 16_1_1 like Mac OS X) AppleWebKit/605.1.15 (KHTML, like Gecko) Mobile/20B101 Instagram 400.0.0.27.75 (iPhone13,4; iOS 16_1_1; pt_BR; pt; scale=3.00; 1284x2778; IABMV/1; 797775111)"
jomarlogistica.com.br:80 152.255.108.47 - - [03/Oct/2025:17:27:35 -0300] "GET /wp-content/plugins/elementor/assets/lib/font-awesome/css/brands.min.css?ver=5.15.3 HTTP/1.1" 200 679 "https://jomarlogistica.com.br/?fbclid=PAZXh0bgNhZW0CMTEAAacCRemYM0WboKuIdEbzdLqpj91bbWobq9eNB8KN_KL4QAeBysK11KobeV0_mQ_aem_QDm7Rk9E1u1VdAjg9wTGSw" "Mozilla/5.0 (iPhone; CPU iPhone OS 16_1_1 like Mac OS X) AppleWebKit/605.1.15 (KHTML, like Gecko) Mobile/20B101 Instagram 400.0.0.27.75 (iPhone13,4; iOS 16_1_1; pt_BR; pt; scale=3.00; 1284x2778; IABMV/1; 797775111)"
jomarlogistica.com.br:80 152.255.108.47 - - [03/Oct/2025:17:27:35 -0300] "GET /wp-content/plugins/elementor/assets/lib/animations/animations.min.css?ver=3.4.8 HTTP/1.1" 200 3089 "https://jomarlogistica.com.br/?fbclid=PAZXh0bgNhZW0CMTEAAacCRemYM0WboKuIdEbzdLqpj91bbWobq9eNB8KN_KL4QAeBysK11KobeV0_mQ_aem_QDm7Rk9E1u1VdAjg9wTGSw" "Mozilla/5.0 (iPhone; CPU iPhone OS 16_1_1 like Mac OS X) AppleWebKit/605.1.15 (KHTML, like Gecko) Mobile/20B101 Instagram 400.0.0.27.75 (iPhone13,4; iOS 16_1_1; pt_BR; pt; scale=3.00; 1284x2778; IABMV/1; 797775111)"
jomarlogistica.com.br:80 152.255.108.47 - - [03/Oct/2025:17:27:35 -0300] "GET /wp-content/plugins/booked/assets/css/icons.css?ver=2.3.5 HTTP/1.1" 200 6985 "https://jomarlogistica.com.br/?fbclid=PAZXh0bgNhZW0CMTEAAacCRemYM0WboKuIdEbzdLqpj91bbWobq9eNB8KN_KL4QAeBysK11KobeV0_mQ_aem_QDm7Rk9E1u1VdAjg9wTGSw" "Mozilla/5.0 (iPhone; CPU iPhone OS 16_1_1 like Mac OS X) AppleWebKit/605.1.15 (KHTML, like Gecko) Mobile/20B101 Instagram 400.0.0.27.75 (iPhone13,4; iOS 16_1_1; pt_BR; pt; scale=3.00; 1284x2778; IABMV/1; 797775111)"
jomarlogistica.com.br:80 152.255.108.47 - - [03/Oct/2025:17:27:35 -0300] "GET /wp-content/plugins/booked/assets/js/tooltipster/css/tooltipster.css?ver=3.3.0 HTTP/1.1" 200 2174 "https://jomarlogistica.com.br/?fbclid=PAZXh0bgNhZW0CMTEAAacCRemYM0WboKuIdEbzdLqpj91bbWobq9eNB8KN_KL4QAeBysK11KobeV0_mQ_aem_QDm7Rk9E1u1VdAjg9wTGSw" "Mozilla/5.0 (iPhone; CPU iPhone OS 16_1_1 like Mac OS X) AppleWebKit/605.1.15 (KHTML, like Gecko) Mobile/20B101 Instagram 400.0.0.27.75 (iPhone13,4; iOS 16_1_1; pt_BR; pt; scale=3.00; 1284x2778; IABMV/1; 797775111)"
jomarlogistica.com.br:80 152.255.108.47 - - [03/Oct/2025:17:27:35 -0300] "GET /wp-content/plugins/booked/assets/js/tooltipster/css/themes/tooltipster-light.css?ver=3.3.0 HTTP/1.1" 200 596 "https://jomarlogistica.com.br/?fbclid=PAZXh0bgNhZW0CMTEAAacCRemYM0WboKuIdEbzdLqpj91bbWobq9eNB8KN_KL4QAeBysK11KobeV0_mQ_aem_QDm7Rk9E1u1VdAjg9wTGSw" "Mozilla/5.0 (iPhone; CPU iPhone OS 16_1_1 like Mac OS X) AppleWebKit/605.1.15 (KHTML, like Gecko) Mobile/20B101 Instagram 400.0.0.27.75 (iPhone13,4; iOS 16_1_1; pt_BR; pt; scale=3.00; 1284x2778; IABMV/1; 797775111)"
jomarlogistica.com.br:80 152.255.108.47 - - [03/Oct/2025:17:27:35 -0300] "GET /wp-content/plugins/booked/assets/css/animations.css?ver=2.3.5 HTTP/1.1" 200 905 "https://jomarlogistica.com.br/?fbclid=PAZXh0bgNhZW0CMTEAAacCRemYM0WboKuIdEbzdLqpj91bbWobq9eNB8KN_KL4QAeBysK11KobeV0_mQ_aem_QDm7Rk9E1u1VdAjg9wTGSw" "Mozilla/5.0 (iPhone; CPU iPhone OS 16_1_1 like Mac OS X) AppleWebKit/605.1.15 (KHTML, like Gecko) Mobile/20B101 Instagram 400.0.0.27.75 (iPhone13,4; iOS 16_1_1; pt_BR; pt; scale=3.00; 1284x2778; IABMV/1; 797775111)"
jomarlogistica.com.br:80 152.255.108.47 - - [03/Oct/2025:17:27:35 -0300] "GET /wp-content/plugins/booked/dist/booked.css?ver=2.3.5 HTTP/1.1" 200 9827 "https://jomarlogistica.com.br/?fbclid=PAZXh0bgNhZW0CMTEAAacCRemYM0WboKuIdEbzdLqpj91bbWobq9eNB8KN_KL4QAeBysK11KobeV0_mQ_aem_QDm7Rk9E1u1VdAjg9wTGSw" "Mozilla/5.0 (iPhone; CPU iPhone OS 16_1_1 like Mac OS X) AppleWebKit/605.1.15 (KHTML, like Gecko) Mobile/20B101 Instagram 400.0.0.27.75 (iPhone13,4; iOS 16_1_1; pt_BR; pt; scale=3.00; 1284x2778; IABMV/1; 797775111)"
jomarlogistica.com.br:80 152.255.108.47 - - [03/Oct/2025:17:27:35 -0300] "GET /wp-content/plugins/case-theme-core/assets/css/main.css?ver=1.0.0 HTTP/1.1" 200 563 "https://jomarlogistica.com.br/?fbclid=PAZXh0bgNhZW0CMTEAAacCRemYM0WboKuIdEbzdLqpj91bbWobq9eNB8KN_KL4QAeBysK11KobeV0_mQ_aem_QDm7Rk9E1u1VdAjg9wTGSw" "Mozilla/5.0 (iPhone; CPU iPhone OS 16_1_1 like Mac OS X) AppleWebKit/605.1.15 (KHTML, like Gecko) Mobile/20B101 Instagram 400.0.0.27.75 (iPhone13,4; iOS 16_1_1; pt_BR; pt; scale=3.00; 1284x2778; IABMV/1; 797775111)"
jomarlogistica.com.br:80 152.255.108.47 - - [03/Oct/2025:17:27:35 -0300] "GET /wp-content/plugins/case-theme-core/assets/css/lib/progressbar.min.css?ver=0.7.1 HTTP/1.1" 200 1103 "https://jomarlogistica.com.br/?fbclid=PAZXh0bgNhZW0CMTEAAacCRemYM0WboKuIdEbzdLqpj91bbWobq9eNB8KN_KL4QAeBysK11KobeV0_mQ_aem_QDm7Rk9E1u1VdAjg9wTGSw" "Mozilla/5.0 (iPhone; CPU iPhone OS 16_1_1 like Mac OS X) AppleWebKit/605.1.15 (KHTML, like Gecko) Mobile/20B101 Instagram 400.0.0.27.75 (iPhone13,4; iOS 16_1_1; pt_BR; pt; scale=3.00; 1284x2778; IABMV/1; 797775111)"
jomarlogistica.com.br:80 152.255.108.47 - - [03/Oct/2025:17:27:35 -0300] "GET /wp-content/plugins/case-theme-core/assets/css/lib/owl.carousel.min.css?ver=2.2.1 HTTP/1.1" 200 1298 "https://jomarlogistica.com.br/?fbclid=PAZXh0bgNhZW0CMTEAAacCRemYM0WboKuIdEbzdLqpj91bbWobq9eNB8KN_KL4QAeBysK11KobeV0_mQ_aem_QDm7Rk9E1u1VdAjg9wTGSw" "Mozilla/5.0 (iPhone; CPU iPhone OS 16_1_1 like Mac OS X) AppleWebKit/605.1.15 (KHTML, like Gecko) Mobile/20B101 Instagram 400.0.0.27.75 (iPhone13,4; iOS 16_1_1; pt_BR; pt; scale=3.00; 1284x2778; IABMV/1; 797775111)"
jomarlogistica.com.br:80 152.255.108.47 - - [03/Oct/2025:17:27:35 -0300] "GET /wp-content/plugins/case-theme-core/assets/plugin/font-awesome/css/font-awesome.min.css?ver=4.7.0 HTTP/1.1" 200 7624 "https://jomarlogistica.com.br/?fbclid=PAZXh0bgNhZW0CMTEAAacCRemYM0WboKuIdEbzdLqpj91bbWobq9eNB8KN_KL4QAeBysK11KobeV0_mQ_aem_QDm7Rk9E1u1VdAjg9wTGSw" "Mozilla/5.0 (iPhone; CPU iPhone OS 16_1_1 like Mac OS X) AppleWebKit/605.1.15 (KHTML, like Gecko) Mobile/20B101 Instagram 400.0.0.27.75 (iPhone13,4; iOS 16_1_1; pt_BR; pt; scale=3.00; 1284x2778; IABMV/1; 797775111)"
jomarlogistica.com.br:80 152.255.108.47 - - [03/Oct/2025:17:27:35 -0300] "GET /wp-content/plugins/case-theme-user/acess/css/remodal.css?ver=5.8.10 HTTP/1.1" 200 1031 "https://jomarlogistica.com.br/?fbclid=PAZXh0bgNhZW0CMTEAAacCRemYM0WboKuIdEbzdLqpj91bbWobq9eNB8KN_KL4QAeBysK11KobeV0_mQ_aem_QDm7Rk9E1u1VdAjg9wTGSw" "Mozilla/5.0 (iPhone; CPU iPhone OS 16_1_1 like Mac OS X) AppleWebKit/605.1.15 (KHTML, like Gecko) Mobile/20B101 Instagram 400.0.0.27.75 (iPhone13,4; iOS 16_1_1; pt_BR; pt; scale=3.00; 1284x2778; IABMV/1; 797775111)"
jomarlogistica.com.br:80 152.255.108.47 - - [03/Oct/2025:17:27:35 -0300] "GET /wp-content/plugins/case-theme-user/acess/css/remodal-default-theme.css?ver=5.8.10 HTTP/1.1" 200 1733 "https://jomarlogistica.com.br/?fbclid=PAZXh0bgNhZW0CMTEAAacCRemYM0WboKuIdEbzdLqpj91bbWobq9eNB8KN_KL4QAeBysK11KobeV0_mQ_aem_QDm7Rk9E1u1VdAjg9wTGSw" "Mozilla/5.0 (iPhone; CPU iPhone OS 16_1_1 like Mac OS X) AppleWebKit/605.1.15 (KHTML, like Gecko) Mobile/20B101 Instagram 400.0.0.27.75 (iPhone13,4; iOS 16_1_1; pt_BR; pt; scale=3.00; 1284x2778; IABMV/1; 797775111)"
jomarlogistica.com.br:80 152.255.108.47 - - [03/Oct/2025:17:27:35 -0300] "GET /wp-content/plugins/contact-form-7-multi-step/assets/frontend/css/cf7mls.css?ver=2.5.4 HTTP/1.1" 200 2184 "https://jomarlogistica.com.br/?fbclid=PAZXh0bgNhZW0CMTEAAacCRemYM0WboKuIdEbzdLqpj91bbWobq9eNB8KN_KL4QAeBysK11KobeV0_mQ_aem_QDm7Rk9E1u1VdAjg9wTGSw" "Mozilla/5.0 (iPhone; CPU iPhone OS 16_1_1 like Mac OS X) AppleWebKit/605.1.15 (KHTML, like Gecko) Mobile/20B101 Instagram 400.0.0.27.75 (iPhone13,4; iOS 16_1_1; pt_BR; pt; scale=3.00; 1284x2778; IABMV/1; 797775111)"
jomarlogistica.com.br:80 152.255.108.47 - - [03/Oct/2025:17:27:35 -0300] "GET /wp-content/plugins/contact-form-7-multi-step/assets/frontend/css/progress_bar.css?ver=2.5.4 HTTP/1.1" 200 5617 "https://jomarlogistica.com.br/?fbclid=PAZXh0bgNhZW0CMTEAAacCRemYM0WboKuIdEbzdLqpj91bbWobq9eNB8KN_KL4QAeBysK11KobeV0_mQ_aem_QDm7Rk9E1u1VdAjg9wTGSw" "Mozilla/5.0 (iPhone; CPU iPhone OS 16_1_1 like Mac OS X) AppleWebKit/605.1.15 (KHTML, like Gecko) Mobile/20B101 Instagram 400.0.0.27.75 (iPhone13,4; iOS 16_1_1; pt_BR; pt; scale=3.00; 1284x2778; IABMV/1; 797775111)"
jomarlogistica.com.br:80 152.255.108.47 - - [03/Oct/2025:17:27:35 -0300] "GET /wp-content/plugins/contact-form-7/includes/css/styles.css?ver=5.5.3 HTTP/1.1" 200 1361 "https://jomarlogistica.com.br/?fbclid=PAZXh0bgNhZW0CMTEAAacCRemYM0WboKuIdEbzdLqpj91bbWobq9eNB8KN_KL4QAeBysK11KobeV0_mQ_aem_QDm7Rk9E1u1VdAjg9wTGSw" "Mozilla/5.0 (iPhone; CPU iPhone OS 16_1_1 like Mac OS X) AppleWebKit/605.1.15 (KHTML, like Gecko) Mobile/20B101 Instagram 400.0.0.27.75 (iPhone13,4; iOS 16_1_1; pt_BR; pt; scale=3.00; 1284x2778; IABMV/1; 797775111)"
jomarlogistica.com.br:80 152.255.108.47 - - [03/Oct/2025:17:27:35 -0300] "GET /wp-content/themes/consultio/assets/css/bootstrap.min.css?ver=4.0.0 HTTP/1.1" 200 21402 "https://jomarlogistica.com.br/?fbclid=PAZXh0bgNhZW0CMTEAAacCRemYM0WboKuIdEbzdLqpj91bbWobq9eNB8KN_KL4QAeBysK11KobeV0_mQ_aem_QDm7Rk9E1u1VdAjg9wTGSw" "Mozilla/5.0 (iPhone; CPU iPhone OS 16_1_1 like Mac OS X) AppleWebKit/605.1.15 (KHTML, like Gecko) Mobile/20B101 Instagram 400.0.0.27.75 (iPhone13,4; iOS 16_1_1; pt_BR; pt; scale=3.00; 1284x2778; IABMV/1; 797775111)"
jomarlogistica.com.br:80 152.255.108.47 - - [03/Oct/2025:17:27:36 -0300] "GET /wp-content/plugins/elementor/assets/lib/font-awesome/css/font-awesome.min.css?ver=4.7.0 HTTP/1.1" 200 7623 "https://jomarlogistica.com.br/?fbclid=PAZXh0bgNhZW0CMTEAAacCRemYM0WboKuIdEbzdLqpj91bbWobq9eNB8KN_KL4QAeBysK11KobeV0_mQ_aem_QDm7Rk9E1u1VdAjg9wTGSw" "Mozilla/5.0 (iPhone; CPU iPhone OS 16_1_1 like Mac OS X) AppleWebKit/605.1.15 (KHTML, like Gecko) Mobile/20B101 Instagram 400.0.0.27.75 (iPhone13,4; iOS 16_1_1; pt_BR; pt; scale=3.00; 1284x2778; IABMV/1; 797775111)"
jomarlogistica.com.br:80 152.255.108.47 - - [03/Oct/2025:17:27:36 -0300] "GET /wp-content/themes/consultio/assets/css/font-awesome5.min.css?ver=5.8.0 HTTP/1.1" 200 17997 "https://jomarlogistica.com.br/?fbclid=PAZXh0bgNhZW0CMTEAAacCRemYM0WboKuIdEbzdLqpj91bbWobq9eNB8KN_KL4QAeBysK11KobeV0_mQ_aem_QDm7Rk9E1u1VdAjg9wTGSw" "Mozilla/5.0 (iPhone; CPU iPhone OS 16_1_1 like Mac OS X) AppleWebKit/605.1.15 (KHTML, like Gecko) Mobile/20B101 Instagram 400.0.0.27.75 (iPhone13,4; iOS 16_1_1; pt_BR; pt; scale=3.00; 1284x2778; IABMV/1; 797775111)"
jomarlogistica.com.br:80 152.255.108.47 - - [03/Oct/2025:17:27:36 -0300] "GET /wp-content/themes/consultio/assets/css/flaticon.css?ver=2.8.0 HTTP/1.1" 200 1205 "https://jomarlogistica.com.br/?fbclid=PAZXh0bgNhZW0CMTEAAacCRemYM0WboKuIdEbzdLqpj91bbWobq9eNB8KN_KL4QAeBysK11KobeV0_mQ_aem_QDm7Rk9E1u1VdAjg9wTGSw" "Mozilla/5.0 (iPhone; CPU iPhone OS 16_1_1 like Mac OS X) AppleWebKit/605.1.15 (KHTML, like Gecko) Mobile/20B101 Instagram 400.0.0.27.75 (iPhone13,4; iOS 16_1_1; pt_BR; pt; scale=3.00; 1284x2778; IABMV/1; 797775111)"
jomarlogistica.com.br:80 152.255.108.47 - - [03/Oct/2025:17:27:36 -0300] "GET /wp-content/themes/consultio/assets/css/flaticon-v2.css?ver=2.8.0 HTTP/1.1" 200 994 "https://jomarlogistica.com.br/?fbclid=PAZXh0bgNhZW0CMTEAAacCRemYM0WboKuIdEbzdLqpj91bbWobq9eNB8KN_KL4QAeBysK11KobeV0_mQ_aem_QDm7Rk9E1u1VdAjg9wTGSw" "Mozilla/5.0 (iPhone; CPU iPhone OS 16_1_1 like Mac OS X) AppleWebKit/605.1.15 (KHTML, like Gecko) Mobile/20B101 Instagram 400.0.0.27.75 (iPhone13,4; iOS 16_1_1; pt_BR; pt; scale=3.00; 1284x2778; IABMV/1; 797775111)"
jomarlogistica.com.br:80 152.255.108.47 - - [03/Oct/2025:17:27:36 -0300] "GET /wp-content/themes/consultio/assets/css/flaticon-v3.css?ver=2.8.0 HTTP/1.1" 200 1156 "https://jomarlogistica.com.br/?fbclid=PAZXh0bgNhZW0CMTEAAacCRemYM0WboKuIdEbzdLqpj91bbWobq9eNB8KN_KL4QAeBysK11KobeV0_mQ_aem_QDm7Rk9E1u1VdAjg9wTGSw" "Mozilla/5.0 (iPhone; CPU iPhone OS 16_1_1 like Mac OS X) AppleWebKit/605.1.15 (KHTML, like Gecko) Mobile/20B101 Instagram 400.0.0.27.75 (iPhone13,4; iOS 16_1_1; pt_BR; pt; scale=3.00; 1284x2778; IABMV/1; 797775111)"
jomarlogistica.com.br:80 152.255.108.47 - - [03/Oct/2025:17:27:36 -0300] "GET /wp-content/themes/consultio/assets/css/flaticon-v4.css?ver=2.8.0 HTTP/1.1" 200 795 "https://jomarlogistica.com.br/?fbclid=PAZXh0bgNhZW0CMTEAAacCRemYM0WboKuIdEbzdLqpj91bbWobq9eNB8KN_KL4QAeBysK11KobeV0_mQ_aem_QDm7Rk9E1u1VdAjg9wTGSw" "Mozilla/5.0 (iPhone; CPU iPhone OS 16_1_1 like Mac OS X) AppleWebKit/605.1.15 (KHTML, like Gecko) Mobile/20B101 Instagram 400.0.0.27.75 (iPhone13,4; iOS 16_1_1; pt_BR; pt; scale=3.00; 1284x2778; IABMV/1; 797775111)"
jomarlogistica.com.br:80 152.255.108.47 - - [03/Oct/2025:17:27:36 -0300] "GET /wp-content/themes/consultio/assets/css/flaticon-v5.css?ver=2.8.0 HTTP/1.1" 200 1337 "https://jomarlogistica.com.br/?fbclid=PAZXh0bgNhZW0CMTEAAacCRemYM0WboKuIdEbzdLqpj91bbWobq9eNB8KN_KL4QAeBysK11KobeV0_mQ_aem_QDm7Rk9E1u1VdAjg9wTGSw" "Mozilla/5.0 (iPhone; CPU iPhone OS 16_1_1 like Mac OS X) AppleWebKit/605.1.15 (KHTML, like Gecko) Mobile/20B101 Instagram 400.0.0.27.75 (iPhone13,4; iOS 16_1_1; pt_BR; pt; scale=3.00; 1284x2778; IABMV/1; 797775111)"
jomarlogistica.com.br:80 152.255.108.47 - - [03/Oct/2025:17:27:36 -0300] "GET /wp-content/themes/consultio/assets/css/flaticon-v6.css?ver=2.8.0 HTTP/1.1" 200 998 "https://jomarlogistica.com.br/?fbclid=PAZXh0bgNhZW0CMTEAAacCRemYM0WboKuIdEbzdLqpj91bbWobq9eNB8KN_KL4QAeBysK11KobeV0_mQ_aem_QDm7Rk9E1u1VdAjg9wTGSw" "Mozilla/5.0 (iPhone; CPU iPhone OS 16_1_1 like Mac OS X) AppleWebKit/605.1.15 (KHTML, like Gecko) Mobile/20B101 Instagram 400.0.0.27.75 (iPhone13,4; iOS 16_1_1; pt_BR; pt; scale=3.00; 1284x2778; IABMV/1; 797775111)"
jomarlogistica.com.br:80 152.255.108.47 - - [03/Oct/2025:17:27:36 -0300] "GET /wp-content/themes/consultio/assets/css/flaticon-v7.css?ver=2.8.0 HTTP/1.1" 200 990 "https://jomarlogistica.com.br/?fbclid=PAZXh0bgNhZW0CMTEAAacCRemYM0WboKuIdEbzdLqpj91bbWobq9eNB8KN_KL4QAeBysK11KobeV0_mQ_aem_QDm7Rk9E1u1VdAjg9wTGSw" "Mozilla/5.0 (iPhone; CPU iPhone OS 16_1_1 like Mac OS X) AppleWebKit/605.1.15 (KHTML, like Gecko) Mobile/20B101 Instagram 400.0.0.27.75 (iPhone13,4; iOS 16_1_1; pt_BR; pt; scale=3.00; 1284x2778; IABMV/1; 797775111)"
jomarlogistica.com.br:80 152.255.108.47 - - [03/Oct/2025:17:27:36 -0300] "GET /wp-content/themes/consultio/assets/css/material-design-iconic-font.min.css?ver=2.2.0 HTTP/1.1" 200 8981 "https://jomarlogistica.com.br/?fbclid=PAZXh0bgNhZW0CMTEAAacCRemYM0WboKuIdEbzdLqpj91bbWobq9eNB8KN_KL4QAeBysK11KobeV0_mQ_aem_QDm7Rk9E1u1VdAjg9wTGSw" "Mozilla/5.0 (iPhone; CPU iPhone OS 16_1_1 like Mac OS X) AppleWebKit/605.1.15 (KHTML, like Gecko) Mobile/20B101 Instagram 400.0.0.27.75 (iPhone13,4; iOS 16_1_1; pt_BR; pt; scale=3.00; 1284x2778; IABMV/1; 797775111)"
jomarlogistica.com.br:80 152.255.108.47 - - [03/Oct/2025:17:27:36 -0300] "GET /wp-content/themes/consultio/assets/css/magnific-popup.css?ver=1.0.0 HTTP/1.1" 200 2198 "https://jomarlogistica.com.br/?fbclid=PAZXh0bgNhZW0CMTEAAacCRemYM0WboKuIdEbzdLqpj91bbWobq9eNB8KN_KL4QAeBysK11KobeV0_mQ_aem_QDm7Rk9E1u1VdAjg9wTGSw" "Mozilla/5.0 (iPhone; CPU iPhone OS 16_1_1 like Mac OS X) AppleWebKit/605.1.15 (KHTML, like Gecko) Mobile/20B101 Instagram 400.0.0.27.75 (iPhone13,4; iOS 16_1_1; pt_BR; pt; scale=3.00; 1284x2778; IABMV/1; 797775111)"
jomarlogistica.com.br:80 152.255.108.47 - - [03/Oct/2025:17:27:36 -0300] "GET /wp-content/themes/consultio/assets/css/animate.css?ver=1.0.0 HTTP/1.1" 200 5563 "https://jomarlogistica.com.br/?fbclid=PAZXh0bgNhZW0CMTEAAacCRemYM0WboKuIdEbzdLqpj91bbWobq9eNB8KN_KL4QAeBysK11KobeV0_mQ_aem_QDm7Rk9E1u1VdAjg9wTGSw" "Mozilla/5.0 (iPhone; CPU iPhone OS 16_1_1 like Mac OS X) AppleWebKit/605.1.15 (KHTML, like Gecko) Mobile/20B101 Instagram 400.0.0.27.75 (iPhone13,4; iOS 16_1_1; pt_BR; pt; scale=3.00; 1284x2778; IABMV/1; 797775111)"
jomarlogistica.com.br:80 152.255.108.47 - - [03/Oct/2025:17:27:36 -0300] "GET /wp-content/themes/consultio/assets/css/theme.css?ver=2.8.0 HTTP/1.1" 200 195072 "https://jomarlogistica.com.br/?fbclid=PAZXh0bgNhZW0CMTEAAacCRemYM0WboKuIdEbzdLqpj91bbWobq9eNB8KN_KL4QAeBysK11KobeV0_mQ_aem_QDm7Rk9E1u1VdAjg9wTGSw" "Mozilla/5.0 (iPhone; CPU iPhone OS 16_1_1 like Mac OS X) AppleWebKit/605.1.15 (KHTML, like Gecko) Mobile/20B101 Instagram 400.0.0.27.75 (iPhone13,4; iOS 16_1_1; pt_BR; pt; scale=3.00; 1284x2778; IABMV/1; 797775111)"
jomarlogistica.com.br:80 152.255.108.47 - - [03/Oct/2025:17:27:36 -0300] "GET /wp-content/themes/consultio/style.css?ver=5.8.10 HTTP/1.1" 200 866 "https://jomarlogistica.com.br/?fbclid=PAZXh0bgNhZW0CMTEAAacCRemYM0WboKuIdEbzdLqpj91bbWobq9eNB8KN_KL4QAeBysK11KobeV0_mQ_aem_QDm7Rk9E1u1VdAjg9wTGSw" "Mozilla/5.0 (iPhone; CPU iPhone OS 16_1_1 like Mac OS X) AppleWebKit/605.1.15 (KHTML, like Gecko) Mobile/20B101 Instagram 400.0.0.27.75 (iPhone13,4; iOS 16_1_1; pt_BR; pt; scale=3.00; 1284x2778; IABMV/1; 797775111)"
jomarlogistica.com.br:80 152.255.108.47 - - [03/Oct/2025:17:27:36 -0300] "GET /wp-content/plugins/meks-simple-flickr-widget/css/style.css?ver=1.2 HTTP/1.1" 200 577 "https://jomarlogistica.com.br/?fbclid=PAZXh0bgNhZW0CMTEAAacCRemYM0WboKuIdEbzdLqpj91bbWobq9eNB8KN_KL4QAeBysK11KobeV0_mQ_aem_QDm7Rk9E1u1VdAjg9wTGSw" "Mozilla/5.0 (iPhone; CPU iPhone OS 16_1_1 like Mac OS X) AppleWebKit/605.1.15 (KHTML, like Gecko) Mobile/20B101 Instagram 400.0.0.27.75 (iPhone13,4; iOS 16_1_1; pt_BR; pt; scale=3.00; 1284x2778; IABMV/1; 797775111)"
jomarlogistica.com.br:80 152.255.108.47 - - [03/Oct/2025:17:27:36 -0300] "GET /wp-content/plugins/newsletter/style.css?ver=7.3.3 HTTP/1.1" 200 1636 "https://jomarlogistica.com.br/?fbclid=PAZXh0bgNhZW0CMTEAAacCRemYM0WboKuIdEbzdLqpj91bbWobq9eNB8KN_KL4QAeBysK11KobeV0_mQ_aem_QDm7Rk9E1u1VdAjg9wTGSw" "Mozilla/5.0 (iPhone; CPU iPhone OS 16_1_1 like Mac OS X) AppleWebKit/605.1.15 (KHTML, like Gecko) Mobile/20B101 Instagram 400.0.0.27.75 (iPhone13,4; iOS 16_1_1; pt_BR; pt; scale=3.00; 1284x2778; IABMV/1; 797775111)"
jomarlogistica.com.br:80 152.255.108.47 - - [03/Oct/2025:17:27:36 -0300] "GET /wp-content/plugins/elementor/assets/lib/eicons/css/elementor-icons.min.css?ver=5.13.0 HTTP/1.1" 200 4378 "https://jomarlogistica.com.br/?fbclid=PAZXh0bgNhZW0CMTEAAacCRemYM0WboKuIdEbzdLqpj91bbWobq9eNB8KN_KL4QAeBysK11KobeV0_mQ_aem_QDm7Rk9E1u1VdAjg9wTGSw" "Mozilla/5.0 (iPhone; CPU iPhone OS 16_1_1 like Mac OS X) AppleWebKit/605.1.15 (KHTML, like Gecko) Mobile/20B101 Instagram 400.0.0.27.75 (iPhone13,4; iOS 16_1_1; pt_BR; pt; scale=3.00; 1284x2778; IABMV/1; 797775111)"
jomarlogistica.com.br:80 152.255.108.47 - - [03/Oct/2025:17:27:36 -0300] "GET /wp-content/plugins/elementor/assets/css/frontend.min.css?ver=3.4.8 HTTP/1.1" 200 19721 "https://jomarlogistica.com.br/?fbclid=PAZXh0bgNhZW0CMTEAAacCRemYM0WboKuIdEbzdLqpj91bbWobq9eNB8KN_KL4QAeBysK11KobeV0_mQ_aem_QDm7Rk9E1u1VdAjg9wTGSw" "Mozilla/5.0 (iPhone; CPU iPhone OS 16_1_1 like Mac OS X) AppleWebKit/605.1.15 (KHTML, like Gecko) Mobile/20B101 Instagram 400.0.0.27.75 (iPhone13,4; iOS 16_1_1; pt_BR; pt; scale=3.00; 1284x2778; IABMV/1; 797775111)"
jomarlogistica.com.br:80 152.255.108.47 - - [03/Oct/2025:17:27:36 -0300] "GET /wp-content/uploads/elementor/css/post-5765.css?ver=1638451937 HTTP/1.1" 200 707 "https://jomarlogistica.com.br/?fbclid=PAZXh0bgNhZW0CMTEAAacCRemYM0WboKuIdEbzdLqpj91bbWobq9eNB8KN_KL4QAeBysK11KobeV0_mQ_aem_QDm7Rk9E1u1VdAjg9wTGSw" "Mozilla/5.0 (iPhone; CPU iPhone OS 16_1_1 like Mac OS X) AppleWebKit/605.1.15 (KHTML, like Gecko) Mobile/20B101 Instagram 400.0.0.27.75 (iPhone13,4; iOS 16_1_1; pt_BR; pt; scale=3.00; 1284x2778; IABMV/1; 797775111)"
jomarlogistica.com.br:80 152.255.108.47 - - [03/Oct/2025:17:27:36 -0300] "GET /wp-content/uploads/elementor/css/global.css?ver=1638452033 HTTP/1.1" 200 1265 "https://jomarlogistica.com.br/?fbclid=PAZXh0bgNhZW0CMTEAAacCRemYM0WboKuIdEbzdLqpj91bbWobq9eNB8KN_KL4QAeBysK11KobeV0_mQ_aem_QDm7Rk9E1u1VdAjg9wTGSw" "Mozilla/5.0 (iPhone; CPU iPhone OS 16_1_1 like Mac OS X) AppleWebKit/605.1.15 (KHTML, like Gecko) Mobile/20B101 Instagram 400.0.0.27.75 (iPhone13,4; iOS 16_1_1; pt_BR; pt; scale=3.00; 1284x2778; IABMV/1; 797775111)"
jomarlogistica.com.br:80 152.255.108.47 - - [03/Oct/2025:17:27:36 -0300] "GET /wp-content/uploads/elementor/css/post-5147.css?ver=1692608776 HTTP/1.1" 200 2059 "https://jomarlogistica.com.br/?fbclid=PAZXh0bgNhZW0CMTEAAacCRemYM0WboKuIdEbzdLqpj91bbWobq9eNB8KN_KL4QAeBysK11KobeV0_mQ_aem_QDm7Rk9E1u1VdAjg9wTGSw" "Mozilla/5.0 (iPhone; CPU iPhone OS 16_1_1 like Mac OS X) AppleWebKit/605.1.15 (KHTML, like Gecko) Mobile/20B101 Instagram 400.0.0.27.75 (iPhone13,4; iOS 16_1_1; pt_BR; pt; scale=3.00; 1284x2778; IABMV/1; 797775111)"
jomarlogistica.com.br:80 152.255.108.47 - - [03/Oct/2025:17:27:36 -0300] "GET /wp-content/plugins/elementor/assets/lib/font-awesome/css/fontawesome.min.css?ver=5.15.3 HTTP/1.1" 200 13797 "https://jomarlogistica.com.br/?fbclid=PAZXh0bgNhZW0CMTEAAacCRemYM0WboKuIdEbzdLqpj91bbWobq9eNB8KN_KL4QAeBysK11KobeV0_mQ_aem_QDm7Rk9E1u1VdAjg9wTGSw" "Mozilla/5.0 (iPhone; CPU iPhone OS 16_1_1 like Mac OS X) AppleWebKit/605.1.15 (KHTML, like Gecko) Mobile/20B101 Instagram 400.0.0.27.75 (iPhone13,4; iOS 16_1_1; pt_BR; pt; scale=3.00; 1284x2778; IABMV/1; 797775111)"
jomarlogistica.com.br:80 152.255.108.47 - - [03/Oct/2025:17:27:36 -0300] "GET /wp-content/plugins/elementor/assets/lib/font-awesome/css/solid.min.css?ver=5.15.3 HTTP/1.1" 200 680 "https://jomarlogistica.com.br/?fbclid=PAZXh0bgNhZW0CMTEAAacCRemYM0WboKuIdEbzdLqpj91bbWobq9eNB8KN_KL4QAeBysK11KobeV0_mQ_aem_QDm7Rk9E1u1VdAjg9wTGSw" "Mozilla/5.0 (iPhone; CPU iPhone OS 16_1_1 like Mac OS X) AppleWebKit/605.1.15 (KHTML, like Gecko) Mobile/20B101 Instagram 400.0.0.27.75 (iPhone13,4; iOS 16_1_1; pt_BR; pt; scale=3.00; 1284x2778; IABMV/1; 797775111)"
jomarlogistica.com.br:80 152.255.108.47 - - [03/Oct/2025:17:27:36 -0300] "GET /wp-includes/js/jquery/jquery.min.js?ver=3.6.0 HTTP/1.1" 200 32444 "https://jomarlogistica.com.br/?fbclid=PAZXh0bgNhZW0CMTEAAacCRemYM0WboKuIdEbzdLqpj91bbWobq9eNB8KN_KL4QAeBysK11KobeV0_mQ_aem_QDm7Rk9E1u1VdAjg9wTGSw" "Mozilla/5.0 (iPhone; CPU iPhone OS 16_1_1 like Mac OS X) AppleWebKit/605.1.15 (KHTML, like Gecko) Mobile/20B101 Instagram 400.0.0.27.75 (iPhone13,4; iOS 16_1_1; pt_BR; pt; scale=3.00; 1284x2778; IABMV/1; 797775111)"
jomarlogistica.com.br:80 152.255.108.47 - - [03/Oct/2025:17:27:36 -0300] "GET /wp-includes/js/jquery/jquery-migrate.min.js?ver=3.3.2 HTTP/1.1" 200 4613 "https://jomarlogistica.com.br/?fbclid=PAZXh0bgNhZW0CMTEAAacCRemYM0WboKuIdEbzdLqpj91bbWobq9eNB8KN_KL4QAeBysK11KobeV0_mQ_aem_QDm7Rk9E1u1VdAjg9wTGSw" "Mozilla/5.0 (iPhone; CPU iPhone OS 16_1_1 like Mac OS X) AppleWebKit/605.1.15 (KHTML, like Gecko) Mobile/20B101 Instagram 400.0.0.27.75 (iPhone13,4; iOS 16_1_1; pt_BR; pt; scale=3.00; 1284x2778; IABMV/1; 797775111)"
jomarlogistica.com.br:80 152.255.108.47 - - [03/Oct/2025:17:27:36 -0300] "GET /wp-content/plugins/case-theme-core/assets/js/main.js?ver=1.0.0 HTTP/1.1" 200 570 "https://jomarlogistica.com.br/?fbclid=PAZXh0bgNhZW0CMTEAAacCRemYM0WboKuIdEbzdLqpj91bbWobq9eNB8KN_KL4QAeBysK11KobeV0_mQ_aem_QDm7Rk9E1u1VdAjg9wTGSw" "Mozilla/5.0 (iPhone; CPU iPhone OS 16_1_1 like Mac OS X) AppleWebKit/605.1.15 (KHTML, like Gecko) Mobile/20B101 Instagram 400.0.0.27.75 (iPhone13,4; iOS 16_1_1; pt_BR; pt; scale=3.00; 1284x2778; IABMV/1; 797775111)"
jomarlogistica.com.br:80 152.255.108.47 - - [03/Oct/2025:17:27:36 -0300] "GET /wp-content/themes/consultio/elementor/js/ct-inline-css.js?ver=2.8.0 HTTP/1.1" 200 864 "https://jomarlogistica.com.br/?fbclid=PAZXh0bgNhZW0CMTEAAacCRemYM0WboKuIdEbzdLqpj91bbWobq9eNB8KN_KL4QAeBysK11KobeV0_mQ_aem_QDm7Rk9E1u1VdAjg9wTGSw" "Mozilla/5.0 (iPhone; CPU iPhone OS 16_1_1 like Mac OS X) AppleWebKit/605.1.15 (KHTML, like Gecko) Mobile/20B101 Instagram 400.0.0.27.75 (iPhone13,4; iOS 16_1_1; pt_BR; pt; scale=3.00; 1284x2778; IABMV/1; 797775111)"
jomarlogistica.com.br:80 152.255.108.47 - - [03/Oct/2025:17:27:36 -0300] "GET /wp-content/uploads/elementor/css/post-20.css?ver=1692608754 HTTP/1.1" 200 1249 "https://jomarlogistica.com.br/?fbclid=PAZXh0bgNhZW0CMTEAAacCRemYM0WboKuIdEbzdLqpj91bbWobq9eNB8KN_KL4QAeBysK11KobeV0_mQ_aem_QDm7Rk9E1u1VdAjg9wTGSw" "Mozilla/5.0 (iPhone; CPU iPhone OS 16_1_1 like Mac OS X) AppleWebKit/605.1.15 (KHTML, like Gecko) Mobile/20B101 Instagram 400.0.0.27.75 (iPhone13,4; iOS 16_1_1; pt_BR; pt; scale=3.00; 1284x2778; IABMV/1; 797775111)"
jomarlogistica.com.br:80 152.255.108.47 - - [03/Oct/2025:17:27:36 -0300] "GET /wp-content/plugins/revslider/public/assets/css/rs6.css?ver=6.5.11 HTTP/1.1" 200 13321 "https://jomarlogistica.com.br/?fbclid=PAZXh0bgNhZW0CMTEAAacCRemYM0WboKuIdEbzdLqpj91bbWobq9eNB8KN_KL4QAeBysK11KobeV0_mQ_aem_QDm7Rk9E1u1VdAjg9wTGSw" "Mozilla/5.0 (iPhone; CPU iPhone OS 16_1_1 like Mac OS X) AppleWebKit/605.1.15 (KHTML, like Gecko) Mobile/20B101 Instagram 400.0.0.27.75 (iPhone13,4; iOS 16_1_1; pt_BR; pt; scale=3.00; 1284x2778; IABMV/1; 797775111)"
jomarlogistica.com.br:80 152.255.108.47 - - [03/Oct/2025:17:27:36 -0300] "GET /wp-includes/js/jquery/ui/core.min.js?ver=1.12.1 HTTP/1.1" 200 7418 "https://jomarlogistica.com.br/?fbclid=PAZXh0bgNhZW0CMTEAAacCRemYM0WboKuIdEbzdLqpj91bbWobq9eNB8KN_KL4QAeBysK11KobeV0_mQ_aem_QDm7Rk9E1u1VdAjg9wTGSw" "Mozilla/5.0 (iPhone; CPU iPhone OS 16_1_1 like Mac OS X) AppleWebKit/605.1.15 (KHTML, like Gecko) Mobile/20B101 Instagram 400.0.0.27.75 (iPhone13,4; iOS 16_1_1; pt_BR; pt; scale=3.00; 1284x2778; IABMV/1; 797775111)"
jomarlogistica.com.br:80 152.255.108.47 - - [03/Oct/2025:17:27:36 -0300] "GET /wp-includes/js/jquery/ui/datepicker.min.js?ver=1.12.1 HTTP/1.1" 200 11555 "https://jomarlogistica.com.br/?fbclid=PAZXh0bgNhZW0CMTEAAacCRemYM0WboKuIdEbzdLqpj91bbWobq9eNB8KN_KL4QAeBysK11KobeV0_mQ_aem_QDm7Rk9E1u1VdAjg9wTGSw" "Mozilla/5.0 (iPhone; CPU iPhone OS 16_1_1 like Mac OS X) AppleWebKit/605.1.15 (KHTML, like Gecko) Mobile/20B101 Instagram 400.0.0.27.75 (iPhone13,4; iOS 16_1_1; pt_BR; pt; scale=3.00; 1284x2778; IABMV/1; 797775111)"
jomarlogistica.com.br:80 152.255.108.47 - - [03/Oct/2025:17:27:36 -0300] "GET /wp-content/plugins/booked/assets/js/spin.min.js?ver=2.0.1 HTTP/1.1" 200 2463 "https://jomarlogistica.com.br/?fbclid=PAZXh0bgNhZW0CMTEAAacCRemYM0WboKuIdEbzdLqpj91bbWobq9eNB8KN_KL4QAeBysK11KobeV0_mQ_aem_QDm7Rk9E1u1VdAjg9wTGSw" "Mozilla/5.0 (iPhone; CPU iPhone OS 16_1_1 like Mac OS X) AppleWebKit/605.1.15 (KHTML, like Gecko) Mobile/20B101 Instagram 400.0.0.27.75 (iPhone13,4; iOS 16_1_1; pt_BR; pt; scale=3.00; 1284x2778; IABMV/1; 797775111)"
jomarlogistica.com.br:80 152.255.108.47 - - [03/Oct/2025:17:27:36 -0300] "GET /wp-content/plugins/booked/assets/js/spin.jquery.js?ver=2.0.1 HTTP/1.1" 200 1167 "https://jomarlogistica.com.br/?fbclid=PAZXh0bgNhZW0CMTEAAacCRemYM0WboKuIdEbzdLqpj91bbWobq9eNB8KN_KL4QAeBysK11KobeV0_mQ_aem_QDm7Rk9E1u1VdAjg9wTGSw" "Mozilla/5.0 (iPhone; CPU iPhone OS 16_1_1 like Mac OS X) AppleWebKit/605.1.15 (KHTML, like Gecko) Mobile/20B101 Instagram 400.0.0.27.75 (iPhone13,4; iOS 16_1_1; pt_BR; pt; scale=3.00; 1284x2778; IABMV/1; 797775111)"
jomarlogistica.com.br:80 152.255.108.47 - - [03/Oct/2025:17:27:36 -0300] "GET /wp-content/plugins/booked/assets/js/tooltipster/js/jquery.tooltipster.min.js?ver=3.3.0 HTTP/1.1" 200 5373 "https://jomarlogistica.com.br/?fbclid=PAZXh0bgNhZW0CMTEAAacCRemYM0WboKuIdEbzdLqpj91bbWobq9eNB8KN_KL4QAeBysK11KobeV0_mQ_aem_QDm7Rk9E1u1VdAjg9wTGSw" "Mozilla/5.0 (iPhone; CPU iPhone OS 16_1_1 like Mac OS X) AppleWebKit/605.1.15 (KHTML, like Gecko) Mobile/20B101 Instagram 400.0.0.27.75 (iPhone13,4; iOS 16_1_1; pt_BR; pt; scale=3.00; 1284x2778; IABMV/1; 797775111)"
jomarlogistica.com.br:80 152.255.108.47 - - [03/Oct/2025:17:27:36 -0300] "GET /wp-content/plugins/booked/assets/js/functions.js?ver=2.3.5 HTTP/1.1" 200 10029 "https://jomarlogistica.com.br/?fbclid=PAZXh0bgNhZW0CMTEAAacCRemYM0WboKuIdEbzdLqpj91bbWobq9eNB8KN_KL4QAeBysK11KobeV0_mQ_aem_QDm7Rk9E1u1VdAjg9wTGSw" "Mozilla/5.0 (iPhone; CPU iPhone OS 16_1_1 like Mac OS X) AppleWebKit/605.1.15 (KHTML, like Gecko) Mobile/20B101 Instagram 400.0.0.27.75 (iPhone13,4; iOS 16_1_1; pt_BR; pt; scale=3.00; 1284x2778; IABMV/1; 797775111)"
jomarlogistica.com.br:80 152.255.108.47 - - [03/Oct/2025:17:27:36 -0300] "GET /wp-content/plugins/case-theme-user/acess/js/notify.min.js?ver=1.0.0 HTTP/1.1" 200 7826 "https://jomarlogistica.com.br/?fbclid=PAZXh0bgNhZW0CMTEAAacCRemYM0WboKuIdEbzdLqpj91bbWobq9eNB8KN_KL4QAeBysK11KobeV0_mQ_aem_QDm7Rk9E1u1VdAjg9wTGSw" "Mozilla/5.0 (iPhone; CPU iPhone OS 16_1_1 like Mac OS X) AppleWebKit/605.1.15 (KHTML, like Gecko) Mobile/20B101 Instagram 400.0.0.27.75 (iPhone13,4; iOS 16_1_1; pt_BR; pt; scale=3.00; 1284x2778; IABMV/1; 797775111)"
jomarlogistica.com.br:80 152.255.108.47 - - [03/Oct/2025:17:27:36 -0300] "GET /wp-content/plugins/case-theme-user/acess/js/remodal.min.js?ver=1.0.0 HTTP/1.1" 200 3045 "https://jomarlogistica.com.br/?fbclid=PAZXh0bgNhZW0CMTEAAacCRemYM0WboKuIdEbzdLqpj91bbWobq9eNB8KN_KL4QAeBysK11KobeV0_mQ_aem_QDm7Rk9E1u1VdAjg9wTGSw" "Mozilla/5.0 (iPhone; CPU iPhone OS 16_1_1 like Mac OS X) AppleWebKit/605.1.15 (KHTML, like Gecko) Mobile/20B101 Instagram 400.0.0.27.75 (iPhone13,4; iOS 16_1_1; pt_BR; pt; scale=3.00; 1284x2778; IABMV/1; 797775111)"
jomarlogistica.com.br:80 152.255.108.47 - - [03/Oct/2025:17:27:36 -0300] "GET /wp-content/plugins/case-theme-user/acess/js/ct-user-form.js?ver=1.0.0 HTTP/1.1" 200 2307 "https://jomarlogistica.com.br/?fbclid=PAZXh0bgNhZW0CMTEAAacCRemYM0WboKuIdEbzdLqpj91bbWobq9eNB8KN_KL4QAeBysK11KobeV0_mQ_aem_QDm7Rk9E1u1VdAjg9wTGSw" "Mozilla/5.0 (iPhone; CPU iPhone OS 16_1_1 like Mac OS X) AppleWebKit/605.1.15 (KHTML, like Gecko) Mobile/20B101 Instagram 400.0.0.27.75 (iPhone13,4; iOS 16_1_1; pt_BR; pt; scale=3.00; 1284x2778; IABMV/1; 797775111)"
jomarlogistica.com.br:80 152.255.108.47 - - [03/Oct/2025:17:27:36 -0300] "GET /wp-content/plugins/contact-form-7-multi-step/assets/frontend/js/cf7mls.js?ver=2.5.4 HTTP/1.1" 200 7286 "https://jomarlogistica.com.br/?fbclid=PAZXh0bgNhZW0CMTEAAacCRemYM0WboKuIdEbzdLqpj91bbWobq9eNB8KN_KL4QAeBysK11KobeV0_mQ_aem_QDm7Rk9E1u1VdAjg9wTGSw" "Mozilla/5.0 (iPhone; CPU iPhone OS 16_1_1 like Mac OS X) AppleWebKit/605.1.15 (KHTML, like Gecko) Mobile/20B101 Instagram 400.0.0.27.75 (iPhone13,4; iOS 16_1_1; pt_BR; pt; scale=3.00; 1284x2778; IABMV/1; 797775111)"
jomarlogistica.com.br:80 152.255.108.47 - - [03/Oct/2025:17:27:36 -0300] "GET /wp-includes/js/dist/vendor/regenerator-runtime.min.js?ver=0.13.7 HTTP/1.1" 200 2798 "https://jomarlogistica.com.br/?fbclid=PAZXh0bgNhZW0CMTEAAacCRemYM0WboKuIdEbzdLqpj91bbWobq9eNB8KN_KL4QAeBysK11KobeV0_mQ_aem_QDm7Rk9E1u1VdAjg9wTGSw" "Mozilla/5.0 (iPhone; CPU iPhone OS 16_1_1 like Mac OS X) AppleWebKit/605.1.15 (KHTML, like Gecko) Mobile/20B101 Instagram 400.0.0.27.75 (iPhone13,4; iOS 16_1_1; pt_BR; pt; scale=3.00; 1284x2778; IABMV/1; 797775111)"
jomarlogistica.com.br:80 152.255.108.47 - - [03/Oct/2025:17:27:36 -0300] "GET /wp-includes/js/dist/vendor/wp-polyfill.min.js?ver=3.15.0 HTTP/1.1" 200 6572 "https://jomarlogistica.com.br/?fbclid=PAZXh0bgNhZW0CMTEAAacCRemYM0WboKuIdEbzdLqpj91bbWobq9eNB8KN_KL4QAeBysK11KobeV0_mQ_aem_QDm7Rk9E1u1VdAjg9wTGSw" "Mozilla/5.0 (iPhone; CPU iPhone OS 16_1_1 like Mac OS X) AppleWebKit/605.1.15 (KHTML, like Gecko) Mobile/20B101 Instagram 400.0.0.27.75 (iPhone13,4; iOS 16_1_1; pt_BR; pt; scale=3.00; 1284x2778; IABMV/1; 797775111)"
jomarlogistica.com.br:80 152.255.108.47 - - [03/Oct/2025:17:27:36 -0300] "GET /wp-content/plugins/contact-form-7/includes/js/index.js?ver=5.5.3 HTTP/1.1" 200 4245 "https://jomarlogistica.com.br/?fbclid=PAZXh0bgNhZW0CMTEAAacCRemYM0WboKuIdEbzdLqpj91bbWobq9eNB8KN_KL4QAeBysK11KobeV0_mQ_aem_QDm7Rk9E1u1VdAjg9wTGSw" "Mozilla/5.0 (iPhone; CPU iPhone OS 16_1_1 like Mac OS X) AppleWebKit/605.1.15 (KHTML, like Gecko) Mobile/20B101 Instagram 400.0.0.27.75 (iPhone13,4; iOS 16_1_1; pt_BR; pt; scale=3.00; 1284x2778; IABMV/1; 797775111)"
jomarlogistica.com.br:80 152.255.108.47 - - [03/Oct/2025:17:27:36 -0300] "GET /wp-content/plugins/revslider/public/assets/js/rbtools.min.js?ver=6.5.11 HTTP/1.1" 200 48787 "https://jomarlogistica.com.br/?fbclid=PAZXh0bgNhZW0CMTEAAacCRemYM0WboKuIdEbzdLqpj91bbWobq9eNB8KN_KL4QAeBysK11KobeV0_mQ_aem_QDm7Rk9E1u1VdAjg9wTGSw" "Mozilla/5.0 (iPhone; CPU iPhone OS 16_1_1 like Mac OS X) AppleWebKit/605.1.15 (KHTML, like Gecko) Mobile/20B101 Instagram 400.0.0.27.75 (iPhone13,4; iOS 16_1_1; pt_BR; pt; scale=3.00; 1284x2778; IABMV/1; 797775111)"
