jomarlogistica.com.br:80 127.0.0.1 - - [03/Oct/2025:06:12:12 -0300] "OPTIONS * HTTP/1.0" 200 110 "-" "Apache/2.4.65 (Ubuntu) (internal dummy connection)"
jomarlogistica.com.br:80 172.20.1.117 - - [03/Oct/2025:06:13:15 -0300] "POST /wp-cron.php?doing_wp_cron=1759482795.5965390205383300781250 HTTP/1.1" 200 389 "https://jomarlogistica.com.br/wp-cron.php?doing_wp_cron=1759482795.5965390205383300781250" "WordPress/5.8.10; https://jomarlogistica.com.br"
jomarlogistica.com.br:80 114.119.136.72 - - [03/Oct/2025:06:13:15 -0300] "GET /author/jomar/page/41/ HTTP/1.1" 200 18652 "https://jomarlogistica.com.br/author/jomar/page/40/" "Mozilla/5.0 (Linux; Android 7.0;) AppleWebKit/537.36 (KHTML, like Gecko) Mobile Safari/537.36 (compatible; PetalBot;+https://webmaster.petalsearch.com/site/petalbot)"
jomarlogistica.com.br:80 127.0.0.1 - - [03/Oct/2025:06:13:20 -0300] "OPTIONS * HTTP/1.0" 200 110 "-" "Apache/2.4.65 (Ubuntu) (internal dummy connection)"
jomarlogistica.com.br:80 114.119.159.76 - - [03/Oct/2025:06:14:33 -0300] "GET /2023/11/08/tips-on-how-to-select-a-data-room-uk/ HTTP/1.1" 200 17280 "https://jomarlogistica.com.br/author/jomar/" "Mozilla/5.0 (Linux; Android 7.0;) AppleWebKit/537.36 (KHTML, like Gecko) Mobile Safari/537.36 (compatible; PetalBot;+https://webmaster.petalsearch.com/site/petalbot)"
jomarlogistica.com.br:80 114.119.136.72 - - [03/Oct/2025:06:15:55 -0300] "GET /2023/09/27/virtual-data-room-usa/ HTTP/1.1" 200 17325 "https://jomarlogistica.com.br/category/jomar/page/7/" "Mozilla/5.0 (Linux; Android 7.0;) AppleWebKit/537.36 (KHTML, like Gecko) Mobile Safari/537.36 (compatible; PetalBot;+https://webmaster.petalsearch.com/site/petalbot)"
jomarlogistica.com.br:80 172.20.1.117 - - [03/Oct/2025:06:17:18 -0300] "POST /wp-cron.php?doing_wp_cron=1759483038.7769761085510253906250 HTTP/1.1" 200 389 "https://jomarlogistica.com.br/wp-cron.php?doing_wp_cron=1759483038.7769761085510253906250" "WordPress/5.8.10; https://jomarlogistica.com.br"
jomarlogistica.com.br:80 114.119.159.76 - - [03/Oct/2025:06:17:18 -0300] "GET /2023/12/08/application-for-non-renewal-of-contract-legal-guide/ HTTP/1.1" 200 14223 "https://jomarlogistica.com.br/2023/12/page/2/" "Mozilla/5.0 (Linux; Android 7.0;) AppleWebKit/537.36 (KHTML, like Gecko) Mobile Safari/537.36 (compatible; PetalBot;+https://webmaster.petalsearch.com/site/petalbot)"
jomarlogistica.com.br:80 127.0.0.1 - - [03/Oct/2025:06:17:23 -0300] "OPTIONS * HTTP/1.0" 200 110 "-" "Apache/2.4.65 (Ubuntu) (internal dummy connection)"
jomarlogistica.com.br:80 13.60.16.104 - - [03/Oct/2025:06:17:44 -0300] "GET /.git/config HTTP/1.1" 404 448 "-" "Mozilla/5.0 (X11; NetBSD amd64; rv:16.0) Gecko/20121102 Firefox/16.0"
jomarlogistica.com.br:80 74.7.36.87 - - [03/Oct/2025:06:17:55 -0300] "GET /2022/05/12/baguette-laws-in-france-understanding-the-regulations/ HTTP/1.1" 200 14833 "-" "Mozilla/5.0 AppleWebKit/537.36 (KHTML, like Gecko); compatible; ChatGPT-User/1.0; +https://openai.com/bot"
jomarlogistica.com.br:80 74.7.36.87 - - [03/Oct/2025:06:17:55 -0300] "GET /2022/05/12/baguette-laws-in-france-understanding-the-regulations/ HTTP/1.1" 200 14833 "-" "Mozilla/5.0 AppleWebKit/537.36 (KHTML, like Gecko); compatible; ChatGPT-User/1.0; +https://openai.com/bot"
jomarlogistica.com.br:80 127.0.0.1 - - [03/Oct/2025:06:18:01 -0300] "OPTIONS * HTTP/1.0" 200 110 "-" "Apache/2.4.65 (Ubuntu) (internal dummy connection)"
jomarlogistica.com.br:80 114.119.128.158 - - [03/Oct/2025:06:18:43 -0300] "GET /2023/01/16/sugar-daddy-personality/ HTTP/1.1" 200 18045 "https://jomarlogistica.com.br/2023/01/page/2/" "Mozilla/5.0 (Linux; Android 7.0;) AppleWebKit/537.36 (KHTML, like Gecko) Mobile Safari/537.36 (compatible; PetalBot;+https://webmaster.petalsearch.com/site/petalbot)"
jomarlogistica.com.br:80 172.20.1.117 - - [03/Oct/2025:06:31:03 -0300] "POST /wp-cron.php?doing_wp_cron=1759483863.6790149211883544921875 HTTP/1.1" 200 389 "https://jomarlogistica.com.br/wp-cron.php?doing_wp_cron=1759483863.6790149211883544921875" "WordPress/5.8.10; https://jomarlogistica.com.br"
jomarlogistica.com.br:80 114.119.158.0 - - [03/Oct/2025:06:31:03 -0300] "GET /2023/07/11/what-to-anticipate-from-ideal-data-room-reviews/ HTTP/1.1" 200 17430 "https://jomarlogistica.com.br/2023/07/page/2/" "Mozilla/5.0 (Linux; Android 7.0;) AppleWebKit/537.36 (KHTML, like Gecko) Mobile Safari/537.36 (compatible; PetalBot;+https://webmaster.petalsearch.com/site/petalbot)"
jomarlogistica.com.br:80 127.0.0.1 - - [03/Oct/2025:06:31:09 -0300] "OPTIONS * HTTP/1.0" 200 110 "-" "Apache/2.4.65 (Ubuntu) (internal dummy connection)"
jomarlogistica.com.br:80 172.20.1.117 - - [03/Oct/2025:06:38:33 -0300] "POST /wp-cron.php?doing_wp_cron=1759484313.5394630432128906250000 HTTP/1.1" 200 389 "https://jomarlogistica.com.br/wp-cron.php?doing_wp_cron=1759484313.5394630432128906250000" "WordPress/5.8.10; https://jomarlogistica.com.br"
jomarlogistica.com.br:80 149.107.205.9 - - [03/Oct/2025:06:38:33 -0300] "GET /2023/04/03/brazil-investment-agreements-legal-guidance-expert-advice/ HTTP/1.1" 200 14546 "-" "Mozilla/5.0 (Macintosh; Intel Mac OS X 10_15_7) AppleWebKit/537.36 (KHTML, like Gecko) Chrome/125.0.0.0 Safari/537.36"
jomarlogistica.com.br:80 149.107.205.9 - - [03/Oct/2025:06:38:35 -0300] "GET /wp-includes/js/jquery/jquery-migrate.min.js?ver=3.3.2 HTTP/1.1" 200 4613 "https://jomarlogistica.com.br/2023/04/03/brazil-investment-agreements-legal-guidance-expert-advice/" "Mozilla/5.0 (Macintosh; Intel Mac OS X 10_15_7) AppleWebKit/537.36 (KHTML, like Gecko) Chrome/125.0.0.0 Safari/537.36"
jomarlogistica.com.br:80 149.107.205.9 - - [03/Oct/2025:06:38:35 -0300] "GET /wp-includes/js/jquery/jquery.min.js?ver=3.6.0 HTTP/1.1" 200 32444 "https://jomarlogistica.com.br/2023/04/03/brazil-investment-agreements-legal-guidance-expert-advice/" "Mozilla/5.0 (Macintosh; Intel Mac OS X 10_15_7) AppleWebKit/537.36 (KHTML, like Gecko) Chrome/125.0.0.0 Safari/537.36"
jomarlogistica.com.br:80 149.107.205.9 - - [03/Oct/2025:06:38:35 -0300] "GET /wp-content/plugins/case-theme-core/assets/js/main.js?ver=1.0.0 HTTP/1.1" 200 570 "https://jomarlogistica.com.br/2023/04/03/brazil-investment-agreements-legal-guidance-expert-advice/" "Mozilla/5.0 (Macintosh; Intel Mac OS X 10_15_7) AppleWebKit/537.36 (KHTML, like Gecko) Chrome/125.0.0.0 Safari/537.36"
jomarlogistica.com.br:80 149.107.205.9 - - [03/Oct/2025:06:38:35 -0300] "GET /wp-content/themes/consultio/elementor/js/ct-inline-css.js?ver=2.8.0 HTTP/1.1" 200 864 "https://jomarlogistica.com.br/2023/04/03/brazil-investment-agreements-legal-guidance-expert-advice/" "Mozilla/5.0 (Macintosh; Intel Mac OS X 10_15_7) AppleWebKit/537.36 (KHTML, like Gecko) Chrome/125.0.0.0 Safari/537.36"
jomarlogistica.com.br:80 149.107.205.9 - - [03/Oct/2025:06:38:36 -0300] "GET /wp-includes/js/jquery/ui/core.min.js?ver=1.12.1 HTTP/1.1" 200 7418 "https://jomarlogistica.com.br/2023/04/03/brazil-investment-agreements-legal-guidance-expert-advice/" "Mozilla/5.0 (Macintosh; Intel Mac OS X 10_15_7) AppleWebKit/537.36 (KHTML, like Gecko) Chrome/125.0.0.0 Safari/537.36"
jomarlogistica.com.br:80 149.107.205.9 - - [03/Oct/2025:06:38:36 -0300] "GET /wp-content/plugins/booked/assets/js/spin.jquery.js?ver=2.0.1 HTTP/1.1" 200 1167 "https://jomarlogistica.com.br/2023/04/03/brazil-investment-agreements-legal-guidance-expert-advice/" "Mozilla/5.0 (Macintosh; Intel Mac OS X 10_15_7) AppleWebKit/537.36 (KHTML, like Gecko) Chrome/125.0.0.0 Safari/537.36"
jomarlogistica.com.br:80 149.107.205.9 - - [03/Oct/2025:06:38:36 -0300] "GET /wp-content/plugins/booked/assets/js/spin.min.js?ver=2.0.1 HTTP/1.1" 200 2463 "https://jomarlogistica.com.br/2023/04/03/brazil-investment-agreements-legal-guidance-expert-advice/" "Mozilla/5.0 (Macintosh; Intel Mac OS X 10_15_7) AppleWebKit/537.36 (KHTML, like Gecko) Chrome/125.0.0.0 Safari/537.36"
jomarlogistica.com.br:80 149.107.205.9 - - [03/Oct/2025:06:38:36 -0300] "GET /wp-includes/js/jquery/ui/datepicker.min.js?ver=1.12.1 HTTP/1.1" 200 11555 "https://jomarlogistica.com.br/2023/04/03/brazil-investment-agreements-legal-guidance-expert-advice/" "Mozilla/5.0 (Macintosh; Intel Mac OS X 10_15_7) AppleWebKit/537.36 (KHTML, like Gecko) Chrome/125.0.0.0 Safari/537.36"
jomarlogistica.com.br:80 149.107.205.9 - - [03/Oct/2025:06:38:36 -0300] "GET /wp-content/plugins/booked/assets/js/tooltipster/js/jquery.tooltipster.min.js?ver=3.3.0 HTTP/1.1" 200 5373 "https://jomarlogistica.com.br/2023/04/03/brazil-investment-agreements-legal-guidance-expert-advice/" "Mozilla/5.0 (Macintosh; Intel Mac OS X 10_15_7) AppleWebKit/537.36 (KHTML, like Gecko) Chrome/125.0.0.0 Safari/537.36"
jomarlogistica.com.br:80 149.107.205.9 - - [03/Oct/2025:06:38:37 -0300] "GET /wp-content/plugins/booked/assets/js/functions.js?ver=2.3.5 HTTP/1.1" 200 10029 "https://jomarlogistica.com.br/2023/04/03/brazil-investment-agreements-legal-guidance-expert-advice/" "Mozilla/5.0 (Macintosh; Intel Mac OS X 10_15_7) AppleWebKit/537.36 (KHTML, like Gecko) Chrome/125.0.0.0 Safari/537.36"
jomarlogistica.com.br:80 149.107.205.9 - - [03/Oct/2025:06:38:37 -0300] "GET /wp-content/plugins/case-theme-user/acess/js/ct-user-form.js?ver=1.0.0 HTTP/1.1" 200 2307 "https://jomarlogistica.com.br/2023/04/03/brazil-investment-agreements-legal-guidance-expert-advice/" "Mozilla/5.0 (Macintosh; Intel Mac OS X 10_15_7) AppleWebKit/537.36 (KHTML, like Gecko) Chrome/125.0.0.0 Safari/537.36"
jomarlogistica.com.br:80 149.107.205.9 - - [03/Oct/2025:06:38:37 -0300] "GET /wp-content/plugins/contact-form-7-multi-step/assets/frontend/js/cf7mls.js?ver=2.5.4 HTTP/1.1" 200 7286 "https://jomarlogistica.com.br/2023/04/03/brazil-investment-agreements-legal-guidance-expert-advice/" "Mozilla/5.0 (Macintosh; Intel Mac OS X 10_15_7) AppleWebKit/537.36 (KHTML, like Gecko) Chrome/125.0.0.0 Safari/537.36"
jomarlogistica.com.br:80 149.107.205.9 - - [03/Oct/2025:06:38:37 -0300] "GET /wp-content/plugins/case-theme-user/acess/js/notify.min.js?ver=1.0.0 HTTP/1.1" 200 7826 "https://jomarlogistica.com.br/2023/04/03/brazil-investment-agreements-legal-guidance-expert-advice/" "Mozilla/5.0 (Macintosh; Intel Mac OS X 10_15_7) AppleWebKit/537.36 (KHTML, like Gecko) Chrome/125.0.0.0 Safari/537.36"
jomarlogistica.com.br:80 149.107.205.9 - - [03/Oct/2025:06:38:37 -0300] "GET /wp-includes/js/dist/vendor/regenerator-runtime.min.js?ver=0.13.7 HTTP/1.1" 200 2817 "https://jomarlogistica.com.br/2023/04/03/brazil-investment-agreements-legal-guidance-expert-advice/" "Mozilla/5.0 (Macintosh; Intel Mac OS X 10_15_7) AppleWebKit/537.36 (KHTML, like Gecko) Chrome/125.0.0.0 Safari/537.36"
jomarlogistica.com.br:80 149.107.205.9 - - [03/Oct/2025:06:38:38 -0300] "GET /wp-content/plugins/case-theme-user/acess/js/remodal.min.js?ver=1.0.0 HTTP/1.1" 200 3064 "https://jomarlogistica.com.br/2023/04/03/brazil-investment-agreements-legal-guidance-expert-advice/" "Mozilla/5.0 (Macintosh; Intel Mac OS X 10_15_7) AppleWebKit/537.36 (KHTML, like Gecko) Chrome/125.0.0.0 Safari/537.36"
jomarlogistica.com.br:80 149.107.205.9 - - [03/Oct/2025:06:38:38 -0300] "GET /wp-content/themes/consultio/assets/js/wow.min.js?ver=1.0.0 HTTP/1.1" 200 3260 "https://jomarlogistica.com.br/2023/04/03/brazil-investment-agreements-legal-guidance-expert-advice/" "Mozilla/5.0 (Macintosh; Intel Mac OS X 10_15_7) AppleWebKit/537.36 (KHTML, like Gecko) Chrome/125.0.0.0 Safari/537.36"
jomarlogistica.com.br:80 149.107.205.9 - - [03/Oct/2025:06:38:38 -0300] "GET /wp-content/themes/consultio/assets/js/match-height-min.js?ver=1.0.0 HTTP/1.1" 200 3557 "https://jomarlogistica.com.br/2023/04/03/brazil-investment-agreements-legal-guidance-expert-advice/" "Mozilla/5.0 (Macintosh; Intel Mac OS X 10_15_7) AppleWebKit/537.36 (KHTML, like Gecko) Chrome/125.0.0.0 Safari/537.36"
jomarlogistica.com.br:80 149.107.205.9 - - [03/Oct/2025:06:38:38 -0300] "GET /wp-content/themes/consultio/assets/js/progressbar.min.js?ver=1.0.0 HTTP/1.1" 200 1327 "https://jomarlogistica.com.br/2023/04/03/brazil-investment-agreements-legal-guidance-expert-advice/" "Mozilla/5.0 (Macintosh; Intel Mac OS X 10_15_7) AppleWebKit/537.36 (KHTML, like Gecko) Chrome/125.0.0.0 Safari/537.36"
jomarlogistica.com.br:80 149.107.205.9 - - [03/Oct/2025:06:38:38 -0300] "GET /wp-includes/js/jquery/ui/slider.min.js?ver=1.12.1 HTTP/1.1" 200 3602 "https://jomarlogistica.com.br/2023/04/03/brazil-investment-agreements-legal-guidance-expert-advice/" "Mozilla/5.0 (Macintosh; Intel Mac OS X 10_15_7) AppleWebKit/537.36 (KHTML, like Gecko) Chrome/125.0.0.0 Safari/537.36"
jomarlogistica.com.br:80 149.107.205.9 - - [03/Oct/2025:06:38:38 -0300] "GET /wp-content/plugins/booked/includes/add-ons/frontend-agents/js/functions.js?ver=2.3.5 HTTP/1.1" 200 1592 "https://jomarlogistica.com.br/2023/04/03/brazil-investment-agreements-legal-guidance-expert-advice/" "Mozilla/5.0 (Macintosh; Intel Mac OS X 10_15_7) AppleWebKit/537.36 (KHTML, like Gecko) Chrome/125.0.0.0 Safari/537.36"
jomarlogistica.com.br:80 149.107.205.9 - - [03/Oct/2025:06:38:38 -0300] "GET /wp-includes/js/jquery/ui/mouse.min.js?ver=1.12.1 HTTP/1.1" 200 1498 "https://jomarlogistica.com.br/2023/04/03/brazil-investment-agreements-legal-guidance-expert-advice/" "Mozilla/5.0 (Macintosh; Intel Mac OS X 10_15_7) AppleWebKit/537.36 (KHTML, like Gecko) Chrome/125.0.0.0 Safari/537.36"
jomarlogistica.com.br:80 149.107.205.9 - - [03/Oct/2025:06:38:38 -0300] "GET /wp-content/themes/consultio/assets/js/bootstrap.min.js?ver=4.0.0 HTTP/1.1" 200 14168 "https://jomarlogistica.com.br/2023/04/03/brazil-investment-agreements-legal-guidance-expert-advice/" "Mozilla/5.0 (Macintosh; Intel Mac OS X 10_15_7) AppleWebKit/537.36 (KHTML, like Gecko) Chrome/125.0.0.0 Safari/537.36"
jomarlogistica.com.br:80 149.107.205.9 - - [03/Oct/2025:06:38:39 -0300] "GET /wp-content/plugins/contact-form-7/includes/js/index.js?ver=5.5.3 HTTP/1.1" 200 4245 "https://jomarlogistica.com.br/2023/04/03/brazil-investment-agreements-legal-guidance-expert-advice/" "Mozilla/5.0 (Macintosh; Intel Mac OS X 10_15_7) AppleWebKit/537.36 (KHTML, like Gecko) Chrome/125.0.0.0 Safari/537.36"
jomarlogistica.com.br:80 127.0.0.1 - - [03/Oct/2025:06:38:39 -0300] "OPTIONS * HTTP/1.0" 200 110 "-" "Apache/2.4.65 (Ubuntu) (internal dummy connection)"
jomarlogistica.com.br:80 149.107.205.9 - - [03/Oct/2025:06:38:39 -0300] "GET /wp-content/themes/consultio/assets/js/nice-select.min.js?ver=all HTTP/1.1" 200 1420 "https://jomarlogistica.com.br/2023/04/03/brazil-investment-agreements-legal-guidance-expert-advice/" "Mozilla/5.0 (Macintosh; Intel Mac OS X 10_15_7) AppleWebKit/537.36 (KHTML, like Gecko) Chrome/125.0.0.0 Safari/537.36"
jomarlogistica.com.br:80 149.107.205.9 - - [03/Oct/2025:06:38:39 -0300] "GET /wp-content/themes/consultio/assets/js/magnific-popup.min.js?ver=1.0.0 HTTP/1.1" 200 14914 "https://jomarlogistica.com.br/2023/04/03/brazil-investment-agreements-legal-guidance-expert-advice/" "Mozilla/5.0 (Macintosh; Intel Mac OS X 10_15_7) AppleWebKit/537.36 (KHTML, like Gecko) Chrome/125.0.0.0 Safari/537.36"
jomarlogistica.com.br:80 149.107.205.9 - - [03/Oct/2025:06:38:39 -0300] "GET /wp-includes/js/dist/vendor/wp-polyfill.min.js?ver=3.15.0 HTTP/1.1" 200 6572 "https://jomarlogistica.com.br/2023/04/03/brazil-investment-agreements-legal-guidance-expert-advice/" "Mozilla/5.0 (Macintosh; Intel Mac OS X 10_15_7) AppleWebKit/537.36 (KHTML, like Gecko) Chrome/125.0.0.0 Safari/537.36"
jomarlogistica.com.br:80 149.107.205.9 - - [03/Oct/2025:06:38:39 -0300] "GET /wp-includes/js/wp-embed.min.js?ver=5.8.10 HTTP/1.1" 200 1177 "https://jomarlogistica.com.br/2023/04/03/brazil-investment-agreements-legal-guidance-expert-advice/" "Mozilla/5.0 (Macintosh; Intel Mac OS X 10_15_7) AppleWebKit/537.36 (KHTML, like Gecko) Chrome/125.0.0.0 Safari/537.36"
jomarlogistica.com.br:80 149.107.205.9 - - [03/Oct/2025:06:38:39 -0300] "GET /wp-content/themes/consultio/assets/js/main.js?ver=2.8.0 HTTP/1.1" 200 6455 "https://jomarlogistica.com.br/2023/04/03/brazil-investment-agreements-legal-guidance-expert-advice/" "Mozilla/5.0 (Macintosh; Intel Mac OS X 10_15_7) AppleWebKit/537.36 (KHTML, like Gecko) Chrome/125.0.0.0 Safari/537.36"
jomarlogistica.com.br:80 149.107.205.9 - - [03/Oct/2025:06:38:40 -0300] "GET /wp-includes/js/wp-emoji-release.min.js?ver=5.8.10 HTTP/1.1" 200 5577 "https://jomarlogistica.com.br/2023/04/03/brazil-investment-agreements-legal-guidance-expert-advice/" "Mozilla/5.0 (Macintosh; Intel Mac OS X 10_15_7) AppleWebKit/537.36 (KHTML, like Gecko) Chrome/125.0.0.0 Safari/537.36"
jomarlogistica.com.br:80 149.107.205.9 - - [03/Oct/2025:06:38:40 -0300] "GET /wp-content/plugins/revslider/public/assets/js/rs6.min.js?ver=6.5.11 HTTP/1.1" 200 104993 "https://jomarlogistica.com.br/2023/04/03/brazil-investment-agreements-legal-guidance-expert-advice/" "Mozilla/5.0 (Macintosh; Intel Mac OS X 10_15_7) AppleWebKit/537.36 (KHTML, like Gecko) Chrome/125.0.0.0 Safari/537.36"
jomarlogistica.com.br:80 149.107.205.9 - - [03/Oct/2025:06:38:40 -0300] "GET /wp-content/plugins/revslider/public/assets/js/rbtools.min.js?ver=6.5.11 HTTP/1.1" 200 48787 "https://jomarlogistica.com.br/2023/04/03/brazil-investment-agreements-legal-guidance-expert-advice/" "Mozilla/5.0 (Macintosh; Intel Mac OS X 10_15_7) AppleWebKit/537.36 (KHTML, like Gecko) Chrome/125.0.0.0 Safari/537.36"
jomarlogistica.com.br:80 127.0.0.1 - - [03/Oct/2025:06:38:45 -0300] "OPTIONS * HTTP/1.0" 200 110 "-" "Apache/2.4.65 (Ubuntu) (internal dummy connection)"
jomarlogistica.com.br:80 149.107.205.9 - - [03/Oct/2025:06:38:36 -0300] "GET /?a7b529c=7325070 HTTP/1.1" 200 287 "https://jomarlogistica.com.br/2023/04/03/brazil-investment-agreements-legal-guidance-expert-advice/" "Mozilla/5.0 (Macintosh; Intel Mac OS X 10_15_7) AppleWebKit/537.36 (KHTML, like Gecko) Chrome/125.0.0.0 Safari/537.36"
jomarlogistica.com.br:80 127.0.0.1 - - [03/Oct/2025:06:38:51 -0300] "OPTIONS * HTTP/1.0" 200 110 "-" "Apache/2.4.65 (Ubuntu) (internal dummy connection)"
jomarlogistica.com.br:80 172.20.1.117 - - [03/Oct/2025:06:45:22 -0300] "POST /wp-cron.php?doing_wp_cron=1759484722.2047460079193115234375 HTTP/1.1" 200 389 "https://jomarlogistica.com.br/wp-cron.php?doing_wp_cron=1759484722.2047460079193115234375" "WordPress/5.8.10; https://jomarlogistica.com.br"
jomarlogistica.com.br:80 190.97.243.87 - - [03/Oct/2025:06:45:21 -0300] "GET /2022/11/07/california-layoff-laws-what-employers-need-to-know/ HTTP/1.1" 200 14278 "-" "Mozilla/5.0 (Macintosh; Intel Mac OS X 10_15_7) AppleWebKit/537.36 (KHTML, like Gecko) Chrome/125.0.0.0 Safari/537.36"
jomarlogistica.com.br:80 190.97.243.87 - - [03/Oct/2025:06:45:23 -0300] "GET /?a7b529c=7365790 HTTP/1.1" 200 287 "https://jomarlogistica.com.br/2022/11/07/california-layoff-laws-what-employers-need-to-know/" "Mozilla/5.0 (Macintosh; Intel Mac OS X 10_15_7) AppleWebKit/537.36 (KHTML, like Gecko) Chrome/125.0.0.0 Safari/537.36"
jomarlogistica.com.br:80 127.0.0.1 - - [03/Oct/2025:06:45:38 -0300] "OPTIONS * HTTP/1.0" 200 110 "-" "Apache/2.4.65 (Ubuntu) (internal dummy connection)"
jomarlogistica.com.br:80 172.20.1.117 - - [03/Oct/2025:06:48:42 -0300] "POST /wp-cron.php?doing_wp_cron=1759484922.6112179756164550781250 HTTP/1.1" 200 389 "https://jomarlogistica.com.br/wp-cron.php?doing_wp_cron=1759484922.6112179756164550781250" "WordPress/5.8.10; https://jomarlogistica.com.br"
jomarlogistica.com.br:80 114.119.135.84 - - [03/Oct/2025:06:48:42 -0300] "GET /2023/page/10/ HTTP/1.1" 200 18527 "https://jomarlogistica.com.br/2023/page/9/" "Mozilla/5.0 (Linux; Android 7.0;) AppleWebKit/537.36 (KHTML, like Gecko) Mobile Safari/537.36 (compatible; PetalBot;+https://webmaster.petalsearch.com/site/petalbot)"
jomarlogistica.com.br:80 127.0.0.1 - - [03/Oct/2025:06:48:47 -0300] "OPTIONS * HTTP/1.0" 200 110 "-" "Apache/2.4.65 (Ubuntu) (internal dummy connection)"
jomarlogistica.com.br:80 100.29.128.75 - - [03/Oct/2025:06:48:48 -0300] "GET /2022/09/16/can-f1-students-start-a-business-legal-guidelines-and-restrictions/ HTTP/1.1" 200 14034 "-" "Mozilla/5.0 AppleWebKit/537.36 (KHTML, like Gecko; compatible; Amazonbot/0.1; +https://developer.amazon.com/support/amazonbot) Chrome/119.0.6045.214 Safari/537.36"
jomarlogistica.com.br:80 114.119.159.76 - - [03/Oct/2025:06:50:02 -0300] "GET /2023/12/13/are-otf-knives-legal-in-the-uk-uk-knife-laws-explained/ HTTP/1.1" 200 14256 "https://jomarlogistica.com.br/2023/12/" "Mozilla/5.0 (Linux; Android 7.0;) AppleWebKit/537.36 (KHTML, like Gecko) Mobile Safari/537.36 (compatible; PetalBot;+https://webmaster.petalsearch.com/site/petalbot)"
jomarlogistica.com.br:80 114.119.158.0 - - [03/Oct/2025:06:51:26 -0300] "GET /2023/05/20/nonprofit-governance-types/ HTTP/1.1" 200 17415 "https://jomarlogistica.com.br/2023/05/page/4/" "Mozilla/5.0 (Linux; Android 7.0;) AppleWebKit/537.36 (KHTML, like Gecko) Mobile Safari/537.36 (compatible; PetalBot;+https://webmaster.petalsearch.com/site/petalbot)"
jomarlogistica.com.br:80 172.20.1.117 - - [03/Oct/2025:06:52:46 -0300] "POST /wp-cron.php?doing_wp_cron=1759485166.5085680484771728515625 HTTP/1.1" 200 389 "https://jomarlogistica.com.br/wp-cron.php?doing_wp_cron=1759485166.5085680484771728515625" "WordPress/5.8.10; https://jomarlogistica.com.br"
jomarlogistica.com.br:80 114.119.135.84 - - [03/Oct/2025:06:52:46 -0300] "GET /2022/10/28/social-websites-red-flags-in-relationships/ HTTP/1.1" 200 18054 "https://jomarlogistica.com.br/author/jomar/page/52/" "Mozilla/5.0 (Linux; Android 7.0;) AppleWebKit/537.36 (KHTML, like Gecko) Mobile Safari/537.36 (compatible; PetalBot;+https://webmaster.petalsearch.com/site/petalbot)"
jomarlogistica.com.br:80 127.0.0.1 - - [03/Oct/2025:06:52:52 -0300] "OPTIONS * HTTP/1.0" 200 110 "-" "Apache/2.4.65 (Ubuntu) (internal dummy connection)"
jomarlogistica.com.br:80 172.20.1.117 - - [03/Oct/2025:07:04:58 -0300] "POST /wp-cron.php?doing_wp_cron=1759485898.1927859783172607421875 HTTP/1.1" 200 389 "https://jomarlogistica.com.br/wp-cron.php?doing_wp_cron=1759485898.1927859783172607421875" "WordPress/5.8.10; https://jomarlogistica.com.br"
jomarlogistica.com.br:80 114.119.158.0 - - [03/Oct/2025:07:04:57 -0300] "GET /category/jomar/ HTTP/1.1" 200 18653 "https://jomarlogistica.com.br/2023/09/04/precisely-what-is-document-management/" "Mozilla/5.0 (Linux; Android 7.0;) AppleWebKit/537.36 (KHTML, like Gecko) Mobile Safari/537.36 (compatible; PetalBot;+https://webmaster.petalsearch.com/site/petalbot)"
jomarlogistica.com.br:80 127.0.0.1 - - [03/Oct/2025:07:05:03 -0300] "OPTIONS * HTTP/1.0" 200 110 "-" "Apache/2.4.65 (Ubuntu) (internal dummy connection)"
jomarlogistica.com.br:80 172.20.1.117 - - [03/Oct/2025:07:23:41 -0300] "POST /wp-cron.php?doing_wp_cron=1759487021.0751640796661376953125 HTTP/1.1" 200 389 "https://jomarlogistica.com.br/wp-cron.php?doing_wp_cron=1759487021.0751640796661376953125" "WordPress/5.8.10; https://jomarlogistica.com.br"
jomarlogistica.com.br:80 47.128.16.230 - - [03/Oct/2025:07:23:40 -0300] "GET /robots.txt HTTP/1.1" 200 584 "-" "Mozilla/5.0 (Linux; Android 5.0) AppleWebKit/537.36 (KHTML, like Gecko) Mobile Safari/537.36 (compatible; Bytespider; spider-feedback@bytedance.com)"
jomarlogistica.com.br:80 127.0.0.1 - - [03/Oct/2025:07:23:45 -0300] "OPTIONS * HTTP/1.0" 200 110 "-" "Apache/2.4.65 (Ubuntu) (internal dummy connection)"
jomarlogistica.com.br:80 114.119.138.207 - - [03/Oct/2025:07:23:57 -0300] "GET /2023/09/page/7/ HTTP/1.1" 200 16066 "https://jomarlogistica.com.br/2023/09/page/6/" "Mozilla/5.0 (Linux; Android 7.0;) AppleWebKit/537.36 (KHTML, like Gecko) Mobile Safari/537.36 (compatible; PetalBot;+https://webmaster.petalsearch.com/site/petalbot)"
jomarlogistica.com.br:80 114.119.136.72 - - [03/Oct/2025:07:25:19 -0300] "GET /2023/09/27/board-meeting-software/ HTTP/1.1" 200 17048 "https://jomarlogistica.com.br/category/jomar/page/7/" "Mozilla/5.0 (Linux; Android 7.0;) AppleWebKit/537.36 (KHTML, like Gecko) Mobile Safari/537.36 (compatible; PetalBot;+https://webmaster.petalsearch.com/site/petalbot)"
jomarlogistica.com.br:80 114.119.138.207 - - [03/Oct/2025:07:26:40 -0300] "GET /2023/07/01/become-a-member-of-elsa-qmul-the-worlds-largest-college-student-association-with-regards-to-european-laws-students/ HTTP/1.1" 200 17586 "https://jomarlogistica.com.br/2023/page/17/" "Mozilla/5.0 (Linux; Android 7.0;) AppleWebKit/537.36 (KHTML, like Gecko) Mobile Safari/537.36 (compatible; PetalBot;+https://webmaster.petalsearch.com/site/petalbot)"
jomarlogistica.com.br:80 172.20.1.198 - - [03/Oct/2025:07:38:19 -0300] "POST /wp-cron.php?doing_wp_cron=1759487899.3050849437713623046875 HTTP/1.1" 200 389 "https://jomarlogistica.com.br/wp-cron.php?doing_wp_cron=1759487899.3050849437713623046875" "WordPress/5.8.10; https://jomarlogistica.com.br"
jomarlogistica.com.br:80 85.208.96.210 - - [03/Oct/2025:07:38:14 -0300] "GET /robots.txt HTTP/1.1" 200 584 "-" "Mozilla/5.0 (compatible; SemrushBot/7~bl; +http://www.semrush.com/bot.html)"
jomarlogistica.com.br:80 85.208.96.211 - - [03/Oct/2025:07:38:20 -0300] "GET /2023/09/25/top-vpn-services-reviews/ HTTP/1.1" 200 17361 "-" "Mozilla/5.0 (compatible; SemrushBot/7~bl; +http://www.semrush.com/bot.html)"
jomarlogistica.com.br:80 127.0.0.1 - - [03/Oct/2025:07:38:26 -0300] "OPTIONS * HTTP/1.0" 200 110 "-" "Apache/2.4.65 (Ubuntu) (internal dummy connection)"
jomarlogistica.com.br:80 172.20.1.198 - - [03/Oct/2025:07:46:05 -0300] "POST /wp-cron.php?doing_wp_cron=1759488365.5949399471282958984375 HTTP/1.1" 200 389 "https://jomarlogistica.com.br/wp-cron.php?doing_wp_cron=1759488365.5949399471282958984375" "WordPress/5.8.10; https://jomarlogistica.com.br"
jomarlogistica.com.br:80 114.119.135.84 - - [03/Oct/2025:07:46:05 -0300] "GET /2023/12/14/adobe-agreement-sign-learn-how-to-sign-legal-documents-online/ HTTP/1.1" 200 14427 "https://jomarlogistica.com.br/2023/12/15/are-fire-pits-legal-in-florida-regulations-laws-explained/" "Mozilla/5.0 (Linux; Android 7.0;) AppleWebKit/537.36 (KHTML, like Gecko) Mobile Safari/537.36 (compatible; PetalBot;+https://webmaster.petalsearch.com/site/petalbot)"
jomarlogistica.com.br:80 127.0.0.1 - - [03/Oct/2025:07:46:10 -0300] "OPTIONS * HTTP/1.0" 200 110 "-" "Apache/2.4.65 (Ubuntu) (internal dummy connection)"
jomarlogistica.com.br:80 172.20.1.198 - - [03/Oct/2025:07:47:31 -0300] "POST /wp-cron.php?doing_wp_cron=1759488451.5025660991668701171875 HTTP/1.1" 200 389 "https://jomarlogistica.com.br/wp-cron.php?doing_wp_cron=1759488451.5025660991668701171875" "WordPress/5.8.10; https://jomarlogistica.com.br"
jomarlogistica.com.br:80 114.119.134.192 - - [03/Oct/2025:07:47:31 -0300] "GET /2023/05/03/what-software-for-data-management-can-do-for-your-business/ HTTP/1.1" 200 17290 "https://jomarlogistica.com.br/2023/page/28/" "Mozilla/5.0 (Linux; Android 7.0;) AppleWebKit/537.36 (KHTML, like Gecko) Mobile Safari/537.36 (compatible; PetalBot;+https://webmaster.petalsearch.com/site/petalbot)"
jomarlogistica.com.br:80 127.0.0.1 - - [03/Oct/2025:07:47:36 -0300] "OPTIONS * HTTP/1.0" 200 110 "-" "Apache/2.4.65 (Ubuntu) (internal dummy connection)"
jomarlogistica.com.br:80 114.119.138.130 - - [03/Oct/2025:07:48:52 -0300] "GET /2023/04/02/which-usually-dating-internet-site-is-totally-cost-free/ HTTP/1.1" 200 18986 "https://jomarlogistica.com.br/2023/03/31/different-online-dating-taglines/" "Mozilla/5.0 (Linux; Android 7.0;) AppleWebKit/537.36 (KHTML, like Gecko) Mobile Safari/537.36 (compatible; PetalBot;+https://webmaster.petalsearch.com/site/petalbot)"
jomarlogistica.com.br:80 216.244.66.226 - - [03/Oct/2025:07:49:56 -0300] "GET /robots.txt HTTP/1.1" 200 565 "-" "Mozilla/5.0 (compatible; DotBot/1.2; +https://opensiteexplorer.org/dotbot; help@moz.com)"
jomarlogistica.com.br:80 114.119.135.84 - - [03/Oct/2025:07:50:14 -0300] "GET /2022/12/11/feeling-helpless-in-relationship/ HTTP/1.1" 200 17536 "https://jomarlogistica.com.br/2022/12/08/the-right-way-to-be-a-better-husband-psychologically/" "Mozilla/5.0 (Linux; Android 7.0;) AppleWebKit/537.36 (KHTML, like Gecko) Mobile Safari/537.36 (compatible; PetalBot;+https://webmaster.petalsearch.com/site/petalbot)"
jomarlogistica.com.br:80 172.20.1.198 - - [03/Oct/2025:07:52:26 -0300] "POST /wp-cron.php?doing_wp_cron=1759488746.8590960502624511718750 HTTP/1.1" 200 389 "https://jomarlogistica.com.br/wp-cron.php?doing_wp_cron=1759488746.8590960502624511718750" "WordPress/5.8.10; https://jomarlogistica.com.br"
jomarlogistica.com.br:80 52.3.156.186 - - [03/Oct/2025:07:52:26 -0300] "GET /category/jomar/page/30/ HTTP/1.1" 200 18996 "-" "Mozilla/5.0 AppleWebKit/537.36 (KHTML, like Gecko; compatible; Amazonbot/0.1; +https://developer.amazon.com/support/amazonbot) Chrome/119.0.6045.214 Safari/537.36"
jomarlogistica.com.br:80 127.0.0.1 - - [03/Oct/2025:07:52:32 -0300] "OPTIONS * HTTP/1.0" 200 110 "-" "Apache/2.4.65 (Ubuntu) (internal dummy connection)"
jomarlogistica.com.br:80 172.20.1.198 - - [03/Oct/2025:08:03:30 -0300] "POST /wp-cron.php?doing_wp_cron=1759489410.5013210773468017578125 HTTP/1.1" 200 389 "https://jomarlogistica.com.br/wp-cron.php?doing_wp_cron=1759489410.5013210773468017578125" "WordPress/5.8.10; https://jomarlogistica.com.br"
jomarlogistica.com.br:80 114.119.158.0 - - [03/Oct/2025:08:03:30 -0300] "GET /2024/03/06/economic-complementation-agreement-definition-understanding-its-impact/ HTTP/1.1" 200 14167 "https://jomarlogistica.com.br/2022/page/16/" "Mozilla/5.0 (Linux; Android 7.0;) AppleWebKit/537.36 (KHTML, like Gecko) Mobile Safari/537.36 (compatible; PetalBot;+https://webmaster.petalsearch.com/site/petalbot)"
jomarlogistica.com.br:80 127.0.0.1 - - [03/Oct/2025:08:03:35 -0300] "OPTIONS * HTTP/1.0" 200 110 "-" "Apache/2.4.65 (Ubuntu) (internal dummy connection)"
jomarlogistica.com.br:80 114.119.138.130 - - [03/Oct/2025:08:04:52 -0300] "GET /2023/08/01/basic-antivirus-software-for-pc/ HTTP/1.1" 200 17314 "https://jomarlogistica.com.br/author/jomar/page/14/" "Mozilla/5.0 (Linux; Android 7.0;) AppleWebKit/537.36 (KHTML, like Gecko) Mobile Safari/537.36 (compatible; PetalBot;+https://webmaster.petalsearch.com/site/petalbot)"
jomarlogistica.com.br:80 172.20.1.198 - - [03/Oct/2025:08:06:16 -0300] "POST /wp-cron.php?doing_wp_cron=1759489576.3798880577087402343750 HTTP/1.1" 200 389 "https://jomarlogistica.com.br/wp-cron.php?doing_wp_cron=1759489576.3798880577087402343750" "WordPress/5.8.10; https://jomarlogistica.com.br"
jomarlogistica.com.br:80 114.119.135.84 - - [03/Oct/2025:08:06:16 -0300] "GET /2023/06/10/what-you-should-expect-in-a-mother-board-room-provider/ HTTP/1.1" 200 17368 "https://jomarlogistica.com.br/2023/06/page/3/" "Mozilla/5.0 (Linux; Android 7.0;) AppleWebKit/537.36 (KHTML, like Gecko) Mobile Safari/537.36 (compatible; PetalBot;+https://webmaster.petalsearch.com/site/petalbot)"
jomarlogistica.com.br:80 127.0.0.1 - - [03/Oct/2025:08:06:21 -0300] "OPTIONS * HTTP/1.0" 200 110 "-" "Apache/2.4.65 (Ubuntu) (internal dummy connection)"
jomarlogistica.com.br:80 106.227.49.113 - - [03/Oct/2025:08:06:30 -0300] "GET / HTTP/1.1" 200 23930 "http://jomarlogistica.com.br" "Mozilla/5.0 (iPhone; CPU iPhone OS 13_2_3 like Mac OS X) AppleWebKit/605.1.15 (KHTML, like Gecko) Version/13.0.3 Mobile/15E148 Safari/604.1"
jomarlogistica.com.br:80 172.20.1.198 - - [03/Oct/2025:08:07:40 -0300] "POST /wp-cron.php?doing_wp_cron=1759489660.8050880432128906250000 HTTP/1.1" 200 389 "https://jomarlogistica.com.br/wp-cron.php?doing_wp_cron=1759489660.8050880432128906250000" "WordPress/5.8.10; https://jomarlogistica.com.br"
jomarlogistica.com.br:80 114.119.138.130 - - [03/Oct/2025:08:07:40 -0300] "GET /2023/05/26/best-porn-games-hentai-video-games-xxx-grownup-sex-games/ HTTP/1.1" 200 17519 "https://jomarlogistica.com.br/2023/05/25/the-way-to-date-a-ukrainian-lady-high-secrets-and-techniques-of-ukraine-girls-courting/" "Mozilla/5.0 (Linux; Android 7.0;) AppleWebKit/537.36 (KHTML, like Gecko) Mobile Safari/537.36 (compatible; PetalBot;+https://webmaster.petalsearch.com/site/petalbot)"
jomarlogistica.com.br:80 127.0.0.1 - - [03/Oct/2025:08:07:46 -0300] "OPTIONS * HTTP/1.0" 200 110 "-" "Apache/2.4.65 (Ubuntu) (internal dummy connection)"
jomarlogistica.com.br:80 172.20.1.198 - - [03/Oct/2025:08:20:04 -0300] "POST /wp-cron.php?doing_wp_cron=1759490404.1923789978027343750000 HTTP/1.1" 200 389 "https://jomarlogistica.com.br/wp-cron.php?doing_wp_cron=1759490404.1923789978027343750000" "WordPress/5.8.10; https://jomarlogistica.com.br"
jomarlogistica.com.br:80 114.119.136.72 - - [03/Oct/2025:08:20:03 -0300] "GET /2022/11/23/the-way-to-get-out-of-feeling-helpless-about-like/ HTTP/1.1" 200 17625 "https://jomarlogistica.com.br/2022/11/22/pfadfinderinnen-zum-verkauf-drei-moglichkeiten-die-truppe-uber-unterstutzen/" "Mozilla/5.0 (Linux; Android 7.0;) AppleWebKit/537.36 (KHTML, like Gecko) Mobile Safari/537.36 (compatible; PetalBot;+https://webmaster.petalsearch.com/site/petalbot)"
jomarlogistica.com.br:80 127.0.0.1 - - [03/Oct/2025:08:20:09 -0300] "OPTIONS * HTTP/1.0" 200 110 "-" "Apache/2.4.65 (Ubuntu) (internal dummy connection)"
jomarlogistica.com.br:80 216.244.66.226 - - [03/Oct/2025:08:20:33 -0300] "GET /2022/12/29/ukrainian-matchmaker-how-to-avoid-online-dating-scams/ HTTP/1.1" 200 81613 "-" "Mozilla/5.0 (compatible; DotBot/1.2; +https://opensiteexplorer.org/dotbot; help@moz.com)"
jomarlogistica.com.br:80 216.244.66.226 - - [03/Oct/2025:08:20:44 -0300] "GET /2023/10/02/avast-premier-review/ HTTP/1.1" 200 79114 "-" "Mozilla/5.0 (compatible; DotBot/1.2; +https://opensiteexplorer.org/dotbot; help@moz.com)"
jomarlogistica.com.br:80 114.119.135.84 - - [03/Oct/2025:08:21:27 -0300] "GET /2022/12/08/mixte-relationships-celebrities/ HTTP/1.1" 200 17546 "https://jomarlogistica.com.br/author/jomar/page/46/" "Mozilla/5.0 (Linux; Android 7.0;) AppleWebKit/537.36 (KHTML, like Gecko) Mobile Safari/537.36 (compatible; PetalBot;+https://webmaster.petalsearch.com/site/petalbot)"
jomarlogistica.com.br:80 172.20.1.198 - - [03/Oct/2025:08:24:49 -0300] "POST /wp-cron.php?doing_wp_cron=1759490689.3322489261627197265625 HTTP/1.1" 200 389 "https://jomarlogistica.com.br/wp-cron.php?doing_wp_cron=1759490689.3322489261627197265625" "WordPress/5.8.10; https://jomarlogistica.com.br"
jomarlogistica.com.br:80 216.244.66.226 - - [03/Oct/2025:08:24:48 -0300] "GET /2022/10/page/2/ HTTP/1.1" 200 93917 "-" "Mozilla/5.0 (compatible; DotBot/1.2; +https://opensiteexplorer.org/dotbot; help@moz.com)"
jomarlogistica.com.br:80 127.0.0.1 - - [03/Oct/2025:08:24:55 -0300] "OPTIONS * HTTP/1.0" 200 110 "-" "Apache/2.4.65 (Ubuntu) (internal dummy connection)"
jomarlogistica.com.br:80 172.20.1.198 - - [03/Oct/2025:08:40:12 -0300] "POST /wp-cron.php?doing_wp_cron=1759491612.3636729717254638671875 HTTP/1.1" 200 389 "https://jomarlogistica.com.br/wp-cron.php?doing_wp_cron=1759491612.3636729717254638671875" "WordPress/5.8.10; https://jomarlogistica.com.br"
jomarlogistica.com.br:80 114.119.158.0 - - [03/Oct/2025:08:40:11 -0300] "GET /2023/07/page/3/ HTTP/1.1" 200 16992 "https://jomarlogistica.com.br/2023/07/" "Mozilla/5.0 (Linux; Android 7.0;) AppleWebKit/537.36 (KHTML, like Gecko) Mobile Safari/537.36 (compatible; PetalBot;+https://webmaster.petalsearch.com/site/petalbot)"
jomarlogistica.com.br:80 127.0.0.1 - - [03/Oct/2025:08:40:17 -0300] "OPTIONS * HTTP/1.0" 200 110 "-" "Apache/2.4.65 (Ubuntu) (internal dummy connection)"
jomarlogistica.com.br:80 146.59.44.6 - - [03/Oct/2025:08:40:40 -0300] "GET /contato/ HTTP/1.1" 200 80035 "https://jomarlogistica.com.br/contato/" "Mozilla/5.0 (Windows NT 10.0; Win64; x64) AppleWebKit/537.36 (KHTML, like Gecko) Chrome/131.0.0.0 Safari/537.36 Avast/131.0.0.0"
jomarlogistica.com.br:80 146.59.44.6 - - [03/Oct/2025:08:40:44 -0300] "POST /wp-json/contact-form-7/v1/contact-forms/5005/feedback HTTP/1.1" 200 865 "https://jomarlogistica.com.br/contato/" "Mozilla/5.0 (Windows NT 10.0; Win64; x64) AppleWebKit/537.36 (KHTML, like Gecko) Chrome/131.0.0.0 Safari/537.36 Avast/131.0.0.0"
jomarlogistica.com.br:80 172.20.1.198 - - [03/Oct/2025:08:43:05 -0300] "POST /wp-cron.php?doing_wp_cron=1759491785.1618289947509765625000 HTTP/1.1" 200 389 "https://jomarlogistica.com.br/wp-cron.php?doing_wp_cron=1759491785.1618289947509765625000" "WordPress/5.8.10; https://jomarlogistica.com.br"
jomarlogistica.com.br:80 172.213.11.159 - - [03/Oct/2025:08:43:04 -0300] "GET /2023/06/23/backdated-agreement-singapore-legal-implications-process/ HTTP/1.1" 200 14912 "-" "Mozilla/5.0 AppleWebKit/537.36 (KHTML, like Gecko); compatible; ChatGPT-User/1.0; +https://openai.com/bot"
jomarlogistica.com.br:80 127.0.0.1 - - [03/Oct/2025:08:43:10 -0300] "OPTIONS * HTTP/1.0" 200 110 "-" "Apache/2.4.65 (Ubuntu) (internal dummy connection)"
jomarlogistica.com.br:80 172.20.1.198 - - [03/Oct/2025:08:47:48 -0300] "POST /wp-cron.php?doing_wp_cron=1759492068.1995470523834228515625 HTTP/1.1" 200 389 "https://jomarlogistica.com.br/wp-cron.php?doing_wp_cron=1759492068.1995470523834228515625" "WordPress/5.8.10; https://jomarlogistica.com.br"
jomarlogistica.com.br:80 66.249.66.39 - - [03/Oct/2025:08:47:47 -0300] "GET /robots.txt HTTP/1.1" 200 584 "-" "Mozilla/5.0 (compatible; Googlebot/2.1; +http://www.google.com/bot.html)"
jomarlogistica.com.br:80 66.249.66.38 - - [03/Oct/2025:08:47:48 -0300] "GET /feed/ HTTP/1.1" 200 12127 "-" "Mozilla/5.0 (Linux; Android 6.0.1; Nexus 5X Build/MMB29P) AppleWebKit/537.36 (KHTML, like Gecko) Chrome/140.0.7339.207 Mobile Safari/537.36 (compatible; Googlebot/2.1; +http://www.google.com/bot.html)"
jomarlogistica.com.br:80 127.0.0.1 - - [03/Oct/2025:08:47:53 -0300] "OPTIONS * HTTP/1.0" 200 110 "-" "Apache/2.4.65 (Ubuntu) (internal dummy connection)"
jomarlogistica.com.br:80 127.0.0.1 - - [03/Oct/2025:08:47:54 -0300] "OPTIONS * HTTP/1.0" 200 110 "-" "Apache/2.4.65 (Ubuntu) (internal dummy connection)"
jomarlogistica.com.br:80 127.0.0.1 - - [03/Oct/2025:08:47:55 -0300] "OPTIONS * HTTP/1.0" 200 110 "-" "Apache/2.4.65 (Ubuntu) (internal dummy connection)"
jomarlogistica.com.br:80 66.249.66.37 - - [03/Oct/2025:08:47:57 -0300] "GET /2023/05/26/3-weird-laws-in-wisconsin-unusual-legal-statutes-explained/feed/ HTTP/1.1" 200 1001 "-" "Mozilla/5.0 (Linux; Android 6.0.1; Nexus 5X Build/MMB29P) AppleWebKit/537.36 (KHTML, like Gecko) Chrome/140.0.7339.207 Mobile Safari/537.36 (compatible; Googlebot/2.1; +http://www.google.com/bot.html)"
jomarlogistica.com.br:80 50.16.216.166 - - [03/Oct/2025:08:49:10 -0300] "GET /2022/08/18/2022-aba-model-rules-key-updates-and-changes-for-legal-professionals/ HTTP/1.1" 200 7364 "-" "Mozilla/5.0 AppleWebKit/537.36 (KHTML, like Gecko; compatible; Amazonbot/0.1; +https://developer.amazon.com/support/amazonbot) Chrome/119.0.6045.214 Safari/537.36"
jomarlogistica.com.br:80 172.20.1.198 - - [03/Oct/2025:08:56:27 -0300] "POST /wp-cron.php?doing_wp_cron=1759492587.8309419155120849609375 HTTP/1.1" 200 389 "https://jomarlogistica.com.br/wp-cron.php?doing_wp_cron=1759492587.8309419155120849609375" "WordPress/5.8.10; https://jomarlogistica.com.br"
jomarlogistica.com.br:80 66.249.66.39 - - [03/Oct/2025:08:56:27 -0300] "GET /comments/feed/ HTTP/1.1" 200 965 "-" "Mozilla/5.0 (Linux; Android 6.0.1; Nexus 5X Build/MMB29P) AppleWebKit/537.36 (KHTML, like Gecko) Chrome/140.0.7339.207 Mobile Safari/537.36 (compatible; Googlebot/2.1; +http://www.google.com/bot.html)"
jomarlogistica.com.br:80 127.0.0.1 - - [03/Oct/2025:08:56:33 -0300] "OPTIONS * HTTP/1.0" 200 110 "-" "Apache/2.4.65 (Ubuntu) (internal dummy connection)"
jomarlogistica.com.br:80 116.11.144.23 - - [03/Oct/2025:08:57:59 -0300] "POST /wp-comments-post.php HTTP/1.1" 403 2493 "-" "Mozilla/5.0 (Windows NT 10.0; Win64; x64) AppleWebKit/537.36 (KHTML, like Gecko) Chrome/108.0.0.0 Safari/537.36 Edg/108.0.1462.46"
jomarlogistica.com.br:80 172.20.1.198 - - [03/Oct/2025:09:05:35 -0300] "POST /wp-cron.php?doing_wp_cron=1759493135.2240009307861328125000 HTTP/1.1" 200 389 "https://jomarlogistica.com.br/wp-cron.php?doing_wp_cron=1759493135.2240009307861328125000" "WordPress/5.8.10; https://jomarlogistica.com.br"
jomarlogistica.com.br:80 66.249.66.37 - - [03/Oct/2025:09:05:34 -0300] "GET /2023/05/04/cities-and-knights-barbarian-attack-rules-expert-strategies-for-legal-defense/ HTTP/1.1" 200 14458 "-" "Mozilla/5.0 (Linux; Android 6.0.1; Nexus 5X Build/MMB29P) AppleWebKit/537.36 (KHTML, like Gecko) Chrome/140.0.7339.207 Mobile Safari/537.36 (compatible; GoogleOther)"
jomarlogistica.com.br:80 66.249.66.38 - - [03/Oct/2025:09:05:41 -0300] "GET /wp-includes/js/dist/vendor/wp-polyfill.min.js?ver=3.15.0 HTTP/1.1" 200 6572 "https://jomarlogistica.com.br/2023/05/04/cities-and-knights-barbarian-attack-rules-expert-strategies-for-legal-defense/" "Mozilla/5.0 (Linux; Android 6.0.1; Nexus 5X Build/MMB29P) AppleWebKit/537.36 (KHTML, like Gecko) Chrome/139.0.7258.127 Mobile Safari/537.36 (compatible; Googlebot/2.1; +http://www.google.com/bot.html)"
jomarlogistica.com.br:80 66.249.66.37 - - [03/Oct/2025:09:05:39 -0300] "GET /?a7b529c=7470989 HTTP/1.1" 200 287 "https://jomarlogistica.com.br/2023/05/04/cities-and-knights-barbarian-attack-rules-expert-strategies-for-legal-defense/" "Mozilla/5.0 (Linux; Android 6.0.1; Nexus 5X Build/MMB29P) AppleWebKit/537.36 (KHTML, like Gecko) Chrome/139.0.7258.127 Mobile Safari/537.36 (compatible; Googlebot/2.1; +http://www.google.com/bot.html)"
jomarlogistica.com.br:80 127.0.0.1 - - [03/Oct/2025:09:05:53 -0300] "OPTIONS * HTTP/1.0" 200 110 "-" "Apache/2.4.65 (Ubuntu) (internal dummy connection)"
jomarlogistica.com.br:80 172.20.1.198 - - [03/Oct/2025:09:18:25 -0300] "POST /wp-cron.php?doing_wp_cron=1759493905.3144080638885498046875 HTTP/1.1" 200 389 "https://jomarlogistica.com.br/wp-cron.php?doing_wp_cron=1759493905.3144080638885498046875" "WordPress/5.8.10; https://jomarlogistica.com.br"
jomarlogistica.com.br:80 114.119.134.192 - - [03/Oct/2025:09:18:24 -0300] "GET /2023/page/30/ HTTP/1.1" 200 18901 "https://jomarlogistica.com.br/2023/page/31/" "Mozilla/5.0 (Linux; Android 7.0;) AppleWebKit/537.36 (KHTML, like Gecko) Mobile Safari/537.36 (compatible; PetalBot;+https://webmaster.petalsearch.com/site/petalbot)"
jomarlogistica.com.br:80 127.0.0.1 - - [03/Oct/2025:09:18:31 -0300] "OPTIONS * HTTP/1.0" 200 110 "-" "Apache/2.4.65 (Ubuntu) (internal dummy connection)"
jomarlogistica.com.br:80 114.119.158.0 - - [03/Oct/2025:09:19:49 -0300] "GET /2023/11/11/the-right-way-to-prepare-a-datenraum-review-meant-for-due-diligence/ HTTP/1.1" 200 17378 "https://jomarlogistica.com.br/2022/page/16/" "Mozilla/5.0 (Linux; Android 7.0;) AppleWebKit/537.36 (KHTML, like Gecko) Mobile Safari/537.36 (compatible; PetalBot;+https://webmaster.petalsearch.com/site/petalbot)"
jomarlogistica.com.br:80 172.20.1.198 - - [03/Oct/2025:09:22:52 -0300] "POST /wp-cron.php?doing_wp_cron=1759494172.1116569042205810546875 HTTP/1.1" 200 389 "https://jomarlogistica.com.br/wp-cron.php?doing_wp_cron=1759494172.1116569042205810546875" "WordPress/5.8.10; https://jomarlogistica.com.br"
jomarlogistica.com.br:80 216.73.216.0 - - [03/Oct/2025:09:22:51 -0300] "GET /robots.txt HTTP/1.1" 200 584 "-" "Mozilla/5.0 AppleWebKit/537.36 (KHTML, like Gecko; compatible; ClaudeBot/1.0; +claudebot@anthropic.com)"
jomarlogistica.com.br:80 216.73.216.0 - - [03/Oct/2025:09:22:52 -0300] "GET /wp-sitemap.xml HTTP/1.1" 200 585 "-" "Mozilla/5.0 AppleWebKit/537.36 (KHTML, like Gecko; compatible; ClaudeBot/1.0; +claudebot@anthropic.com)"
jomarlogistica.com.br:80 127.0.0.1 - - [03/Oct/2025:09:22:57 -0300] "OPTIONS * HTTP/1.0" 200 110 "-" "Apache/2.4.65 (Ubuntu) (internal dummy connection)"
jomarlogistica.com.br:80 172.20.1.198 - - [03/Oct/2025:09:30:13 -0300] "POST /wp-cron.php?doing_wp_cron=1759494612.6842420101165771484375 HTTP/1.1" 200 389 "https://jomarlogistica.com.br/wp-cron.php?doing_wp_cron=1759494612.6842420101165771484375" "WordPress/5.8.10; https://jomarlogistica.com.br"
jomarlogistica.com.br:80 66.249.88.2 - - [03/Oct/2025:09:30:12 -0300] "GET /.well-known/traffic-advice HTTP/1.1" 404 448 "-" "Chrome Privacy Preserving Prefetch Proxy"
jomarlogistica.com.br:80 193.186.4.239 - - [03/Oct/2025:09:30:12 -0300] "GET /contato/ HTTP/1.1" 200 16357 "https://www.google.com/" "Mozilla/5.0 (Linux; Android 10; K) AppleWebKit/537.36 (KHTML, like Gecko) Chrome/140.0.0.0 Mobile Safari/537.36"
jomarlogistica.com.br:80 162.120.185.215 - - [03/Oct/2025:09:30:15 -0300] "GET / HTTP/1.1" 200 23930 "https://www.google.com/" "Mozilla/5.0 (Linux; Android 10; K) AppleWebKit/537.36 (KHTML, like Gecko) Chrome/140.0.0.0 Mobile Safari/537.36"
jomarlogistica.com.br:80 127.0.0.1 - - [03/Oct/2025:09:30:21 -0300] "OPTIONS * HTTP/1.0" 200 110 "-" "Apache/2.4.65 (Ubuntu) (internal dummy connection)"
jomarlogistica.com.br:80 152.255.117.108 - - [03/Oct/2025:09:31:48 -0300] "GET /wp-includes/js/jquery/jquery.min.js?ver=3.6.0 HTTP/1.1" 304 292 "https://jomarlogistica.com.br/contato/" "Mozilla/5.0 (Linux; Android 10; K) AppleWebKit/537.36 (KHTML, like Gecko) Chrome/140.0.0.0 Mobile Safari/537.36"
jomarlogistica.com.br:80 152.255.117.108 - - [03/Oct/2025:09:31:48 -0300] "GET /wp-content/uploads/elementor/css/post-24.css?ver=1638963956 HTTP/1.1" 200 774 "https://jomarlogistica.com.br/contato/" "Mozilla/5.0 (Linux; Android 10; K) AppleWebKit/537.36 (KHTML, like Gecko) Chrome/140.0.0.0 Mobile Safari/537.36"
jomarlogistica.com.br:80 152.255.117.108 - - [03/Oct/2025:09:31:49 -0300] "GET /wp-includes/js/jquery/ui/core.min.js?ver=1.12.1 HTTP/1.1" 304 292 "https://jomarlogistica.com.br/contato/" "Mozilla/5.0 (Linux; Android 10; K) AppleWebKit/537.36 (KHTML, like Gecko) Chrome/140.0.0.0 Mobile Safari/537.36"
jomarlogistica.com.br:80 152.255.117.108 - - [03/Oct/2025:09:31:49 -0300] "GET /wp-includes/js/jquery/ui/datepicker.min.js?ver=1.12.1 HTTP/1.1" 304 292 "https://jomarlogistica.com.br/contato/" "Mozilla/5.0 (Linux; Android 10; K) AppleWebKit/537.36 (KHTML, like Gecko) Chrome/140.0.0.0 Mobile Safari/537.36"
jomarlogistica.com.br:80 152.255.117.108 - - [03/Oct/2025:09:31:49 -0300] "GET /wp-content/plugins/case-theme-core/assets/js/main.js?ver=1.0.0 HTTP/1.1" 304 292 "https://jomarlogistica.com.br/contato/" "Mozilla/5.0 (Linux; Android 10; K) AppleWebKit/537.36 (KHTML, like Gecko) Chrome/140.0.0.0 Mobile Safari/537.36"
jomarlogistica.com.br:80 152.255.117.108 - - [03/Oct/2025:09:31:49 -0300] "GET /wp-includes/js/jquery/jquery-migrate.min.js?ver=3.3.2 HTTP/1.1" 304 292 "https://jomarlogistica.com.br/contato/" "Mozilla/5.0 (Linux; Android 10; K) AppleWebKit/537.36 (KHTML, like Gecko) Chrome/140.0.0.0 Mobile Safari/537.36"
jomarlogistica.com.br:80 152.255.117.108 - - [03/Oct/2025:09:31:49 -0300] "GET /wp-content/themes/consultio/elementor/js/ct-inline-css.js?ver=2.8.0 HTTP/1.1" 304 292 "https://jomarlogistica.com.br/contato/" "Mozilla/5.0 (Linux; Android 10; K) AppleWebKit/537.36 (KHTML, like Gecko) Chrome/140.0.0.0 Mobile Safari/537.36"
jomarlogistica.com.br:80 152.255.117.108 - - [03/Oct/2025:09:31:49 -0300] "GET /wp-content/plugins/booked/assets/js/spin.min.js?ver=2.0.1 HTTP/1.1" 304 292 "https://jomarlogistica.com.br/contato/" "Mozilla/5.0 (Linux; Android 10; K) AppleWebKit/537.36 (KHTML, like Gecko) Chrome/140.0.0.0 Mobile Safari/537.36"
jomarlogistica.com.br:80 152.255.117.108 - - [03/Oct/2025:09:31:49 -0300] "GET /wp-content/plugins/booked/assets/js/spin.jquery.js?ver=2.0.1 HTTP/1.1" 304 292 "https://jomarlogistica.com.br/contato/" "Mozilla/5.0 (Linux; Android 10; K) AppleWebKit/537.36 (KHTML, like Gecko) Chrome/140.0.0.0 Mobile Safari/537.36"
jomarlogistica.com.br:80 152.255.117.108 - - [03/Oct/2025:09:31:49 -0300] "GET /wp-content/uploads/2021/12/contato.jpg HTTP/1.1" 200 109374 "https://jomarlogistica.com.br/contato/" "Mozilla/5.0 (Linux; Android 10; K) AppleWebKit/537.36 (KHTML, like Gecko) Chrome/140.0.0.0 Mobile Safari/537.36"
jomarlogistica.com.br:80 152.255.117.108 - - [03/Oct/2025:09:31:49 -0300] "GET /wp-includes/js/jquery/ui/mouse.min.js?ver=1.12.1 HTTP/1.1" 304 292 "https://jomarlogistica.com.br/contato/" "Mozilla/5.0 (Linux; Android 10; K) AppleWebKit/537.36 (KHTML, like Gecko) Chrome/140.0.0.0 Mobile Safari/537.36"
jomarlogistica.com.br:80 152.255.117.108 - - [03/Oct/2025:09:31:49 -0300] "GET /wp-content/themes/consultio/assets/js/main.js?ver=2.8.0 HTTP/1.1" 304 311 "https://jomarlogistica.com.br/contato/" "Mozilla/5.0 (Linux; Android 10; K) AppleWebKit/537.36 (KHTML, like Gecko) Chrome/140.0.0.0 Mobile Safari/537.36"
jomarlogistica.com.br:80 152.255.117.108 - - [03/Oct/2025:09:31:49 -0300] "GET /wp-content/plugins/booked/assets/js/tooltipster/js/jquery.tooltipster.min.js?ver=3.3.0 HTTP/1.1" 304 292 "https://jomarlogistica.com.br/contato/" "Mozilla/5.0 (Linux; Android 10; K) AppleWebKit/537.36 (KHTML, like Gecko) Chrome/140.0.0.0 Mobile Safari/537.36"
jomarlogistica.com.br:80 152.255.117.108 - - [03/Oct/2025:09:31:49 -0300] "GET /wp-includes/js/wp-embed.min.js?ver=5.8.10 HTTP/1.1" 304 292 "https://jomarlogistica.com.br/contato/" "Mozilla/5.0 (Linux; Android 10; K) AppleWebKit/537.36 (KHTML, like Gecko) Chrome/140.0.0.0 Mobile Safari/537.36"
jomarlogistica.com.br:80 152.255.117.108 - - [03/Oct/2025:09:31:49 -0300] "GET /wp-content/plugins/elementor/assets/lib/swiper/swiper.min.js?ver=5.3.6 HTTP/1.1" 304 292 "https://jomarlogistica.com.br/contato/" "Mozilla/5.0 (Linux; Android 10; K) AppleWebKit/537.36 (KHTML, like Gecko) Chrome/140.0.0.0 Mobile Safari/537.36"
jomarlogistica.com.br:80 152.255.117.108 - - [03/Oct/2025:09:31:49 -0300] "GET /wp-content/plugins/elementor/assets/lib/dialog/dialog.min.js?ver=4.8.1 HTTP/1.1" 304 292 "https://jomarlogistica.com.br/contato/" "Mozilla/5.0 (Linux; Android 10; K) AppleWebKit/537.36 (KHTML, like Gecko) Chrome/140.0.0.0 Mobile Safari/537.36"
jomarlogistica.com.br:80 152.255.117.108 - - [03/Oct/2025:09:31:49 -0300] "GET /wp-content/plugins/elementor/assets/js/preloaded-modules.min.js?ver=3.4.8 HTTP/1.1" 304 311 "https://jomarlogistica.com.br/contato/" "Mozilla/5.0 (Linux; Android 10; K) AppleWebKit/537.36 (KHTML, like Gecko) Chrome/140.0.0.0 Mobile Safari/537.36"
jomarlogistica.com.br:80 152.255.117.108 - - [03/Oct/2025:09:31:49 -0300] "GET /wp-content/plugins/booked/assets/js/functions.js?ver=2.3.5 HTTP/1.1" 304 292 "https://jomarlogistica.com.br/contato/" "Mozilla/5.0 (Linux; Android 10; K) AppleWebKit/537.36 (KHTML, like Gecko) Chrome/140.0.0.0 Mobile Safari/537.36"
