jomarlogistica.com.br:80 57.141.0.64 - - [03/Oct/2025:16:03:38 -0300] "GET /2024/03/09/boat-joint-ownership-agreement-contract-legal-guidelines-templates/ HTTP/1.1" 200 64141 "-" "meta-externalagent/1.1 (+https://developers.facebook.com/docs/sharing/webmasters/crawler)"
jomarlogistica.com.br:80 177.212.249.167 - - [03/Oct/2025:16:05:15 -0300] "POST /autodiscover/autodiscover.xml HTTP/1.1" 404 448 "-" "AppleExchangeWebServices/833 accountsd/113"
jomarlogistica.com.br:80 57.141.0.43 - - [03/Oct/2025:16:05:22 -0300] "GET /2023/03/12/everything-you-need-to-know-about-child-benefit-new-rules-legal-guide/ HTTP/1.1" 200 61160 "-" "meta-externalagent/1.1 (+https://developers.facebook.com/docs/sharing/webmasters/crawler)"
jomarlogistica.com.br:80 172.20.1.198 - - [03/Oct/2025:16:09:23 -0300] "POST /wp-cron.php?doing_wp_cron=1759518563.1149299144744873046875 HTTP/1.1" 200 389 "https://jomarlogistica.com.br/wp-cron.php?doing_wp_cron=1759518563.1149299144744873046875" "WordPress/5.8.10; https://jomarlogistica.com.br"
jomarlogistica.com.br:80 87.250.224.29 - - [03/Oct/2025:16:09:22 -0300] "GET /robots.txt HTTP/1.1" 200 565 "-" "Mozilla/5.0 (compatible; YandexBot/3.0; +http://yandex.com/bots)"
jomarlogistica.com.br:80 87.250.224.128 - - [03/Oct/2025:16:09:24 -0300] "GET /2023/09/04/how-to-configure-the-best-avast-settings-for-performance/ HTTP/1.1" 200 17237 "-" "Mozilla/5.0 (compatible; YandexBot/3.0; +http://yandex.com/bots)"
jomarlogistica.com.br:80 127.0.0.1 - - [03/Oct/2025:16:09:30 -0300] "OPTIONS * HTTP/1.0" 200 110 "-" "Apache/2.4.65 (Ubuntu) (internal dummy connection)"
jomarlogistica.com.br:80 114.119.138.130 - - [03/Oct/2025:16:11:02 -0300] "GET /2023/01/22/understanding-the-difference-agreement-vs-annex-in-legal-documents/ HTTP/1.1" 200 14037 "https://jomarlogistica.com.br/2023/01/23/trusted-amicus-law-solicitors-in-yeovil-expert-legal-services/" "Mozilla/5.0 (Linux; Android 7.0;) AppleWebKit/537.36 (KHTML, like Gecko) Mobile Safari/537.36 (compatible; PetalBot;+https://webmaster.petalsearch.com/site/petalbot)"
jomarlogistica.com.br:80 172.20.1.198 - - [03/Oct/2025:16:12:30 -0300] "POST /wp-cron.php?doing_wp_cron=1759518750.8925518989562988281250 HTTP/1.1" 200 389 "https://jomarlogistica.com.br/wp-cron.php?doing_wp_cron=1759518750.8925518989562988281250" "WordPress/5.8.10; https://jomarlogistica.com.br"
jomarlogistica.com.br:80 114.119.158.0 - - [03/Oct/2025:16:12:30 -0300] "GET /2023/09/04/vdr-technologies-and-their-uses/ HTTP/1.1" 200 17276 "https://jomarlogistica.com.br/category/jomar/page/11/" "Mozilla/5.0 (Linux; Android 7.0;) AppleWebKit/537.36 (KHTML, like Gecko) Mobile Safari/537.36 (compatible; PetalBot;+https://webmaster.petalsearch.com/site/petalbot)"
jomarlogistica.com.br:80 127.0.0.1 - - [03/Oct/2025:16:12:36 -0300] "OPTIONS * HTTP/1.0" 200 110 "-" "Apache/2.4.65 (Ubuntu) (internal dummy connection)"
jomarlogistica.com.br:80 177.212.249.167 - - [03/Oct/2025:16:12:44 -0300] "POST /autodiscover/autodiscover.xml HTTP/1.1" 404 448 "-" "AppleExchangeWebServices/833 accountsd/113"
jomarlogistica.com.br:80 66.249.66.39 - - [03/Oct/2025:16:15:32 -0300] "GET /2023/12/13/are-otf-knives-legal-in-the-uk-uk-knife-laws-explained/ HTTP/1.1" 200 14256 "-" "Mozilla/5.0 (Linux; Android 6.0.1; Nexus 5X Build/MMB29P) AppleWebKit/537.36 (KHTML, like Gecko) Chrome/140.0.7339.207 Mobile Safari/537.36 (compatible; GoogleOther)"
jomarlogistica.com.br:80 66.249.66.38 - - [03/Oct/2025:16:15:37 -0300] "GET /wp-content/plugins/contact-form-7-multi-step/assets/frontend/animate/animate.min.css?ver=2.5.4 HTTP/1.1" 200 5225 "https://jomarlogistica.com.br/2023/12/13/are-otf-knives-legal-in-the-uk-uk-knife-laws-explained/" "Mozilla/5.0 (Linux; Android 6.0.1; Nexus 5X Build/MMB29P) AppleWebKit/537.36 (KHTML, like Gecko) Chrome/139.0.7258.127 Mobile Safari/537.36 (compatible; Googlebot/2.1; +http://www.google.com/bot.html)"
jomarlogistica.com.br:80 66.249.66.38 - - [03/Oct/2025:16:15:37 -0300] "GET /wp-content/themes/consultio/assets/css/flaticon-v5.css?ver=2.8.0 HTTP/1.1" 200 1337 "https://jomarlogistica.com.br/2023/12/13/are-otf-knives-legal-in-the-uk-uk-knife-laws-explained/" "Mozilla/5.0 (Linux; Android 6.0.1; Nexus 5X Build/MMB29P) AppleWebKit/537.36 (KHTML, like Gecko) Chrome/139.0.7258.127 Mobile Safari/537.36 (compatible; Googlebot/2.1; +http://www.google.com/bot.html)"
jomarlogistica.com.br:80 66.249.66.38 - - [03/Oct/2025:16:15:38 -0300] "GET /wp-content/plugins/case-theme-core/assets/css/main.css?ver=1.0.0 HTTP/1.1" 200 563 "https://jomarlogistica.com.br/2023/12/13/are-otf-knives-legal-in-the-uk-uk-knife-laws-explained/" "Mozilla/5.0 (Linux; Android 6.0.1; Nexus 5X Build/MMB29P) AppleWebKit/537.36 (KHTML, like Gecko) Chrome/139.0.7258.127 Mobile Safari/537.36 (compatible; Googlebot/2.1; +http://www.google.com/bot.html)"
jomarlogistica.com.br:80 66.249.66.38 - - [03/Oct/2025:16:15:38 -0300] "GET /wp-content/plugins/meks-simple-flickr-widget/css/style.css?ver=1.2 HTTP/1.1" 200 577 "https://jomarlogistica.com.br/2023/12/13/are-otf-knives-legal-in-the-uk-uk-knife-laws-explained/" "Mozilla/5.0 (Linux; Android 6.0.1; Nexus 5X Build/MMB29P) AppleWebKit/537.36 (KHTML, like Gecko) Chrome/139.0.7258.127 Mobile Safari/537.36 (compatible; Googlebot/2.1; +http://www.google.com/bot.html)"
jomarlogistica.com.br:80 66.249.66.37 - - [03/Oct/2025:16:15:38 -0300] "GET /wp-content/plugins/booked/dist/booked.css?ver=2.3.5 HTTP/1.1" 200 9846 "https://jomarlogistica.com.br/2023/12/13/are-otf-knives-legal-in-the-uk-uk-knife-laws-explained/" "Mozilla/5.0 (Linux; Android 6.0.1; Nexus 5X Build/MMB29P) AppleWebKit/537.36 (KHTML, like Gecko) Chrome/139.0.7258.127 Mobile Safari/537.36 (compatible; Googlebot/2.1; +http://www.google.com/bot.html)"
jomarlogistica.com.br:80 66.249.66.38 - - [03/Oct/2025:16:15:39 -0300] "GET /wp-content/plugins/case-theme-core/assets/css/lib/owl.carousel.min.css?ver=2.2.1 HTTP/1.1" 200 1298 "https://jomarlogistica.com.br/2023/12/13/are-otf-knives-legal-in-the-uk-uk-knife-laws-explained/" "Mozilla/5.0 (Linux; Android 6.0.1; Nexus 5X Build/MMB29P) AppleWebKit/537.36 (KHTML, like Gecko) Chrome/139.0.7258.127 Mobile Safari/537.36 (compatible; Googlebot/2.1; +http://www.google.com/bot.html)"
jomarlogistica.com.br:80 66.249.66.38 - - [03/Oct/2025:16:15:39 -0300] "GET /wp-content/themes/consultio/style.css?ver=5.8.10 HTTP/1.1" 200 866 "https://jomarlogistica.com.br/2023/12/13/are-otf-knives-legal-in-the-uk-uk-knife-laws-explained/" "Mozilla/5.0 (Linux; Android 6.0.1; Nexus 5X Build/MMB29P) AppleWebKit/537.36 (KHTML, like Gecko) Chrome/139.0.7258.127 Mobile Safari/537.36 (compatible; Googlebot/2.1; +http://www.google.com/bot.html)"
jomarlogistica.com.br:80 66.249.66.37 - - [03/Oct/2025:16:15:39 -0300] "GET /wp-content/themes/consultio/assets/css/animate.css?ver=1.0.0 HTTP/1.1" 200 5563 "https://jomarlogistica.com.br/2023/12/13/are-otf-knives-legal-in-the-uk-uk-knife-laws-explained/" "Mozilla/5.0 (Linux; Android 6.0.1; Nexus 5X Build/MMB29P) AppleWebKit/537.36 (KHTML, like Gecko) Chrome/139.0.7258.127 Mobile Safari/537.36 (compatible; Googlebot/2.1; +http://www.google.com/bot.html)"
jomarlogistica.com.br:80 66.249.66.38 - - [03/Oct/2025:16:15:39 -0300] "GET /wp-content/plugins/booked/assets/css/icons.css?ver=2.3.5 HTTP/1.1" 200 6985 "https://jomarlogistica.com.br/2023/12/13/are-otf-knives-legal-in-the-uk-uk-knife-laws-explained/" "Mozilla/5.0 (Linux; Android 6.0.1; Nexus 5X Build/MMB29P) AppleWebKit/537.36 (KHTML, like Gecko) Chrome/139.0.7258.127 Mobile Safari/537.36 (compatible; Googlebot/2.1; +http://www.google.com/bot.html)"
jomarlogistica.com.br:80 66.249.66.37 - - [03/Oct/2025:16:15:40 -0300] "GET /wp-content/plugins/case-theme-user/acess/js/notify.min.js?ver=1.0.0 HTTP/1.1" 200 7845 "https://jomarlogistica.com.br/2023/12/13/are-otf-knives-legal-in-the-uk-uk-knife-laws-explained/" "Mozilla/5.0 (Linux; Android 6.0.1; Nexus 5X Build/MMB29P) AppleWebKit/537.36 (KHTML, like Gecko) Chrome/139.0.7258.127 Mobile Safari/537.36 (compatible; Googlebot/2.1; +http://www.google.com/bot.html)"
jomarlogistica.com.br:80 66.249.66.37 - - [03/Oct/2025:16:15:40 -0300] "GET /wp-includes/js/dist/vendor/regenerator-runtime.min.js?ver=0.13.7 HTTP/1.1" 200 2798 "https://jomarlogistica.com.br/2023/12/13/are-otf-knives-legal-in-the-uk-uk-knife-laws-explained/" "Mozilla/5.0 (Linux; Android 6.0.1; Nexus 5X Build/MMB29P) AppleWebKit/537.36 (KHTML, like Gecko) Chrome/139.0.7258.127 Mobile Safari/537.36 (compatible; Googlebot/2.1; +http://www.google.com/bot.html)"
jomarlogistica.com.br:80 66.249.66.38 - - [03/Oct/2025:16:15:37 -0300] "GET /?a7b529c=7190441 HTTP/1.1" 200 287 "https://jomarlogistica.com.br/2023/12/13/are-otf-knives-legal-in-the-uk-uk-knife-laws-explained/" "Mozilla/5.0 (Linux; Android 6.0.1; Nexus 5X Build/MMB29P) AppleWebKit/537.36 (KHTML, like Gecko) Chrome/139.0.7258.127 Mobile Safari/537.36 (compatible; Googlebot/2.1; +http://www.google.com/bot.html)"
jomarlogistica.com.br:80 127.0.0.1 - - [03/Oct/2025:16:15:52 -0300] "OPTIONS * HTTP/1.0" 200 110 "-" "Apache/2.4.65 (Ubuntu) (internal dummy connection)"
jomarlogistica.com.br:80 172.20.1.198 - - [03/Oct/2025:16:17:59 -0300] "POST /wp-cron.php?doing_wp_cron=1759519079.9094359874725341796875 HTTP/1.1" 200 389 "https://jomarlogistica.com.br/wp-cron.php?doing_wp_cron=1759519079.9094359874725341796875" "WordPress/5.8.10; https://jomarlogistica.com.br"
jomarlogistica.com.br:80 216.244.66.226 - - [03/Oct/2025:16:17:59 -0300] "GET /2022/12/01/affirmed-legality-of-segregation-exploring-legal-perspectives/ HTTP/1.1" 200 59915 "-" "Mozilla/5.0 (compatible; DotBot/1.2; +https://opensiteexplorer.org/dotbot; help@moz.com)"
jomarlogistica.com.br:80 127.0.0.1 - - [03/Oct/2025:16:18:04 -0300] "OPTIONS * HTTP/1.0" 200 110 "-" "Apache/2.4.65 (Ubuntu) (internal dummy connection)"
jomarlogistica.com.br:80 43.130.71.237 - - [03/Oct/2025:16:19:14 -0300] "GET / HTTP/1.1" 200 23930 "http://jomarlogistica.com.br" "Mozilla/5.0 (iPhone; CPU iPhone OS 13_2_3 like Mac OS X) AppleWebKit/605.1.15 (KHTML, like Gecko) Version/13.0.3 Mobile/15E148 Safari/604.1"
jomarlogistica.com.br:80 172.20.1.198 - - [03/Oct/2025:16:25:03 -0300] "POST /wp-cron.php?doing_wp_cron=1759519503.0442318916320800781250 HTTP/1.1" 200 389 "https://jomarlogistica.com.br/wp-cron.php?doing_wp_cron=1759519503.0442318916320800781250" "WordPress/5.8.10; https://jomarlogistica.com.br"
jomarlogistica.com.br:80 114.119.134.192 - - [03/Oct/2025:16:25:02 -0300] "GET /2023/04/25/the-puma-corporation-%E8%A8%BB%E5%86%8A-ditt-%E5%9F%9F%E5%90%8D%EF%BC%8Ctwitter-%E8%B3%AC%E8%99%9F%E6%9B%B4%E5%90%8D%E7%82%BA-puma-eth/ HTTP/1.1" 200 19287 "https://jomarlogistica.com.br/2023/04/25/the-puma-corporation-%E8%A8%BB%E5%86%8A-ditt-%E5%9F%9F%E5%90%8D%EF%BC%8Ctwitter-%E8%B3%AC%E8%99%9F%E6%9B%B4%E5%90%8D%E7%82%BA-puma-eth/" "Mozilla/5.0 (Linux; Android 7.0;) AppleWebKit/537.36 (KHTML, like Gecko) Mobile Safari/537.36 (compatible; PetalBot;+https://webmaster.petalsearch.com/site/petalbot)"
jomarlogistica.com.br:80 127.0.0.1 - - [03/Oct/2025:16:25:08 -0300] "OPTIONS * HTTP/1.0" 200 110 "-" "Apache/2.4.65 (Ubuntu) (internal dummy connection)"
jomarlogistica.com.br:80 185.191.171.1 - - [03/Oct/2025:16:25:28 -0300] "GET /robots.txt HTTP/1.1" 200 584 "-" "Mozilla/5.0 (compatible; SemrushBot/7~bl; +http://www.semrush.com/bot.html)"
jomarlogistica.com.br:80 185.191.171.18 - - [03/Oct/2025:16:25:29 -0300] "GET /2023/02/26/man-dating-suggestions-how-to-impress-your-date-and-get-her-asking-for-another-date/ HTTP/1.1" 200 17425 "-" "Mozilla/5.0 (compatible; SemrushBot/7~bl; +http://www.semrush.com/bot.html)"
jomarlogistica.com.br:80 172.20.1.198 - - [03/Oct/2025:16:30:42 -0300] "POST /wp-cron.php?doing_wp_cron=1759519842.3434479236602783203125 HTTP/1.1" 200 389 "https://jomarlogistica.com.br/wp-cron.php?doing_wp_cron=1759519842.3434479236602783203125" "WordPress/5.8.10; https://jomarlogistica.com.br"
jomarlogistica.com.br:80 216.244.66.226 - - [03/Oct/2025:16:30:41 -0300] "GET /2023/12/10/e-law-resources-donoghue-v-stevenson-case-analysis-legal-resources/ HTTP/1.1" 200 61904 "-" "Mozilla/5.0 (compatible; DotBot/1.2; +https://opensiteexplorer.org/dotbot; help@moz.com)"
jomarlogistica.com.br:80 127.0.0.1 - - [03/Oct/2025:16:30:48 -0300] "OPTIONS * HTTP/1.0" 200 110 "-" "Apache/2.4.65 (Ubuntu) (internal dummy connection)"
jomarlogistica.com.br:80 85.208.96.195 - - [03/Oct/2025:16:31:04 -0300] "GET /2023/page/5/ HTTP/1.1" 200 18407 "-" "Mozilla/5.0 (compatible; SemrushBot/7~bl; +http://www.semrush.com/bot.html)"
jomarlogistica.com.br:80 172.20.1.198 - - [03/Oct/2025:16:40:10 -0300] "POST /wp-cron.php?doing_wp_cron=1759520410.0419940948486328125000 HTTP/1.1" 200 389 "https://jomarlogistica.com.br/wp-cron.php?doing_wp_cron=1759520410.0419940948486328125000" "WordPress/5.8.10; https://jomarlogistica.com.br"
jomarlogistica.com.br:80 177.212.249.167 - - [03/Oct/2025:16:40:09 -0300] "POST /autodiscover/autodiscover.xml HTTP/1.1" 404 448 "-" "AppleExchangeWebServices/833 accountsd/113"
jomarlogistica.com.br:80 127.0.0.1 - - [03/Oct/2025:16:40:15 -0300] "OPTIONS * HTTP/1.0" 200 110 "-" "Apache/2.4.65 (Ubuntu) (internal dummy connection)"
jomarlogistica.com.br:80 172.20.1.198 - - [03/Oct/2025:16:45:53 -0300] "POST /wp-cron.php?doing_wp_cron=1759520753.1102540493011474609375 HTTP/1.1" 200 389 "https://jomarlogistica.com.br/wp-cron.php?doing_wp_cron=1759520753.1102540493011474609375" "WordPress/5.8.10; https://jomarlogistica.com.br"
jomarlogistica.com.br:80 114.119.136.72 - - [03/Oct/2025:16:45:52 -0300] "GET /2022/page/8/ HTTP/1.1" 200 18697 "https://jomarlogistica.com.br/2022/page/9/" "Mozilla/5.0 (Linux; Android 7.0;) AppleWebKit/537.36 (KHTML, like Gecko) Mobile Safari/537.36 (compatible; PetalBot;+https://webmaster.petalsearch.com/site/petalbot)"
jomarlogistica.com.br:80 127.0.0.1 - - [03/Oct/2025:16:45:58 -0300] "OPTIONS * HTTP/1.0" 200 110 "-" "Apache/2.4.65 (Ubuntu) (internal dummy connection)"
jomarlogistica.com.br:80 216.244.66.226 - - [03/Oct/2025:16:46:55 -0300] "GET /robots.txt HTTP/1.1" 200 565 "-" "Mozilla/5.0 (compatible; DotBot/1.2; +https://opensiteexplorer.org/dotbot; help@moz.com)"
jomarlogistica.com.br:80 172.20.1.198 - - [03/Oct/2025:16:48:25 -0300] "POST /wp-cron.php?doing_wp_cron=1759520905.1742329597473144531250 HTTP/1.1" 200 389 "https://jomarlogistica.com.br/wp-cron.php?doing_wp_cron=1759520905.1742329597473144531250" "WordPress/5.8.10; https://jomarlogistica.com.br"
jomarlogistica.com.br:80 98.82.38.120 - - [03/Oct/2025:16:48:24 -0300] "GET /2022/11/14/social-media-red-flags-in-relationships/ HTTP/1.1" 200 17988 "-" "Mozilla/5.0 AppleWebKit/537.36 (KHTML, like Gecko; compatible; Amazonbot/0.1; +https://developer.amazon.com/support/amazonbot) Chrome/119.0.6045.214 Safari/537.36"
jomarlogistica.com.br:80 52.202.52.82 - - [03/Oct/2025:16:48:29 -0300] "GET /2022/11/05/feeling-ugly-about-appreciate-online-counselors-can-help/ HTTP/1.1" 200 17504 "-" "Mozilla/5.0 AppleWebKit/537.36 (KHTML, like Gecko; compatible; Amazonbot/0.1; +https://developer.amazon.com/support/amazonbot) Chrome/119.0.6045.214 Safari/537.36"
jomarlogistica.com.br:80 127.0.0.1 - - [03/Oct/2025:16:48:35 -0300] "OPTIONS * HTTP/1.0" 200 110 "-" "Apache/2.4.65 (Ubuntu) (internal dummy connection)"
jomarlogistica.com.br:80 172.20.1.198 - - [03/Oct/2025:16:52:19 -0300] "POST /wp-cron.php?doing_wp_cron=1759521139.0554308891296386718750 HTTP/1.1" 200 389 "https://jomarlogistica.com.br/wp-cron.php?doing_wp_cron=1759521139.0554308891296386718750" "WordPress/5.8.10; https://jomarlogistica.com.br"
jomarlogistica.com.br:80 34.233.219.155 - - [03/Oct/2025:16:52:18 -0300] "GET /2023/page/35/ HTTP/1.1" 200 18605 "-" "Mozilla/5.0 AppleWebKit/537.36 (KHTML, like Gecko; compatible; Amazonbot/0.1; +https://developer.amazon.com/support/amazonbot) Chrome/119.0.6045.214 Safari/537.36"
jomarlogistica.com.br:80 127.0.0.1 - - [03/Oct/2025:16:52:24 -0300] "OPTIONS * HTTP/1.0" 200 110 "-" "Apache/2.4.65 (Ubuntu) (internal dummy connection)"
jomarlogistica.com.br:80 177.212.249.167 - - [03/Oct/2025:16:54:35 -0300] "POST /autodiscover/autodiscover.xml HTTP/1.1" 404 448 "-" "AppleExchangeWebServices/833 accountsd/113"
jomarlogistica.com.br:80 57.141.0.39 - - [03/Oct/2025:16:55:13 -0300] "GET /2023/04/10/big-law-firm-hourly-rates-understanding-legal-fees-and-costs/ HTTP/1.1" 200 62038 "-" "meta-externalagent/1.1 (+https://developers.facebook.com/docs/sharing/webmasters/crawler)"
jomarlogistica.com.br:80 138.246.253.24 - - [03/Oct/2025:16:56:22 -0300] "GET /robots.txt HTTP/1.1" 200 565 "-" "Mozilla/5.0 (Windows NT 10.0; Win64; x64) AppleWebKit/537.36 (KHTML, like Gecko) Chrome/103.0.5060.134 Safari/537.36"
jomarlogistica.com.br:80 172.20.1.198 - - [03/Oct/2025:16:57:23 -0300] "POST /wp-cron.php?doing_wp_cron=1759521443.1022930145263671875000 HTTP/1.1" 200 389 "https://jomarlogistica.com.br/wp-cron.php?doing_wp_cron=1759521443.1022930145263671875000" "WordPress/5.8.10; https://jomarlogistica.com.br"
jomarlogistica.com.br:80 57.141.0.70 - - [03/Oct/2025:16:57:22 -0300] "GET /2023/09/30/bmo-medical-full-form-what-does-bmo-stand-for-in-the-legal-context/ HTTP/1.1" 200 61794 "-" "meta-externalagent/1.1 (+https://developers.facebook.com/docs/sharing/webmasters/crawler)"
jomarlogistica.com.br:80 127.0.0.1 - - [03/Oct/2025:16:57:28 -0300] "OPTIONS * HTTP/1.0" 200 110 "-" "Apache/2.4.65 (Ubuntu) (internal dummy connection)"
jomarlogistica.com.br:80 114.119.159.76 - - [03/Oct/2025:17:00:13 -0300] "GET /2023/07/11/plank-portal-india/ HTTP/1.1" 200 17337 "https://jomarlogistica.com.br/2023/07/16/data-room-technology-and-their-uses-in-the-real-estate-manufacturing-and-fundraising-industries/" "Mozilla/5.0 (Linux; Android 7.0;) AppleWebKit/537.36 (KHTML, like Gecko) Mobile Safari/537.36 (compatible; PetalBot;+https://webmaster.petalsearch.com/site/petalbot)"
jomarlogistica.com.br:80 114.119.138.207 - - [03/Oct/2025:17:01:31 -0300] "GET /2023/04/17/seeing-a-guy-right-from-another-nation/ HTTP/1.1" 200 17236 "https://jomarlogistica.com.br/2023/04/16/how-to-handle-first-night-out-nerves/" "Mozilla/5.0 (Linux; Android 7.0;) AppleWebKit/537.36 (KHTML, like Gecko) Mobile Safari/537.36 (compatible; PetalBot;+https://webmaster.petalsearch.com/site/petalbot)"
jomarlogistica.com.br:80 172.20.1.198 - - [03/Oct/2025:17:02:20 -0300] "POST /wp-cron.php?doing_wp_cron=1759521740.5923979282379150390625 HTTP/1.1" 200 389 "https://jomarlogistica.com.br/wp-cron.php?doing_wp_cron=1759521740.5923979282379150390625" "WordPress/5.8.10; https://jomarlogistica.com.br"
jomarlogistica.com.br:80 177.212.249.167 - - [03/Oct/2025:17:02:20 -0300] "POST /autodiscover/autodiscover.xml HTTP/1.1" 404 448 "-" "AppleExchangeWebServices/833 accountsd/113"
jomarlogistica.com.br:80 127.0.0.1 - - [03/Oct/2025:17:02:25 -0300] "OPTIONS * HTTP/1.0" 200 110 "-" "Apache/2.4.65 (Ubuntu) (internal dummy connection)"
jomarlogistica.com.br:80 114.119.158.0 - - [03/Oct/2025:17:02:58 -0300] "GET /2022/09/ HTTP/1.1" 200 18538 "https://jomarlogistica.com.br/2022/page/16/" "Mozilla/5.0 (Linux; Android 7.0;) AppleWebKit/537.36 (KHTML, like Gecko) Mobile Safari/537.36 (compatible; PetalBot;+https://webmaster.petalsearch.com/site/petalbot)"
jomarlogistica.com.br:80 114.119.158.0 - - [03/Oct/2025:17:04:21 -0300] "GET /2022/04/19/understanding-the-key-elements-of-an-agreement-legal-contract-basics/ HTTP/1.1" 200 14972 "https://jomarlogistica.com.br/2022/04/" "Mozilla/5.0 (Linux; Android 7.0;) AppleWebKit/537.36 (KHTML, like Gecko) Mobile Safari/537.36 (compatible; PetalBot;+https://webmaster.petalsearch.com/site/petalbot)"
jomarlogistica.com.br:80 172.20.1.198 - - [03/Oct/2025:17:05:43 -0300] "POST /wp-cron.php?doing_wp_cron=1759521943.0529079437255859375000 HTTP/1.1" 200 389 "https://jomarlogistica.com.br/wp-cron.php?doing_wp_cron=1759521943.0529079437255859375000" "WordPress/5.8.10; https://jomarlogistica.com.br"
jomarlogistica.com.br:80 114.119.136.72 - - [03/Oct/2025:17:05:42 -0300] "GET /2022/ HTTP/1.1" 200 18621 "https://jomarlogistica.com.br/2022/page/16/" "Mozilla/5.0 (Linux; Android 7.0;) AppleWebKit/537.36 (KHTML, like Gecko) Mobile Safari/537.36 (compatible; PetalBot;+https://webmaster.petalsearch.com/site/petalbot)"
jomarlogistica.com.br:80 127.0.0.1 - - [03/Oct/2025:17:05:48 -0300] "OPTIONS * HTTP/1.0" 200 110 "-" "Apache/2.4.65 (Ubuntu) (internal dummy connection)"
jomarlogistica.com.br:80 73.42.233.213 - - [03/Oct/2025:17:06:10 -0300] "GET /2022/06/04/generator-interlock-kits-legal-in-washington-state-expert-analysis/ HTTP/1.1" 200 14092 "https://www.google.com/" "Mozilla/5.0 (Windows NT 10.0; Win64; x64) AppleWebKit/537.36 (KHTML, like Gecko) Chrome/141.0.0.0 Safari/537.36 Edg/141.0.0.0"
jomarlogistica.com.br:80 73.42.233.213 - - [03/Oct/2025:17:06:11 -0300] "GET /wp-content/plugins/instagram-feed/css/sbi-styles.min.css?ver=2.9.7 HTTP/1.1" 200 3355 "https://jomarlogistica.com.br/2022/06/04/generator-interlock-kits-legal-in-washington-state-expert-analysis/" "Mozilla/5.0 (Windows NT 10.0; Win64; x64) AppleWebKit/537.36 (KHTML, like Gecko) Chrome/141.0.0.0 Safari/537.36 Edg/141.0.0.0"
jomarlogistica.com.br:80 73.42.233.213 - - [03/Oct/2025:17:06:11 -0300] "GET /wp-includes/css/dist/block-library/style.min.css?ver=5.8.10 HTTP/1.1" 200 12027 "https://jomarlogistica.com.br/2022/06/04/generator-interlock-kits-legal-in-washington-state-expert-analysis/" "Mozilla/5.0 (Windows NT 10.0; Win64; x64) AppleWebKit/537.36 (KHTML, like Gecko) Chrome/141.0.0.0 Safari/537.36 Edg/141.0.0.0"
jomarlogistica.com.br:80 73.42.233.213 - - [03/Oct/2025:17:06:11 -0300] "GET /wp-content/plugins/redux-framework/redux-core/extendify-sdk/public/build/extendify-utilities.css?ver=13.4 HTTP/1.1" 200 6477 "https://jomarlogistica.com.br/2022/06/04/generator-interlock-kits-legal-in-washington-state-expert-analysis/" "Mozilla/5.0 (Windows NT 10.0; Win64; x64) AppleWebKit/537.36 (KHTML, like Gecko) Chrome/141.0.0.0 Safari/537.36 Edg/141.0.0.0"
jomarlogistica.com.br:80 73.42.233.213 - - [03/Oct/2025:17:06:11 -0300] "GET /wp-content/plugins/booked/assets/css/icons.css?ver=2.3.5 HTTP/1.1" 200 6985 "https://jomarlogistica.com.br/2022/06/04/generator-interlock-kits-legal-in-washington-state-expert-analysis/" "Mozilla/5.0 (Windows NT 10.0; Win64; x64) AppleWebKit/537.36 (KHTML, like Gecko) Chrome/141.0.0.0 Safari/537.36 Edg/141.0.0.0"
jomarlogistica.com.br:80 73.42.233.213 - - [03/Oct/2025:17:06:11 -0300] "GET /wp-content/plugins/booked/assets/css/animations.css?ver=2.3.5 HTTP/1.1" 200 905 "https://jomarlogistica.com.br/2022/06/04/generator-interlock-kits-legal-in-washington-state-expert-analysis/" "Mozilla/5.0 (Windows NT 10.0; Win64; x64) AppleWebKit/537.36 (KHTML, like Gecko) Chrome/141.0.0.0 Safari/537.36 Edg/141.0.0.0"
jomarlogistica.com.br:80 73.42.233.213 - - [03/Oct/2025:17:06:11 -0300] "GET /wp-content/plugins/booked/dist/booked.css?ver=2.3.5 HTTP/1.1" 200 9846 "https://jomarlogistica.com.br/2022/06/04/generator-interlock-kits-legal-in-washington-state-expert-analysis/" "Mozilla/5.0 (Windows NT 10.0; Win64; x64) AppleWebKit/537.36 (KHTML, like Gecko) Chrome/141.0.0.0 Safari/537.36 Edg/141.0.0.0"
jomarlogistica.com.br:80 73.42.233.213 - - [03/Oct/2025:17:06:11 -0300] "GET /wp-content/plugins/booked/assets/js/tooltipster/css/tooltipster.css?ver=3.3.0 HTTP/1.1" 200 2174 "https://jomarlogistica.com.br/2022/06/04/generator-interlock-kits-legal-in-washington-state-expert-analysis/" "Mozilla/5.0 (Windows NT 10.0; Win64; x64) AppleWebKit/537.36 (KHTML, like Gecko) Chrome/141.0.0.0 Safari/537.36 Edg/141.0.0.0"
jomarlogistica.com.br:80 73.42.233.213 - - [03/Oct/2025:17:06:11 -0300] "GET /wp-content/plugins/contact-form-7/includes/css/styles.css?ver=5.5.3 HTTP/1.1" 200 1361 "https://jomarlogistica.com.br/2022/06/04/generator-interlock-kits-legal-in-washington-state-expert-analysis/" "Mozilla/5.0 (Windows NT 10.0; Win64; x64) AppleWebKit/537.36 (KHTML, like Gecko) Chrome/141.0.0.0 Safari/537.36 Edg/141.0.0.0"
jomarlogistica.com.br:80 73.42.233.213 - - [03/Oct/2025:17:06:11 -0300] "GET /wp-content/plugins/contact-form-7-multi-step/assets/frontend/animate/animate.min.css?ver=2.5.4 HTTP/1.1" 200 5225 "https://jomarlogistica.com.br/2022/06/04/generator-interlock-kits-legal-in-washington-state-expert-analysis/" "Mozilla/5.0 (Windows NT 10.0; Win64; x64) AppleWebKit/537.36 (KHTML, like Gecko) Chrome/141.0.0.0 Safari/537.36 Edg/141.0.0.0"
jomarlogistica.com.br:80 73.42.233.213 - - [03/Oct/2025:17:06:11 -0300] "GET /wp-content/themes/consultio/assets/css/magnific-popup.css?ver=1.0.0 HTTP/1.1" 200 2198 "https://jomarlogistica.com.br/2022/06/04/generator-interlock-kits-legal-in-washington-state-expert-analysis/" "Mozilla/5.0 (Windows NT 10.0; Win64; x64) AppleWebKit/537.36 (KHTML, like Gecko) Chrome/141.0.0.0 Safari/537.36 Edg/141.0.0.0"
jomarlogistica.com.br:80 73.42.233.213 - - [03/Oct/2025:17:06:11 -0300] "GET /wp-content/themes/consultio/assets/css/animate.css?ver=1.0.0 HTTP/1.1" 200 5563 "https://jomarlogistica.com.br/2022/06/04/generator-interlock-kits-legal-in-washington-state-expert-analysis/" "Mozilla/5.0 (Windows NT 10.0; Win64; x64) AppleWebKit/537.36 (KHTML, like Gecko) Chrome/141.0.0.0 Safari/537.36 Edg/141.0.0.0"
jomarlogistica.com.br:80 73.42.233.213 - - [03/Oct/2025:17:06:11 -0300] "GET /wp-content/plugins/booked/assets/js/tooltipster/css/themes/tooltipster-light.css?ver=3.3.0 HTTP/1.1" 200 596 "https://jomarlogistica.com.br/2022/06/04/generator-interlock-kits-legal-in-washington-state-expert-analysis/" "Mozilla/5.0 (Windows NT 10.0; Win64; x64) AppleWebKit/537.36 (KHTML, like Gecko) Chrome/141.0.0.0 Safari/537.36 Edg/141.0.0.0"
jomarlogistica.com.br:80 73.42.233.213 - - [03/Oct/2025:17:06:11 -0300] "GET /wp-content/plugins/case-theme-core/assets/css/main.css?ver=1.0.0 HTTP/1.1" 200 563 "https://jomarlogistica.com.br/2022/06/04/generator-interlock-kits-legal-in-washington-state-expert-analysis/" "Mozilla/5.0 (Windows NT 10.0; Win64; x64) AppleWebKit/537.36 (KHTML, like Gecko) Chrome/141.0.0.0 Safari/537.36 Edg/141.0.0.0"
jomarlogistica.com.br:80 73.42.233.213 - - [03/Oct/2025:17:06:11 -0300] "GET /wp-content/plugins/case-theme-core/assets/css/lib/progressbar.min.css?ver=0.7.1 HTTP/1.1" 200 1103 "https://jomarlogistica.com.br/2022/06/04/generator-interlock-kits-legal-in-washington-state-expert-analysis/" "Mozilla/5.0 (Windows NT 10.0; Win64; x64) AppleWebKit/537.36 (KHTML, like Gecko) Chrome/141.0.0.0 Safari/537.36 Edg/141.0.0.0"
jomarlogistica.com.br:80 73.42.233.213 - - [03/Oct/2025:17:06:11 -0300] "GET /wp-content/plugins/case-theme-core/assets/css/lib/owl.carousel.min.css?ver=2.2.1 HTTP/1.1" 200 1298 "https://jomarlogistica.com.br/2022/06/04/generator-interlock-kits-legal-in-washington-state-expert-analysis/" "Mozilla/5.0 (Windows NT 10.0; Win64; x64) AppleWebKit/537.36 (KHTML, like Gecko) Chrome/141.0.0.0 Safari/537.36 Edg/141.0.0.0"
jomarlogistica.com.br:80 73.42.233.213 - - [03/Oct/2025:17:06:11 -0300] "GET /wp-content/plugins/case-theme-core/assets/plugin/font-awesome/css/font-awesome.min.css?ver=4.7.0 HTTP/1.1" 200 7624 "https://jomarlogistica.com.br/2022/06/04/generator-interlock-kits-legal-in-washington-state-expert-analysis/" "Mozilla/5.0 (Windows NT 10.0; Win64; x64) AppleWebKit/537.36 (KHTML, like Gecko) Chrome/141.0.0.0 Safari/537.36 Edg/141.0.0.0"
jomarlogistica.com.br:80 73.42.233.213 - - [03/Oct/2025:17:06:11 -0300] "GET /wp-content/plugins/case-theme-user/acess/css/remodal.css?ver=5.8.10 HTTP/1.1" 200 1031 "https://jomarlogistica.com.br/2022/06/04/generator-interlock-kits-legal-in-washington-state-expert-analysis/" "Mozilla/5.0 (Windows NT 10.0; Win64; x64) AppleWebKit/537.36 (KHTML, like Gecko) Chrome/141.0.0.0 Safari/537.36 Edg/141.0.0.0"
jomarlogistica.com.br:80 73.42.233.213 - - [03/Oct/2025:17:06:11 -0300] "GET /wp-content/plugins/case-theme-user/acess/css/remodal-default-theme.css?ver=5.8.10 HTTP/1.1" 200 1733 "https://jomarlogistica.com.br/2022/06/04/generator-interlock-kits-legal-in-washington-state-expert-analysis/" "Mozilla/5.0 (Windows NT 10.0; Win64; x64) AppleWebKit/537.36 (KHTML, like Gecko) Chrome/141.0.0.0 Safari/537.36 Edg/141.0.0.0"
jomarlogistica.com.br:80 73.42.233.213 - - [03/Oct/2025:17:06:11 -0300] "GET /wp-content/plugins/contact-form-7-multi-step/assets/frontend/css/cf7mls.css?ver=2.5.4 HTTP/1.1" 200 2184 "https://jomarlogistica.com.br/2022/06/04/generator-interlock-kits-legal-in-washington-state-expert-analysis/" "Mozilla/5.0 (Windows NT 10.0; Win64; x64) AppleWebKit/537.36 (KHTML, like Gecko) Chrome/141.0.0.0 Safari/537.36 Edg/141.0.0.0"
jomarlogistica.com.br:80 73.42.233.213 - - [03/Oct/2025:17:06:11 -0300] "GET /wp-content/plugins/contact-form-7-multi-step/assets/frontend/css/progress_bar.css?ver=2.5.4 HTTP/1.1" 200 5617 "https://jomarlogistica.com.br/2022/06/04/generator-interlock-kits-legal-in-washington-state-expert-analysis/" "Mozilla/5.0 (Windows NT 10.0; Win64; x64) AppleWebKit/537.36 (KHTML, like Gecko) Chrome/141.0.0.0 Safari/537.36 Edg/141.0.0.0"
jomarlogistica.com.br:80 73.42.233.213 - - [03/Oct/2025:17:06:11 -0300] "GET /wp-content/themes/consultio/assets/css/bootstrap.min.css?ver=4.0.0 HTTP/1.1" 200 21402 "https://jomarlogistica.com.br/2022/06/04/generator-interlock-kits-legal-in-washington-state-expert-analysis/" "Mozilla/5.0 (Windows NT 10.0; Win64; x64) AppleWebKit/537.36 (KHTML, like Gecko) Chrome/141.0.0.0 Safari/537.36 Edg/141.0.0.0"
jomarlogistica.com.br:80 73.42.233.213 - - [03/Oct/2025:17:06:11 -0300] "GET /wp-content/plugins/elementor/assets/lib/font-awesome/css/font-awesome.min.css?ver=4.7.0 HTTP/1.1" 200 7623 "https://jomarlogistica.com.br/2022/06/04/generator-interlock-kits-legal-in-washington-state-expert-analysis/" "Mozilla/5.0 (Windows NT 10.0; Win64; x64) AppleWebKit/537.36 (KHTML, like Gecko) Chrome/141.0.0.0 Safari/537.36 Edg/141.0.0.0"
jomarlogistica.com.br:80 73.42.233.213 - - [03/Oct/2025:17:06:11 -0300] "GET /wp-content/themes/consultio/assets/css/font-awesome5.min.css?ver=5.8.0 HTTP/1.1" 200 17997 "https://jomarlogistica.com.br/2022/06/04/generator-interlock-kits-legal-in-washington-state-expert-analysis/" "Mozilla/5.0 (Windows NT 10.0; Win64; x64) AppleWebKit/537.36 (KHTML, like Gecko) Chrome/141.0.0.0 Safari/537.36 Edg/141.0.0.0"
jomarlogistica.com.br:80 73.42.233.213 - - [03/Oct/2025:17:06:11 -0300] "GET /wp-content/themes/consultio/assets/css/flaticon.css?ver=2.8.0 HTTP/1.1" 200 1205 "https://jomarlogistica.com.br/2022/06/04/generator-interlock-kits-legal-in-washington-state-expert-analysis/" "Mozilla/5.0 (Windows NT 10.0; Win64; x64) AppleWebKit/537.36 (KHTML, like Gecko) Chrome/141.0.0.0 Safari/537.36 Edg/141.0.0.0"
jomarlogistica.com.br:80 73.42.233.213 - - [03/Oct/2025:17:06:11 -0300] "GET /wp-content/themes/consultio/assets/css/flaticon-v2.css?ver=2.8.0 HTTP/1.1" 200 994 "https://jomarlogistica.com.br/2022/06/04/generator-interlock-kits-legal-in-washington-state-expert-analysis/" "Mozilla/5.0 (Windows NT 10.0; Win64; x64) AppleWebKit/537.36 (KHTML, like Gecko) Chrome/141.0.0.0 Safari/537.36 Edg/141.0.0.0"
jomarlogistica.com.br:80 73.42.233.213 - - [03/Oct/2025:17:06:11 -0300] "GET /wp-content/themes/consultio/assets/css/flaticon-v3.css?ver=2.8.0 HTTP/1.1" 200 1156 "https://jomarlogistica.com.br/2022/06/04/generator-interlock-kits-legal-in-washington-state-expert-analysis/" "Mozilla/5.0 (Windows NT 10.0; Win64; x64) AppleWebKit/537.36 (KHTML, like Gecko) Chrome/141.0.0.0 Safari/537.36 Edg/141.0.0.0"
jomarlogistica.com.br:80 73.42.233.213 - - [03/Oct/2025:17:06:11 -0300] "GET /wp-content/themes/consultio/assets/css/flaticon-v4.css?ver=2.8.0 HTTP/1.1" 200 795 "https://jomarlogistica.com.br/2022/06/04/generator-interlock-kits-legal-in-washington-state-expert-analysis/" "Mozilla/5.0 (Windows NT 10.0; Win64; x64) AppleWebKit/537.36 (KHTML, like Gecko) Chrome/141.0.0.0 Safari/537.36 Edg/141.0.0.0"
jomarlogistica.com.br:80 73.42.233.213 - - [03/Oct/2025:17:06:11 -0300] "GET /wp-content/themes/consultio/assets/css/flaticon-v5.css?ver=2.8.0 HTTP/1.1" 200 1337 "https://jomarlogistica.com.br/2022/06/04/generator-interlock-kits-legal-in-washington-state-expert-analysis/" "Mozilla/5.0 (Windows NT 10.0; Win64; x64) AppleWebKit/537.36 (KHTML, like Gecko) Chrome/141.0.0.0 Safari/537.36 Edg/141.0.0.0"
jomarlogistica.com.br:80 73.42.233.213 - - [03/Oct/2025:17:06:11 -0300] "GET /wp-content/themes/consultio/assets/css/flaticon-v6.css?ver=2.8.0 HTTP/1.1" 200 998 "https://jomarlogistica.com.br/2022/06/04/generator-interlock-kits-legal-in-washington-state-expert-analysis/" "Mozilla/5.0 (Windows NT 10.0; Win64; x64) AppleWebKit/537.36 (KHTML, like Gecko) Chrome/141.0.0.0 Safari/537.36 Edg/141.0.0.0"
jomarlogistica.com.br:80 73.42.233.213 - - [03/Oct/2025:17:06:11 -0300] "GET /wp-content/themes/consultio/assets/css/flaticon-v7.css?ver=2.8.0 HTTP/1.1" 200 990 "https://jomarlogistica.com.br/2022/06/04/generator-interlock-kits-legal-in-washington-state-expert-analysis/" "Mozilla/5.0 (Windows NT 10.0; Win64; x64) AppleWebKit/537.36 (KHTML, like Gecko) Chrome/141.0.0.0 Safari/537.36 Edg/141.0.0.0"
jomarlogistica.com.br:80 73.42.233.213 - - [03/Oct/2025:17:06:11 -0300] "GET /wp-content/themes/consultio/assets/css/material-design-iconic-font.min.css?ver=2.2.0 HTTP/1.1" 200 8981 "https://jomarlogistica.com.br/2022/06/04/generator-interlock-kits-legal-in-washington-state-expert-analysis/" "Mozilla/5.0 (Windows NT 10.0; Win64; x64) AppleWebKit/537.36 (KHTML, like Gecko) Chrome/141.0.0.0 Safari/537.36 Edg/141.0.0.0"
jomarlogistica.com.br:80 73.42.233.213 - - [03/Oct/2025:17:06:11 -0300] "GET /wp-content/themes/consultio/assets/css/theme.css?ver=2.8.0 HTTP/1.1" 200 195072 "https://jomarlogistica.com.br/2022/06/04/generator-interlock-kits-legal-in-washington-state-expert-analysis/" "Mozilla/5.0 (Windows NT 10.0; Win64; x64) AppleWebKit/537.36 (KHTML, like Gecko) Chrome/141.0.0.0 Safari/537.36 Edg/141.0.0.0"
jomarlogistica.com.br:80 73.42.233.213 - - [03/Oct/2025:17:06:11 -0300] "GET /wp-content/themes/consultio/style.css?ver=5.8.10 HTTP/1.1" 200 866 "https://jomarlogistica.com.br/2022/06/04/generator-interlock-kits-legal-in-washington-state-expert-analysis/" "Mozilla/5.0 (Windows NT 10.0; Win64; x64) AppleWebKit/537.36 (KHTML, like Gecko) Chrome/141.0.0.0 Safari/537.36 Edg/141.0.0.0"
jomarlogistica.com.br:80 73.42.233.213 - - [03/Oct/2025:17:06:11 -0300] "GET /wp-content/plugins/meks-simple-flickr-widget/css/style.css?ver=1.2 HTTP/1.1" 200 577 "https://jomarlogistica.com.br/2022/06/04/generator-interlock-kits-legal-in-washington-state-expert-analysis/" "Mozilla/5.0 (Windows NT 10.0; Win64; x64) AppleWebKit/537.36 (KHTML, like Gecko) Chrome/141.0.0.0 Safari/537.36 Edg/141.0.0.0"
jomarlogistica.com.br:80 73.42.233.213 - - [03/Oct/2025:17:06:11 -0300] "GET /wp-content/plugins/newsletter/style.css?ver=7.3.3 HTTP/1.1" 200 1636 "https://jomarlogistica.com.br/2022/06/04/generator-interlock-kits-legal-in-washington-state-expert-analysis/" "Mozilla/5.0 (Windows NT 10.0; Win64; x64) AppleWebKit/537.36 (KHTML, like Gecko) Chrome/141.0.0.0 Safari/537.36 Edg/141.0.0.0"
jomarlogistica.com.br:80 73.42.233.213 - - [03/Oct/2025:17:06:11 -0300] "GET /wp-includes/js/jquery/jquery.min.js?ver=3.6.0 HTTP/1.1" 200 32444 "https://jomarlogistica.com.br/2022/06/04/generator-interlock-kits-legal-in-washington-state-expert-analysis/" "Mozilla/5.0 (Windows NT 10.0; Win64; x64) AppleWebKit/537.36 (KHTML, like Gecko) Chrome/141.0.0.0 Safari/537.36 Edg/141.0.0.0"
jomarlogistica.com.br:80 73.42.233.213 - - [03/Oct/2025:17:06:11 -0300] "GET /wp-includes/js/jquery/jquery-migrate.min.js?ver=3.3.2 HTTP/1.1" 200 4613 "https://jomarlogistica.com.br/2022/06/04/generator-interlock-kits-legal-in-washington-state-expert-analysis/" "Mozilla/5.0 (Windows NT 10.0; Win64; x64) AppleWebKit/537.36 (KHTML, like Gecko) Chrome/141.0.0.0 Safari/537.36 Edg/141.0.0.0"
jomarlogistica.com.br:80 73.42.233.213 - - [03/Oct/2025:17:06:11 -0300] "GET /wp-content/plugins/case-theme-core/assets/js/main.js?ver=1.0.0 HTTP/1.1" 200 570 "https://jomarlogistica.com.br/2022/06/04/generator-interlock-kits-legal-in-washington-state-expert-analysis/" "Mozilla/5.0 (Windows NT 10.0; Win64; x64) AppleWebKit/537.36 (KHTML, like Gecko) Chrome/141.0.0.0 Safari/537.36 Edg/141.0.0.0"
jomarlogistica.com.br:80 73.42.233.213 - - [03/Oct/2025:17:06:11 -0300] "GET /wp-content/themes/consultio/elementor/js/ct-inline-css.js?ver=2.8.0 HTTP/1.1" 200 864 "https://jomarlogistica.com.br/2022/06/04/generator-interlock-kits-legal-in-washington-state-expert-analysis/" "Mozilla/5.0 (Windows NT 10.0; Win64; x64) AppleWebKit/537.36 (KHTML, like Gecko) Chrome/141.0.0.0 Safari/537.36 Edg/141.0.0.0"
jomarlogistica.com.br:80 73.42.233.213 - - [03/Oct/2025:17:06:11 -0300] "GET /wp-content/uploads/2021/12/logo.png HTTP/1.1" 200 32663 "https://jomarlogistica.com.br/2022/06/04/generator-interlock-kits-legal-in-washington-state-expert-analysis/" "Mozilla/5.0 (Windows NT 10.0; Win64; x64) AppleWebKit/537.36 (KHTML, like Gecko) Chrome/141.0.0.0 Safari/537.36 Edg/141.0.0.0"
jomarlogistica.com.br:80 73.42.233.213 - - [03/Oct/2025:17:06:12 -0300] "GET /wp-content/plugins/revslider/public/assets/css/rs6.css?ver=6.5.11 HTTP/1.1" 200 13321 "https://jomarlogistica.com.br/2022/06/04/generator-interlock-kits-legal-in-washington-state-expert-analysis/" "Mozilla/5.0 (Windows NT 10.0; Win64; x64) AppleWebKit/537.36 (KHTML, like Gecko) Chrome/141.0.0.0 Safari/537.36 Edg/141.0.0.0"
jomarlogistica.com.br:80 73.42.233.213 - - [03/Oct/2025:17:06:12 -0300] "GET /wp-includes/js/jquery/ui/core.min.js?ver=1.12.1 HTTP/1.1" 200 7418 "https://jomarlogistica.com.br/2022/06/04/generator-interlock-kits-legal-in-washington-state-expert-analysis/" "Mozilla/5.0 (Windows NT 10.0; Win64; x64) AppleWebKit/537.36 (KHTML, like Gecko) Chrome/141.0.0.0 Safari/537.36 Edg/141.0.0.0"
jomarlogistica.com.br:80 73.42.233.213 - - [03/Oct/2025:17:06:13 -0300] "GET /wp-includes/js/jquery/ui/datepicker.min.js?ver=1.12.1 HTTP/1.1" 200 11555 "https://jomarlogistica.com.br/2022/06/04/generator-interlock-kits-legal-in-washington-state-expert-analysis/" "Mozilla/5.0 (Windows NT 10.0; Win64; x64) AppleWebKit/537.36 (KHTML, like Gecko) Chrome/141.0.0.0 Safari/537.36 Edg/141.0.0.0"
jomarlogistica.com.br:80 73.42.233.213 - - [03/Oct/2025:17:06:13 -0300] "GET /wp-content/plugins/booked/assets/js/spin.min.js?ver=2.0.1 HTTP/1.1" 200 2463 "https://jomarlogistica.com.br/2022/06/04/generator-interlock-kits-legal-in-washington-state-expert-analysis/" "Mozilla/5.0 (Windows NT 10.0; Win64; x64) AppleWebKit/537.36 (KHTML, like Gecko) Chrome/141.0.0.0 Safari/537.36 Edg/141.0.0.0"
jomarlogistica.com.br:80 73.42.233.213 - - [03/Oct/2025:17:06:13 -0300] "GET /wp-content/plugins/booked/assets/js/spin.jquery.js?ver=2.0.1 HTTP/1.1" 200 1167 "https://jomarlogistica.com.br/2022/06/04/generator-interlock-kits-legal-in-washington-state-expert-analysis/" "Mozilla/5.0 (Windows NT 10.0; Win64; x64) AppleWebKit/537.36 (KHTML, like Gecko) Chrome/141.0.0.0 Safari/537.36 Edg/141.0.0.0"
jomarlogistica.com.br:80 73.42.233.213 - - [03/Oct/2025:17:06:13 -0300] "GET /wp-content/plugins/booked/assets/js/tooltipster/js/jquery.tooltipster.min.js?ver=3.3.0 HTTP/1.1" 200 5373 "https://jomarlogistica.com.br/2022/06/04/generator-interlock-kits-legal-in-washington-state-expert-analysis/" "Mozilla/5.0 (Windows NT 10.0; Win64; x64) AppleWebKit/537.36 (KHTML, like Gecko) Chrome/141.0.0.0 Safari/537.36 Edg/141.0.0.0"
jomarlogistica.com.br:80 73.42.233.213 - - [03/Oct/2025:17:06:13 -0300] "GET /wp-content/plugins/booked/assets/js/functions.js?ver=2.3.5 HTTP/1.1" 200 10029 "https://jomarlogistica.com.br/2022/06/04/generator-interlock-kits-legal-in-washington-state-expert-analysis/" "Mozilla/5.0 (Windows NT 10.0; Win64; x64) AppleWebKit/537.36 (KHTML, like Gecko) Chrome/141.0.0.0 Safari/537.36 Edg/141.0.0.0"
jomarlogistica.com.br:80 73.42.233.213 - - [03/Oct/2025:17:06:13 -0300] "GET /wp-content/plugins/case-theme-user/acess/js/notify.min.js?ver=1.0.0 HTTP/1.1" 200 7826 "https://jomarlogistica.com.br/2022/06/04/generator-interlock-kits-legal-in-washington-state-expert-analysis/" "Mozilla/5.0 (Windows NT 10.0; Win64; x64) AppleWebKit/537.36 (KHTML, like Gecko) Chrome/141.0.0.0 Safari/537.36 Edg/141.0.0.0"
jomarlogistica.com.br:80 73.42.233.213 - - [03/Oct/2025:17:06:13 -0300] "GET /wp-content/plugins/case-theme-user/acess/js/remodal.min.js?ver=1.0.0 HTTP/1.1" 200 3045 "https://jomarlogistica.com.br/2022/06/04/generator-interlock-kits-legal-in-washington-state-expert-analysis/" "Mozilla/5.0 (Windows NT 10.0; Win64; x64) AppleWebKit/537.36 (KHTML, like Gecko) Chrome/141.0.0.0 Safari/537.36 Edg/141.0.0.0"
jomarlogistica.com.br:80 73.42.233.213 - - [03/Oct/2025:17:06:13 -0300] "GET /wp-content/plugins/case-theme-user/acess/js/ct-user-form.js?ver=1.0.0 HTTP/1.1" 200 2307 "https://jomarlogistica.com.br/2022/06/04/generator-interlock-kits-legal-in-washington-state-expert-analysis/" "Mozilla/5.0 (Windows NT 10.0; Win64; x64) AppleWebKit/537.36 (KHTML, like Gecko) Chrome/141.0.0.0 Safari/537.36 Edg/141.0.0.0"
jomarlogistica.com.br:80 73.42.233.213 - - [03/Oct/2025:17:06:13 -0300] "GET /wp-content/plugins/contact-form-7-multi-step/assets/frontend/js/cf7mls.js?ver=2.5.4 HTTP/1.1" 200 7286 "https://jomarlogistica.com.br/2022/06/04/generator-interlock-kits-legal-in-washington-state-expert-analysis/" "Mozilla/5.0 (Windows NT 10.0; Win64; x64) AppleWebKit/537.36 (KHTML, like Gecko) Chrome/141.0.0.0 Safari/537.36 Edg/141.0.0.0"
jomarlogistica.com.br:80 73.42.233.213 - - [03/Oct/2025:17:06:13 -0300] "GET /wp-includes/js/dist/vendor/regenerator-runtime.min.js?ver=0.13.7 HTTP/1.1" 200 2798 "https://jomarlogistica.com.br/2022/06/04/generator-interlock-kits-legal-in-washington-state-expert-analysis/" "Mozilla/5.0 (Windows NT 10.0; Win64; x64) AppleWebKit/537.36 (KHTML, like Gecko) Chrome/141.0.0.0 Safari/537.36 Edg/141.0.0.0"
jomarlogistica.com.br:80 73.42.233.213 - - [03/Oct/2025:17:06:13 -0300] "GET /wp-includes/js/dist/vendor/wp-polyfill.min.js?ver=3.15.0 HTTP/1.1" 200 6572 "https://jomarlogistica.com.br/2022/06/04/generator-interlock-kits-legal-in-washington-state-expert-analysis/" "Mozilla/5.0 (Windows NT 10.0; Win64; x64) AppleWebKit/537.36 (KHTML, like Gecko) Chrome/141.0.0.0 Safari/537.36 Edg/141.0.0.0"
jomarlogistica.com.br:80 73.42.233.213 - - [03/Oct/2025:17:06:13 -0300] "GET /wp-content/plugins/contact-form-7/includes/js/index.js?ver=5.5.3 HTTP/1.1" 200 4245 "https://jomarlogistica.com.br/2022/06/04/generator-interlock-kits-legal-in-washington-state-expert-analysis/" "Mozilla/5.0 (Windows NT 10.0; Win64; x64) AppleWebKit/537.36 (KHTML, like Gecko) Chrome/141.0.0.0 Safari/537.36 Edg/141.0.0.0"
jomarlogistica.com.br:80 73.42.233.213 - - [03/Oct/2025:17:06:13 -0300] "GET /wp-content/plugins/booked/includes/add-ons/frontend-agents/js/functions.js?ver=2.3.5 HTTP/1.1" 200 1592 "https://jomarlogistica.com.br/2022/06/04/generator-interlock-kits-legal-in-washington-state-expert-analysis/" "Mozilla/5.0 (Windows NT 10.0; Win64; x64) AppleWebKit/537.36 (KHTML, like Gecko) Chrome/141.0.0.0 Safari/537.36 Edg/141.0.0.0"
jomarlogistica.com.br:80 73.42.233.213 - - [03/Oct/2025:17:06:13 -0300] "GET /wp-content/themes/consultio/assets/js/bootstrap.min.js?ver=4.0.0 HTTP/1.1" 200 14168 "https://jomarlogistica.com.br/2022/06/04/generator-interlock-kits-legal-in-washington-state-expert-analysis/" "Mozilla/5.0 (Windows NT 10.0; Win64; x64) AppleWebKit/537.36 (KHTML, like Gecko) Chrome/141.0.0.0 Safari/537.36 Edg/141.0.0.0"
jomarlogistica.com.br:80 73.42.233.213 - - [03/Oct/2025:17:06:13 -0300] "GET /wp-content/themes/consultio/assets/js/nice-select.min.js?ver=all HTTP/1.1" 200 1420 "https://jomarlogistica.com.br/2022/06/04/generator-interlock-kits-legal-in-washington-state-expert-analysis/" "Mozilla/5.0 (Windows NT 10.0; Win64; x64) AppleWebKit/537.36 (KHTML, like Gecko) Chrome/141.0.0.0 Safari/537.36 Edg/141.0.0.0"
jomarlogistica.com.br:80 73.42.233.213 - - [03/Oct/2025:17:06:13 -0300] "GET /wp-content/themes/consultio/assets/js/match-height-min.js?ver=1.0.0 HTTP/1.1" 200 3557 "https://jomarlogistica.com.br/2022/06/04/generator-interlock-kits-legal-in-washington-state-expert-analysis/" "Mozilla/5.0 (Windows NT 10.0; Win64; x64) AppleWebKit/537.36 (KHTML, like Gecko) Chrome/141.0.0.0 Safari/537.36 Edg/141.0.0.0"
jomarlogistica.com.br:80 73.42.233.213 - - [03/Oct/2025:17:06:13 -0300] "GET /wp-content/themes/consultio/assets/js/magnific-popup.min.js?ver=1.0.0 HTTP/1.1" 200 14895 "https://jomarlogistica.com.br/2022/06/04/generator-interlock-kits-legal-in-washington-state-expert-analysis/" "Mozilla/5.0 (Windows NT 10.0; Win64; x64) AppleWebKit/537.36 (KHTML, like Gecko) Chrome/141.0.0.0 Safari/537.36 Edg/141.0.0.0"
jomarlogistica.com.br:80 73.42.233.213 - - [03/Oct/2025:17:06:13 -0300] "GET /wp-content/themes/consultio/assets/js/progressbar.min.js?ver=1.0.0 HTTP/1.1" 200 1327 "https://jomarlogistica.com.br/2022/06/04/generator-interlock-kits-legal-in-washington-state-expert-analysis/" "Mozilla/5.0 (Windows NT 10.0; Win64; x64) AppleWebKit/537.36 (KHTML, like Gecko) Chrome/141.0.0.0 Safari/537.36 Edg/141.0.0.0"
jomarlogistica.com.br:80 73.42.233.213 - - [03/Oct/2025:17:06:13 -0300] "GET /wp-content/themes/consultio/assets/js/wow.min.js?ver=1.0.0 HTTP/1.1" 200 3260 "https://jomarlogistica.com.br/2022/06/04/generator-interlock-kits-legal-in-washington-state-expert-analysis/" "Mozilla/5.0 (Windows NT 10.0; Win64; x64) AppleWebKit/537.36 (KHTML, like Gecko) Chrome/141.0.0.0 Safari/537.36 Edg/141.0.0.0"
jomarlogistica.com.br:80 73.42.233.213 - - [03/Oct/2025:17:06:13 -0300] "GET /wp-includes/js/jquery/ui/mouse.min.js?ver=1.12.1 HTTP/1.1" 200 1479 "https://jomarlogistica.com.br/2022/06/04/generator-interlock-kits-legal-in-washington-state-expert-analysis/" "Mozilla/5.0 (Windows NT 10.0; Win64; x64) AppleWebKit/537.36 (KHTML, like Gecko) Chrome/141.0.0.0 Safari/537.36 Edg/141.0.0.0"
jomarlogistica.com.br:80 73.42.233.213 - - [03/Oct/2025:17:06:13 -0300] "GET /wp-includes/js/jquery/ui/slider.min.js?ver=1.12.1 HTTP/1.1" 200 3602 "https://jomarlogistica.com.br/2022/06/04/generator-interlock-kits-legal-in-washington-state-expert-analysis/" "Mozilla/5.0 (Windows NT 10.0; Win64; x64) AppleWebKit/537.36 (KHTML, like Gecko) Chrome/141.0.0.0 Safari/537.36 Edg/141.0.0.0"
jomarlogistica.com.br:80 73.42.233.213 - - [03/Oct/2025:17:06:13 -0300] "GET /wp-content/themes/consultio/assets/js/main.js?ver=2.8.0 HTTP/1.1" 200 6455 "https://jomarlogistica.com.br/2022/06/04/generator-interlock-kits-legal-in-washington-state-expert-analysis/" "Mozilla/5.0 (Windows NT 10.0; Win64; x64) AppleWebKit/537.36 (KHTML, like Gecko) Chrome/141.0.0.0 Safari/537.36 Edg/141.0.0.0"
jomarlogistica.com.br:80 73.42.233.213 - - [03/Oct/2025:17:06:13 -0300] "GET /wp-includes/js/wp-embed.min.js?ver=5.8.10 HTTP/1.1" 200 1177 "https://jomarlogistica.com.br/2022/06/04/generator-interlock-kits-legal-in-washington-state-expert-analysis/" "Mozilla/5.0 (Windows NT 10.0; Win64; x64) AppleWebKit/537.36 (KHTML, like Gecko) Chrome/141.0.0.0 Safari/537.36 Edg/141.0.0.0"
jomarlogistica.com.br:80 73.42.233.213 - - [03/Oct/2025:17:06:13 -0300] "GET /wp-content/plugins/revslider/public/assets/js/rbtools.min.js?ver=6.5.11 HTTP/1.1" 200 48787 "https://jomarlogistica.com.br/2022/06/04/generator-interlock-kits-legal-in-washington-state-expert-analysis/" "Mozilla/5.0 (Windows NT 10.0; Win64; x64) AppleWebKit/537.36 (KHTML, like Gecko) Chrome/141.0.0.0 Safari/537.36 Edg/141.0.0.0"
jomarlogistica.com.br:80 73.42.233.213 - - [03/Oct/2025:17:06:13 -0300] "GET /wp-content/plugins/revslider/public/assets/js/rs6.min.js?ver=6.5.11 HTTP/1.1" 200 104993 "https://jomarlogistica.com.br/2022/06/04/generator-interlock-kits-legal-in-washington-state-expert-analysis/" "Mozilla/5.0 (Windows NT 10.0; Win64; x64) AppleWebKit/537.36 (KHTML, like Gecko) Chrome/141.0.0.0 Safari/537.36 Edg/141.0.0.0"
jomarlogistica.com.br:80 73.42.233.213 - - [03/Oct/2025:17:06:13 -0300] "GET /wp-includes/js/wp-emoji-release.min.js?ver=5.8.10 HTTP/1.1" 200 5577 "https://jomarlogistica.com.br/2022/06/04/generator-interlock-kits-legal-in-washington-state-expert-analysis/" "Mozilla/5.0 (Windows NT 10.0; Win64; x64) AppleWebKit/537.36 (KHTML, like Gecko) Chrome/141.0.0.0 Safari/537.36 Edg/141.0.0.0"
jomarlogistica.com.br:80 73.42.233.213 - - [03/Oct/2025:17:06:13 -0300] "GET /wp-content/uploads/2020/05/bg-page-title-u.jpg HTTP/1.1" 200 88326 "https://jomarlogistica.com.br/2022/06/04/generator-interlock-kits-legal-in-washington-state-expert-analysis/" "Mozilla/5.0 (Windows NT 10.0; Win64; x64) AppleWebKit/537.36 (KHTML, like Gecko) Chrome/141.0.0.0 Safari/537.36 Edg/141.0.0.0"
jomarlogistica.com.br:80 73.42.233.213 - - [03/Oct/2025:17:06:13 -0300] "GET /wp-content/themes/consultio/assets/fonts/fontawesome/fa-brands-400.woff2 HTTP/1.1" 200 75110 "https://jomarlogistica.com.br/wp-content/themes/consultio/assets/css/font-awesome5.min.css?ver=5.8.0" "Mozilla/5.0 (Windows NT 10.0; Win64; x64) AppleWebKit/537.36 (KHTML, like Gecko) Chrome/141.0.0.0 Safari/537.36 Edg/141.0.0.0"
jomarlogistica.com.br:80 73.42.233.213 - - [03/Oct/2025:17:06:13 -0300] "GET /wp-content/themes/consultio/assets/fonts/Flaticon.woff2 HTTP/1.1" 200 12814 "https://jomarlogistica.com.br/wp-content/themes/consultio/assets/css/flaticon.css?ver=2.8.0" "Mozilla/5.0 (Windows NT 10.0; Win64; x64) AppleWebKit/537.36 (KHTML, like Gecko) Chrome/141.0.0.0 Safari/537.36 Edg/141.0.0.0"
jomarlogistica.com.br:80 73.42.233.213 - - [03/Oct/2025:17:06:13 -0300] "GET /wp-content/themes/consultio/assets/fonts/Flaticon-v3.woff2 HTTP/1.1" 200 8049 "https://jomarlogistica.com.br/wp-content/themes/consultio/assets/css/flaticon-v3.css?ver=2.8.0" "Mozilla/5.0 (Windows NT 10.0; Win64; x64) AppleWebKit/537.36 (KHTML, like Gecko) Chrome/141.0.0.0 Safari/537.36 Edg/141.0.0.0"
jomarlogistica.com.br:80 73.42.233.213 - - [03/Oct/2025:17:06:13 -0300] "GET /wp-content/themes/consultio/assets/fonts/fontawesome/fa-solid-900.woff2 HTTP/1.1" 200 117654 "https://jomarlogistica.com.br/wp-content/themes/consultio/assets/css/font-awesome5.min.css?ver=5.8.0" "Mozilla/5.0 (Windows NT 10.0; Win64; x64) AppleWebKit/537.36 (KHTML, like Gecko) Chrome/141.0.0.0 Safari/537.36 Edg/141.0.0.0"
