jomarlogistica.com.br:80 181.12.134.18 - - [03/Oct/2025:23:08:13 -0300] "GET /wp-content/plugins/case-theme-user/acess/js/ct-user-form.js?ver=1.0.0 HTTP/1.1" 200 2307 "https://jomarlogistica.com.br/2023/08/22/understanding-canopy-piloting-rules-expert-guide-for-legalities/" "Mozilla/5.0 (Macintosh; Intel Mac OS X 10_15_7) AppleWebKit/537.36 (KHTML, like Gecko) Chrome/125.0.0.0 Safari/537.36"
jomarlogistica.com.br:80 181.12.134.18 - - [03/Oct/2025:23:08:13 -0300] "GET /wp-content/plugins/contact-form-7-multi-step/assets/frontend/js/cf7mls.js?ver=2.5.4 HTTP/1.1" 200 7286 "https://jomarlogistica.com.br/2023/08/22/understanding-canopy-piloting-rules-expert-guide-for-legalities/" "Mozilla/5.0 (Macintosh; Intel Mac OS X 10_15_7) AppleWebKit/537.36 (KHTML, like Gecko) Chrome/125.0.0.0 Safari/537.36"
jomarlogistica.com.br:80 181.12.134.18 - - [03/Oct/2025:23:08:13 -0300] "GET /wp-includes/js/dist/vendor/wp-polyfill.min.js?ver=3.15.0 HTTP/1.1" 200 6572 "https://jomarlogistica.com.br/2023/08/22/understanding-canopy-piloting-rules-expert-guide-for-legalities/" "Mozilla/5.0 (Macintosh; Intel Mac OS X 10_15_7) AppleWebKit/537.36 (KHTML, like Gecko) Chrome/125.0.0.0 Safari/537.36"
jomarlogistica.com.br:80 181.12.134.18 - - [03/Oct/2025:23:08:13 -0300] "GET /wp-content/plugins/booked/includes/add-ons/frontend-agents/js/functions.js?ver=2.3.5 HTTP/1.1" 200 1611 "https://jomarlogistica.com.br/2023/08/22/understanding-canopy-piloting-rules-expert-guide-for-legalities/" "Mozilla/5.0 (Macintosh; Intel Mac OS X 10_15_7) AppleWebKit/537.36 (KHTML, like Gecko) Chrome/125.0.0.0 Safari/537.36"
jomarlogistica.com.br:80 181.12.134.18 - - [03/Oct/2025:23:08:14 -0300] "GET /wp-content/themes/consultio/assets/js/nice-select.min.js?ver=all HTTP/1.1" 200 1439 "https://jomarlogistica.com.br/2023/08/22/understanding-canopy-piloting-rules-expert-guide-for-legalities/" "Mozilla/5.0 (Macintosh; Intel Mac OS X 10_15_7) AppleWebKit/537.36 (KHTML, like Gecko) Chrome/125.0.0.0 Safari/537.36"
jomarlogistica.com.br:80 127.0.0.1 - - [03/Oct/2025:23:08:14 -0300] "OPTIONS * HTTP/1.0" 200 110 "-" "Apache/2.4.65 (Ubuntu) (internal dummy connection)"
jomarlogistica.com.br:80 181.12.134.18 - - [03/Oct/2025:23:08:14 -0300] "GET /wp-content/plugins/contact-form-7/includes/js/index.js?ver=5.5.3 HTTP/1.1" 200 4245 "https://jomarlogistica.com.br/2023/08/22/understanding-canopy-piloting-rules-expert-guide-for-legalities/" "Mozilla/5.0 (Macintosh; Intel Mac OS X 10_15_7) AppleWebKit/537.36 (KHTML, like Gecko) Chrome/125.0.0.0 Safari/537.36"
jomarlogistica.com.br:80 181.12.134.18 - - [03/Oct/2025:23:08:14 -0300] "GET /wp-content/plugins/booked/assets/js/functions.js?ver=2.3.5 HTTP/1.1" 200 10029 "https://jomarlogistica.com.br/2023/08/22/understanding-canopy-piloting-rules-expert-guide-for-legalities/" "Mozilla/5.0 (Macintosh; Intel Mac OS X 10_15_7) AppleWebKit/537.36 (KHTML, like Gecko) Chrome/125.0.0.0 Safari/537.36"
jomarlogistica.com.br:80 181.12.134.18 - - [03/Oct/2025:23:08:15 -0300] "GET /wp-content/themes/consultio/assets/js/progressbar.min.js?ver=1.0.0 HTTP/1.1" 200 1327 "https://jomarlogistica.com.br/2023/08/22/understanding-canopy-piloting-rules-expert-guide-for-legalities/" "Mozilla/5.0 (Macintosh; Intel Mac OS X 10_15_7) AppleWebKit/537.36 (KHTML, like Gecko) Chrome/125.0.0.0 Safari/537.36"
jomarlogistica.com.br:80 181.12.134.18 - - [03/Oct/2025:23:08:15 -0300] "GET /wp-includes/js/wp-embed.min.js?ver=5.8.10 HTTP/1.1" 200 1177 "https://jomarlogistica.com.br/2023/08/22/understanding-canopy-piloting-rules-expert-guide-for-legalities/" "Mozilla/5.0 (Macintosh; Intel Mac OS X 10_15_7) AppleWebKit/537.36 (KHTML, like Gecko) Chrome/125.0.0.0 Safari/537.36"
jomarlogistica.com.br:80 181.12.134.18 - - [03/Oct/2025:23:08:15 -0300] "GET /wp-content/themes/consultio/assets/js/bootstrap.min.js?ver=4.0.0 HTTP/1.1" 200 14168 "https://jomarlogistica.com.br/2023/08/22/understanding-canopy-piloting-rules-expert-guide-for-legalities/" "Mozilla/5.0 (Macintosh; Intel Mac OS X 10_15_7) AppleWebKit/537.36 (KHTML, like Gecko) Chrome/125.0.0.0 Safari/537.36"
jomarlogistica.com.br:80 181.12.134.18 - - [03/Oct/2025:23:08:15 -0300] "GET /wp-content/themes/consultio/assets/js/main.js?ver=2.8.0 HTTP/1.1" 200 6455 "https://jomarlogistica.com.br/2023/08/22/understanding-canopy-piloting-rules-expert-guide-for-legalities/" "Mozilla/5.0 (Macintosh; Intel Mac OS X 10_15_7) AppleWebKit/537.36 (KHTML, like Gecko) Chrome/125.0.0.0 Safari/537.36"
jomarlogistica.com.br:80 181.12.134.18 - - [03/Oct/2025:23:08:15 -0300] "GET /wp-includes/js/jquery/ui/slider.min.js?ver=1.12.1 HTTP/1.1" 200 3621 "https://jomarlogistica.com.br/2023/08/22/understanding-canopy-piloting-rules-expert-guide-for-legalities/" "Mozilla/5.0 (Macintosh; Intel Mac OS X 10_15_7) AppleWebKit/537.36 (KHTML, like Gecko) Chrome/125.0.0.0 Safari/537.36"
jomarlogistica.com.br:80 181.12.134.18 - - [03/Oct/2025:23:08:16 -0300] "GET /wp-includes/js/jquery/ui/mouse.min.js?ver=1.12.1 HTTP/1.1" 200 1479 "https://jomarlogistica.com.br/2023/08/22/understanding-canopy-piloting-rules-expert-guide-for-legalities/" "Mozilla/5.0 (Macintosh; Intel Mac OS X 10_15_7) AppleWebKit/537.36 (KHTML, like Gecko) Chrome/125.0.0.0 Safari/537.36"
jomarlogistica.com.br:80 181.12.134.18 - - [03/Oct/2025:23:08:16 -0300] "GET /wp-content/themes/consultio/assets/js/wow.min.js?ver=1.0.0 HTTP/1.1" 200 3260 "https://jomarlogistica.com.br/2023/08/22/understanding-canopy-piloting-rules-expert-guide-for-legalities/" "Mozilla/5.0 (Macintosh; Intel Mac OS X 10_15_7) AppleWebKit/537.36 (KHTML, like Gecko) Chrome/125.0.0.0 Safari/537.36"
jomarlogistica.com.br:80 181.12.134.18 - - [03/Oct/2025:23:08:16 -0300] "GET /wp-content/themes/consultio/assets/js/match-height-min.js?ver=1.0.0 HTTP/1.1" 200 3557 "https://jomarlogistica.com.br/2023/08/22/understanding-canopy-piloting-rules-expert-guide-for-legalities/" "Mozilla/5.0 (Macintosh; Intel Mac OS X 10_15_7) AppleWebKit/537.36 (KHTML, like Gecko) Chrome/125.0.0.0 Safari/537.36"
jomarlogistica.com.br:80 181.12.134.18 - - [03/Oct/2025:23:08:16 -0300] "GET /wp-content/themes/consultio/assets/js/magnific-popup.min.js?ver=1.0.0 HTTP/1.1" 200 14895 "https://jomarlogistica.com.br/2023/08/22/understanding-canopy-piloting-rules-expert-guide-for-legalities/" "Mozilla/5.0 (Macintosh; Intel Mac OS X 10_15_7) AppleWebKit/537.36 (KHTML, like Gecko) Chrome/125.0.0.0 Safari/537.36"
jomarlogistica.com.br:80 181.12.134.18 - - [03/Oct/2025:23:08:17 -0300] "GET /wp-includes/js/wp-emoji-release.min.js?ver=5.8.10 HTTP/1.1" 200 5577 "https://jomarlogistica.com.br/2023/08/22/understanding-canopy-piloting-rules-expert-guide-for-legalities/" "Mozilla/5.0 (Macintosh; Intel Mac OS X 10_15_7) AppleWebKit/537.36 (KHTML, like Gecko) Chrome/125.0.0.0 Safari/537.36"
jomarlogistica.com.br:80 181.12.134.18 - - [03/Oct/2025:23:08:17 -0300] "GET /wp-content/plugins/revslider/public/assets/js/rbtools.min.js?ver=6.5.11 HTTP/1.1" 200 48787 "https://jomarlogistica.com.br/2023/08/22/understanding-canopy-piloting-rules-expert-guide-for-legalities/" "Mozilla/5.0 (Macintosh; Intel Mac OS X 10_15_7) AppleWebKit/537.36 (KHTML, like Gecko) Chrome/125.0.0.0 Safari/537.36"
jomarlogistica.com.br:80 181.12.134.18 - - [03/Oct/2025:23:08:17 -0300] "GET /wp-content/plugins/revslider/public/assets/js/rs6.min.js?ver=6.5.11 HTTP/1.1" 200 104993 "https://jomarlogistica.com.br/2023/08/22/understanding-canopy-piloting-rules-expert-guide-for-legalities/" "Mozilla/5.0 (Macintosh; Intel Mac OS X 10_15_7) AppleWebKit/537.36 (KHTML, like Gecko) Chrome/125.0.0.0 Safari/537.36"
jomarlogistica.com.br:80 181.12.134.18 - - [03/Oct/2025:23:08:10 -0300] "GET /?a7b529c=7418727 HTTP/1.1" 200 287 "https://jomarlogistica.com.br/2023/08/22/understanding-canopy-piloting-rules-expert-guide-for-legalities/" "Mozilla/5.0 (Macintosh; Intel Mac OS X 10_15_7) AppleWebKit/537.36 (KHTML, like Gecko) Chrome/125.0.0.0 Safari/537.36"
jomarlogistica.com.br:80 127.0.0.1 - - [03/Oct/2025:23:08:22 -0300] "OPTIONS * HTTP/1.0" 200 110 "-" "Apache/2.4.65 (Ubuntu) (internal dummy connection)"
jomarlogistica.com.br:80 127.0.0.1 - - [03/Oct/2025:23:08:24 -0300] "OPTIONS * HTTP/1.0" 200 110 "-" "Apache/2.4.65 (Ubuntu) (internal dummy connection)"
jomarlogistica.com.br:80 57.141.0.20 - - [03/Oct/2025:23:09:48 -0300] "GET /2022/10/24/spots-to-meet-ladies/ HTTP/1.1" 200 82069 "-" "meta-externalagent/1.1 (+https://developers.facebook.com/docs/sharing/webmasters/crawler)"
jomarlogistica.com.br:80 114.119.158.0 - - [03/Oct/2025:23:11:51 -0300] "GET /2023/12/18/alien-wedge-legal-understanding-the-legalities-of-alienation-of-land/ HTTP/1.1" 200 15010 "https://jomarlogistica.com.br/2023/12/" "Mozilla/5.0 (Linux; Android 7.0;) AppleWebKit/537.36 (KHTML, like Gecko) Mobile Safari/537.36 (compatible; PetalBot;+https://webmaster.petalsearch.com/site/petalbot)"
jomarlogistica.com.br:80 172.20.1.198 - - [03/Oct/2025:23:14:52 -0300] "POST /wp-cron.php?doing_wp_cron=1759544092.3570001125335693359375 HTTP/1.1" 200 389 "https://jomarlogistica.com.br/wp-cron.php?doing_wp_cron=1759544092.3570001125335693359375" "WordPress/5.8.10; https://jomarlogistica.com.br"
jomarlogistica.com.br:80 51.8.155.73 - - [03/Oct/2025:23:14:51 -0300] "GET /2024/01/16/is-owning-pet-squirrels-legal-in-florida-laws-regulations/ HTTP/1.1" 200 13815 "-" "Mozilla/5.0 AppleWebKit/537.36 (KHTML, like Gecko); compatible; ChatGPT-User/1.0; +https://openai.com/bot"
jomarlogistica.com.br:80 51.8.155.74 - - [03/Oct/2025:23:14:54 -0300] "GET / HTTP/1.1" 200 23930 "-" "Mozilla/5.0 AppleWebKit/537.36 (KHTML, like Gecko); compatible; ChatGPT-User/1.0; +https://openai.com/bot"
jomarlogistica.com.br:80 127.0.0.1 - - [03/Oct/2025:23:15:00 -0300] "OPTIONS * HTTP/1.0" 200 110 "-" "Apache/2.4.65 (Ubuntu) (internal dummy connection)"
jomarlogistica.com.br:80 216.244.66.226 - - [03/Oct/2025:23:17:09 -0300] "GET /2023/09/27/how-to-conduct-a-borad-meeting-online/ HTTP/1.1" 200 79395 "-" "Mozilla/5.0 (compatible; DotBot/1.2; +https://opensiteexplorer.org/dotbot; help@moz.com)"
jomarlogistica.com.br:80 172.20.1.198 - - [03/Oct/2025:23:20:32 -0300] "POST /wp-cron.php?doing_wp_cron=1759544432.1747128963470458984375 HTTP/1.1" 200 389 "https://jomarlogistica.com.br/wp-cron.php?doing_wp_cron=1759544432.1747128963470458984375" "WordPress/5.8.10; https://jomarlogistica.com.br"
jomarlogistica.com.br:80 57.141.0.16 - - [03/Oct/2025:23:20:31 -0300] "GET /2023/02/01/the-best-latin-singers-of-all-time/ HTTP/1.1" 200 81170 "-" "meta-externalagent/1.1 (+https://developers.facebook.com/docs/sharing/webmasters/crawler)"
jomarlogistica.com.br:80 127.0.0.1 - - [03/Oct/2025:23:20:37 -0300] "OPTIONS * HTTP/1.0" 200 110 "-" "Apache/2.4.65 (Ubuntu) (internal dummy connection)"
jomarlogistica.com.br:80 172.20.1.198 - - [03/Oct/2025:23:26:08 -0300] "POST /wp-cron.php?doing_wp_cron=1759544768.7770590782165527343750 HTTP/1.1" 200 389 "https://jomarlogistica.com.br/wp-cron.php?doing_wp_cron=1759544768.7770590782165527343750" "WordPress/5.8.10; https://jomarlogistica.com.br"
jomarlogistica.com.br:80 57.141.0.39 - - [03/Oct/2025:23:26:08 -0300] "GET /2024/01/16/is-owning-pet-squirrels-legal-in-florida-laws-regulations/ HTTP/1.1" 200 60327 "-" "meta-externalagent/1.1 (+https://developers.facebook.com/docs/sharing/webmasters/crawler)"
jomarlogistica.com.br:80 127.0.0.1 - - [03/Oct/2025:23:26:13 -0300] "OPTIONS * HTTP/1.0" 200 110 "-" "Apache/2.4.65 (Ubuntu) (internal dummy connection)"
jomarlogistica.com.br:80 172.20.1.198 - - [03/Oct/2025:23:27:32 -0300] "POST /wp-cron.php?doing_wp_cron=1759544852.9303569793701171875000 HTTP/1.1" 200 389 "https://jomarlogistica.com.br/wp-cron.php?doing_wp_cron=1759544852.9303569793701171875000" "WordPress/5.8.10; https://jomarlogistica.com.br"
jomarlogistica.com.br:80 57.141.0.9 - - [03/Oct/2025:23:27:32 -0300] "GET /2023/02/26/getting-married-at-the-courthouse-in-alberta-everything-you-need-to-know/ HTTP/1.1" 200 61579 "-" "meta-externalagent/1.1 (+https://developers.facebook.com/docs/sharing/webmasters/crawler)"
jomarlogistica.com.br:80 127.0.0.1 - - [03/Oct/2025:23:27:37 -0300] "OPTIONS * HTTP/1.0" 200 110 "-" "Apache/2.4.65 (Ubuntu) (internal dummy connection)"
jomarlogistica.com.br:80 216.244.66.226 - - [03/Oct/2025:23:27:40 -0300] "GET /2023/04/27/mail-order-bride-noun-american-british-definition-and-synonyms/ HTTP/1.1" 200 85372 "-" "Mozilla/5.0 (compatible; DotBot/1.2; +https://opensiteexplorer.org/dotbot; help@moz.com)"
jomarlogistica.com.br:80 57.141.0.38 - - [03/Oct/2025:23:30:47 -0300] "GET /2023/02/14/can-an-independent-contractor-open-a-roth-ira-legal-guide/ HTTP/1.1" 200 61132 "-" "meta-externalagent/1.1 (+https://developers.facebook.com/docs/sharing/webmasters/crawler)"
jomarlogistica.com.br:80 172.20.1.198 - - [03/Oct/2025:23:33:53 -0300] "POST /wp-cron.php?doing_wp_cron=1759545233.6554551124572753906250 HTTP/1.1" 200 389 "https://jomarlogistica.com.br/wp-cron.php?doing_wp_cron=1759545233.6554551124572753906250" "WordPress/5.8.10; https://jomarlogistica.com.br"
jomarlogistica.com.br:80 177.212.249.167 - - [03/Oct/2025:23:33:53 -0300] "POST /autodiscover/autodiscover.xml HTTP/1.1" 404 448 "-" "AppleExchangeWebServices/833 accountsd/113"
jomarlogistica.com.br:80 127.0.0.1 - - [03/Oct/2025:23:33:58 -0300] "OPTIONS * HTTP/1.0" 200 110 "-" "Apache/2.4.65 (Ubuntu) (internal dummy connection)"
jomarlogistica.com.br:80 172.20.1.198 - - [03/Oct/2025:23:39:15 -0300] "POST /wp-cron.php?doing_wp_cron=1759545555.0473630428314208984375 HTTP/1.1" 200 389 "https://jomarlogistica.com.br/wp-cron.php?doing_wp_cron=1759545555.0473630428314208984375" "WordPress/5.8.10; https://jomarlogistica.com.br"
jomarlogistica.com.br:80 114.119.159.76 - - [03/Oct/2025:23:39:14 -0300] "GET /2022/12/11/finding-the-best-foreign-online-dating-sites/ HTTP/1.1" 200 17443 "https://jomarlogistica.com.br/author/jomar/page/45/" "Mozilla/5.0 (Linux; Android 7.0;) AppleWebKit/537.36 (KHTML, like Gecko) Mobile Safari/537.36 (compatible; PetalBot;+https://webmaster.petalsearch.com/site/petalbot)"
jomarlogistica.com.br:80 127.0.0.1 - - [03/Oct/2025:23:39:20 -0300] "OPTIONS * HTTP/1.0" 200 110 "-" "Apache/2.4.65 (Ubuntu) (internal dummy connection)"
jomarlogistica.com.br:80 57.141.0.72 - - [03/Oct/2025:23:39:35 -0300] "GET /2023/09/25/how-to-fix-the-avast-is-blocking-websites-error/ HTTP/1.1" 200 79327 "-" "meta-externalagent/1.1 (+https://developers.facebook.com/docs/sharing/webmasters/crawler)"
jomarlogistica.com.br:80 172.20.1.198 - - [03/Oct/2025:23:42:13 -0300] "POST /wp-cron.php?doing_wp_cron=1759545733.3978819847106933593750 HTTP/1.1" 200 389 "https://jomarlogistica.com.br/wp-cron.php?doing_wp_cron=1759545733.3978819847106933593750" "WordPress/5.8.10; https://jomarlogistica.com.br"
jomarlogistica.com.br:80 216.244.66.226 - - [03/Oct/2025:23:42:12 -0300] "GET /robots.txt HTTP/1.1" 200 565 "-" "Mozilla/5.0 (compatible; DotBot/1.2; +https://opensiteexplorer.org/dotbot; help@moz.com)"
jomarlogistica.com.br:80 127.0.0.1 - - [03/Oct/2025:23:42:18 -0300] "OPTIONS * HTTP/1.0" 200 110 "-" "Apache/2.4.65 (Ubuntu) (internal dummy connection)"
jomarlogistica.com.br:80 66.249.66.38 - - [03/Oct/2025:23:45:33 -0300] "GET /robots.txt HTTP/1.1" 200 584 "-" "Mozilla/5.0 (compatible; Googlebot/2.1; +http://www.google.com/bot.html)"
jomarlogistica.com.br:80 66.249.66.37 - - [03/Oct/2025:23:45:33 -0300] "GET /2023/12/03/efficiency-legal-synonyms-streamlining-legal-terminology-for-maximum-impact/ HTTP/1.1" 200 14022 "-" "Mozilla/5.0 (Linux; Android 6.0.1; Nexus 5X Build/MMB29P) AppleWebKit/537.36 (KHTML, like Gecko) Chrome/140.0.7339.207 Mobile Safari/537.36 (compatible; GoogleOther)"
jomarlogistica.com.br:80 57.141.0.70 - - [03/Oct/2025:23:47:05 -0300] "GET /2023/04/20/internet-dating-foreigners-can-be-exciting-and-romantic-but-it-may-also-be-difficult/ HTTP/1.1" 200 81951 "-" "meta-externalagent/1.1 (+https://developers.facebook.com/docs/sharing/webmasters/crawler)"
jomarlogistica.com.br:80 172.20.1.198 - - [03/Oct/2025:23:48:07 -0300] "POST /wp-cron.php?doing_wp_cron=1759546087.3123750686645507812500 HTTP/1.1" 200 389 "https://jomarlogistica.com.br/wp-cron.php?doing_wp_cron=1759546087.3123750686645507812500" "WordPress/5.8.10; https://jomarlogistica.com.br"
jomarlogistica.com.br:80 98.84.184.80 - - [03/Oct/2025:23:48:06 -0300] "GET /2022/04/20/alabama-suboxone-laws-what-you-need-to-know/ HTTP/1.1" 200 14012 "-" "Mozilla/5.0 AppleWebKit/537.36 (KHTML, like Gecko; compatible; Amazonbot/0.1; +https://developer.amazon.com/support/amazonbot) Chrome/119.0.6045.214 Safari/537.36"
jomarlogistica.com.br:80 3.211.181.86 - - [03/Oct/2025:23:48:10 -0300] "GET /2023/12/16/air-france-covid-requirements-legal-guidelines-and-updates/ HTTP/1.1" 200 14230 "-" "Mozilla/5.0 AppleWebKit/537.36 (KHTML, like Gecko; compatible; Amazonbot/0.1; +https://developer.amazon.com/support/amazonbot) Chrome/119.0.6045.214 Safari/537.36"
jomarlogistica.com.br:80 127.0.0.1 - - [03/Oct/2025:23:48:16 -0300] "OPTIONS * HTTP/1.0" 200 110 "-" "Apache/2.4.65 (Ubuntu) (internal dummy connection)"
jomarlogistica.com.br:80 177.212.249.167 - - [03/Oct/2025:23:52:01 -0300] "POST /autodiscover/autodiscover.xml HTTP/1.1" 404 448 "-" "AppleExchangeWebServices/833 accountsd/113"
jomarlogistica.com.br:80 177.212.249.167 - - [03/Oct/2025:23:52:03 -0300] "POST /autodiscover/autodiscover.xml HTTP/1.1" 404 448 "-" "AppleExchangeWebServices/833 accountsd/113"
jomarlogistica.com.br:80 172.20.1.198 - - [03/Oct/2025:23:54:43 -0300] "POST /wp-cron.php?doing_wp_cron=1759546483.0137770175933837890625 HTTP/1.1" 200 389 "https://jomarlogistica.com.br/wp-cron.php?doing_wp_cron=1759546483.0137770175933837890625" "WordPress/5.8.10; https://jomarlogistica.com.br"
jomarlogistica.com.br:80 114.119.135.84 - - [03/Oct/2025:23:54:42 -0300] "GET /2022/12/20/realizing-love-how-to-manifest-love/ HTTP/1.1" 200 17502 "https://jomarlogistica.com.br/author/jomar/page/43/" "Mozilla/5.0 (Linux; Android 7.0;) AppleWebKit/537.36 (KHTML, like Gecko) Mobile Safari/537.36 (compatible; PetalBot;+https://webmaster.petalsearch.com/site/petalbot)"
jomarlogistica.com.br:80 127.0.0.1 - - [03/Oct/2025:23:54:48 -0300] "OPTIONS * HTTP/1.0" 200 110 "-" "Apache/2.4.65 (Ubuntu) (internal dummy connection)"
jomarlogistica.com.br:80 196.251.87.99 - - [03/Oct/2025:23:55:42 -0300] "POST /wp-login.php HTTP/1.1" 200 3148 "https://jomarlogistica.com.br/wp-admin/" "Mozilla/5.0 (Windows NT 10.0; Win64; x64) AppleWebKit/537.36 (KHTML, like Gecko) Chrome/90.0.4430.85 Safari/537.36"
jomarlogistica.com.br:80 196.251.87.99 - - [03/Oct/2025:23:55:42 -0300] "GET /wp-admin/ HTTP/1.1" 302 463 "www.google.com" "Mozilla/5.0 (Windows NT 10.0; Win64; x64) AppleWebKit/537.36 (KHTML, like Gecko) Chrome/90.0.4430.85 Safari/537.36"
jomarlogistica.com.br:80 196.251.87.99 - - [03/Oct/2025:23:55:45 -0300] "GET /wp-login.php?redirect_to=https%3A%2F%2Fjomarlogistica.com.br%2Fwp-admin%2F&reauth=1 HTTP/1.1" 200 4994 "www.google.com" "Mozilla/5.0 (Windows NT 10.0; Win64; x64) AppleWebKit/537.36 (KHTML, like Gecko) Chrome/90.0.4430.85 Safari/537.36"
jomarlogistica.com.br:80 172.20.1.198 - - [04/Oct/2025:00:04:24 -0300] "POST /wp-cron.php?doing_wp_cron=1759547064.9200599193572998046875 HTTP/1.1" 200 389 "https://jomarlogistica.com.br/wp-cron.php?doing_wp_cron=1759547064.9200599193572998046875" "WordPress/5.8.10; https://jomarlogistica.com.br"
jomarlogistica.com.br:80 66.249.66.39 - - [04/Oct/2025:00:04:24 -0300] "GET /2024/03/08/ccpa-non-disclosure-agreement-protect-your-data/ HTTP/1.1" 200 14368 "-" "Mozilla/5.0 (Linux; Android 6.0.1; Nexus 5X Build/MMB29P) AppleWebKit/537.36 (KHTML, like Gecko) Chrome/140.0.7339.207 Mobile Safari/537.36 (compatible; Googlebot/2.1; +http://www.google.com/bot.html)"
jomarlogistica.com.br:80 66.249.66.37 - - [04/Oct/2025:00:04:29 -0300] "GET /wp-content/plugins/revslider/public/assets/js/rs6.min.js?ver=6.5.11 HTTP/1.1" 200 104993 "https://jomarlogistica.com.br/2024/03/08/ccpa-non-disclosure-agreement-protect-your-data/" "Mozilla/5.0 (Linux; Android 6.0.1; Nexus 5X Build/MMB29P) AppleWebKit/537.36 (KHTML, like Gecko) Chrome/139.0.7258.127 Mobile Safari/537.36 (compatible; Googlebot/2.1; +http://www.google.com/bot.html)"
jomarlogistica.com.br:80 66.249.66.38 - - [04/Oct/2025:00:04:29 -0300] "GET /?a7b529c=7439764 HTTP/1.1" 200 287 "https://jomarlogistica.com.br/2024/03/08/ccpa-non-disclosure-agreement-protect-your-data/" "Mozilla/5.0 (Linux; Android 6.0.1; Nexus 5X Build/MMB29P) AppleWebKit/537.36 (KHTML, like Gecko) Chrome/139.0.7258.127 Mobile Safari/537.36 (compatible; Googlebot/2.1; +http://www.google.com/bot.html)"
jomarlogistica.com.br:80 127.0.0.1 - - [04/Oct/2025:00:04:44 -0300] "OPTIONS * HTTP/1.0" 200 110 "-" "Apache/2.4.65 (Ubuntu) (internal dummy connection)"
jomarlogistica.com.br:80 172.20.1.198 - - [04/Oct/2025:00:09:26 -0300] "POST /wp-cron.php?doing_wp_cron=1759547366.9495949745178222656250 HTTP/1.1" 200 389 "https://jomarlogistica.com.br/wp-cron.php?doing_wp_cron=1759547366.9495949745178222656250" "WordPress/5.8.10; https://jomarlogistica.com.br"
jomarlogistica.com.br:80 216.244.66.226 - - [04/Oct/2025:00:09:26 -0300] "GET /2023/11/04/get-paid-faster-considering-the-best-invoicing-software/ HTTP/1.1" 200 79559 "-" "Mozilla/5.0 (compatible; DotBot/1.2; +https://opensiteexplorer.org/dotbot; help@moz.com)"
jomarlogistica.com.br:80 177.212.249.167 - - [04/Oct/2025:00:09:28 -0300] "POST /autodiscover/autodiscover.xml HTTP/1.1" 404 448 "-" "AppleExchangeWebServices/833 accountsd/113"
jomarlogistica.com.br:80 127.0.0.1 - - [04/Oct/2025:00:09:33 -0300] "OPTIONS * HTTP/1.0" 200 110 "-" "Apache/2.4.65 (Ubuntu) (internal dummy connection)"
jomarlogistica.com.br:80 172.20.1.198 - - [04/Oct/2025:00:12:38 -0300] "POST /wp-cron.php?doing_wp_cron=1759547558.8305480480194091796875 HTTP/1.1" 200 389 "https://jomarlogistica.com.br/wp-cron.php?doing_wp_cron=1759547558.8305480480194091796875" "WordPress/5.8.10; https://jomarlogistica.com.br"
jomarlogistica.com.br:80 114.119.158.0 - - [04/Oct/2025:00:12:38 -0300] "GET /category/jomar/page/42/ HTTP/1.1" 200 18909 "https://jomarlogistica.com.br/category/jomar/page/43/" "Mozilla/5.0 (Linux; Android 7.0;) AppleWebKit/537.36 (KHTML, like Gecko) Mobile Safari/537.36 (compatible; PetalBot;+https://webmaster.petalsearch.com/site/petalbot)"
jomarlogistica.com.br:80 127.0.0.1 - - [04/Oct/2025:00:12:44 -0300] "OPTIONS * HTTP/1.0" 200 110 "-" "Apache/2.4.65 (Ubuntu) (internal dummy connection)"
jomarlogistica.com.br:80 104.28.211.188 - - [04/Oct/2025:00:15:13 -0300] "GET /wp-login.php HTTP/1.1" 200 2993 "http://jomarlogistica.com.br/wp-admin/" "Mozilla/5.0 (Windows NT 10.0; Win64; x64) AppleWebKit/537.36 (KHTML, like Gecko) Chrome/90.0.4430.85 Safari/537.36"
jomarlogistica.com.br:80 104.28.211.188 - - [04/Oct/2025:00:15:14 -0300] "POST /wp-login.php HTTP/1.1" 200 3148 "http://jomarlogistica.com.br/wp-admin/" "Mozilla/5.0 (Windows NT 10.0; Win64; x64) AppleWebKit/537.36 (KHTML, like Gecko) Chrome/90.0.4430.85 Safari/537.36"
jomarlogistica.com.br:80 104.28.211.188 - - [04/Oct/2025:00:15:15 -0300] "GET /wp-admin/ HTTP/1.1" 302 463 "https://www.google.com" "Mozilla/5.0 (Windows NT 10.0; Win64; x64) AppleWebKit/537.36 (KHTML, like Gecko) Chrome/90.0.4430.85 Safari/537.36"
jomarlogistica.com.br:80 104.28.211.188 - - [04/Oct/2025:00:15:15 -0300] "GET /wp-login.php?redirect_to=https%3A%2F%2Fjomarlogistica.com.br%2Fwp-admin%2F&reauth=1 HTTP/1.1" 200 4994 "https://www.google.com" "Mozilla/5.0 (Windows NT 10.0; Win64; x64) AppleWebKit/537.36 (KHTML, like Gecko) Chrome/90.0.4430.85 Safari/537.36"
jomarlogistica.com.br:80 57.141.0.8 - - [04/Oct/2025:00:17:01 -0300] "GET /2022/04/17/are-jamaican-marriages-legal-in-the-us-everything-you-need-to-know/ HTTP/1.1" 200 61639 "-" "meta-externalagent/1.1 (+https://developers.facebook.com/docs/sharing/webmasters/crawler)"
jomarlogistica.com.br:80 172.20.1.198 - - [04/Oct/2025:00:19:36 -0300] "POST /wp-cron.php?doing_wp_cron=1759547976.4933130741119384765625 HTTP/1.1" 200 389 "https://jomarlogistica.com.br/wp-cron.php?doing_wp_cron=1759547976.4933130741119384765625" "WordPress/5.8.10; https://jomarlogistica.com.br"
jomarlogistica.com.br:80 177.212.249.167 - - [04/Oct/2025:00:19:36 -0300] "POST /autodiscover/autodiscover.xml HTTP/1.1" 404 448 "-" "AppleExchangeWebServices/833 accountsd/113"
jomarlogistica.com.br:80 127.0.0.1 - - [04/Oct/2025:00:19:40 -0300] "OPTIONS * HTTP/1.0" 200 110 "-" "Apache/2.4.65 (Ubuntu) (internal dummy connection)"