jomarlogistica.com.br:80 45.120.161.192 - - [03/Oct/2025:04:13:55 -0300] "GET /wp-includes/js/jquery/ui/mouse.min.js?ver=1.12.1 HTTP/1.1" 200 1479 "https://jomarlogistica.com.br/2024/01/08/legal-fireworks-can-you-make-your-own-laws-regulations/" "Mozilla/5.0 (Macintosh; Intel Mac OS X 10_15_7) AppleWebKit/537.36 (KHTML, like Gecko) Chrome/125.0.0.0 Safari/537.36"
jomarlogistica.com.br:80 45.120.161.192 - - [03/Oct/2025:04:13:55 -0300] "GET /wp-content/themes/consultio/assets/js/magnific-popup.min.js?ver=1.0.0 HTTP/1.1" 200 14895 "https://jomarlogistica.com.br/2024/01/08/legal-fireworks-can-you-make-your-own-laws-regulations/" "Mozilla/5.0 (Macintosh; Intel Mac OS X 10_15_7) AppleWebKit/537.36 (KHTML, like Gecko) Chrome/125.0.0.0 Safari/537.36"
jomarlogistica.com.br:80 45.120.161.192 - - [03/Oct/2025:04:13:56 -0300] "GET /wp-includes/js/jquery/ui/slider.min.js?ver=1.12.1 HTTP/1.1" 200 3602 "https://jomarlogistica.com.br/2024/01/08/legal-fireworks-can-you-make-your-own-laws-regulations/" "Mozilla/5.0 (Macintosh; Intel Mac OS X 10_15_7) AppleWebKit/537.36 (KHTML, like Gecko) Chrome/125.0.0.0 Safari/537.36"
jomarlogistica.com.br:80 45.120.161.192 - - [03/Oct/2025:04:13:56 -0300] "GET /wp-content/themes/consultio/assets/js/wow.min.js?ver=1.0.0 HTTP/1.1" 200 3260 "https://jomarlogistica.com.br/2024/01/08/legal-fireworks-can-you-make-your-own-laws-regulations/" "Mozilla/5.0 (Macintosh; Intel Mac OS X 10_15_7) AppleWebKit/537.36 (KHTML, like Gecko) Chrome/125.0.0.0 Safari/537.36"
jomarlogistica.com.br:80 45.120.161.192 - - [03/Oct/2025:04:13:56 -0300] "GET /wp-content/themes/consultio/assets/js/bootstrap.min.js?ver=4.0.0 HTTP/1.1" 200 14168 "https://jomarlogistica.com.br/2024/01/08/legal-fireworks-can-you-make-your-own-laws-regulations/" "Mozilla/5.0 (Macintosh; Intel Mac OS X 10_15_7) AppleWebKit/537.36 (KHTML, like Gecko) Chrome/125.0.0.0 Safari/537.36"
jomarlogistica.com.br:80 45.120.161.192 - - [03/Oct/2025:04:13:56 -0300] "GET /wp-content/plugins/contact-form-7-multi-step/assets/frontend/js/cf7mls.js?ver=2.5.4 HTTP/1.1" 200 7286 "https://jomarlogistica.com.br/2024/01/08/legal-fireworks-can-you-make-your-own-laws-regulations/" "Mozilla/5.0 (Macintosh; Intel Mac OS X 10_15_7) AppleWebKit/537.36 (KHTML, like Gecko) Chrome/125.0.0.0 Safari/537.36"
jomarlogistica.com.br:80 45.120.161.192 - - [03/Oct/2025:04:13:56 -0300] "GET /wp-content/plugins/contact-form-7/includes/js/index.js?ver=5.5.3 HTTP/1.1" 200 4245 "https://jomarlogistica.com.br/2024/01/08/legal-fireworks-can-you-make-your-own-laws-regulations/" "Mozilla/5.0 (Macintosh; Intel Mac OS X 10_15_7) AppleWebKit/537.36 (KHTML, like Gecko) Chrome/125.0.0.0 Safari/537.36"
jomarlogistica.com.br:80 45.120.161.192 - - [03/Oct/2025:04:13:57 -0300] "GET /wp-content/themes/consultio/assets/js/main.js?ver=2.8.0 HTTP/1.1" 200 6455 "https://jomarlogistica.com.br/2024/01/08/legal-fireworks-can-you-make-your-own-laws-regulations/" "Mozilla/5.0 (Macintosh; Intel Mac OS X 10_15_7) AppleWebKit/537.36 (KHTML, like Gecko) Chrome/125.0.0.0 Safari/537.36"
jomarlogistica.com.br:80 45.120.161.192 - - [03/Oct/2025:04:13:57 -0300] "GET /wp-content/plugins/revslider/public/assets/js/rbtools.min.js?ver=6.5.11 HTTP/1.1" 200 48787 "https://jomarlogistica.com.br/2024/01/08/legal-fireworks-can-you-make-your-own-laws-regulations/" "Mozilla/5.0 (Macintosh; Intel Mac OS X 10_15_7) AppleWebKit/537.36 (KHTML, like Gecko) Chrome/125.0.0.0 Safari/537.36"
jomarlogistica.com.br:80 45.120.161.192 - - [03/Oct/2025:04:13:58 -0300] "GET /wp-includes/js/wp-emoji-release.min.js?ver=5.8.10 HTTP/1.1" 200 5577 "https://jomarlogistica.com.br/2024/01/08/legal-fireworks-can-you-make-your-own-laws-regulations/" "Mozilla/5.0 (Macintosh; Intel Mac OS X 10_15_7) AppleWebKit/537.36 (KHTML, like Gecko) Chrome/125.0.0.0 Safari/537.36"
jomarlogistica.com.br:80 45.120.161.192 - - [03/Oct/2025:04:13:59 -0300] "GET /wp-content/plugins/revslider/public/assets/js/rs6.min.js?ver=6.5.11 HTTP/1.1" 200 105012 "https://jomarlogistica.com.br/2024/01/08/legal-fireworks-can-you-make-your-own-laws-regulations/" "Mozilla/5.0 (Macintosh; Intel Mac OS X 10_15_7) AppleWebKit/537.36 (KHTML, like Gecko) Chrome/125.0.0.0 Safari/537.36"
jomarlogistica.com.br:80 45.120.161.192 - - [03/Oct/2025:04:13:49 -0300] "GET /?a7b529c=7404810 HTTP/1.1" 200 287 "https://jomarlogistica.com.br/2024/01/08/legal-fireworks-can-you-make-your-own-laws-regulations/" "Mozilla/5.0 (Macintosh; Intel Mac OS X 10_15_7) AppleWebKit/537.36 (KHTML, like Gecko) Chrome/125.0.0.0 Safari/537.36"
jomarlogistica.com.br:80 127.0.0.1 - - [03/Oct/2025:04:14:01 -0300] "OPTIONS * HTTP/1.0" 200 110 "-" "Apache/2.4.65 (Ubuntu) (internal dummy connection)"
jomarlogistica.com.br:80 127.0.0.1 - - [03/Oct/2025:04:14:04 -0300] "OPTIONS * HTTP/1.0" 200 110 "-" "Apache/2.4.65 (Ubuntu) (internal dummy connection)"
jomarlogistica.com.br:80 172.20.1.117 - - [03/Oct/2025:04:21:44 -0300] "POST /wp-cron.php?doing_wp_cron=1759476104.4740059375762939453125 HTTP/1.1" 200 389 "https://jomarlogistica.com.br/wp-cron.php?doing_wp_cron=1759476104.4740059375762939453125" "WordPress/5.8.10; https://jomarlogistica.com.br"
jomarlogistica.com.br:80 114.119.138.130 - - [03/Oct/2025:04:21:44 -0300] "GET /2025/ HTTP/1.1" 200 15801 "https://jomarlogistica.com.br/2025/07/" "Mozilla/5.0 (Linux; Android 7.0;) AppleWebKit/537.36 (KHTML, like Gecko) Mobile Safari/537.36 (compatible; PetalBot;+https://webmaster.petalsearch.com/site/petalbot)"
jomarlogistica.com.br:80 127.0.0.1 - - [03/Oct/2025:04:21:49 -0300] "OPTIONS * HTTP/1.0" 200 110 "-" "Apache/2.4.65 (Ubuntu) (internal dummy connection)"
jomarlogistica.com.br:80 172.20.1.117 - - [03/Oct/2025:04:30:11 -0300] "POST /wp-cron.php?doing_wp_cron=1759476611.9415230751037597656250 HTTP/1.1" 200 389 "https://jomarlogistica.com.br/wp-cron.php?doing_wp_cron=1759476611.9415230751037597656250" "WordPress/5.8.10; https://jomarlogistica.com.br"
jomarlogistica.com.br:80 68.221.67.168 - - [03/Oct/2025:04:30:11 -0300] "GET /2024/01/23/checkpoint-firewall-rules-export-best-practices-and-guidelines/ HTTP/1.1" 200 14453 "-" "Mozilla/5.0 AppleWebKit/537.36 (KHTML, like Gecko); compatible; ChatGPT-User/1.0; +https://openai.com/bot"
jomarlogistica.com.br:80 127.0.0.1 - - [03/Oct/2025:04:30:17 -0300] "OPTIONS * HTTP/1.0" 200 110 "-" "Apache/2.4.65 (Ubuntu) (internal dummy connection)"
jomarlogistica.com.br:80 172.20.1.117 - - [03/Oct/2025:04:34:55 -0300] "POST /wp-cron.php?doing_wp_cron=1759476895.3120889663696289062500 HTTP/1.1" 200 389 "https://jomarlogistica.com.br/wp-cron.php?doing_wp_cron=1759476895.3120889663696289062500" "WordPress/5.8.10; https://jomarlogistica.com.br"
jomarlogistica.com.br:80 216.244.66.226 - - [03/Oct/2025:04:34:55 -0300] "GET /robots.txt HTTP/1.1" 200 565 "-" "Mozilla/5.0 (compatible; DotBot/1.2; +https://opensiteexplorer.org/dotbot; help@moz.com)"
jomarlogistica.com.br:80 127.0.0.1 - - [03/Oct/2025:04:34:59 -0300] "OPTIONS * HTTP/1.0" 200 110 "-" "Apache/2.4.65 (Ubuntu) (internal dummy connection)"
jomarlogistica.com.br:80 66.249.66.37 - - [03/Oct/2025:04:35:35 -0300] "GET /robots.txt HTTP/1.1" 200 584 "-" "Mozilla/5.0 (compatible; Googlebot/2.1; +http://www.google.com/bot.html)"
jomarlogistica.com.br:80 66.249.66.39 - - [03/Oct/2025:04:35:35 -0300] "GET /2023/05/21/abk-agreement-understanding-the-legal-aspects/ HTTP/1.1" 200 14149 "-" "Mozilla/5.0 (Linux; Android 6.0.1; Nexus 5X Build/MMB29P) AppleWebKit/537.36 (KHTML, like Gecko) Chrome/140.0.7339.207 Mobile Safari/537.36 (compatible; GoogleOther)"
jomarlogistica.com.br:80 66.249.66.38 - - [03/Oct/2025:04:35:41 -0300] "GET /wp-content/themes/consultio/assets/css/animate.css?ver=1.0.0 HTTP/1.1" 200 5563 "https://jomarlogistica.com.br/2023/05/21/abk-agreement-understanding-the-legal-aspects/" "Mozilla/5.0 (Linux; Android 6.0.1; Nexus 5X Build/MMB29P) AppleWebKit/537.36 (KHTML, like Gecko) Chrome/139.0.7258.127 Mobile Safari/537.36 (compatible; Googlebot/2.1; +http://www.google.com/bot.html)"
jomarlogistica.com.br:80 66.249.66.37 - - [03/Oct/2025:04:35:41 -0300] "GET /wp-content/plugins/elementor/assets/lib/font-awesome/css/font-awesome.min.css?ver=4.7.0 HTTP/1.1" 200 7623 "https://jomarlogistica.com.br/2023/05/21/abk-agreement-understanding-the-legal-aspects/" "Mozilla/5.0 (Linux; Android 6.0.1; Nexus 5X Build/MMB29P) AppleWebKit/537.36 (KHTML, like Gecko) Chrome/139.0.7258.127 Mobile Safari/537.36 (compatible; Googlebot/2.1; +http://www.google.com/bot.html)"
jomarlogistica.com.br:80 66.249.66.37 - - [03/Oct/2025:04:35:38 -0300] "GET /?a7b529c=7034129 HTTP/1.1" 200 287 "https://jomarlogistica.com.br/2023/05/21/abk-agreement-understanding-the-legal-aspects/" "Mozilla/5.0 (Linux; Android 6.0.1; Nexus 5X Build/MMB29P) AppleWebKit/537.36 (KHTML, like Gecko) Chrome/139.0.7258.127 Mobile Safari/537.36 (compatible; Googlebot/2.1; +http://www.google.com/bot.html)"
jomarlogistica.com.br:80 127.0.0.1 - - [03/Oct/2025:04:35:53 -0300] "OPTIONS * HTTP/1.0" 200 110 "-" "Apache/2.4.65 (Ubuntu) (internal dummy connection)"
jomarlogistica.com.br:80 172.20.1.117 - - [03/Oct/2025:04:37:48 -0300] "POST /wp-cron.php?doing_wp_cron=1759477068.4863729476928710937500 HTTP/1.1" 200 389 "https://jomarlogistica.com.br/wp-cron.php?doing_wp_cron=1759477068.4863729476928710937500" "WordPress/5.8.10; https://jomarlogistica.com.br"
jomarlogistica.com.br:80 104.210.140.129 - - [03/Oct/2025:04:37:48 -0300] "GET /robots.txt HTTP/1.1" 200 584 "-" "Mozilla/5.0 (Macintosh; Intel Mac OS X 10_15_7) AppleWebKit/537.36 (KHTML, like Gecko) Chrome/131.0.0.0 Safari/537.36; compatible; OAI-SearchBot/1.0; +https://openai.com/searchbot"
jomarlogistica.com.br:80 127.0.0.1 - - [03/Oct/2025:04:37:52 -0300] "OPTIONS * HTTP/1.0" 200 110 "-" "Apache/2.4.65 (Ubuntu) (internal dummy connection)"
jomarlogistica.com.br:80 114.119.158.0 - - [03/Oct/2025:04:38:34 -0300] "GET /2023/12/15/are-binary-triggers-legal-in-virginia-legal-insights-2022/ HTTP/1.1" 200 13773 "https://jomarlogistica.com.br/2023/12/15/are-fire-pits-legal-in-florida-regulations-laws-explained/" "Mozilla/5.0 (Linux; Android 7.0;) AppleWebKit/537.36 (KHTML, like Gecko) Mobile Safari/537.36 (compatible; PetalBot;+https://webmaster.petalsearch.com/site/petalbot)"
jomarlogistica.com.br:80 114.119.159.76 - - [03/Oct/2025:04:39:55 -0300] "GET /2023/07/04/asus-gaming-laptops/ HTTP/1.1" 200 17395 "https://jomarlogistica.com.br/2023/page/16/" "Mozilla/5.0 (Linux; Android 7.0;) AppleWebKit/537.36 (KHTML, like Gecko) Mobile Safari/537.36 (compatible; PetalBot;+https://webmaster.petalsearch.com/site/petalbot)"
jomarlogistica.com.br:80 114.119.135.84 - - [03/Oct/2025:04:41:19 -0300] "GET /2023/01/22/understanding-the-difference-agreement-vs-annex-in-legal-documents/ HTTP/1.1" 200 14035 "https://jomarlogistica.com.br/2023/01/22/callide-power-station-enterprise-agreement-2018-legal-implications-explained/" "Mozilla/5.0 (Linux; Android 7.0;) AppleWebKit/537.36 (KHTML, like Gecko) Mobile Safari/537.36 (compatible; PetalBot;+https://webmaster.petalsearch.com/site/petalbot)"
jomarlogistica.com.br:80 172.20.1.117 - - [03/Oct/2025:04:42:41 -0300] "POST /wp-cron.php?doing_wp_cron=1759477361.9412229061126708984375 HTTP/1.1" 200 389 "https://jomarlogistica.com.br/wp-cron.php?doing_wp_cron=1759477361.9412229061126708984375" "WordPress/5.8.10; https://jomarlogistica.com.br"
jomarlogistica.com.br:80 114.119.135.84 - - [03/Oct/2025:04:42:41 -0300] "GET /2022/page/12/ HTTP/1.1" 200 18555 "https://jomarlogistica.com.br/2022/page/11/" "Mozilla/5.0 (Linux; Android 7.0;) AppleWebKit/537.36 (KHTML, like Gecko) Mobile Safari/537.36 (compatible; PetalBot;+https://webmaster.petalsearch.com/site/petalbot)"
jomarlogistica.com.br:80 127.0.0.1 - - [03/Oct/2025:04:42:47 -0300] "OPTIONS * HTTP/1.0" 200 110 "-" "Apache/2.4.65 (Ubuntu) (internal dummy connection)"
jomarlogistica.com.br:80 172.20.1.117 - - [03/Oct/2025:05:00:36 -0300] "POST /wp-cron.php?doing_wp_cron=1759478436.2651009559631347656250 HTTP/1.1" 200 389 "https://jomarlogistica.com.br/wp-cron.php?doing_wp_cron=1759478436.2651009559631347656250" "WordPress/5.8.10; https://jomarlogistica.com.br"
jomarlogistica.com.br:80 114.119.135.84 - - [03/Oct/2025:05:00:35 -0300] "GET /category/jomar/page/21/ HTTP/1.1" 200 19051 "https://jomarlogistica.com.br/category/jomar/page/20/" "Mozilla/5.0 (Linux; Android 7.0;) AppleWebKit/537.36 (KHTML, like Gecko) Mobile Safari/537.36 (compatible; PetalBot;+https://webmaster.petalsearch.com/site/petalbot)"
jomarlogistica.com.br:80 127.0.0.1 - - [03/Oct/2025:05:00:42 -0300] "OPTIONS * HTTP/1.0" 200 110 "-" "Apache/2.4.65 (Ubuntu) (internal dummy connection)"
jomarlogistica.com.br:80 114.119.158.0 - - [03/Oct/2025:05:02:00 -0300] "GET /2023/06/20/the-main-advantages-of-board-webpages-software/ HTTP/1.1" 200 17378 "https://jomarlogistica.com.br/2023/06/" "Mozilla/5.0 (Linux; Android 7.0;) AppleWebKit/537.36 (KHTML, like Gecko) Mobile Safari/537.36 (compatible; PetalBot;+https://webmaster.petalsearch.com/site/petalbot)"
jomarlogistica.com.br:80 172.20.1.117 - - [03/Oct/2025:05:03:23 -0300] "POST /wp-cron.php?doing_wp_cron=1759478603.3192229270935058593750 HTTP/1.1" 200 389 "https://jomarlogistica.com.br/wp-cron.php?doing_wp_cron=1759478603.3192229270935058593750" "WordPress/5.8.10; https://jomarlogistica.com.br"
jomarlogistica.com.br:80 114.119.128.158 - - [03/Oct/2025:05:03:22 -0300] "GET /2022/11/15/realizing-love-how-to-express-love/ HTTP/1.1" 200 17493 "https://jomarlogistica.com.br/2022/page/9/" "Mozilla/5.0 (Linux; Android 7.0;) AppleWebKit/537.36 (KHTML, like Gecko) Mobile Safari/537.36 (compatible; PetalBot;+https://webmaster.petalsearch.com/site/petalbot)"
jomarlogistica.com.br:80 127.0.0.1 - - [03/Oct/2025:05:03:28 -0300] "OPTIONS * HTTP/1.0" 200 110 "-" "Apache/2.4.65 (Ubuntu) (internal dummy connection)"
jomarlogistica.com.br:80 216.244.66.226 - - [03/Oct/2025:05:05:18 -0300] "GET /2022/11/13/signals-that-you-are-in-love/ HTTP/1.1" 200 79400 "-" "Mozilla/5.0 (compatible; DotBot/1.2; +https://opensiteexplorer.org/dotbot; help@moz.com)"
jomarlogistica.com.br:80 172.20.1.117 - - [03/Oct/2025:05:15:59 -0300] "POST /wp-cron.php?doing_wp_cron=1759479359.1996290683746337890625 HTTP/1.1" 200 389 "https://jomarlogistica.com.br/wp-cron.php?doing_wp_cron=1759479359.1996290683746337890625" "WordPress/5.8.10; https://jomarlogistica.com.br"
jomarlogistica.com.br:80 114.119.128.158 - - [03/Oct/2025:05:15:58 -0300] "GET /2023/04/03/brazil-investment-agreements-legal-guidance-expert-advice/ HTTP/1.1" 200 14546 "https://jomarlogistica.com.br/2023/04/01/chewbacca-legal-defense-expert-legal-representation-for-your-case/" "Mozilla/5.0 (Linux; Android 7.0;) AppleWebKit/537.36 (KHTML, like Gecko) Mobile Safari/537.36 (compatible; PetalBot;+https://webmaster.petalsearch.com/site/petalbot)"
jomarlogistica.com.br:80 127.0.0.1 - - [03/Oct/2025:05:16:04 -0300] "OPTIONS * HTTP/1.0" 200 110 "-" "Apache/2.4.65 (Ubuntu) (internal dummy connection)"
jomarlogistica.com.br:80 172.20.1.117 - - [03/Oct/2025:05:17:24 -0300] "POST /wp-cron.php?doing_wp_cron=1759479444.1695311069488525390625 HTTP/1.1" 200 389 "https://jomarlogistica.com.br/wp-cron.php?doing_wp_cron=1759479444.1695311069488525390625" "WordPress/5.8.10; https://jomarlogistica.com.br"
jomarlogistica.com.br:80 85.215.178.172 - - [03/Oct/2025:05:17:23 -0300] "GET /.well-known/autoconfig/mail/config-v1.1.xml HTTP/1.1" 404 448 "-" "-"
jomarlogistica.com.br:80 127.0.0.1 - - [03/Oct/2025:05:17:29 -0300] "OPTIONS * HTTP/1.0" 200 110 "-" "Apache/2.4.65 (Ubuntu) (internal dummy connection)"
jomarlogistica.com.br:80 115.134.104.234 - - [03/Oct/2025:05:18:33 -0300] "GET /2022/05/06/buying-property-contractor-essential-tips-for-legal-real-estate-transactions/ HTTP/1.1" 200 14493 "-" "Mozilla/5.0 (Macintosh; Intel Mac OS X 10_15_7) AppleWebKit/537.36 (KHTML, like Gecko) Chrome/125.0.0.0 Safari/537.36"
jomarlogistica.com.br:80 115.134.104.234 - - [03/Oct/2025:05:18:34 -0300] "GET /wp-includes/js/jquery/jquery-migrate.min.js?ver=3.3.2 HTTP/1.1" 200 4613 "https://jomarlogistica.com.br/2022/05/06/buying-property-contractor-essential-tips-for-legal-real-estate-transactions/" "Mozilla/5.0 (Macintosh; Intel Mac OS X 10_15_7) AppleWebKit/537.36 (KHTML, like Gecko) Chrome/125.0.0.0 Safari/537.36"
jomarlogistica.com.br:80 115.134.104.234 - - [03/Oct/2025:05:18:34 -0300] "GET /wp-includes/js/jquery/jquery.min.js?ver=3.6.0 HTTP/1.1" 200 32444 "https://jomarlogistica.com.br/2022/05/06/buying-property-contractor-essential-tips-for-legal-real-estate-transactions/" "Mozilla/5.0 (Macintosh; Intel Mac OS X 10_15_7) AppleWebKit/537.36 (KHTML, like Gecko) Chrome/125.0.0.0 Safari/537.36"
jomarlogistica.com.br:80 115.134.104.234 - - [03/Oct/2025:05:18:35 -0300] "GET /wp-content/plugins/case-theme-core/assets/js/main.js?ver=1.0.0 HTTP/1.1" 200 570 "https://jomarlogistica.com.br/2022/05/06/buying-property-contractor-essential-tips-for-legal-real-estate-transactions/" "Mozilla/5.0 (Macintosh; Intel Mac OS X 10_15_7) AppleWebKit/537.36 (KHTML, like Gecko) Chrome/125.0.0.0 Safari/537.36"
jomarlogistica.com.br:80 115.134.104.234 - - [03/Oct/2025:05:18:35 -0300] "GET /wp-content/themes/consultio/elementor/js/ct-inline-css.js?ver=2.8.0 HTTP/1.1" 200 864 "https://jomarlogistica.com.br/2022/05/06/buying-property-contractor-essential-tips-for-legal-real-estate-transactions/" "Mozilla/5.0 (Macintosh; Intel Mac OS X 10_15_7) AppleWebKit/537.36 (KHTML, like Gecko) Chrome/125.0.0.0 Safari/537.36"
jomarlogistica.com.br:80 115.134.104.234 - - [03/Oct/2025:05:18:35 -0300] "GET /wp-includes/js/jquery/ui/core.min.js?ver=1.12.1 HTTP/1.1" 200 7418 "https://jomarlogistica.com.br/2022/05/06/buying-property-contractor-essential-tips-for-legal-real-estate-transactions/" "Mozilla/5.0 (Macintosh; Intel Mac OS X 10_15_7) AppleWebKit/537.36 (KHTML, like Gecko) Chrome/125.0.0.0 Safari/537.36"
jomarlogistica.com.br:80 115.134.104.234 - - [03/Oct/2025:05:18:36 -0300] "GET /wp-content/plugins/booked/assets/js/spin.jquery.js?ver=2.0.1 HTTP/1.1" 200 1167 "https://jomarlogistica.com.br/2022/05/06/buying-property-contractor-essential-tips-for-legal-real-estate-transactions/" "Mozilla/5.0 (Macintosh; Intel Mac OS X 10_15_7) AppleWebKit/537.36 (KHTML, like Gecko) Chrome/125.0.0.0 Safari/537.36"
jomarlogistica.com.br:80 115.134.104.234 - - [03/Oct/2025:05:18:36 -0300] "GET /wp-includes/js/jquery/ui/datepicker.min.js?ver=1.12.1 HTTP/1.1" 200 11555 "https://jomarlogistica.com.br/2022/05/06/buying-property-contractor-essential-tips-for-legal-real-estate-transactions/" "Mozilla/5.0 (Macintosh; Intel Mac OS X 10_15_7) AppleWebKit/537.36 (KHTML, like Gecko) Chrome/125.0.0.0 Safari/537.36"
jomarlogistica.com.br:80 115.134.104.234 - - [03/Oct/2025:05:18:36 -0300] "GET /wp-content/plugins/booked/assets/js/tooltipster/js/jquery.tooltipster.min.js?ver=3.3.0 HTTP/1.1" 200 5373 "https://jomarlogistica.com.br/2022/05/06/buying-property-contractor-essential-tips-for-legal-real-estate-transactions/" "Mozilla/5.0 (Macintosh; Intel Mac OS X 10_15_7) AppleWebKit/537.36 (KHTML, like Gecko) Chrome/125.0.0.0 Safari/537.36"
jomarlogistica.com.br:80 115.134.104.234 - - [03/Oct/2025:05:18:36 -0300] "GET /wp-content/plugins/booked/assets/js/functions.js?ver=2.3.5 HTTP/1.1" 200 10029 "https://jomarlogistica.com.br/2022/05/06/buying-property-contractor-essential-tips-for-legal-real-estate-transactions/" "Mozilla/5.0 (Macintosh; Intel Mac OS X 10_15_7) AppleWebKit/537.36 (KHTML, like Gecko) Chrome/125.0.0.0 Safari/537.36"
jomarlogistica.com.br:80 115.134.104.234 - - [03/Oct/2025:05:18:37 -0300] "GET /wp-content/plugins/case-theme-user/acess/js/notify.min.js?ver=1.0.0 HTTP/1.1" 200 7826 "https://jomarlogistica.com.br/2022/05/06/buying-property-contractor-essential-tips-for-legal-real-estate-transactions/" "Mozilla/5.0 (Macintosh; Intel Mac OS X 10_15_7) AppleWebKit/537.36 (KHTML, like Gecko) Chrome/125.0.0.0 Safari/537.36"
jomarlogistica.com.br:80 115.134.104.234 - - [03/Oct/2025:05:18:37 -0300] "GET /wp-content/plugins/case-theme-user/acess/js/remodal.min.js?ver=1.0.0 HTTP/1.1" 200 3045 "https://jomarlogistica.com.br/2022/05/06/buying-property-contractor-essential-tips-for-legal-real-estate-transactions/" "Mozilla/5.0 (Macintosh; Intel Mac OS X 10_15_7) AppleWebKit/537.36 (KHTML, like Gecko) Chrome/125.0.0.0 Safari/537.36"
jomarlogistica.com.br:80 115.134.104.234 - - [03/Oct/2025:05:18:37 -0300] "GET /wp-content/plugins/booked/assets/js/spin.min.js?ver=2.0.1 HTTP/1.1" 200 2463 "https://jomarlogistica.com.br/2022/05/06/buying-property-contractor-essential-tips-for-legal-real-estate-transactions/" "Mozilla/5.0 (Macintosh; Intel Mac OS X 10_15_7) AppleWebKit/537.36 (KHTML, like Gecko) Chrome/125.0.0.0 Safari/537.36"
jomarlogistica.com.br:80 115.134.104.234 - - [03/Oct/2025:05:18:37 -0300] "GET /wp-content/plugins/case-theme-user/acess/js/ct-user-form.js?ver=1.0.0 HTTP/1.1" 200 2307 "https://jomarlogistica.com.br/2022/05/06/buying-property-contractor-essential-tips-for-legal-real-estate-transactions/" "Mozilla/5.0 (Macintosh; Intel Mac OS X 10_15_7) AppleWebKit/537.36 (KHTML, like Gecko) Chrome/125.0.0.0 Safari/537.36"
jomarlogistica.com.br:80 115.134.104.234 - - [03/Oct/2025:05:18:38 -0300] "GET /wp-includes/js/dist/vendor/regenerator-runtime.min.js?ver=0.13.7 HTTP/1.1" 200 2798 "https://jomarlogistica.com.br/2022/05/06/buying-property-contractor-essential-tips-for-legal-real-estate-transactions/" "Mozilla/5.0 (Macintosh; Intel Mac OS X 10_15_7) AppleWebKit/537.36 (KHTML, like Gecko) Chrome/125.0.0.0 Safari/537.36"
jomarlogistica.com.br:80 115.134.104.234 - - [03/Oct/2025:05:18:39 -0300] "GET /wp-content/plugins/booked/includes/add-ons/frontend-agents/js/functions.js?ver=2.3.5 HTTP/1.1" 200 1592 "https://jomarlogistica.com.br/2022/05/06/buying-property-contractor-essential-tips-for-legal-real-estate-transactions/" "Mozilla/5.0 (Macintosh; Intel Mac OS X 10_15_7) AppleWebKit/537.36 (KHTML, like Gecko) Chrome/125.0.0.0 Safari/537.36"
jomarlogistica.com.br:80 115.134.104.234 - - [03/Oct/2025:05:18:39 -0300] "GET /wp-includes/js/dist/vendor/wp-polyfill.min.js?ver=3.15.0 HTTP/1.1" 200 6572 "https://jomarlogistica.com.br/2022/05/06/buying-property-contractor-essential-tips-for-legal-real-estate-transactions/" "Mozilla/5.0 (Macintosh; Intel Mac OS X 10_15_7) AppleWebKit/537.36 (KHTML, like Gecko) Chrome/125.0.0.0 Safari/537.36"
jomarlogistica.com.br:80 115.134.104.234 - - [03/Oct/2025:05:18:39 -0300] "GET /wp-content/plugins/contact-form-7/includes/js/index.js?ver=5.5.3 HTTP/1.1" 200 4245 "https://jomarlogistica.com.br/2022/05/06/buying-property-contractor-essential-tips-for-legal-real-estate-transactions/" "Mozilla/5.0 (Macintosh; Intel Mac OS X 10_15_7) AppleWebKit/537.36 (KHTML, like Gecko) Chrome/125.0.0.0 Safari/537.36"
jomarlogistica.com.br:80 115.134.104.234 - - [03/Oct/2025:05:18:39 -0300] "GET /wp-content/plugins/contact-form-7-multi-step/assets/frontend/js/cf7mls.js?ver=2.5.4 HTTP/1.1" 200 7305 "https://jomarlogistica.com.br/2022/05/06/buying-property-contractor-essential-tips-for-legal-real-estate-transactions/" "Mozilla/5.0 (Macintosh; Intel Mac OS X 10_15_7) AppleWebKit/537.36 (KHTML, like Gecko) Chrome/125.0.0.0 Safari/537.36"
jomarlogistica.com.br:80 115.134.104.234 - - [03/Oct/2025:05:18:39 -0300] "GET /wp-content/themes/consultio/assets/js/progressbar.min.js?ver=1.0.0 HTTP/1.1" 200 1327 "https://jomarlogistica.com.br/2022/05/06/buying-property-contractor-essential-tips-for-legal-real-estate-transactions/" "Mozilla/5.0 (Macintosh; Intel Mac OS X 10_15_7) AppleWebKit/537.36 (KHTML, like Gecko) Chrome/125.0.0.0 Safari/537.36"
jomarlogistica.com.br:80 115.134.104.234 - - [03/Oct/2025:05:18:39 -0300] "GET /wp-content/themes/consultio/assets/js/nice-select.min.js?ver=all HTTP/1.1" 200 1439 "https://jomarlogistica.com.br/2022/05/06/buying-property-contractor-essential-tips-for-legal-real-estate-transactions/" "Mozilla/5.0 (Macintosh; Intel Mac OS X 10_15_7) AppleWebKit/537.36 (KHTML, like Gecko) Chrome/125.0.0.0 Safari/537.36"
jomarlogistica.com.br:80 115.134.104.234 - - [03/Oct/2025:05:18:39 -0300] "GET /wp-content/themes/consultio/assets/js/match-height-min.js?ver=1.0.0 HTTP/1.1" 200 3557 "https://jomarlogistica.com.br/2022/05/06/buying-property-contractor-essential-tips-for-legal-real-estate-transactions/" "Mozilla/5.0 (Macintosh; Intel Mac OS X 10_15_7) AppleWebKit/537.36 (KHTML, like Gecko) Chrome/125.0.0.0 Safari/537.36"
jomarlogistica.com.br:80 115.134.104.234 - - [03/Oct/2025:05:18:40 -0300] "GET /wp-includes/js/jquery/ui/mouse.min.js?ver=1.12.1 HTTP/1.1" 200 1479 "https://jomarlogistica.com.br/2022/05/06/buying-property-contractor-essential-tips-for-legal-real-estate-transactions/" "Mozilla/5.0 (Macintosh; Intel Mac OS X 10_15_7) AppleWebKit/537.36 (KHTML, like Gecko) Chrome/125.0.0.0 Safari/537.36"
jomarlogistica.com.br:80 115.134.104.234 - - [03/Oct/2025:05:18:40 -0300] "GET /wp-content/themes/consultio/assets/js/bootstrap.min.js?ver=4.0.0 HTTP/1.1" 200 14168 "https://jomarlogistica.com.br/2022/05/06/buying-property-contractor-essential-tips-for-legal-real-estate-transactions/" "Mozilla/5.0 (Macintosh; Intel Mac OS X 10_15_7) AppleWebKit/537.36 (KHTML, like Gecko) Chrome/125.0.0.0 Safari/537.36"
jomarlogistica.com.br:80 115.134.104.234 - - [03/Oct/2025:05:18:40 -0300] "GET /wp-content/themes/consultio/assets/js/magnific-popup.min.js?ver=1.0.0 HTTP/1.1" 200 14895 "https://jomarlogistica.com.br/2022/05/06/buying-property-contractor-essential-tips-for-legal-real-estate-transactions/" "Mozilla/5.0 (Macintosh; Intel Mac OS X 10_15_7) AppleWebKit/537.36 (KHTML, like Gecko) Chrome/125.0.0.0 Safari/537.36"
jomarlogistica.com.br:80 115.134.104.234 - - [03/Oct/2025:05:18:40 -0300] "GET /wp-content/themes/consultio/assets/js/wow.min.js?ver=1.0.0 HTTP/1.1" 200 3260 "https://jomarlogistica.com.br/2022/05/06/buying-property-contractor-essential-tips-for-legal-real-estate-transactions/" "Mozilla/5.0 (Macintosh; Intel Mac OS X 10_15_7) AppleWebKit/537.36 (KHTML, like Gecko) Chrome/125.0.0.0 Safari/537.36"
jomarlogistica.com.br:80 115.134.104.234 - - [03/Oct/2025:05:18:40 -0300] "GET /wp-includes/js/jquery/ui/slider.min.js?ver=1.12.1 HTTP/1.1" 200 3621 "https://jomarlogistica.com.br/2022/05/06/buying-property-contractor-essential-tips-for-legal-real-estate-transactions/" "Mozilla/5.0 (Macintosh; Intel Mac OS X 10_15_7) AppleWebKit/537.36 (KHTML, like Gecko) Chrome/125.0.0.0 Safari/537.36"
jomarlogistica.com.br:80 115.134.104.234 - - [03/Oct/2025:05:18:40 -0300] "GET /wp-content/themes/consultio/assets/js/main.js?ver=2.8.0 HTTP/1.1" 200 6455 "https://jomarlogistica.com.br/2022/05/06/buying-property-contractor-essential-tips-for-legal-real-estate-transactions/" "Mozilla/5.0 (Macintosh; Intel Mac OS X 10_15_7) AppleWebKit/537.36 (KHTML, like Gecko) Chrome/125.0.0.0 Safari/537.36"
jomarlogistica.com.br:80 127.0.0.1 - - [03/Oct/2025:05:18:41 -0300] "OPTIONS * HTTP/1.0" 200 110 "-" "Apache/2.4.65 (Ubuntu) (internal dummy connection)"
jomarlogistica.com.br:80 115.134.104.234 - - [03/Oct/2025:05:18:43 -0300] "GET /wp-includes/js/wp-embed.min.js?ver=5.8.10 HTTP/1.1" 200 1177 "https://jomarlogistica.com.br/2022/05/06/buying-property-contractor-essential-tips-for-legal-real-estate-transactions/" "Mozilla/5.0 (Macintosh; Intel Mac OS X 10_15_7) AppleWebKit/537.36 (KHTML, like Gecko) Chrome/125.0.0.0 Safari/537.36"
jomarlogistica.com.br:80 115.134.104.234 - - [03/Oct/2025:05:18:45 -0300] "GET /wp-content/plugins/revslider/public/assets/js/rbtools.min.js?ver=6.5.11 HTTP/1.1" 200 48806 "https://jomarlogistica.com.br/2022/05/06/buying-property-contractor-essential-tips-for-legal-real-estate-transactions/" "Mozilla/5.0 (Macintosh; Intel Mac OS X 10_15_7) AppleWebKit/537.36 (KHTML, like Gecko) Chrome/125.0.0.0 Safari/537.36"
jomarlogistica.com.br:80 127.0.0.1 - - [03/Oct/2025:05:18:45 -0300] "OPTIONS * HTTP/1.0" 200 110 "-" "Apache/2.4.65 (Ubuntu) (internal dummy connection)"
jomarlogistica.com.br:80 115.134.104.234 - - [03/Oct/2025:05:18:35 -0300] "GET /?a7b529c=7353893 HTTP/1.1" 200 287 "https://jomarlogistica.com.br/2022/05/06/buying-property-contractor-essential-tips-for-legal-real-estate-transactions/" "Mozilla/5.0 (Macintosh; Intel Mac OS X 10_15_7) AppleWebKit/537.36 (KHTML, like Gecko) Chrome/125.0.0.0 Safari/537.36"
jomarlogistica.com.br:80 115.134.104.234 - - [03/Oct/2025:05:18:45 -0300] "GET /wp-content/plugins/revslider/public/assets/js/rs6.min.js?ver=6.5.11 HTTP/1.1" 200 104993 "https://jomarlogistica.com.br/2022/05/06/buying-property-contractor-essential-tips-for-legal-real-estate-transactions/" "Mozilla/5.0 (Macintosh; Intel Mac OS X 10_15_7) AppleWebKit/537.36 (KHTML, like Gecko) Chrome/125.0.0.0 Safari/537.36"
jomarlogistica.com.br:80 115.134.104.234 - - [03/Oct/2025:05:18:45 -0300] "GET /wp-includes/js/wp-emoji-release.min.js?ver=5.8.10 HTTP/1.1" 200 5577 "https://jomarlogistica.com.br/2022/05/06/buying-property-contractor-essential-tips-for-legal-real-estate-transactions/" "Mozilla/5.0 (Macintosh; Intel Mac OS X 10_15_7) AppleWebKit/537.36 (KHTML, like Gecko) Chrome/125.0.0.0 Safari/537.36"
jomarlogistica.com.br:80 34.224.132.215 - - [03/Oct/2025:05:18:46 -0300] "GET /2022/08/24/calgary-public-teachers-collective-agreement-legal-guidelines-updates/ HTTP/1.1" 200 7359 "-" "Mozilla/5.0 AppleWebKit/537.36 (KHTML, like Gecko; compatible; Amazonbot/0.1; +https://developer.amazon.com/support/amazonbot) Chrome/119.0.6045.214 Safari/537.36"
jomarlogistica.com.br:80 127.0.0.1 - - [03/Oct/2025:05:18:52 -0300] "OPTIONS * HTTP/1.0" 200 110 "-" "Apache/2.4.65 (Ubuntu) (internal dummy connection)"
jomarlogistica.com.br:80 172.20.1.117 - - [03/Oct/2025:05:30:30 -0300] "POST /wp-cron.php?doing_wp_cron=1759480230.2666668891906738281250 HTTP/1.1" 200 389 "https://jomarlogistica.com.br/wp-cron.php?doing_wp_cron=1759480230.2666668891906738281250" "WordPress/5.8.10; https://jomarlogistica.com.br"
jomarlogistica.com.br:80 216.244.66.226 - - [03/Oct/2025:05:30:29 -0300] "GET /robots.txt HTTP/1.1" 200 565 "-" "Mozilla/5.0 (compatible; DotBot/1.2; +https://opensiteexplorer.org/dotbot; help@moz.com)"
jomarlogistica.com.br:80 127.0.0.1 - - [03/Oct/2025:05:30:35 -0300] "OPTIONS * HTTP/1.0" 200 110 "-" "Apache/2.4.65 (Ubuntu) (internal dummy connection)"
jomarlogistica.com.br:80 172.20.1.117 - - [03/Oct/2025:05:33:34 -0300] "POST /wp-cron.php?doing_wp_cron=1759480414.3670520782470703125000 HTTP/1.1" 200 389 "https://jomarlogistica.com.br/wp-cron.php?doing_wp_cron=1759480414.3670520782470703125000" "WordPress/5.8.10; https://jomarlogistica.com.br"
jomarlogistica.com.br:80 114.119.136.72 - - [03/Oct/2025:05:33:34 -0300] "GET /2023/10/ HTTP/1.1" 200 18555 "https://jomarlogistica.com.br/2023/09/04/precisely-what-is-document-management/" "Mozilla/5.0 (Linux; Android 7.0;) AppleWebKit/537.36 (KHTML, like Gecko) Mobile Safari/537.36 (compatible; PetalBot;+https://webmaster.petalsearch.com/site/petalbot)"
jomarlogistica.com.br:80 127.0.0.1 - - [03/Oct/2025:05:33:40 -0300] "OPTIONS * HTTP/1.0" 200 110 "-" "Apache/2.4.65 (Ubuntu) (internal dummy connection)"
jomarlogistica.com.br:80 114.119.135.84 - - [03/Oct/2025:05:34:57 -0300] "GET /2023/09/page/3/ HTTP/1.1" 200 18482 "https://jomarlogistica.com.br/2023/09/page/4/" "Mozilla/5.0 (Linux; Android 7.0;) AppleWebKit/537.36 (KHTML, like Gecko) Mobile Safari/537.36 (compatible; PetalBot;+https://webmaster.petalsearch.com/site/petalbot)"
jomarlogistica.com.br:80 114.119.158.0 - - [03/Oct/2025:05:36:20 -0300] "GET /2023/03/19/how-to-craft-successful-first-communications-in-online-dating-services/ HTTP/1.1" 200 18844 "https://jomarlogistica.com.br/author/jomar/page/35/" "Mozilla/5.0 (Linux; Android 7.0;) AppleWebKit/537.36 (KHTML, like Gecko) Mobile Safari/537.36 (compatible; PetalBot;+https://webmaster.petalsearch.com/site/petalbot)"
jomarlogistica.com.br:80 172.20.1.117 - - [03/Oct/2025:05:41:12 -0300] "POST /wp-cron.php?doing_wp_cron=1759480872.7052419185638427734375 HTTP/1.1" 200 389 "https://jomarlogistica.com.br/wp-cron.php?doing_wp_cron=1759480872.7052419185638427734375" "WordPress/5.8.10; https://jomarlogistica.com.br"
jomarlogistica.com.br:80 141.98.11.188 - - [03/Oct/2025:05:41:12 -0300] "GET /wp-login.php HTTP/1.1" 200 2994 "https://www.bing.com/" "Mozilla/5.0 (X11; Linux x86_64) AppleWebKit/537.36 (KHTML, like Gecko) Chrome/118.0.0.0 Safari/537.36"
jomarlogistica.com.br:80 141.98.11.188 - - [03/Oct/2025:05:41:13 -0300] "GET /?author=1 HTTP/1.1" 301 404 "https://duckduckgo.com/" "Mozilla/5.0 (Macintosh; Intel Mac OS X 13_6_1; rv:119.0) Gecko/20100101 Firefox/119.0"
jomarlogistica.com.br:80 141.98.11.188 - - [03/Oct/2025:05:41:13 -0300] "GET /author/jomar/ HTTP/1.1" 200 17122 "https://duckduckgo.com/" "Mozilla/5.0 (Macintosh; Intel Mac OS X 13_6_1; rv:119.0) Gecko/20100101 Firefox/119.0"
jomarlogistica.com.br:80 141.98.11.188 - - [03/Oct/2025:05:41:15 -0300] "GET /?author=2 HTTP/1.1" 301 406 "https://www.bing.com/" "Mozilla/5.0 (Windows NT 10.0; Win64; x64; rv:119.0) Gecko/20100101 Firefox/119.0"
jomarlogistica.com.br:80 141.98.11.188 - - [03/Oct/2025:05:41:15 -0300] "GET /author/wadminw/ HTTP/1.1" 200 14407 "https://www.bing.com/" "Mozilla/5.0 (Windows NT 10.0; Win64; x64; rv:119.0) Gecko/20100101 Firefox/119.0"
jomarlogistica.com.br:80 141.98.11.188 - - [03/Oct/2025:05:41:17 -0300] "GET /?author=3 HTTP/1.1" 404 390 "-" "Mozilla/5.0 (Macintosh; Intel Mac OS X 13_6_1; rv:121.0) Gecko/20100101 Firefox/121.0"
jomarlogistica.com.br:80 141.98.11.188 - - [03/Oct/2025:05:41:17 -0300] "GET /?author=4 HTTP/1.1" 404 390 "https://www.facebook.com/" "Mozilla/5.0 (X11; Linux x86_64) AppleWebKit/537.36 (KHTML, like Gecko) Chrome/119.0.0.0 Safari/537.36"
jomarlogistica.com.br:80 141.98.11.188 - - [03/Oct/2025:05:41:18 -0300] "GET /?author=5 HTTP/1.1" 404 390 "https://t.co/" "Mozilla/5.0 (Macintosh; Intel Mac OS X 10_15_7) AppleWebKit/605.1.15 (KHTML, like Gecko) Version/16.6 Safari/605.1.15"
jomarlogistica.com.br:80 141.98.11.188 - - [03/Oct/2025:05:41:19 -0300] "GET /?author=6 HTTP/1.1" 404 390 "https://t.co/" "Mozilla/5.0 (Macintosh; Intel Mac OS X 13_6_1) AppleWebKit/537.36 (KHTML, like Gecko) Chrome/121.0.0.0 Safari/537.36"
jomarlogistica.com.br:80 141.98.11.188 - - [03/Oct/2025:05:41:19 -0300] "GET /?author=7 HTTP/1.1" 404 409 "https://wordpress.org/" "Mozilla/5.0 (Macintosh; Intel Mac OS X 13_6_1) AppleWebKit/605.1.15 (KHTML, like Gecko) Version/17.2 Safari/605.1.15"
jomarlogistica.com.br:80 141.98.11.188 - - [03/Oct/2025:05:41:20 -0300] "GET /?author=8 HTTP/1.1" 404 390 "https://www.bing.com/" "Mozilla/5.0 (Windows NT 10.0; Win64; x64) AppleWebKit/537.36 (KHTML, like Gecko) Chrome/118.0.0.0 Safari/537.36"
jomarlogistica.com.br:80 141.98.11.188 - - [03/Oct/2025:05:41:20 -0300] "GET /?author=9 HTTP/1.1" 404 390 "-" "Mozilla/5.0 (Macintosh; Intel Mac OS X 10_15_7) AppleWebKit/605.1.15 (KHTML, like Gecko) Version/17.2 Safari/605.1.15"
jomarlogistica.com.br:80 141.98.11.188 - - [03/Oct/2025:05:41:21 -0300] "GET /wp-json/wp/v2/users HTTP/1.1" 200 1037 "https://duckduckgo.com/" "Mozilla/5.0 (Windows NT 11.0; Win64; x64; rv:120.0) Gecko/20100101 Firefox/120.0"
jomarlogistica.com.br:80 141.98.11.188 - - [03/Oct/2025:05:41:21 -0300] "GET / HTTP/1.1" 200 22354 "https://www.google.com/search?q=wordpress" "Mozilla/5.0 (X11; Ubuntu; Linux x86_64) AppleWebKit/537.36 (KHTML, like Gecko) Chrome/119.0.0.0 Safari/537.36"
jomarlogistica.com.br:80 141.98.11.188 - - [03/Oct/2025:05:41:23 -0300] "POST /wp-login.php HTTP/1.1" 200 3113 "https://jomarlogistica.com.br/wp-login.php" "Mozilla/5.0 (Windows NT 10.0; Win64; x64; rv:121.0) Gecko/20100101 Firefox/121.0"
jomarlogistica.com.br:80 127.0.0.1 - - [03/Oct/2025:05:41:23 -0300] "OPTIONS * HTTP/1.0" 200 110 "-" "Apache/2.4.65 (Ubuntu) (internal dummy connection)"
jomarlogistica.com.br:80 141.98.11.188 - - [03/Oct/2025:05:41:24 -0300] "GET /wp-admin/index.php HTTP/1.1" 302 472 "https://jomarlogistica.com.br/wp-login.php" "Mozilla/5.0 (Macintosh; Intel Mac OS X 10_15_7) AppleWebKit/537.36 (KHTML, like Gecko) Chrome/121.0.0.0 Safari/537.36"
jomarlogistica.com.br:80 141.98.11.188 - - [03/Oct/2025:05:41:26 -0300] "GET /wp-login.php?redirect_to=https%3A%2F%2Fjomarlogistica.com.br%2Fwp-admin%2Findex.php&reauth=1 HTTP/1.1" 200 5000 "https://jomarlogistica.com.br/wp-login.php" "Mozilla/5.0 (Macintosh; Intel Mac OS X 10_15_7) AppleWebKit/537.36 (KHTML, like Gecko) Chrome/121.0.0.0 Safari/537.36"
jomarlogistica.com.br:80 141.98.11.188 - - [03/Oct/2025:05:41:27 -0300] "POST /wp-login.php HTTP/1.1" 200 3091 "https://jomarlogistica.com.br/wp-login.php" "Mozilla/5.0 (X11; Ubuntu; Linux x86_64) AppleWebKit/537.36 (KHTML, like Gecko) Chrome/118.0.0.0 Safari/537.36"
jomarlogistica.com.br:80 141.98.11.188 - - [03/Oct/2025:05:41:27 -0300] "GET /wp-admin/index.php HTTP/1.1" 302 472 "https://jomarlogistica.com.br/wp-login.php" "Mozilla/5.0 (X11; Linux x86_64) AppleWebKit/537.36 (KHTML, like Gecko) Chrome/120.0.0.0 Safari/537.36"
jomarlogistica.com.br:80 141.98.11.188 - - [03/Oct/2025:05:41:28 -0300] "GET /wp-login.php?redirect_to=https%3A%2F%2Fjomarlogistica.com.br%2Fwp-admin%2Findex.php&reauth=1 HTTP/1.1" 200 5019 "https://jomarlogistica.com.br/wp-login.php" "Mozilla/5.0 (X11; Linux x86_64) AppleWebKit/537.36 (KHTML, like Gecko) Chrome/120.0.0.0 Safari/537.36"
jomarlogistica.com.br:80 141.98.11.188 - - [03/Oct/2025:05:41:29 -0300] "POST /wp-login.php HTTP/1.1" 200 3092 "https://jomarlogistica.com.br/wp-login.php" "Mozilla/5.0 (Macintosh; Intel Mac OS X 13_6_1) AppleWebKit/605.1.15 (KHTML, like Gecko) Version/17.0 Safari/605.1.15"
jomarlogistica.com.br:80 141.98.11.188 - - [03/Oct/2025:05:41:29 -0300] "GET /wp-admin/index.php HTTP/1.1" 302 472 "https://jomarlogistica.com.br/wp-login.php" "Mozilla/5.0 (Macintosh; Intel Mac OS X 10_15_7) AppleWebKit/537.36 (KHTML, like Gecko) Chrome/120.0.0.0 Safari/537.36"
jomarlogistica.com.br:80 141.98.11.188 - - [03/Oct/2025:05:41:30 -0300] "GET /wp-login.php?redirect_to=https%3A%2F%2Fjomarlogistica.com.br%2Fwp-admin%2Findex.php&reauth=1 HTTP/1.1" 200 5000 "https://jomarlogistica.com.br/wp-login.php" "Mozilla/5.0 (Macintosh; Intel Mac OS X 10_15_7) AppleWebKit/537.36 (KHTML, like Gecko) Chrome/120.0.0.0 Safari/537.36"
jomarlogistica.com.br:80 141.98.11.188 - - [03/Oct/2025:05:41:31 -0300] "POST /wp-login.php HTTP/1.1" 200 3094 "https://jomarlogistica.com.br/wp-login.php" "Mozilla/5.0 (Macintosh; Intel Mac OS X 13_6_1) AppleWebKit/537.36 (KHTML, like Gecko) Chrome/119.0.0.0 Safari/537.36"
jomarlogistica.com.br:80 141.98.11.188 - - [03/Oct/2025:05:41:32 -0300] "GET /wp-admin/index.php HTTP/1.1" 302 491 "https://jomarlogistica.com.br/wp-login.php" "Mozilla/5.0 (Macintosh; Intel Mac OS X 13_6_1) AppleWebKit/537.36 (KHTML, like Gecko) Chrome/119.0.0.0 Safari/537.36"
jomarlogistica.com.br:80 141.98.11.188 - - [03/Oct/2025:05:41:33 -0300] "GET /wp-login.php?redirect_to=https%3A%2F%2Fjomarlogistica.com.br%2Fwp-admin%2Findex.php&reauth=1 HTTP/1.1" 200 5000 "https://jomarlogistica.com.br/wp-login.php" "Mozilla/5.0 (Macintosh; Intel Mac OS X 13_6_1) AppleWebKit/537.36 (KHTML, like Gecko) Chrome/119.0.0.0 Safari/537.36"
jomarlogistica.com.br:80 141.98.11.188 - - [03/Oct/2025:05:41:34 -0300] "POST /wp-login.php HTTP/1.1" 302 1287 "https://jomarlogistica.com.br/wp-login.php" "Mozilla/5.0 (Windows NT 10.0; Win64; x64; rv:120.0) Gecko/20100101 Firefox/120.0"
jomarlogistica.com.br:80 141.98.11.188 - - [03/Oct/2025:05:41:34 -0300] "GET /wp-admin/index.php HTTP/1.1" 200 52129 "https://jomarlogistica.com.br/wp-login.php" "Mozilla/5.0 (Macintosh; Intel Mac OS X 10_15_7) AppleWebKit/537.36 (KHTML, like Gecko) Chrome/121.0.0.0 Safari/537.36"
jomarlogistica.com.br:80 141.98.11.188 - - [03/Oct/2025:05:41:38 -0300] "GET /wp-admin/profile.php HTTP/1.1" 200 29865 "https://jomarlogistica.com.br/wp-login.php" "Mozilla/5.0 (Macintosh; Intel Mac OS X 10_15_7) AppleWebKit/537.36 (KHTML, like Gecko) Chrome/121.0.0.0 Safari/537.36"
jomarlogistica.com.br:80 141.98.11.188 - - [03/Oct/2025:05:41:40 -0300] "GET /wp-admin/plugin-install.php?tab=upload HTTP/1.1" 200 27280 "www.google.com" "Mozilla/5.0 (Windows NT 10.0; Win64; x64) AppleWebKit/537.36 (KHTML, like Gecko) Chrome/91.0.4472.124 Safari/537.36"
jomarlogistica.com.br:80 141.98.11.188 - - [03/Oct/2025:05:41:42 -0300] "POST /wp-admin/update.php?action=upload-plugin HTTP/1.1" 200 23643 "www.google.com" "Mozilla/5.0 (Windows NT 10.0; Win64; x64) AppleWebKit/537.36 (KHTML, like Gecko) Chrome/91.0.4472.124 Safari/537.36"
jomarlogistica.com.br:80 141.98.11.188 - - [03/Oct/2025:05:41:45 -0300] "GET /wp-content/plugins/pfzapum/index.php HTTP/1.1" 301 477 "www.google.com" "Mozilla/5.0 (Windows NT 10.0; Win64; x64) AppleWebKit/537.36 (KHTML, like Gecko) Chrome/91.0.4472.124 Safari/537.36"
jomarlogistica.com.br:80 141.98.11.188 - - [03/Oct/2025:05:41:46 -0300] "GET /wp-content/plugins/pfzapum/ HTTP/1.1" 404 390 "www.google.com" "Mozilla/5.0 (Windows NT 10.0; Win64; x64) AppleWebKit/537.36 (KHTML, like Gecko) Chrome/91.0.4472.124 Safari/537.36"
jomarlogistica.com.br:80 141.98.11.188 - - [03/Oct/2025:05:41:47 -0300] "GET /wp-admin/plugin-install.php?s=File+Manager&tab=search&type=term HTTP/1.1" 200 37516 "www.google.com" "Mozilla/5.0 (Windows NT 10.0; Win64; x64) AppleWebKit/537.36 (KHTML, like Gecko) Chrome/91.0.4472.124 Safari/537.36"
jomarlogistica.com.br:80 141.98.11.188 - - [03/Oct/2025:05:41:49 -0300] "GET /wp-admin/theme-install.php?tab=upload HTTP/1.1" 200 30542 "www.google.com" "Mozilla/5.0 (Windows NT 10.0; Win64; x64) AppleWebKit/537.36 (KHTML, like Gecko) Chrome/91.0.4472.124 Safari/537.36"
jomarlogistica.com.br:80 141.98.11.188 - - [03/Oct/2025:05:41:52 -0300] "POST /wp-admin/update.php?action=upload-theme HTTP/1.1" 200 23629 "www.google.com" "Mozilla/5.0 (Windows NT 10.0; Win64; x64) AppleWebKit/537.36 (KHTML, like Gecko) Chrome/91.0.4472.124 Safari/537.36"
jomarlogistica.com.br:80 141.98.11.188 - - [03/Oct/2025:05:41:54 -0300] "GET /wp-content/themes/plgitvk/about.php HTTP/1.1" 404 448 "www.google.com" "Mozilla/5.0 (Windows NT 10.0; Win64; x64) AppleWebKit/537.36 (KHTML, like Gecko) Chrome/91.0.4472.124 Safari/537.36"
jomarlogistica.com.br:80 141.98.11.188 - - [03/Oct/2025:05:41:55 -0300] "GET /wp-admin/theme-editor.php?file=404.php HTTP/1.1" 200 40969 "www.google.com" "Mozilla/5.0 (Windows NT 10.0; Win64; x64) AppleWebKit/537.36 (KHTML, like Gecko) Chrome/91.0.4472.124 Safari/537.36"
jomarlogistica.com.br:80 172.20.1.117 - - [03/Oct/2025:05:50:24 -0300] "POST /wp-cron.php?doing_wp_cron=1759481424.7379860877990722656250 HTTP/1.1" 200 389 "https://jomarlogistica.com.br/wp-cron.php?doing_wp_cron=1759481424.7379860877990722656250" "WordPress/5.8.10; https://jomarlogistica.com.br"
jomarlogistica.com.br:80 114.119.158.0 - - [03/Oct/2025:05:50:24 -0300] "GET /2023/11/13/arazy-legal-advisory-services-expert-legal-advice-representation/ HTTP/1.1" 200 16209 "https://jomarlogistica.com.br/2023/11/13/arazy-legal-advisory-services-expert-legal-advice-representation/" "Mozilla/5.0 (Linux; Android 7.0;) AppleWebKit/537.36 (KHTML, like Gecko) Mobile Safari/537.36 (compatible; PetalBot;+https://webmaster.petalsearch.com/site/petalbot)"
jomarlogistica.com.br:80 127.0.0.1 - - [03/Oct/2025:05:50:30 -0300] "OPTIONS * HTTP/1.0" 200 110 "-" "Apache/2.4.65 (Ubuntu) (internal dummy connection)"
jomarlogistica.com.br:80 114.119.158.0 - - [03/Oct/2025:05:51:41 -0300] "GET /2022/09/10/the-best-way-to-find-overseas-woman-via-the-internet/ HTTP/1.1" 200 18201 "https://jomarlogistica.com.br/2022/09/page/2/" "Mozilla/5.0 (Linux; Android 7.0;) AppleWebKit/537.36 (KHTML, like Gecko) Mobile Safari/537.36 (compatible; PetalBot;+https://webmaster.petalsearch.com/site/petalbot)"
jomarlogistica.com.br:80 172.20.1.117 - - [03/Oct/2025:05:53:07 -0300] "POST /wp-cron.php?doing_wp_cron=1759481587.5329918861389160156250 HTTP/1.1" 200 389 "https://jomarlogistica.com.br/wp-cron.php?doing_wp_cron=1759481587.5329918861389160156250" "WordPress/5.8.10; https://jomarlogistica.com.br"
jomarlogistica.com.br:80 114.119.128.158 - - [03/Oct/2025:05:53:07 -0300] "GET /2022/09/28/how-to-choose15463-up-ladies-online/ HTTP/1.1" 200 18131 "https://jomarlogistica.com.br/2022/09/30/points-to-text-after-a-first-time-frame/" "Mozilla/5.0 (Linux; Android 7.0;) AppleWebKit/537.36 (KHTML, like Gecko) Mobile Safari/537.36 (compatible; PetalBot;+https://webmaster.petalsearch.com/site/petalbot)"
jomarlogistica.com.br:80 127.0.0.1 - - [03/Oct/2025:05:53:13 -0300] "OPTIONS * HTTP/1.0" 200 110 "-" "Apache/2.4.65 (Ubuntu) (internal dummy connection)"
jomarlogistica.com.br:80 216.244.66.226 - - [03/Oct/2025:05:54:38 -0300] "GET /2023/06/11/choosing-a-data-bedroom-provider-for-people-who-do-buiness/ HTTP/1.1" 200 79723 "-" "Mozilla/5.0 (compatible; DotBot/1.2; +https://opensiteexplorer.org/dotbot; help@moz.com)"
jomarlogistica.com.br:80 172.20.1.117 - - [03/Oct/2025:06:00:01 -0300] "POST /wp-cron.php?doing_wp_cron=1759482001.5681099891662597656250 HTTP/1.1" 200 389 "https://jomarlogistica.com.br/wp-cron.php?doing_wp_cron=1759482001.5681099891662597656250" "WordPress/5.8.10; https://jomarlogistica.com.br"
jomarlogistica.com.br:80 23.98.186.206 - - [03/Oct/2025:06:00:01 -0300] "GET /2023/03/23/agency-agreement-cyprus-legal-requirements-and-best-practices/ HTTP/1.1" 200 14286 "-" "Mozilla/5.0 AppleWebKit/537.36 (KHTML, like Gecko); compatible; ChatGPT-User/1.0; +https://openai.com/bot"
jomarlogistica.com.br:80 127.0.0.1 - - [03/Oct/2025:06:00:06 -0300] "OPTIONS * HTTP/1.0" 200 110 "-" "Apache/2.4.65 (Ubuntu) (internal dummy connection)"
jomarlogistica.com.br:80 172.20.1.117 - - [03/Oct/2025:06:05:35 -0300] "POST /wp-cron.php?doing_wp_cron=1759482335.3522069454193115234375 HTTP/1.1" 200 389 "https://jomarlogistica.com.br/wp-cron.php?doing_wp_cron=1759482335.3522069454193115234375" "WordPress/5.8.10; https://jomarlogistica.com.br"
jomarlogistica.com.br:80 66.249.66.37 - - [03/Oct/2025:06:05:34 -0300] "GET /robots.txt HTTP/1.1" 200 584 "-" "Mozilla/5.0 (compatible; Googlebot/2.1; +http://www.google.com/bot.html)"
jomarlogistica.com.br:80 66.249.66.38 - - [03/Oct/2025:06:05:36 -0300] "GET /2023/05/13/china-trade-agreement-wiki-everything-you-need-to-know/ HTTP/1.1" 200 15256 "-" "Mozilla/5.0 (Linux; Android 6.0.1; Nexus 5X Build/MMB29P) AppleWebKit/537.36 (KHTML, like Gecko) Chrome/140.0.7339.207 Mobile Safari/537.36 (compatible; GoogleOther)"
jomarlogistica.com.br:80 66.249.66.37 - - [03/Oct/2025:06:05:37 -0300] "GET /?a7b529c=7464592 HTTP/1.1" 200 287 "https://jomarlogistica.com.br/2023/05/13/china-trade-agreement-wiki-everything-you-need-to-know/" "Mozilla/5.0 (Linux; Android 6.0.1; Nexus 5X Build/MMB29P) AppleWebKit/537.36 (KHTML, like Gecko) Chrome/139.0.7258.127 Mobile Safari/537.36 (compatible; Googlebot/2.1; +http://www.google.com/bot.html)"
jomarlogistica.com.br:80 127.0.0.1 - - [03/Oct/2025:06:05:52 -0300] "OPTIONS * HTTP/1.0" 200 110 "-" "Apache/2.4.65 (Ubuntu) (internal dummy connection)"
jomarlogistica.com.br:80 172.20.1.117 - - [03/Oct/2025:06:08:03 -0300] "POST /wp-cron.php?doing_wp_cron=1759482483.6204540729522705078125 HTTP/1.1" 200 389 "https://jomarlogistica.com.br/wp-cron.php?doing_wp_cron=1759482483.6204540729522705078125" "WordPress/5.8.10; https://jomarlogistica.com.br"
jomarlogistica.com.br:80 131.100.131.81 - - [03/Oct/2025:06:08:03 -0300] "GET /2024/03/09/auburn-hills-legal-services-expert-legal-advice-representation/ HTTP/1.1" 200 14167 "-" "Mozilla/5.0 (Macintosh; Intel Mac OS X 10_15_7) AppleWebKit/537.36 (KHTML, like Gecko) Chrome/125.0.0.0 Safari/537.36"
jomarlogistica.com.br:80 131.100.131.81 - - [03/Oct/2025:06:08:04 -0300] "GET /?a7b529c=7235596 HTTP/1.1" 200 287 "https://jomarlogistica.com.br/2024/03/09/auburn-hills-legal-services-expert-legal-advice-representation/" "Mozilla/5.0 (Macintosh; Intel Mac OS X 10_15_7) AppleWebKit/537.36 (KHTML, like Gecko) Chrome/125.0.0.0 Safari/537.36"
jomarlogistica.com.br:80 127.0.0.1 - - [03/Oct/2025:06:08:19 -0300] "OPTIONS * HTTP/1.0" 200 110 "-" "Apache/2.4.65 (Ubuntu) (internal dummy connection)"
jomarlogistica.com.br:80 66.249.66.37 - - [03/Oct/2025:06:10:18 -0300] "GET /2023/05/07/certificate-of-no-impediment-form-application-and-requirements/ HTTP/1.1" 200 13994 "-" "Mozilla/5.0 (Linux; Android 6.0.1; Nexus 5X Build/MMB29P) AppleWebKit/537.36 (KHTML, like Gecko) Chrome/140.0.7339.207 Mobile Safari/537.36 (compatible; GoogleOther)"
jomarlogistica.com.br:80 66.249.66.39 - - [03/Oct/2025:06:10:21 -0300] "GET /?a7b529c=7446214 HTTP/1.1" 200 287 "https://jomarlogistica.com.br/2023/05/07/certificate-of-no-impediment-form-application-and-requirements/" "Mozilla/5.0 (Linux; Android 6.0.1; Nexus 5X Build/MMB29P) AppleWebKit/537.36 (KHTML, like Gecko) Chrome/139.0.7258.127 Mobile Safari/537.36 (compatible; Googlebot/2.1; +http://www.google.com/bot.html)"
jomarlogistica.com.br:80 114.119.134.192 - - [03/Oct/2025:06:11:17 -0300] "GET /author/wadminw/ HTTP/1.1" 200 15958 "https://jomarlogistica.com.br/2025/07/" "Mozilla/5.0 (Linux; Android 7.0;) AppleWebKit/537.36 (KHTML, like Gecko) Mobile Safari/537.36 (compatible; PetalBot;+https://webmaster.petalsearch.com/site/petalbot)"
jomarlogistica.com.br:80 114.119.135.84 - - [03/Oct/2025:06:11:58 -0300] "GET /author/jomar/page/37/ HTTP/1.1" 200 18779 "https://jomarlogistica.com.br/author/jomar/page/38/" "Mozilla/5.0 (Linux; Android 7.0;) AppleWebKit/537.36 (KHTML, like Gecko) Mobile Safari/537.36 (compatible; PetalBot;+https://webmaster.petalsearch.com/site/petalbot)"
jomarlogistica.com.br:80 172.20.1.117 - - [03/Oct/2025:06:12:05 -0300] "POST /wp-cron.php?doing_wp_cron=1759482725.9566459655761718750000 HTTP/1.1" 200 389 "https://jomarlogistica.com.br/wp-cron.php?doing_wp_cron=1759482725.9566459655761718750000" "WordPress/5.8.10; https://jomarlogistica.com.br"
jomarlogistica.com.br:80 185.191.171.14 - - [03/Oct/2025:06:12:05 -0300] "GET /robots.txt HTTP/1.1" 200 584 "-" "Mozilla/5.0 (compatible; SemrushBot/7~bl; +http://www.semrush.com/bot.html)"
jomarlogistica.com.br:80 85.208.96.203 - - [03/Oct/2025:06:12:06 -0300] "GET /2022/12/01/a-few-tips-for-males-who-struggle-to-find-a-woman-to-date/ HTTP/1.1" 200 18264 "-" "Mozilla/5.0 (compatible; SemrushBot/7~bl; +http://www.semrush.com/bot.html)"
