jomarlogistica.com.br:80 99.169.88.68 - - [30/Sep/2025:20:05:59 -0300] "GET /wp-content/plugins/booked/assets/css/icons.css?ver=2.3.5 HTTP/1.1" 200 6985 "https://jomarlogistica.com.br/2024/01/16/is-owning-pet-squirrels-legal-in-florida-laws-regulations/" "Mozilla/5.0 (iPhone; CPU iPhone OS 18_6_2 like Mac OS X) AppleWebKit/605.1.15 (KHTML, like Gecko) Version/18.6 Mobile/15E148 Safari/604.1"
jomarlogistica.com.br:80 99.169.88.68 - - [30/Sep/2025:20:05:59 -0300] "GET /wp-content/plugins/contact-form-7/includes/css/styles.css?ver=5.5.3 HTTP/1.1" 200 1361 "https://jomarlogistica.com.br/2024/01/16/is-owning-pet-squirrels-legal-in-florida-laws-regulations/" "Mozilla/5.0 (iPhone; CPU iPhone OS 18_6_2 like Mac OS X) AppleWebKit/605.1.15 (KHTML, like Gecko) Version/18.6 Mobile/15E148 Safari/604.1"
jomarlogistica.com.br:80 99.169.88.68 - - [30/Sep/2025:20:05:59 -0300] "GET /wp-content/themes/consultio/assets/css/flaticon-v3.css?ver=2.8.0 HTTP/1.1" 200 1156 "https://jomarlogistica.com.br/2024/01/16/is-owning-pet-squirrels-legal-in-florida-laws-regulations/" "Mozilla/5.0 (iPhone; CPU iPhone OS 18_6_2 like Mac OS X) AppleWebKit/605.1.15 (KHTML, like Gecko) Version/18.6 Mobile/15E148 Safari/604.1"
jomarlogistica.com.br:80 99.169.88.68 - - [30/Sep/2025:20:05:59 -0300] "GET /wp-content/themes/consultio/assets/css/flaticon-v4.css?ver=2.8.0 HTTP/1.1" 200 795 "https://jomarlogistica.com.br/2024/01/16/is-owning-pet-squirrels-legal-in-florida-laws-regulations/" "Mozilla/5.0 (iPhone; CPU iPhone OS 18_6_2 like Mac OS X) AppleWebKit/605.1.15 (KHTML, like Gecko) Version/18.6 Mobile/15E148 Safari/604.1"
jomarlogistica.com.br:80 99.169.88.68 - - [30/Sep/2025:20:05:59 -0300] "GET /wp-content/themes/consultio/assets/css/bootstrap.min.css?ver=4.0.0 HTTP/1.1" 200 21421 "https://jomarlogistica.com.br/2024/01/16/is-owning-pet-squirrels-legal-in-florida-laws-regulations/" "Mozilla/5.0 (iPhone; CPU iPhone OS 18_6_2 like Mac OS X) AppleWebKit/605.1.15 (KHTML, like Gecko) Version/18.6 Mobile/15E148 Safari/604.1"
jomarlogistica.com.br:80 99.169.88.68 - - [30/Sep/2025:20:05:59 -0300] "GET /wp-content/plugins/booked/assets/js/tooltipster/css/tooltipster.css?ver=3.3.0 HTTP/1.1" 200 2174 "https://jomarlogistica.com.br/2024/01/16/is-owning-pet-squirrels-legal-in-florida-laws-regulations/" "Mozilla/5.0 (iPhone; CPU iPhone OS 18_6_2 like Mac OS X) AppleWebKit/605.1.15 (KHTML, like Gecko) Version/18.6 Mobile/15E148 Safari/604.1"
jomarlogistica.com.br:80 99.169.88.68 - - [30/Sep/2025:20:05:59 -0300] "GET /wp-content/themes/consultio/assets/css/magnific-popup.css?ver=1.0.0 HTTP/1.1" 200 2198 "https://jomarlogistica.com.br/2024/01/16/is-owning-pet-squirrels-legal-in-florida-laws-regulations/" "Mozilla/5.0 (iPhone; CPU iPhone OS 18_6_2 like Mac OS X) AppleWebKit/605.1.15 (KHTML, like Gecko) Version/18.6 Mobile/15E148 Safari/604.1"
jomarlogistica.com.br:80 99.169.88.68 - - [30/Sep/2025:20:05:59 -0300] "GET /wp-content/themes/consultio/assets/css/animate.css?ver=1.0.0 HTTP/1.1" 200 5563 "https://jomarlogistica.com.br/2024/01/16/is-owning-pet-squirrels-legal-in-florida-laws-regulations/" "Mozilla/5.0 (iPhone; CPU iPhone OS 18_6_2 like Mac OS X) AppleWebKit/605.1.15 (KHTML, like Gecko) Version/18.6 Mobile/15E148 Safari/604.1"
jomarlogistica.com.br:80 99.169.88.68 - - [30/Sep/2025:20:05:59 -0300] "GET /wp-content/plugins/booked/dist/booked.css?ver=2.3.5 HTTP/1.1" 200 9827 "https://jomarlogistica.com.br/2024/01/16/is-owning-pet-squirrels-legal-in-florida-laws-regulations/" "Mozilla/5.0 (iPhone; CPU iPhone OS 18_6_2 like Mac OS X) AppleWebKit/605.1.15 (KHTML, like Gecko) Version/18.6 Mobile/15E148 Safari/604.1"
jomarlogistica.com.br:80 99.169.88.68 - - [30/Sep/2025:20:05:59 -0300] "GET /wp-includes/js/jquery/jquery-migrate.min.js?ver=3.3.2 HTTP/1.1" 200 4613 "https://jomarlogistica.com.br/2024/01/16/is-owning-pet-squirrels-legal-in-florida-laws-regulations/" "Mozilla/5.0 (iPhone; CPU iPhone OS 18_6_2 like Mac OS X) AppleWebKit/605.1.15 (KHTML, like Gecko) Version/18.6 Mobile/15E148 Safari/604.1"
jomarlogistica.com.br:80 99.169.88.68 - - [30/Sep/2025:20:05:59 -0300] "GET /wp-includes/js/jquery/ui/core.min.js?ver=1.12.1 HTTP/1.1" 200 7418 "https://jomarlogistica.com.br/2024/01/16/is-owning-pet-squirrels-legal-in-florida-laws-regulations/" "Mozilla/5.0 (iPhone; CPU iPhone OS 18_6_2 like Mac OS X) AppleWebKit/605.1.15 (KHTML, like Gecko) Version/18.6 Mobile/15E148 Safari/604.1"
jomarlogistica.com.br:80 99.169.88.68 - - [30/Sep/2025:20:05:59 -0300] "GET /wp-includes/js/jquery/ui/datepicker.min.js?ver=1.12.1 HTTP/1.1" 200 11555 "https://jomarlogistica.com.br/2024/01/16/is-owning-pet-squirrels-legal-in-florida-laws-regulations/" "Mozilla/5.0 (iPhone; CPU iPhone OS 18_6_2 like Mac OS X) AppleWebKit/605.1.15 (KHTML, like Gecko) Version/18.6 Mobile/15E148 Safari/604.1"
jomarlogistica.com.br:80 99.169.88.68 - - [30/Sep/2025:20:05:59 -0300] "GET /wp-includes/js/jquery/jquery.min.js?ver=3.6.0 HTTP/1.1" 200 32444 "https://jomarlogistica.com.br/2024/01/16/is-owning-pet-squirrels-legal-in-florida-laws-regulations/" "Mozilla/5.0 (iPhone; CPU iPhone OS 18_6_2 like Mac OS X) AppleWebKit/605.1.15 (KHTML, like Gecko) Version/18.6 Mobile/15E148 Safari/604.1"
jomarlogistica.com.br:80 99.169.88.68 - - [30/Sep/2025:20:05:59 -0300] "GET /wp-content/plugins/case-theme-core/assets/css/main.css?ver=1.0.0 HTTP/1.1" 200 563 "https://jomarlogistica.com.br/2024/01/16/is-owning-pet-squirrels-legal-in-florida-laws-regulations/" "Mozilla/5.0 (iPhone; CPU iPhone OS 18_6_2 like Mac OS X) AppleWebKit/605.1.15 (KHTML, like Gecko) Version/18.6 Mobile/15E148 Safari/604.1"
jomarlogistica.com.br:80 99.169.88.68 - - [30/Sep/2025:20:05:59 -0300] "GET /wp-content/plugins/contact-form-7/includes/js/index.js?ver=5.5.3 HTTP/1.1" 200 4264 "https://jomarlogistica.com.br/2024/01/16/is-owning-pet-squirrels-legal-in-florida-laws-regulations/" "Mozilla/5.0 (iPhone; CPU iPhone OS 18_6_2 like Mac OS X) AppleWebKit/605.1.15 (KHTML, like Gecko) Version/18.6 Mobile/15E148 Safari/604.1"
jomarlogistica.com.br:80 99.169.88.68 - - [30/Sep/2025:20:05:59 -0300] "GET /wp-content/plugins/case-theme-core/assets/css/lib/progressbar.min.css?ver=0.7.1 HTTP/1.1" 200 1103 "https://jomarlogistica.com.br/2024/01/16/is-owning-pet-squirrels-legal-in-florida-laws-regulations/" "Mozilla/5.0 (iPhone; CPU iPhone OS 18_6_2 like Mac OS X) AppleWebKit/605.1.15 (KHTML, like Gecko) Version/18.6 Mobile/15E148 Safari/604.1"
jomarlogistica.com.br:80 99.169.88.68 - - [30/Sep/2025:20:05:59 -0300] "GET /wp-content/themes/consultio/assets/js/match-height-min.js?ver=1.0.0 HTTP/1.1" 200 3557 "https://jomarlogistica.com.br/2024/01/16/is-owning-pet-squirrels-legal-in-florida-laws-regulations/" "Mozilla/5.0 (iPhone; CPU iPhone OS 18_6_2 like Mac OS X) AppleWebKit/605.1.15 (KHTML, like Gecko) Version/18.6 Mobile/15E148 Safari/604.1"
jomarlogistica.com.br:80 99.169.88.68 - - [30/Sep/2025:20:05:59 -0300] "GET /wp-content/themes/consultio/assets/js/main.js?ver=2.8.0 HTTP/1.1" 200 6455 "https://jomarlogistica.com.br/2024/01/16/is-owning-pet-squirrels-legal-in-florida-laws-regulations/" "Mozilla/5.0 (iPhone; CPU iPhone OS 18_6_2 like Mac OS X) AppleWebKit/605.1.15 (KHTML, like Gecko) Version/18.6 Mobile/15E148 Safari/604.1"
jomarlogistica.com.br:80 99.169.88.68 - - [30/Sep/2025:20:05:59 -0300] "GET /wp-content/plugins/revslider/public/assets/js/rbtools.min.js?ver=6.5.11 HTTP/1.1" 200 48787 "https://jomarlogistica.com.br/2024/01/16/is-owning-pet-squirrels-legal-in-florida-laws-regulations/" "Mozilla/5.0 (iPhone; CPU iPhone OS 18_6_2 like Mac OS X) AppleWebKit/605.1.15 (KHTML, like Gecko) Version/18.6 Mobile/15E148 Safari/604.1"
jomarlogistica.com.br:80 99.169.88.68 - - [30/Sep/2025:20:05:59 -0300] "GET /wp-content/plugins/case-theme-core/assets/css/lib/owl.carousel.min.css?ver=2.2.1 HTTP/1.1" 200 1298 "https://jomarlogistica.com.br/2024/01/16/is-owning-pet-squirrels-legal-in-florida-laws-regulations/" "Mozilla/5.0 (iPhone; CPU iPhone OS 18_6_2 like Mac OS X) AppleWebKit/605.1.15 (KHTML, like Gecko) Version/18.6 Mobile/15E148 Safari/604.1"
jomarlogistica.com.br:80 99.169.88.68 - - [30/Sep/2025:20:05:59 -0300] "GET /wp-content/plugins/case-theme-user/acess/css/remodal-default-theme.css?ver=5.8.10 HTTP/1.1" 200 1733 "https://jomarlogistica.com.br/2024/01/16/is-owning-pet-squirrels-legal-in-florida-laws-regulations/" "Mozilla/5.0 (iPhone; CPU iPhone OS 18_6_2 like Mac OS X) AppleWebKit/605.1.15 (KHTML, like Gecko) Version/18.6 Mobile/15E148 Safari/604.1"
jomarlogistica.com.br:80 99.169.88.68 - - [30/Sep/2025:20:05:59 -0300] "GET /wp-content/plugins/contact-form-7-multi-step/assets/frontend/css/cf7mls.css?ver=2.5.4 HTTP/1.1" 200 2184 "https://jomarlogistica.com.br/2024/01/16/is-owning-pet-squirrels-legal-in-florida-laws-regulations/" "Mozilla/5.0 (iPhone; CPU iPhone OS 18_6_2 like Mac OS X) AppleWebKit/605.1.15 (KHTML, like Gecko) Version/18.6 Mobile/15E148 Safari/604.1"
jomarlogistica.com.br:80 99.169.88.68 - - [30/Sep/2025:20:05:59 -0300] "GET /wp-content/plugins/contact-form-7-multi-step/assets/frontend/css/progress_bar.css?ver=2.5.4 HTTP/1.1" 200 5617 "https://jomarlogistica.com.br/2024/01/16/is-owning-pet-squirrels-legal-in-florida-laws-regulations/" "Mozilla/5.0 (iPhone; CPU iPhone OS 18_6_2 like Mac OS X) AppleWebKit/605.1.15 (KHTML, like Gecko) Version/18.6 Mobile/15E148 Safari/604.1"
jomarlogistica.com.br:80 99.169.88.68 - - [30/Sep/2025:20:05:59 -0300] "GET /wp-content/plugins/contact-form-7-multi-step/assets/frontend/animate/animate.min.css?ver=2.5.4 HTTP/1.1" 200 5225 "https://jomarlogistica.com.br/2024/01/16/is-owning-pet-squirrels-legal-in-florida-laws-regulations/" "Mozilla/5.0 (iPhone; CPU iPhone OS 18_6_2 like Mac OS X) AppleWebKit/605.1.15 (KHTML, like Gecko) Version/18.6 Mobile/15E148 Safari/604.1"
jomarlogistica.com.br:80 99.169.88.68 - - [30/Sep/2025:20:05:59 -0300] "GET /wp-content/plugins/elementor/assets/lib/font-awesome/css/font-awesome.min.css?ver=4.7.0 HTTP/1.1" 200 7623 "https://jomarlogistica.com.br/2024/01/16/is-owning-pet-squirrels-legal-in-florida-laws-regulations/" "Mozilla/5.0 (iPhone; CPU iPhone OS 18_6_2 like Mac OS X) AppleWebKit/605.1.15 (KHTML, like Gecko) Version/18.6 Mobile/15E148 Safari/604.1"
jomarlogistica.com.br:80 99.169.88.68 - - [30/Sep/2025:20:05:59 -0300] "GET /wp-content/themes/consultio/assets/css/font-awesome5.min.css?ver=5.8.0 HTTP/1.1" 200 17997 "https://jomarlogistica.com.br/2024/01/16/is-owning-pet-squirrels-legal-in-florida-laws-regulations/" "Mozilla/5.0 (iPhone; CPU iPhone OS 18_6_2 like Mac OS X) AppleWebKit/605.1.15 (KHTML, like Gecko) Version/18.6 Mobile/15E148 Safari/604.1"
jomarlogistica.com.br:80 99.169.88.68 - - [30/Sep/2025:20:05:59 -0300] "GET /wp-content/themes/consultio/assets/css/flaticon.css?ver=2.8.0 HTTP/1.1" 200 1205 "https://jomarlogistica.com.br/2024/01/16/is-owning-pet-squirrels-legal-in-florida-laws-regulations/" "Mozilla/5.0 (iPhone; CPU iPhone OS 18_6_2 like Mac OS X) AppleWebKit/605.1.15 (KHTML, like Gecko) Version/18.6 Mobile/15E148 Safari/604.1"
jomarlogistica.com.br:80 99.169.88.68 - - [30/Sep/2025:20:05:59 -0300] "GET /wp-content/themes/consultio/assets/css/flaticon-v2.css?ver=2.8.0 HTTP/1.1" 200 994 "https://jomarlogistica.com.br/2024/01/16/is-owning-pet-squirrels-legal-in-florida-laws-regulations/" "Mozilla/5.0 (iPhone; CPU iPhone OS 18_6_2 like Mac OS X) AppleWebKit/605.1.15 (KHTML, like Gecko) Version/18.6 Mobile/15E148 Safari/604.1"
jomarlogistica.com.br:80 99.169.88.68 - - [30/Sep/2025:20:05:59 -0300] "GET /wp-content/themes/consultio/assets/css/flaticon-v5.css?ver=2.8.0 HTTP/1.1" 200 1337 "https://jomarlogistica.com.br/2024/01/16/is-owning-pet-squirrels-legal-in-florida-laws-regulations/" "Mozilla/5.0 (iPhone; CPU iPhone OS 18_6_2 like Mac OS X) AppleWebKit/605.1.15 (KHTML, like Gecko) Version/18.6 Mobile/15E148 Safari/604.1"
jomarlogistica.com.br:80 99.169.88.68 - - [30/Sep/2025:20:05:59 -0300] "GET /wp-content/themes/consultio/assets/css/flaticon-v6.css?ver=2.8.0 HTTP/1.1" 200 998 "https://jomarlogistica.com.br/2024/01/16/is-owning-pet-squirrels-legal-in-florida-laws-regulations/" "Mozilla/5.0 (iPhone; CPU iPhone OS 18_6_2 like Mac OS X) AppleWebKit/605.1.15 (KHTML, like Gecko) Version/18.6 Mobile/15E148 Safari/604.1"
jomarlogistica.com.br:80 99.169.88.68 - - [30/Sep/2025:20:05:59 -0300] "GET /wp-content/themes/consultio/assets/css/flaticon-v7.css?ver=2.8.0 HTTP/1.1" 200 990 "https://jomarlogistica.com.br/2024/01/16/is-owning-pet-squirrels-legal-in-florida-laws-regulations/" "Mozilla/5.0 (iPhone; CPU iPhone OS 18_6_2 like Mac OS X) AppleWebKit/605.1.15 (KHTML, like Gecko) Version/18.6 Mobile/15E148 Safari/604.1"
jomarlogistica.com.br:80 99.169.88.68 - - [30/Sep/2025:20:05:59 -0300] "GET /wp-content/themes/consultio/assets/css/material-design-iconic-font.min.css?ver=2.2.0 HTTP/1.1" 200 8981 "https://jomarlogistica.com.br/2024/01/16/is-owning-pet-squirrels-legal-in-florida-laws-regulations/" "Mozilla/5.0 (iPhone; CPU iPhone OS 18_6_2 like Mac OS X) AppleWebKit/605.1.15 (KHTML, like Gecko) Version/18.6 Mobile/15E148 Safari/604.1"
jomarlogistica.com.br:80 99.169.88.68 - - [30/Sep/2025:20:05:59 -0300] "GET /wp-content/themes/consultio/assets/css/theme.css?ver=2.8.0 HTTP/1.1" 200 195072 "https://jomarlogistica.com.br/2024/01/16/is-owning-pet-squirrels-legal-in-florida-laws-regulations/" "Mozilla/5.0 (iPhone; CPU iPhone OS 18_6_2 like Mac OS X) AppleWebKit/605.1.15 (KHTML, like Gecko) Version/18.6 Mobile/15E148 Safari/604.1"
jomarlogistica.com.br:80 99.169.88.68 - - [30/Sep/2025:20:05:59 -0300] "GET /wp-content/themes/consultio/style.css?ver=5.8.10 HTTP/1.1" 200 866 "https://jomarlogistica.com.br/2024/01/16/is-owning-pet-squirrels-legal-in-florida-laws-regulations/" "Mozilla/5.0 (iPhone; CPU iPhone OS 18_6_2 like Mac OS X) AppleWebKit/605.1.15 (KHTML, like Gecko) Version/18.6 Mobile/15E148 Safari/604.1"
jomarlogistica.com.br:80 99.169.88.68 - - [30/Sep/2025:20:05:59 -0300] "GET /wp-content/plugins/meks-simple-flickr-widget/css/style.css?ver=1.2 HTTP/1.1" 200 577 "https://jomarlogistica.com.br/2024/01/16/is-owning-pet-squirrels-legal-in-florida-laws-regulations/" "Mozilla/5.0 (iPhone; CPU iPhone OS 18_6_2 like Mac OS X) AppleWebKit/605.1.15 (KHTML, like Gecko) Version/18.6 Mobile/15E148 Safari/604.1"
jomarlogistica.com.br:80 99.169.88.68 - - [30/Sep/2025:20:05:59 -0300] "GET /wp-content/plugins/newsletter/style.css?ver=7.3.3 HTTP/1.1" 200 1636 "https://jomarlogistica.com.br/2024/01/16/is-owning-pet-squirrels-legal-in-florida-laws-regulations/" "Mozilla/5.0 (iPhone; CPU iPhone OS 18_6_2 like Mac OS X) AppleWebKit/605.1.15 (KHTML, like Gecko) Version/18.6 Mobile/15E148 Safari/604.1"
jomarlogistica.com.br:80 99.169.88.68 - - [30/Sep/2025:20:05:59 -0300] "GET /wp-content/plugins/case-theme-core/assets/js/main.js?ver=1.0.0 HTTP/1.1" 200 570 "https://jomarlogistica.com.br/2024/01/16/is-owning-pet-squirrels-legal-in-florida-laws-regulations/" "Mozilla/5.0 (iPhone; CPU iPhone OS 18_6_2 like Mac OS X) AppleWebKit/605.1.15 (KHTML, like Gecko) Version/18.6 Mobile/15E148 Safari/604.1"
jomarlogistica.com.br:80 99.169.88.68 - - [30/Sep/2025:20:05:59 -0300] "GET /wp-content/themes/consultio/elementor/js/ct-inline-css.js?ver=2.8.0 HTTP/1.1" 200 864 "https://jomarlogistica.com.br/2024/01/16/is-owning-pet-squirrels-legal-in-florida-laws-regulations/" "Mozilla/5.0 (iPhone; CPU iPhone OS 18_6_2 like Mac OS X) AppleWebKit/605.1.15 (KHTML, like Gecko) Version/18.6 Mobile/15E148 Safari/604.1"
jomarlogistica.com.br:80 99.169.88.68 - - [30/Sep/2025:20:06:00 -0300] "GET /wp-content/themes/consultio/assets/fonts/fontawesome/fa-solid-900.woff2 HTTP/1.1" 200 117654 "https://jomarlogistica.com.br/2024/01/16/is-owning-pet-squirrels-legal-in-florida-laws-regulations/" "Mozilla/5.0 (iPhone; CPU iPhone OS 18_6_2 like Mac OS X) AppleWebKit/605.1.15 (KHTML, like Gecko) Version/18.6 Mobile/15E148 Safari/604.1"
jomarlogistica.com.br:80 99.169.88.68 - - [30/Sep/2025:20:06:00 -0300] "GET /wp-content/themes/consultio/assets/fonts/Flaticon.svg HTTP/1.1" 200 56613 "https://jomarlogistica.com.br/2024/01/16/is-owning-pet-squirrels-legal-in-florida-laws-regulations/" "Mozilla/5.0 (iPhone; CPU iPhone OS 18_6_2 like Mac OS X) AppleWebKit/605.1.15 (KHTML, like Gecko) Version/18.6 Mobile/15E148 Safari/604.1"
jomarlogistica.com.br:80 99.169.88.68 - - [30/Sep/2025:20:06:00 -0300] "GET /wp-content/plugins/revslider/public/assets/css/rs6.css?ver=6.5.11 HTTP/1.1" 200 13321 "https://jomarlogistica.com.br/2024/01/16/is-owning-pet-squirrels-legal-in-florida-laws-regulations/" "Mozilla/5.0 (iPhone; CPU iPhone OS 18_6_2 like Mac OS X) AppleWebKit/605.1.15 (KHTML, like Gecko) Version/18.6 Mobile/15E148 Safari/604.1"
jomarlogistica.com.br:80 99.169.88.68 - - [30/Sep/2025:20:06:00 -0300] "GET /wp-content/plugins/booked/assets/js/spin.min.js?ver=2.0.1 HTTP/1.1" 200 2463 "https://jomarlogistica.com.br/2024/01/16/is-owning-pet-squirrels-legal-in-florida-laws-regulations/" "Mozilla/5.0 (iPhone; CPU iPhone OS 18_6_2 like Mac OS X) AppleWebKit/605.1.15 (KHTML, like Gecko) Version/18.6 Mobile/15E148 Safari/604.1"
jomarlogistica.com.br:80 99.169.88.68 - - [30/Sep/2025:20:06:00 -0300] "GET /wp-content/plugins/booked/assets/js/spin.jquery.js?ver=2.0.1 HTTP/1.1" 200 1167 "https://jomarlogistica.com.br/2024/01/16/is-owning-pet-squirrels-legal-in-florida-laws-regulations/" "Mozilla/5.0 (iPhone; CPU iPhone OS 18_6_2 like Mac OS X) AppleWebKit/605.1.15 (KHTML, like Gecko) Version/18.6 Mobile/15E148 Safari/604.1"
jomarlogistica.com.br:80 99.169.88.68 - - [30/Sep/2025:20:06:00 -0300] "GET /wp-content/plugins/booked/assets/js/tooltipster/js/jquery.tooltipster.min.js?ver=3.3.0 HTTP/1.1" 200 5373 "https://jomarlogistica.com.br/2024/01/16/is-owning-pet-squirrels-legal-in-florida-laws-regulations/" "Mozilla/5.0 (iPhone; CPU iPhone OS 18_6_2 like Mac OS X) AppleWebKit/605.1.15 (KHTML, like Gecko) Version/18.6 Mobile/15E148 Safari/604.1"
jomarlogistica.com.br:80 99.169.88.68 - - [30/Sep/2025:20:06:00 -0300] "GET /wp-content/plugins/booked/assets/js/functions.js?ver=2.3.5 HTTP/1.1" 200 10029 "https://jomarlogistica.com.br/2024/01/16/is-owning-pet-squirrels-legal-in-florida-laws-regulations/" "Mozilla/5.0 (iPhone; CPU iPhone OS 18_6_2 like Mac OS X) AppleWebKit/605.1.15 (KHTML, like Gecko) Version/18.6 Mobile/15E148 Safari/604.1"
jomarlogistica.com.br:80 99.169.88.68 - - [30/Sep/2025:20:06:00 -0300] "GET /wp-content/plugins/case-theme-user/acess/js/notify.min.js?ver=1.0.0 HTTP/1.1" 200 7826 "https://jomarlogistica.com.br/2024/01/16/is-owning-pet-squirrels-legal-in-florida-laws-regulations/" "Mozilla/5.0 (iPhone; CPU iPhone OS 18_6_2 like Mac OS X) AppleWebKit/605.1.15 (KHTML, like Gecko) Version/18.6 Mobile/15E148 Safari/604.1"
jomarlogistica.com.br:80 99.169.88.68 - - [30/Sep/2025:20:06:00 -0300] "GET /wp-content/plugins/case-theme-user/acess/js/remodal.min.js?ver=1.0.0 HTTP/1.1" 200 3045 "https://jomarlogistica.com.br/2024/01/16/is-owning-pet-squirrels-legal-in-florida-laws-regulations/" "Mozilla/5.0 (iPhone; CPU iPhone OS 18_6_2 like Mac OS X) AppleWebKit/605.1.15 (KHTML, like Gecko) Version/18.6 Mobile/15E148 Safari/604.1"
jomarlogistica.com.br:80 99.169.88.68 - - [30/Sep/2025:20:06:00 -0300] "GET /wp-content/plugins/case-theme-user/acess/js/ct-user-form.js?ver=1.0.0 HTTP/1.1" 200 2307 "https://jomarlogistica.com.br/2024/01/16/is-owning-pet-squirrels-legal-in-florida-laws-regulations/" "Mozilla/5.0 (iPhone; CPU iPhone OS 18_6_2 like Mac OS X) AppleWebKit/605.1.15 (KHTML, like Gecko) Version/18.6 Mobile/15E148 Safari/604.1"
jomarlogistica.com.br:80 99.169.88.68 - - [30/Sep/2025:20:06:00 -0300] "GET /wp-includes/js/dist/vendor/regenerator-runtime.min.js?ver=0.13.7 HTTP/1.1" 200 2798 "https://jomarlogistica.com.br/2024/01/16/is-owning-pet-squirrels-legal-in-florida-laws-regulations/" "Mozilla/5.0 (iPhone; CPU iPhone OS 18_6_2 like Mac OS X) AppleWebKit/605.1.15 (KHTML, like Gecko) Version/18.6 Mobile/15E148 Safari/604.1"
jomarlogistica.com.br:80 99.169.88.68 - - [30/Sep/2025:20:06:00 -0300] "GET /wp-content/plugins/contact-form-7-multi-step/assets/frontend/js/cf7mls.js?ver=2.5.4 HTTP/1.1" 200 7286 "https://jomarlogistica.com.br/2024/01/16/is-owning-pet-squirrels-legal-in-florida-laws-regulations/" "Mozilla/5.0 (iPhone; CPU iPhone OS 18_6_2 like Mac OS X) AppleWebKit/605.1.15 (KHTML, like Gecko) Version/18.6 Mobile/15E148 Safari/604.1"
jomarlogistica.com.br:80 99.169.88.68 - - [30/Sep/2025:20:06:00 -0300] "GET /wp-includes/js/dist/vendor/wp-polyfill.min.js?ver=3.15.0 HTTP/1.1" 200 6572 "https://jomarlogistica.com.br/2024/01/16/is-owning-pet-squirrels-legal-in-florida-laws-regulations/" "Mozilla/5.0 (iPhone; CPU iPhone OS 18_6_2 like Mac OS X) AppleWebKit/605.1.15 (KHTML, like Gecko) Version/18.6 Mobile/15E148 Safari/604.1"
jomarlogistica.com.br:80 99.169.88.68 - - [30/Sep/2025:20:06:00 -0300] "GET /wp-content/plugins/booked/includes/add-ons/frontend-agents/js/functions.js?ver=2.3.5 HTTP/1.1" 200 1592 "https://jomarlogistica.com.br/2024/01/16/is-owning-pet-squirrels-legal-in-florida-laws-regulations/" "Mozilla/5.0 (iPhone; CPU iPhone OS 18_6_2 like Mac OS X) AppleWebKit/605.1.15 (KHTML, like Gecko) Version/18.6 Mobile/15E148 Safari/604.1"
jomarlogistica.com.br:80 99.169.88.68 - - [30/Sep/2025:20:06:00 -0300] "GET /wp-content/themes/consultio/assets/js/bootstrap.min.js?ver=4.0.0 HTTP/1.1" 200 14168 "https://jomarlogistica.com.br/2024/01/16/is-owning-pet-squirrels-legal-in-florida-laws-regulations/" "Mozilla/5.0 (iPhone; CPU iPhone OS 18_6_2 like Mac OS X) AppleWebKit/605.1.15 (KHTML, like Gecko) Version/18.6 Mobile/15E148 Safari/604.1"
jomarlogistica.com.br:80 99.169.88.68 - - [30/Sep/2025:20:06:00 -0300] "GET /wp-content/themes/consultio/assets/js/nice-select.min.js?ver=all HTTP/1.1" 200 1420 "https://jomarlogistica.com.br/2024/01/16/is-owning-pet-squirrels-legal-in-florida-laws-regulations/" "Mozilla/5.0 (iPhone; CPU iPhone OS 18_6_2 like Mac OS X) AppleWebKit/605.1.15 (KHTML, like Gecko) Version/18.6 Mobile/15E148 Safari/604.1"
jomarlogistica.com.br:80 99.169.88.68 - - [30/Sep/2025:20:06:00 -0300] "GET /wp-content/themes/consultio/assets/js/magnific-popup.min.js?ver=1.0.0 HTTP/1.1" 200 14895 "https://jomarlogistica.com.br/2024/01/16/is-owning-pet-squirrels-legal-in-florida-laws-regulations/" "Mozilla/5.0 (iPhone; CPU iPhone OS 18_6_2 like Mac OS X) AppleWebKit/605.1.15 (KHTML, like Gecko) Version/18.6 Mobile/15E148 Safari/604.1"
jomarlogistica.com.br:80 99.169.88.68 - - [30/Sep/2025:20:06:00 -0300] "GET /wp-content/themes/consultio/assets/js/progressbar.min.js?ver=1.0.0 HTTP/1.1" 200 1327 "https://jomarlogistica.com.br/2024/01/16/is-owning-pet-squirrels-legal-in-florida-laws-regulations/" "Mozilla/5.0 (iPhone; CPU iPhone OS 18_6_2 like Mac OS X) AppleWebKit/605.1.15 (KHTML, like Gecko) Version/18.6 Mobile/15E148 Safari/604.1"
jomarlogistica.com.br:80 99.169.88.68 - - [30/Sep/2025:20:06:00 -0300] "GET /wp-content/themes/consultio/assets/js/wow.min.js?ver=1.0.0 HTTP/1.1" 200 3260 "https://jomarlogistica.com.br/2024/01/16/is-owning-pet-squirrels-legal-in-florida-laws-regulations/" "Mozilla/5.0 (iPhone; CPU iPhone OS 18_6_2 like Mac OS X) AppleWebKit/605.1.15 (KHTML, like Gecko) Version/18.6 Mobile/15E148 Safari/604.1"
jomarlogistica.com.br:80 99.169.88.68 - - [30/Sep/2025:20:06:00 -0300] "GET /wp-includes/js/jquery/ui/mouse.min.js?ver=1.12.1 HTTP/1.1" 200 1479 "https://jomarlogistica.com.br/2024/01/16/is-owning-pet-squirrels-legal-in-florida-laws-regulations/" "Mozilla/5.0 (iPhone; CPU iPhone OS 18_6_2 like Mac OS X) AppleWebKit/605.1.15 (KHTML, like Gecko) Version/18.6 Mobile/15E148 Safari/604.1"
jomarlogistica.com.br:80 99.169.88.68 - - [30/Sep/2025:20:06:00 -0300] "GET /wp-includes/js/jquery/ui/slider.min.js?ver=1.12.1 HTTP/1.1" 200 3602 "https://jomarlogistica.com.br/2024/01/16/is-owning-pet-squirrels-legal-in-florida-laws-regulations/" "Mozilla/5.0 (iPhone; CPU iPhone OS 18_6_2 like Mac OS X) AppleWebKit/605.1.15 (KHTML, like Gecko) Version/18.6 Mobile/15E148 Safari/604.1"
jomarlogistica.com.br:80 99.169.88.68 - - [30/Sep/2025:20:06:00 -0300] "GET /wp-content/plugins/revslider/public/assets/js/rs6.min.js?ver=6.5.11 HTTP/1.1" 200 104993 "https://jomarlogistica.com.br/2024/01/16/is-owning-pet-squirrels-legal-in-florida-laws-regulations/" "Mozilla/5.0 (iPhone; CPU iPhone OS 18_6_2 like Mac OS X) AppleWebKit/605.1.15 (KHTML, like Gecko) Version/18.6 Mobile/15E148 Safari/604.1"
jomarlogistica.com.br:80 99.169.88.68 - - [30/Sep/2025:20:06:00 -0300] "GET /wp-includes/js/wp-embed.min.js?ver=5.8.10 HTTP/1.1" 200 1177 "https://jomarlogistica.com.br/2024/01/16/is-owning-pet-squirrels-legal-in-florida-laws-regulations/" "Mozilla/5.0 (iPhone; CPU iPhone OS 18_6_2 like Mac OS X) AppleWebKit/605.1.15 (KHTML, like Gecko) Version/18.6 Mobile/15E148 Safari/604.1"
jomarlogistica.com.br:80 99.169.88.68 - - [30/Sep/2025:20:06:00 -0300] "GET /wp-content/themes/consultio/assets/fonts/Flaticon-v3.svg HTTP/1.1" 200 30604 "https://jomarlogistica.com.br/2024/01/16/is-owning-pet-squirrels-legal-in-florida-laws-regulations/" "Mozilla/5.0 (iPhone; CPU iPhone OS 18_6_2 like Mac OS X) AppleWebKit/605.1.15 (KHTML, like Gecko) Version/18.6 Mobile/15E148 Safari/604.1"
jomarlogistica.com.br:80 99.169.88.68 - - [30/Sep/2025:20:06:00 -0300] "GET /wp-content/themes/consultio/assets/fonts/fontawesome/fa-regular-400.woff2 HTTP/1.1" 200 145375 "https://jomarlogistica.com.br/2024/01/16/is-owning-pet-squirrels-legal-in-florida-laws-regulations/" "Mozilla/5.0 (iPhone; CPU iPhone OS 18_6_2 like Mac OS X) AppleWebKit/605.1.15 (KHTML, like Gecko) Version/18.6 Mobile/15E148 Safari/604.1"
jomarlogistica.com.br:80 99.169.88.68 - - [30/Sep/2025:20:06:01 -0300] "GET /wp-content/uploads/2021/12/logo.png HTTP/1.1" 200 32663 "https://jomarlogistica.com.br/2024/01/16/is-owning-pet-squirrels-legal-in-florida-laws-regulations/" "Mozilla/5.0 (iPhone; CPU iPhone OS 18_6_2 like Mac OS X) AppleWebKit/605.1.15 (KHTML, like Gecko) Version/18.6 Mobile/15E148 Safari/604.1"
jomarlogistica.com.br:80 99.169.88.68 - - [30/Sep/2025:20:06:01 -0300] "GET /wp-content/themes/consultio/assets/fonts/fontawesome/fa-light-300.woff2 HTTP/1.1" 200 157090 "https://jomarlogistica.com.br/2024/01/16/is-owning-pet-squirrels-legal-in-florida-laws-regulations/" "Mozilla/5.0 (iPhone; CPU iPhone OS 18_6_2 like Mac OS X) AppleWebKit/605.1.15 (KHTML, like Gecko) Version/18.6 Mobile/15E148 Safari/604.1"
jomarlogistica.com.br:80 99.169.88.68 - - [30/Sep/2025:20:06:01 -0300] "GET /wp-content/uploads/2020/05/bg-page-title-u.jpg HTTP/1.1" 200 88345 "https://jomarlogistica.com.br/2024/01/16/is-owning-pet-squirrels-legal-in-florida-laws-regulations/" "Mozilla/5.0 (iPhone; CPU iPhone OS 18_6_2 like Mac OS X) AppleWebKit/605.1.15 (KHTML, like Gecko) Version/18.6 Mobile/15E148 Safari/604.1"
jomarlogistica.com.br:80 127.0.0.1 - - [30/Sep/2025:20:06:01 -0300] "OPTIONS * HTTP/1.0" 200 110 "-" "Apache/2.4.65 (Ubuntu) (internal dummy connection)"
jomarlogistica.com.br:80 127.0.0.1 - - [30/Sep/2025:20:06:05 -0300] "OPTIONS * HTTP/1.0" 200 110 "-" "Apache/2.4.65 (Ubuntu) (internal dummy connection)"
jomarlogistica.com.br:80 99.169.88.68 - - [30/Sep/2025:20:05:59 -0300] "GET /?a7b529c=7192101 HTTP/1.1" 200 287 "https://jomarlogistica.com.br/2024/01/16/is-owning-pet-squirrels-legal-in-florida-laws-regulations/" "Mozilla/5.0 (iPhone; CPU iPhone OS 18_6_2 like Mac OS X) AppleWebKit/605.1.15 (KHTML, like Gecko) Version/18.6 Mobile/15E148 Safari/604.1"
jomarlogistica.com.br:80 127.0.0.1 - - [30/Sep/2025:20:06:10 -0300] "OPTIONS * HTTP/1.0" 200 110 "-" "Apache/2.4.65 (Ubuntu) (internal dummy connection)"
jomarlogistica.com.br:80 172.20.1.117 - - [30/Sep/2025:20:13:13 -0300] "POST /wp-cron.php?doing_wp_cron=1759273993.7177538871765136718750 HTTP/1.1" 200 389 "https://jomarlogistica.com.br/wp-cron.php?doing_wp_cron=1759273993.7177538871765136718750" "WordPress/5.8.10; https://jomarlogistica.com.br"
jomarlogistica.com.br:80 185.191.171.8 - - [30/Sep/2025:20:13:13 -0300] "GET /robots.txt HTTP/1.1" 200 584 "-" "Mozilla/5.0 (compatible; SemrushBot/7~bl; +http://www.semrush.com/bot.html)"
jomarlogistica.com.br:80 85.208.96.195 - - [30/Sep/2025:20:13:14 -0300] "GET /2023/01/18/a-repurchase-agreement-understanding-legal-terms-and-implications/ HTTP/1.1" 200 13956 "-" "Mozilla/5.0 (compatible; SemrushBot/7~bl; +http://www.semrush.com/bot.html)"
jomarlogistica.com.br:80 127.0.0.1 - - [30/Sep/2025:20:13:20 -0300] "OPTIONS * HTTP/1.0" 200 110 "-" "Apache/2.4.65 (Ubuntu) (internal dummy connection)"
jomarlogistica.com.br:80 57.141.0.60 - - [30/Sep/2025:20:13:37 -0300] "GET /2023/12/18/alien-wedge-legal-understanding-the-legalities-of-alienation-of-land/ HTTP/1.1" 200 63708 "-" "meta-externalagent/1.1 (+https://developers.facebook.com/docs/sharing/webmasters/crawler)"
jomarlogistica.com.br:80 57.141.0.37 - - [30/Sep/2025:20:14:21 -0300] "GET /2023/06/18/relationship-site-to-fulfill-singles-discover-actual-love/ HTTP/1.1" 200 79729 "-" "meta-externalagent/1.1 (+https://developers.facebook.com/docs/sharing/webmasters/crawler)"
jomarlogistica.com.br:80 85.208.96.201 - - [30/Sep/2025:20:15:20 -0300] "GET /2023/06/22/understanding-the-14-hour-rule-in-trucking-compliance-and-regulations/ HTTP/1.1" 200 14134 "-" "Mozilla/5.0 (compatible; SemrushBot/7~bl; +http://www.semrush.com/bot.html)"
jomarlogistica.com.br:80 57.141.0.69 - - [30/Sep/2025:20:16:15 -0300] "GET /2022/10/12/realizing-love-signs-that-youll-be-in-love/ HTTP/1.1" 200 81495 "-" "meta-externalagent/1.1 (+https://developers.facebook.com/docs/sharing/webmasters/crawler)"
jomarlogistica.com.br:80 172.20.1.117 - - [30/Sep/2025:20:19:50 -0300] "POST /wp-cron.php?doing_wp_cron=1759274390.2262089252471923828125 HTTP/1.1" 200 389 "https://jomarlogistica.com.br/wp-cron.php?doing_wp_cron=1759274390.2262089252471923828125" "WordPress/5.8.10; https://jomarlogistica.com.br"
jomarlogistica.com.br:80 57.141.0.48 - - [30/Sep/2025:20:19:49 -0300] "GET /2022/10/27/the-signs-of-a-serious-romance/ HTTP/1.1" 200 81723 "-" "meta-externalagent/1.1 (+https://developers.facebook.com/docs/sharing/webmasters/crawler)"
jomarlogistica.com.br:80 127.0.0.1 - - [30/Sep/2025:20:19:55 -0300] "OPTIONS * HTTP/1.0" 200 110 "-" "Apache/2.4.65 (Ubuntu) (internal dummy connection)"
jomarlogistica.com.br:80 185.191.171.13 - - [30/Sep/2025:20:20:09 -0300] "GET /2023/08/13/ideal-free-vpn-for-mac/ HTTP/1.1" 200 17317 "-" "Mozilla/5.0 (compatible; SemrushBot/7~bl; +http://www.semrush.com/bot.html)"
jomarlogistica.com.br:80 85.208.96.198 - - [30/Sep/2025:20:20:49 -0300] "GET /2023/03/13/cbe-law-group-long-beach-experienced-legal-services-in-california/ HTTP/1.1" 200 14227 "-" "Mozilla/5.0 (compatible; SemrushBot/7~bl; +http://www.semrush.com/bot.html)"
jomarlogistica.com.br:80 57.141.0.4 - - [30/Sep/2025:20:20:51 -0300] "GET /2023/04/12/asian-relationship-conversation-styles/ HTTP/1.1" 200 80047 "-" "meta-externalagent/1.1 (+https://developers.facebook.com/docs/sharing/webmasters/crawler)"
jomarlogistica.com.br:80 127.0.0.1 - - [30/Sep/2025:20:20:57 -0300] "OPTIONS * HTTP/1.0" 200 110 "-" "Apache/2.4.65 (Ubuntu) (internal dummy connection)"
jomarlogistica.com.br:80 172.20.1.117 - - [30/Sep/2025:20:26:35 -0300] "POST /wp-cron.php?doing_wp_cron=1759274795.1482069492340087890625 HTTP/1.1" 200 389 "https://jomarlogistica.com.br/wp-cron.php?doing_wp_cron=1759274795.1482069492340087890625" "WordPress/5.8.10; https://jomarlogistica.com.br"
jomarlogistica.com.br:80 185.191.171.5 - - [30/Sep/2025:20:26:33 -0300] "GET /2023/11/06/are-tinted-plate-covers-legal-in-ohio-ohio-license-plate-laws/ HTTP/1.1" 200 14014 "-" "Mozilla/5.0 (compatible; SemrushBot/7~bl; +http://www.semrush.com/bot.html)"
jomarlogistica.com.br:80 185.191.171.16 - - [30/Sep/2025:20:26:37 -0300] "GET /2022/12/19/how-to-show-a-woman-that-you-appreciate-her/ HTTP/1.1" 200 17859 "-" "Mozilla/5.0 (compatible; SemrushBot/7~bl; +http://www.semrush.com/bot.html)"
jomarlogistica.com.br:80 127.0.0.1 - - [30/Sep/2025:20:26:42 -0300] "OPTIONS * HTTP/1.0" 200 110 "-" "Apache/2.4.65 (Ubuntu) (internal dummy connection)"
jomarlogistica.com.br:80 172.20.1.117 - - [30/Sep/2025:20:30:19 -0300] "POST /wp-cron.php?doing_wp_cron=1759275019.3889210224151611328125 HTTP/1.1" 200 389 "https://jomarlogistica.com.br/wp-cron.php?doing_wp_cron=1759275019.3889210224151611328125" "WordPress/5.8.10; https://jomarlogistica.com.br"
jomarlogistica.com.br:80 57.141.0.29 - - [30/Sep/2025:20:30:19 -0300] "GET /2023/02/17/finding-fulfilling-romantic-relationships/ HTTP/1.1" 200 82458 "-" "meta-externalagent/1.1 (+https://developers.facebook.com/docs/sharing/webmasters/crawler)"
jomarlogistica.com.br:80 127.0.0.1 - - [30/Sep/2025:20:30:25 -0300] "OPTIONS * HTTP/1.0" 200 110 "-" "Apache/2.4.65 (Ubuntu) (internal dummy connection)"
jomarlogistica.com.br:80 172.20.1.117 - - [30/Sep/2025:20:33:25 -0300] "POST /wp-cron.php?doing_wp_cron=1759275205.6934800148010253906250 HTTP/1.1" 200 389 "https://jomarlogistica.com.br/wp-cron.php?doing_wp_cron=1759275205.6934800148010253906250" "WordPress/5.8.10; https://jomarlogistica.com.br"
jomarlogistica.com.br:80 85.208.96.194 - - [30/Sep/2025:20:33:25 -0300] "GET /2022/05/24/conditional-job-offer-can-i-withdraw-legal-advice/ HTTP/1.1" 200 14363 "-" "Mozilla/5.0 (compatible; SemrushBot/7~bl; +http://www.semrush.com/bot.html)"
jomarlogistica.com.br:80 127.0.0.1 - - [30/Sep/2025:20:33:31 -0300] "OPTIONS * HTTP/1.0" 200 110 "-" "Apache/2.4.65 (Ubuntu) (internal dummy connection)"
jomarlogistica.com.br:80 66.249.66.39 - - [30/Sep/2025:20:35:31 -0300] "GET /robots.txt HTTP/1.1" 200 584 "-" "Mozilla/5.0 (compatible; Googlebot/2.1; +http://www.google.com/bot.html)"
jomarlogistica.com.br:80 66.249.65.70 - - [30/Sep/2025:20:35:31 -0300] "GET /2024/03/09/boat-joint-ownership-agreement-contract-legal-guidelines-templates/ HTTP/1.1" 200 14791 "-" "Mozilla/5.0 (Linux; Android 6.0.1; Nexus 5X Build/MMB29P) AppleWebKit/537.36 (KHTML, like Gecko) Chrome/140.0.7339.207 Mobile Safari/537.36 (compatible; Googlebot/2.1; +http://www.google.com/bot.html)"
jomarlogistica.com.br:80 66.249.66.70 - - [30/Sep/2025:20:35:34 -0300] "GET /wp-content/plugins/booked/assets/css/animations.css?ver=2.3.5 HTTP/1.1" 200 905 "https://jomarlogistica.com.br/2024/03/09/boat-joint-ownership-agreement-contract-legal-guidelines-templates/" "Mozilla/5.0 (Linux; Android 6.0.1; Nexus 5X Build/MMB29P) AppleWebKit/537.36 (KHTML, like Gecko) Chrome/139.0.7258.127 Mobile Safari/537.36 (compatible; Googlebot/2.1; +http://www.google.com/bot.html)"
jomarlogistica.com.br:80 66.249.66.160 - - [30/Sep/2025:20:35:35 -0300] "GET /wp-content/themes/consultio/assets/css/flaticon-v4.css?ver=2.8.0 HTTP/1.1" 200 795 "https://jomarlogistica.com.br/2024/03/09/boat-joint-ownership-agreement-contract-legal-guidelines-templates/" "Mozilla/5.0 (Linux; Android 6.0.1; Nexus 5X Build/MMB29P) AppleWebKit/537.36 (KHTML, like Gecko) Chrome/139.0.7258.127 Mobile Safari/537.36 (compatible; Googlebot/2.1; +http://www.google.com/bot.html)"
jomarlogistica.com.br:80 66.249.66.160 - - [30/Sep/2025:20:35:35 -0300] "GET /wp-content/themes/consultio/assets/css/bootstrap.min.css?ver=4.0.0 HTTP/1.1" 200 21402 "https://jomarlogistica.com.br/2024/03/09/boat-joint-ownership-agreement-contract-legal-guidelines-templates/" "Mozilla/5.0 (Linux; Android 6.0.1; Nexus 5X Build/MMB29P) AppleWebKit/537.36 (KHTML, like Gecko) Chrome/139.0.7258.127 Mobile Safari/537.36 (compatible; Googlebot/2.1; +http://www.google.com/bot.html)"
jomarlogistica.com.br:80 66.249.66.37 - - [30/Sep/2025:20:35:35 -0300] "GET /wp-content/plugins/elementor/assets/lib/font-awesome/css/font-awesome.min.css?ver=4.7.0 HTTP/1.1" 200 7623 "https://jomarlogistica.com.br/2024/03/09/boat-joint-ownership-agreement-contract-legal-guidelines-templates/" "Mozilla/5.0 (Linux; Android 6.0.1; Nexus 5X Build/MMB29P) AppleWebKit/537.36 (KHTML, like Gecko) Chrome/139.0.7258.127 Mobile Safari/537.36 (compatible; Googlebot/2.1; +http://www.google.com/bot.html)"
jomarlogistica.com.br:80 66.249.66.38 - - [30/Sep/2025:20:35:36 -0300] "GET /wp-content/plugins/booked/dist/booked.css?ver=2.3.5 HTTP/1.1" 200 9846 "https://jomarlogistica.com.br/2024/03/09/boat-joint-ownership-agreement-contract-legal-guidelines-templates/" "Mozilla/5.0 (Linux; Android 6.0.1; Nexus 5X Build/MMB29P) AppleWebKit/537.36 (KHTML, like Gecko) Chrome/139.0.7258.127 Mobile Safari/537.36 (compatible; Googlebot/2.1; +http://www.google.com/bot.html)"
jomarlogistica.com.br:80 66.249.66.37 - - [30/Sep/2025:20:35:38 -0300] "GET /wp-content/plugins/contact-form-7/includes/js/index.js?ver=5.5.3 HTTP/1.1" 200 4245 "https://jomarlogistica.com.br/2024/03/09/boat-joint-ownership-agreement-contract-legal-guidelines-templates/" "Mozilla/5.0 (Linux; Android 6.0.1; Nexus 5X Build/MMB29P) AppleWebKit/537.36 (KHTML, like Gecko) Chrome/139.0.7258.127 Mobile Safari/537.36 (compatible; Googlebot/2.1; +http://www.google.com/bot.html)"
jomarlogistica.com.br:80 66.249.66.38 - - [30/Sep/2025:20:35:38 -0300] "GET /wp-content/themes/consultio/assets/js/main.js?ver=2.8.0 HTTP/1.1" 200 6455 "https://jomarlogistica.com.br/2024/03/09/boat-joint-ownership-agreement-contract-legal-guidelines-templates/" "Mozilla/5.0 (Linux; Android 6.0.1; Nexus 5X Build/MMB29P) AppleWebKit/537.36 (KHTML, like Gecko) Chrome/139.0.7258.127 Mobile Safari/537.36 (compatible; Googlebot/2.1; +http://www.google.com/bot.html)"
jomarlogistica.com.br:80 66.249.66.5 - - [30/Sep/2025:20:35:36 -0300] "GET /?a7b529c=7311698 HTTP/1.1" 200 287 "https://jomarlogistica.com.br/2024/03/09/boat-joint-ownership-agreement-contract-legal-guidelines-templates/" "Mozilla/5.0 (Linux; Android 6.0.1; Nexus 5X Build/MMB29P) AppleWebKit/537.36 (KHTML, like Gecko) Chrome/139.0.7258.127 Mobile Safari/537.36 (compatible; Googlebot/2.1; +http://www.google.com/bot.html)"
jomarlogistica.com.br:80 127.0.0.1 - - [30/Sep/2025:20:35:47 -0300] "OPTIONS * HTTP/1.0" 200 110 "-" "Apache/2.4.65 (Ubuntu) (internal dummy connection)"
jomarlogistica.com.br:80 174.228.160.174 - - [30/Sep/2025:20:37:50 -0300] "GET /wp-content/themes/consultio/assets/fonts/Material-Design-Iconic-Font.woff2?v=2.2.0 HTTP/1.1" 200 38405 "https://jomarlogistica.com.br/2024/01/16/is-owning-pet-squirrels-legal-in-florida-laws-regulations/" "Mozilla/5.0 (iPhone; CPU iPhone OS 18_6_2 like Mac OS X) AppleWebKit/605.1.15 (KHTML, like Gecko) Version/18.6 Mobile/15E148 Safari/604.1"
jomarlogistica.com.br:80 174.228.160.174 - - [30/Sep/2025:20:37:50 -0300] "GET /wp-content/plugins/elementor/assets/lib/font-awesome/fonts/fontawesome-webfont.woff2?v=4.7.0 HTTP/1.1" 200 77541 "https://jomarlogistica.com.br/2024/01/16/is-owning-pet-squirrels-legal-in-florida-laws-regulations/" "Mozilla/5.0 (iPhone; CPU iPhone OS 18_6_2 like Mac OS X) AppleWebKit/605.1.15 (KHTML, like Gecko) Version/18.6 Mobile/15E148 Safari/604.1"
jomarlogistica.com.br:80 174.228.160.174 - - [30/Sep/2025:20:37:50 -0300] "GET /wp-content/themes/consultio/assets/images/pointer.png HTTP/1.1" 200 998 "https://jomarlogistica.com.br/2024/01/16/is-owning-pet-squirrels-legal-in-florida-laws-regulations/" "Mozilla/5.0 (iPhone; CPU iPhone OS 18_6_2 like Mac OS X) AppleWebKit/605.1.15 (KHTML, like Gecko) Version/18.6 Mobile/15E148 Safari/604.1"
jomarlogistica.com.br:80 174.228.160.174 - - [30/Sep/2025:20:37:50 -0300] "GET /wp-content/themes/consultio/assets/fonts/fontawesome/fa-brands-400.woff2 HTTP/1.1" 200 75110 "https://jomarlogistica.com.br/2024/01/16/is-owning-pet-squirrels-legal-in-florida-laws-regulations/" "Mozilla/5.0 (iPhone; CPU iPhone OS 18_6_2 like Mac OS X) AppleWebKit/605.1.15 (KHTML, like Gecko) Version/18.6 Mobile/15E148 Safari/604.1"
jomarlogistica.com.br:80 172.20.1.117 - - [30/Sep/2025:20:37:51 -0300] "POST /wp-cron.php?doing_wp_cron=1759275471.2910869121551513671875 HTTP/1.1" 200 389 "https://jomarlogistica.com.br/wp-cron.php?doing_wp_cron=1759275471.2910869121551513671875" "WordPress/5.8.10; https://jomarlogistica.com.br"
jomarlogistica.com.br:80 174.228.160.174 - - [30/Sep/2025:20:37:50 -0300] "GET /favicon.ico HTTP/1.1" 302 489 "-" "Mozilla/5.0 (iPhone; CPU iPhone OS 18_6_2 like Mac OS X) AppleWebKit/605.1.15 (KHTML, like Gecko) Version/18.6 Mobile/15E148 Safari/604.1"
jomarlogistica.com.br:80 127.0.0.1 - - [30/Sep/2025:20:37:52 -0300] "OPTIONS * HTTP/1.0" 200 110 "-" "Apache/2.4.65 (Ubuntu) (internal dummy connection)"
jomarlogistica.com.br:80 127.0.0.1 - - [30/Sep/2025:20:37:54 -0300] "OPTIONS * HTTP/1.0" 200 110 "-" "Apache/2.4.65 (Ubuntu) (internal dummy connection)"
jomarlogistica.com.br:80 34.226.89.140 - - [30/Sep/2025:20:37:55 -0300] "GET /2023/10/03/avast-free-forum/ HTTP/1.1" 200 17153 "-" "Mozilla/5.0 AppleWebKit/537.36 (KHTML, like Gecko; compatible; Amazonbot/0.1; +https://developer.amazon.com/support/amazonbot) Chrome/119.0.6045.214 Safari/537.36"
jomarlogistica.com.br:80 114.119.135.84 - - [30/Sep/2025:20:37:55 -0300] "GET /2022/11/25/exactly-what-is-a-soulmate-2/ HTTP/1.1" 200 18082 "https://jomarlogistica.com.br/2022/11/24/romance-advice-how-advisors-can-help-you-get-around-the-tough-route-of-a-long-term-relationship/" "Mozilla/5.0 (Linux; Android 7.0;) AppleWebKit/537.36 (KHTML, like Gecko) Mobile Safari/537.36 (compatible; PetalBot;+https://webmaster.petalsearch.com/site/petalbot)"
jomarlogistica.com.br:80 3.217.171.106 - - [30/Sep/2025:20:37:59 -0300] "GET /2023/11/12/asda-new-employee-contract-understanding-the-legal-terms/ HTTP/1.1" 200 14227 "-" "Mozilla/5.0 AppleWebKit/537.36 (KHTML, like Gecko; compatible; Amazonbot/0.1; +https://developer.amazon.com/support/amazonbot) Chrome/119.0.6045.214 Safari/537.36"
jomarlogistica.com.br:80 107.20.25.33 - - [30/Sep/2025:20:38:03 -0300] "GET /2022/11/27/what-is-the-best-free-of-charge-dating-webpage/ HTTP/1.1" 200 17613 "-" "Mozilla/5.0 AppleWebKit/537.36 (KHTML, like Gecko; compatible; Amazonbot/0.1; +https://developer.amazon.com/support/amazonbot) Chrome/119.0.6045.214 Safari/537.36"
jomarlogistica.com.br:80 52.4.238.8 - - [30/Sep/2025:20:38:08 -0300] "GET /2024/01/23/checkpoint-firewall-rules-export-best-practices-and-guidelines/ HTTP/1.1" 200 14456 "-" "Mozilla/5.0 AppleWebKit/537.36 (KHTML, like Gecko; compatible; Amazonbot/0.1; +https://developer.amazon.com/support/amazonbot) Chrome/119.0.6045.214 Safari/537.36"
jomarlogistica.com.br:80 18.209.201.119 - - [30/Sep/2025:20:38:12 -0300] "GET /2022/05/08/california-school-start-time-law-impact-on-education/ HTTP/1.1" 200 13673 "-" "Mozilla/5.0 AppleWebKit/537.36 (KHTML, like Gecko; compatible; Amazonbot/0.1; +https://developer.amazon.com/support/amazonbot) Chrome/119.0.6045.214 Safari/537.36"
jomarlogistica.com.br:80 127.0.0.1 - - [30/Sep/2025:20:38:13 -0300] "OPTIONS * HTTP/1.0" 200 110 "-" "Apache/2.4.65 (Ubuntu) (internal dummy connection)"
jomarlogistica.com.br:80 54.164.106.236 - - [30/Sep/2025:20:38:15 -0300] "GET /2023/05/18/submit-order-woman-find-a-foreign-wife-on-the-web-free-with-jetbride-com/ HTTP/1.1" 200 69846 "-" "Mozilla/5.0 AppleWebKit/537.36 (KHTML, like Gecko; compatible; Amazonbot/0.1; +https://developer.amazon.com/support/amazonbot) Chrome/119.0.6045.214 Safari/537.36"
jomarlogistica.com.br:80 52.203.237.170 - - [30/Sep/2025:20:38:21 -0300] "GET /2022/12/30/methods-to-be-a-great-asian-partner/ HTTP/1.1" 200 18181 "-" "Mozilla/5.0 AppleWebKit/537.36 (KHTML, like Gecko; compatible; Amazonbot/0.1; +https://developer.amazon.com/support/amazonbot) Chrome/119.0.6045.214 Safari/537.36"
jomarlogistica.com.br:80 34.194.95.99 - - [30/Sep/2025:20:38:23 -0300] "GET /2023/09/27/virtual-data-room-preparation/ HTTP/1.1" 200 17093 "-" "Mozilla/5.0 AppleWebKit/537.36 (KHTML, like Gecko; compatible; Amazonbot/0.1; +https://developer.amazon.com/support/amazonbot) Chrome/119.0.6045.214 Safari/537.36"
jomarlogistica.com.br:80 34.194.226.74 - - [30/Sep/2025:20:38:29 -0300] "GET /2023/07/11/dataroom-software-review-brainloop/ HTTP/1.1" 200 16913 "-" "Mozilla/5.0 AppleWebKit/537.36 (KHTML, like Gecko; compatible; Amazonbot/0.1; +https://developer.amazon.com/support/amazonbot) Chrome/119.0.6045.214 Safari/537.36"
jomarlogistica.com.br:80 3.210.114.189 - - [30/Sep/2025:20:38:31 -0300] "GET /2023/05/30/how-you-can-calculate-intrinsic-value/ HTTP/1.1" 200 17318 "-" "Mozilla/5.0 AppleWebKit/537.36 (KHTML, like Gecko; compatible; Amazonbot/0.1; +https://developer.amazon.com/support/amazonbot) Chrome/119.0.6045.214 Safari/537.36"
jomarlogistica.com.br:80 52.4.229.9 - - [30/Sep/2025:20:38:37 -0300] "GET /2023/05/04/how-to-keep-the-spark-alive/ HTTP/1.1" 200 17278 "-" "Mozilla/5.0 AppleWebKit/537.36 (KHTML, like Gecko; compatible; Amazonbot/0.1; +https://developer.amazon.com/support/amazonbot) Chrome/119.0.6045.214 Safari/537.36"
jomarlogistica.com.br:80 52.200.93.170 - - [30/Sep/2025:20:38:40 -0300] "GET /2023/02/26/man-dating-suggestions-how-to-impress-your-date-and-get-her-asking-for-another-date/ HTTP/1.1" 200 17425 "-" "Mozilla/5.0 AppleWebKit/537.36 (KHTML, like Gecko; compatible; Amazonbot/0.1; +https://developer.amazon.com/support/amazonbot) Chrome/119.0.6045.214 Safari/537.36"
jomarlogistica.com.br:80 98.82.214.73 - - [30/Sep/2025:20:38:45 -0300] "GET /2022/11/07/slavic-single-women-seeking-gentleman/ HTTP/1.1" 200 18214 "-" "Mozilla/5.0 AppleWebKit/537.36 (KHTML, like Gecko; compatible; Amazonbot/0.1; +https://developer.amazon.com/support/amazonbot) Chrome/119.0.6045.214 Safari/537.36"
jomarlogistica.com.br:80 52.1.157.90 - - [30/Sep/2025:20:38:47 -0300] "GET /2023/09/09/how-to-pick-the-best-anti-virus-software/ HTTP/1.1" 200 17358 "-" "Mozilla/5.0 AppleWebKit/537.36 (KHTML, like Gecko; compatible; Amazonbot/0.1; +https://developer.amazon.com/support/amazonbot) Chrome/119.0.6045.214 Safari/537.36"
jomarlogistica.com.br:80 57.141.0.8 - - [30/Sep/2025:20:38:51 -0300] "GET /2022/08/20/precisely-what-is-being-in-love/ HTTP/1.1" 200 81297 "-" "meta-externalagent/1.1 (+https://developers.facebook.com/docs/sharing/webmasters/crawler)"
jomarlogistica.com.br:80 3.215.59.93 - - [30/Sep/2025:20:38:52 -0300] "GET /2023/01/13/advice-for-more-youthful-women-seeking-older-men/ HTTP/1.1" 200 18048 "-" "Mozilla/5.0 AppleWebKit/537.36 (KHTML, like Gecko; compatible; Amazonbot/0.1; +https://developer.amazon.com/support/amazonbot) Chrome/119.0.6045.214 Safari/537.36"
jomarlogistica.com.br:80 52.2.4.213 - - [30/Sep/2025:20:38:55 -0300] "GET /2023/01/08/how-to-find-single-women/ HTTP/1.1" 200 18550 "-" "Mozilla/5.0 AppleWebKit/537.36 (KHTML, like Gecko; compatible; Amazonbot/0.1; +https://developer.amazon.com/support/amazonbot) Chrome/119.0.6045.214 Safari/537.36"
jomarlogistica.com.br:80 127.0.0.1 - - [30/Sep/2025:20:39:00 -0300] "OPTIONS * HTTP/1.0" 200 110 "-" "Apache/2.4.65 (Ubuntu) (internal dummy connection)"
jomarlogistica.com.br:80 172.20.1.117 - - [30/Sep/2025:20:42:40 -0300] "POST /wp-cron.php?doing_wp_cron=1759275760.4006829261779785156250 HTTP/1.1" 200 389 "https://jomarlogistica.com.br/wp-cron.php?doing_wp_cron=1759275760.4006829261779785156250" "WordPress/5.8.10; https://jomarlogistica.com.br"
jomarlogistica.com.br:80 57.141.0.26 - - [30/Sep/2025:20:42:39 -0300] "GET /2023/12/13/are-otf-knives-legal-in-the-uk-uk-knife-laws-explained/ HTTP/1.1" 200 60696 "-" "meta-externalagent/1.1 (+https://developers.facebook.com/docs/sharing/webmasters/crawler)"
jomarlogistica.com.br:80 127.0.0.1 - - [30/Sep/2025:20:42:45 -0300] "OPTIONS * HTTP/1.0" 200 110 "-" "Apache/2.4.65 (Ubuntu) (internal dummy connection)"
jomarlogistica.com.br:80 85.208.96.205 - - [30/Sep/2025:20:43:25 -0300] "GET /2023/10/14/legal-guide-to-changing-name-on-lease-agreement-step-by-step-process/ HTTP/1.1" 200 14438 "-" "Mozilla/5.0 (compatible; SemrushBot/7~bl; +http://www.semrush.com/bot.html)"
jomarlogistica.com.br:80 85.208.96.198 - - [30/Sep/2025:20:44:35 -0300] "GET /2022/09/02/appeal-to-law-and-order-common-sense-legal-guidance/ HTTP/1.1" 200 14279 "-" "Mozilla/5.0 (compatible; SemrushBot/7~bl; +http://www.semrush.com/bot.html)"
jomarlogistica.com.br:80 57.141.0.56 - - [30/Sep/2025:20:44:41 -0300] "GET /2023/04/28/base-legal-de-omaped-todo-lo-que-necesitas-saber/ HTTP/1.1" 200 61712 "-" "meta-externalagent/1.1 (+https://developers.facebook.com/docs/sharing/webmasters/crawler)"
jomarlogistica.com.br:80 172.20.1.117 - - [30/Sep/2025:20:48:57 -0300] "POST /wp-cron.php?doing_wp_cron=1759276137.8963000774383544921875 HTTP/1.1" 200 389 "https://jomarlogistica.com.br/wp-cron.php?doing_wp_cron=1759276137.8963000774383544921875" "WordPress/5.8.10; https://jomarlogistica.com.br"
jomarlogistica.com.br:80 216.244.66.226 - - [30/Sep/2025:20:48:57 -0300] "GET /robots.txt HTTP/1.1" 200 565 "-" "Mozilla/5.0 (compatible; DotBot/1.2; +https://opensiteexplorer.org/dotbot; help@moz.com)"
jomarlogistica.com.br:80 127.0.0.1 - - [30/Sep/2025:20:49:02 -0300] "OPTIONS * HTTP/1.0" 200 110 "-" "Apache/2.4.65 (Ubuntu) (internal dummy connection)"
jomarlogistica.com.br:80 57.141.0.7 - - [30/Sep/2025:20:49:33 -0300] "GET /2022/12/03/how-to-ask-sugardaddy-for-money/ HTTP/1.1" 200 79333 "-" "meta-externalagent/1.1 (+https://developers.facebook.com/docs/sharing/webmasters/crawler)"
jomarlogistica.com.br:80 172.20.1.117 - - [30/Sep/2025:20:52:25 -0300] "POST /wp-cron.php?doing_wp_cron=1759276345.5300559997558593750000 HTTP/1.1" 200 389 "https://jomarlogistica.com.br/wp-cron.php?doing_wp_cron=1759276345.5300559997558593750000" "WordPress/5.8.10; https://jomarlogistica.com.br"
jomarlogistica.com.br:80 114.119.159.76 - - [30/Sep/2025:20:52:25 -0300] "GET /2023/09/25/mcafee-antivirus-review/ HTTP/1.1" 200 17263 "https://jomarlogistica.com.br/2023/page/9/" "Mozilla/5.0 (Linux; Android 7.0;) AppleWebKit/537.36 (KHTML, like Gecko) Mobile Safari/537.36 (compatible; PetalBot;+https://webmaster.petalsearch.com/site/petalbot)"
jomarlogistica.com.br:80 127.0.0.1 - - [30/Sep/2025:20:52:31 -0300] "OPTIONS * HTTP/1.0" 200 110 "-" "Apache/2.4.65 (Ubuntu) (internal dummy connection)"
jomarlogistica.com.br:80 185.191.171.13 - - [30/Sep/2025:20:52:54 -0300] "GET /2022/08/07/airtime-agreement-everything-you-need-to-know-legal-insights/ HTTP/1.1" 200 14282 "-" "Mozilla/5.0 (compatible; SemrushBot/7~bl; +http://www.semrush.com/bot.html)"
