jomarlogistica.com.br:80 172.20.1.117 - - [30/Sep/2025:23:03:38 -0300] "POST /wp-cron.php?doing_wp_cron=1759284218.3231248855590820312500 HTTP/1.1" 200 389 "https://jomarlogistica.com.br/wp-cron.php?doing_wp_cron=1759284218.3231248855590820312500" "WordPress/5.8.10; https://jomarlogistica.com.br"
jomarlogistica.com.br:80 51.161.37.135 - - [30/Sep/2025:23:03:37 -0300] "GET /2023/11/04/get-paid-faster-considering-the-best-invoicing-software/feed/ HTTP/1.1" 200 1197 "-" "Mozilla/5.0 (compatible; AhrefsBot/7.0; +http://ahrefs.com/robot/)"
jomarlogistica.com.br:80 127.0.0.1 - - [30/Sep/2025:23:03:43 -0300] "OPTIONS * HTTP/1.0" 200 110 "-" "Apache/2.4.65 (Ubuntu) (internal dummy connection)"
jomarlogistica.com.br:80 191.5.36.40 - - [30/Sep/2025:23:04:40 -0300] "GET / HTTP/1.1" 200 23930 "-" "Mozilla/5.0 (iPhone; CPU iPhone OS 18_6_2 like Mac OS X) AppleWebKit/605.1.15 (KHTML, like Gecko) GSA/387.1.809473243 Mobile/15E148 Safari/604.1"
jomarlogistica.com.br:80 191.5.36.40 - - [30/Sep/2025:23:04:41 -0300] "GET /wp-includes/js/wp-emoji-release.min.js?ver=5.8.10 HTTP/1.1" 304 292 "https://jomarlogistica.com.br/" "Mozilla/5.0 (iPhone; CPU iPhone OS 18_6_2 like Mac OS X) AppleWebKit/605.1.15 (KHTML, like Gecko) GSA/387.1.809473243 Mobile/15E148 Safari/604.1"
jomarlogistica.com.br:80 191.5.36.40 - - [30/Sep/2025:23:04:42 -0300] "GET /wp-includes/js/jquery/jquery.min.js?ver=3.6.0 HTTP/1.1" 304 292 "https://jomarlogistica.com.br/" "Mozilla/5.0 (iPhone; CPU iPhone OS 18_6_2 like Mac OS X) AppleWebKit/605.1.15 (KHTML, like Gecko) GSA/387.1.809473243 Mobile/15E148 Safari/604.1"
jomarlogistica.com.br:80 191.5.36.40 - - [30/Sep/2025:23:04:42 -0300] "GET /wp-includes/js/jquery/jquery-migrate.min.js?ver=3.3.2 HTTP/1.1" 304 292 "https://jomarlogistica.com.br/" "Mozilla/5.0 (iPhone; CPU iPhone OS 18_6_2 like Mac OS X) AppleWebKit/605.1.15 (KHTML, like Gecko) GSA/387.1.809473243 Mobile/15E148 Safari/604.1"
jomarlogistica.com.br:80 191.5.36.40 - - [30/Sep/2025:23:04:42 -0300] "GET /wp-content/themes/consultio/elementor/js/ct-inline-css.js?ver=2.8.0 HTTP/1.1" 304 292 "https://jomarlogistica.com.br/" "Mozilla/5.0 (iPhone; CPU iPhone OS 18_6_2 like Mac OS X) AppleWebKit/605.1.15 (KHTML, like Gecko) GSA/387.1.809473243 Mobile/15E148 Safari/604.1"
jomarlogistica.com.br:80 191.5.36.40 - - [30/Sep/2025:23:04:42 -0300] "GET /wp-includes/js/jquery/ui/datepicker.min.js?ver=1.12.1 HTTP/1.1" 304 292 "https://jomarlogistica.com.br/" "Mozilla/5.0 (iPhone; CPU iPhone OS 18_6_2 like Mac OS X) AppleWebKit/605.1.15 (KHTML, like Gecko) GSA/387.1.809473243 Mobile/15E148 Safari/604.1"
jomarlogistica.com.br:80 191.5.36.40 - - [30/Sep/2025:23:04:42 -0300] "GET /wp-content/plugins/booked/assets/js/spin.jquery.js?ver=2.0.1 HTTP/1.1" 304 292 "https://jomarlogistica.com.br/" "Mozilla/5.0 (iPhone; CPU iPhone OS 18_6_2 like Mac OS X) AppleWebKit/605.1.15 (KHTML, like Gecko) GSA/387.1.809473243 Mobile/15E148 Safari/604.1"
jomarlogistica.com.br:80 191.5.36.40 - - [30/Sep/2025:23:04:42 -0300] "GET /wp-includes/js/jquery/ui/core.min.js?ver=1.12.1 HTTP/1.1" 304 292 "https://jomarlogistica.com.br/" "Mozilla/5.0 (iPhone; CPU iPhone OS 18_6_2 like Mac OS X) AppleWebKit/605.1.15 (KHTML, like Gecko) GSA/387.1.809473243 Mobile/15E148 Safari/604.1"
jomarlogistica.com.br:80 191.5.36.40 - - [30/Sep/2025:23:04:42 -0300] "GET /wp-content/plugins/booked/assets/js/spin.min.js?ver=2.0.1 HTTP/1.1" 304 311 "https://jomarlogistica.com.br/" "Mozilla/5.0 (iPhone; CPU iPhone OS 18_6_2 like Mac OS X) AppleWebKit/605.1.15 (KHTML, like Gecko) GSA/387.1.809473243 Mobile/15E148 Safari/604.1"
jomarlogistica.com.br:80 191.5.36.40 - - [30/Sep/2025:23:04:42 -0300] "GET /wp-content/plugins/booked/assets/js/tooltipster/js/jquery.tooltipster.min.js?ver=3.3.0 HTTP/1.1" 304 311 "https://jomarlogistica.com.br/" "Mozilla/5.0 (iPhone; CPU iPhone OS 18_6_2 like Mac OS X) AppleWebKit/605.1.15 (KHTML, like Gecko) GSA/387.1.809473243 Mobile/15E148 Safari/604.1"
jomarlogistica.com.br:80 191.5.36.40 - - [30/Sep/2025:23:04:42 -0300] "GET /wp-content/plugins/case-theme-core/assets/js/main.js?ver=1.0.0 HTTP/1.1" 304 292 "https://jomarlogistica.com.br/" "Mozilla/5.0 (iPhone; CPU iPhone OS 18_6_2 like Mac OS X) AppleWebKit/605.1.15 (KHTML, like Gecko) GSA/387.1.809473243 Mobile/15E148 Safari/604.1"
jomarlogistica.com.br:80 191.5.36.40 - - [30/Sep/2025:23:04:42 -0300] "GET /wp-content/plugins/booked/assets/js/functions.js?ver=2.3.5 HTTP/1.1" 304 292 "https://jomarlogistica.com.br/" "Mozilla/5.0 (iPhone; CPU iPhone OS 18_6_2 like Mac OS X) AppleWebKit/605.1.15 (KHTML, like Gecko) GSA/387.1.809473243 Mobile/15E148 Safari/604.1"
jomarlogistica.com.br:80 191.5.36.40 - - [30/Sep/2025:23:04:42 -0300] "GET /wp-includes/js/dist/vendor/regenerator-runtime.min.js?ver=0.13.7 HTTP/1.1" 304 292 "https://jomarlogistica.com.br/" "Mozilla/5.0 (iPhone; CPU iPhone OS 18_6_2 like Mac OS X) AppleWebKit/605.1.15 (KHTML, like Gecko) GSA/387.1.809473243 Mobile/15E148 Safari/604.1"
jomarlogistica.com.br:80 191.5.36.40 - - [30/Sep/2025:23:04:42 -0300] "GET /wp-content/plugins/case-theme-user/acess/js/notify.min.js?ver=1.0.0 HTTP/1.1" 304 292 "https://jomarlogistica.com.br/" "Mozilla/5.0 (iPhone; CPU iPhone OS 18_6_2 like Mac OS X) AppleWebKit/605.1.15 (KHTML, like Gecko) GSA/387.1.809473243 Mobile/15E148 Safari/604.1"
jomarlogistica.com.br:80 191.5.36.40 - - [30/Sep/2025:23:04:42 -0300] "GET /wp-content/plugins/case-theme-user/acess/js/ct-user-form.js?ver=1.0.0 HTTP/1.1" 304 292 "https://jomarlogistica.com.br/" "Mozilla/5.0 (iPhone; CPU iPhone OS 18_6_2 like Mac OS X) AppleWebKit/605.1.15 (KHTML, like Gecko) GSA/387.1.809473243 Mobile/15E148 Safari/604.1"
jomarlogistica.com.br:80 191.5.36.40 - - [30/Sep/2025:23:04:42 -0300] "GET /wp-content/plugins/contact-form-7-multi-step/assets/frontend/js/cf7mls.js?ver=2.5.4 HTTP/1.1" 304 292 "https://jomarlogistica.com.br/" "Mozilla/5.0 (iPhone; CPU iPhone OS 18_6_2 like Mac OS X) AppleWebKit/605.1.15 (KHTML, like Gecko) GSA/387.1.809473243 Mobile/15E148 Safari/604.1"
jomarlogistica.com.br:80 191.5.36.40 - - [30/Sep/2025:23:04:42 -0300] "GET /wp-includes/js/dist/vendor/wp-polyfill.min.js?ver=3.15.0 HTTP/1.1" 304 311 "https://jomarlogistica.com.br/" "Mozilla/5.0 (iPhone; CPU iPhone OS 18_6_2 like Mac OS X) AppleWebKit/605.1.15 (KHTML, like Gecko) GSA/387.1.809473243 Mobile/15E148 Safari/604.1"
jomarlogistica.com.br:80 191.5.36.40 - - [30/Sep/2025:23:04:42 -0300] "GET /wp-content/plugins/case-theme-user/acess/js/remodal.min.js?ver=1.0.0 HTTP/1.1" 304 292 "https://jomarlogistica.com.br/" "Mozilla/5.0 (iPhone; CPU iPhone OS 18_6_2 like Mac OS X) AppleWebKit/605.1.15 (KHTML, like Gecko) GSA/387.1.809473243 Mobile/15E148 Safari/604.1"
jomarlogistica.com.br:80 191.5.36.40 - - [30/Sep/2025:23:04:42 -0300] "GET /wp-content/plugins/contact-form-7/includes/js/index.js?ver=5.5.3 HTTP/1.1" 304 292 "https://jomarlogistica.com.br/" "Mozilla/5.0 (iPhone; CPU iPhone OS 18_6_2 like Mac OS X) AppleWebKit/605.1.15 (KHTML, like Gecko) GSA/387.1.809473243 Mobile/15E148 Safari/604.1"
jomarlogistica.com.br:80 191.5.36.40 - - [30/Sep/2025:23:04:42 -0300] "GET /wp-content/plugins/booked/includes/add-ons/frontend-agents/js/functions.js?ver=2.3.5 HTTP/1.1" 304 292 "https://jomarlogistica.com.br/" "Mozilla/5.0 (iPhone; CPU iPhone OS 18_6_2 like Mac OS X) AppleWebKit/605.1.15 (KHTML, like Gecko) GSA/387.1.809473243 Mobile/15E148 Safari/604.1"
jomarlogistica.com.br:80 191.5.36.40 - - [30/Sep/2025:23:04:42 -0300] "GET /wp-content/themes/consultio/assets/js/match-height-min.js?ver=1.0.0 HTTP/1.1" 304 292 "https://jomarlogistica.com.br/" "Mozilla/5.0 (iPhone; CPU iPhone OS 18_6_2 like Mac OS X) AppleWebKit/605.1.15 (KHTML, like Gecko) GSA/387.1.809473243 Mobile/15E148 Safari/604.1"
jomarlogistica.com.br:80 191.5.36.40 - - [30/Sep/2025:23:04:42 -0300] "GET /wp-content/themes/consultio/assets/js/magnific-popup.min.js?ver=1.0.0 HTTP/1.1" 304 311 "https://jomarlogistica.com.br/" "Mozilla/5.0 (iPhone; CPU iPhone OS 18_6_2 like Mac OS X) AppleWebKit/605.1.15 (KHTML, like Gecko) GSA/387.1.809473243 Mobile/15E148 Safari/604.1"
jomarlogistica.com.br:80 191.5.36.40 - - [30/Sep/2025:23:04:42 -0300] "GET /wp-content/themes/consultio/assets/js/bootstrap.min.js?ver=4.0.0 HTTP/1.1" 304 292 "https://jomarlogistica.com.br/" "Mozilla/5.0 (iPhone; CPU iPhone OS 18_6_2 like Mac OS X) AppleWebKit/605.1.15 (KHTML, like Gecko) GSA/387.1.809473243 Mobile/15E148 Safari/604.1"
jomarlogistica.com.br:80 191.5.36.40 - - [30/Sep/2025:23:04:42 -0300] "GET /wp-content/themes/consultio/assets/js/nice-select.min.js?ver=all HTTP/1.1" 304 292 "https://jomarlogistica.com.br/" "Mozilla/5.0 (iPhone; CPU iPhone OS 18_6_2 like Mac OS X) AppleWebKit/605.1.15 (KHTML, like Gecko) GSA/387.1.809473243 Mobile/15E148 Safari/604.1"
jomarlogistica.com.br:80 191.5.36.40 - - [30/Sep/2025:23:04:42 -0300] "GET /wp-content/themes/consultio/assets/js/progressbar.min.js?ver=1.0.0 HTTP/1.1" 304 292 "https://jomarlogistica.com.br/" "Mozilla/5.0 (iPhone; CPU iPhone OS 18_6_2 like Mac OS X) AppleWebKit/605.1.15 (KHTML, like Gecko) GSA/387.1.809473243 Mobile/15E148 Safari/604.1"
jomarlogistica.com.br:80 191.5.36.40 - - [30/Sep/2025:23:04:42 -0300] "GET /wp-content/themes/consultio/assets/js/wow.min.js?ver=1.0.0 HTTP/1.1" 304 292 "https://jomarlogistica.com.br/" "Mozilla/5.0 (iPhone; CPU iPhone OS 18_6_2 like Mac OS X) AppleWebKit/605.1.15 (KHTML, like Gecko) GSA/387.1.809473243 Mobile/15E148 Safari/604.1"
jomarlogistica.com.br:80 191.5.36.40 - - [30/Sep/2025:23:04:42 -0300] "GET /wp-includes/js/imagesloaded.min.js?ver=4.1.4 HTTP/1.1" 304 311 "https://jomarlogistica.com.br/" "Mozilla/5.0 (iPhone; CPU iPhone OS 18_6_2 like Mac OS X) AppleWebKit/605.1.15 (KHTML, like Gecko) GSA/387.1.809473243 Mobile/15E148 Safari/604.1"
jomarlogistica.com.br:80 191.5.36.40 - - [30/Sep/2025:23:04:42 -0300] "GET /wp-content/plugins/elementor/assets/lib/jquery-numerator/jquery-numerator.min.js?ver=0.2.1 HTTP/1.1" 304 292 "https://jomarlogistica.com.br/" "Mozilla/5.0 (iPhone; CPU iPhone OS 18_6_2 like Mac OS X) AppleWebKit/605.1.15 (KHTML, like Gecko) GSA/387.1.809473243 Mobile/15E148 Safari/604.1"
jomarlogistica.com.br:80 191.5.36.40 - - [30/Sep/2025:23:04:42 -0300] "GET /wp-includes/js/jquery/ui/mouse.min.js?ver=1.12.1 HTTP/1.1" 304 292 "https://jomarlogistica.com.br/" "Mozilla/5.0 (iPhone; CPU iPhone OS 18_6_2 like Mac OS X) AppleWebKit/605.1.15 (KHTML, like Gecko) GSA/387.1.809473243 Mobile/15E148 Safari/604.1"
jomarlogistica.com.br:80 191.5.36.40 - - [30/Sep/2025:23:04:42 -0300] "GET /wp-includes/js/wp-embed.min.js?ver=5.8.10 HTTP/1.1" 304 292 "https://jomarlogistica.com.br/" "Mozilla/5.0 (iPhone; CPU iPhone OS 18_6_2 like Mac OS X) AppleWebKit/605.1.15 (KHTML, like Gecko) GSA/387.1.809473243 Mobile/15E148 Safari/604.1"
jomarlogistica.com.br:80 191.5.36.40 - - [30/Sep/2025:23:04:42 -0300] "GET /wp-content/themes/consultio/elementor/js/ct-counter-widget.js?ver=2.8.0 HTTP/1.1" 304 292 "https://jomarlogistica.com.br/" "Mozilla/5.0 (iPhone; CPU iPhone OS 18_6_2 like Mac OS X) AppleWebKit/605.1.15 (KHTML, like Gecko) GSA/387.1.809473243 Mobile/15E148 Safari/604.1"
jomarlogistica.com.br:80 191.5.36.40 - - [30/Sep/2025:23:04:42 -0300] "GET /wp-content/themes/consultio/assets/js/main.js?ver=2.8.0 HTTP/1.1" 304 292 "https://jomarlogistica.com.br/" "Mozilla/5.0 (iPhone; CPU iPhone OS 18_6_2 like Mac OS X) AppleWebKit/605.1.15 (KHTML, like Gecko) GSA/387.1.809473243 Mobile/15E148 Safari/604.1"
jomarlogistica.com.br:80 191.5.36.40 - - [30/Sep/2025:23:04:42 -0300] "GET /wp-content/themes/consultio/elementor/js/ct-post-masonry-widget.js?ver=2.8.0 HTTP/1.1" 304 292 "https://jomarlogistica.com.br/" "Mozilla/5.0 (iPhone; CPU iPhone OS 18_6_2 like Mac OS X) AppleWebKit/605.1.15 (KHTML, like Gecko) GSA/387.1.809473243 Mobile/15E148 Safari/604.1"
jomarlogistica.com.br:80 191.5.36.40 - - [30/Sep/2025:23:04:42 -0300] "GET /wp-content/themes/consultio/elementor/js/ct-post-grid-widget.js?ver=2.8.0 HTTP/1.1" 304 311 "https://jomarlogistica.com.br/" "Mozilla/5.0 (iPhone; CPU iPhone OS 18_6_2 like Mac OS X) AppleWebKit/605.1.15 (KHTML, like Gecko) GSA/387.1.809473243 Mobile/15E148 Safari/604.1"
jomarlogistica.com.br:80 191.5.36.40 - - [30/Sep/2025:23:04:42 -0300] "GET /wp-includes/js/jquery/ui/slider.min.js?ver=1.12.1 HTTP/1.1" 304 292 "https://jomarlogistica.com.br/" "Mozilla/5.0 (iPhone; CPU iPhone OS 18_6_2 like Mac OS X) AppleWebKit/605.1.15 (KHTML, like Gecko) GSA/387.1.809473243 Mobile/15E148 Safari/604.1"
jomarlogistica.com.br:80 191.5.36.40 - - [30/Sep/2025:23:04:42 -0300] "GET /wp-content/themes/consultio/elementor/js/ct-post-carousel-widget.js?ver=2.8.0 HTTP/1.1" 304 292 "https://jomarlogistica.com.br/" "Mozilla/5.0 (iPhone; CPU iPhone OS 18_6_2 like Mac OS X) AppleWebKit/605.1.15 (KHTML, like Gecko) GSA/387.1.809473243 Mobile/15E148 Safari/604.1"
jomarlogistica.com.br:80 191.5.36.40 - - [30/Sep/2025:23:04:42 -0300] "GET /wp-content/plugins/elementor/assets/js/webpack.runtime.min.js?ver=3.4.8 HTTP/1.1" 304 311 "https://jomarlogistica.com.br/" "Mozilla/5.0 (iPhone; CPU iPhone OS 18_6_2 like Mac OS X) AppleWebKit/605.1.15 (KHTML, like Gecko) GSA/387.1.809473243 Mobile/15E148 Safari/604.1"
jomarlogistica.com.br:80 191.5.36.40 - - [30/Sep/2025:23:04:42 -0300] "GET /wp-content/plugins/case-theme-core/assets/js/lib/isotope.pkgd.min.js?ver=3.0.5 HTTP/1.1" 304 292 "https://jomarlogistica.com.br/" "Mozilla/5.0 (iPhone; CPU iPhone OS 18_6_2 like Mac OS X) AppleWebKit/605.1.15 (KHTML, like Gecko) GSA/387.1.809473243 Mobile/15E148 Safari/604.1"
jomarlogistica.com.br:80 191.5.36.40 - - [30/Sep/2025:23:04:42 -0300] "GET /wp-content/plugins/elementor/assets/lib/waypoints/waypoints.min.js?ver=4.0.2 HTTP/1.1" 304 292 "https://jomarlogistica.com.br/" "Mozilla/5.0 (iPhone; CPU iPhone OS 18_6_2 like Mac OS X) AppleWebKit/605.1.15 (KHTML, like Gecko) GSA/387.1.809473243 Mobile/15E148 Safari/604.1"
jomarlogistica.com.br:80 191.5.36.40 - - [30/Sep/2025:23:04:42 -0300] "GET /wp-content/plugins/elementor/assets/lib/share-link/share-link.min.js?ver=3.4.8 HTTP/1.1" 304 292 "https://jomarlogistica.com.br/" "Mozilla/5.0 (iPhone; CPU iPhone OS 18_6_2 like Mac OS X) AppleWebKit/605.1.15 (KHTML, like Gecko) GSA/387.1.809473243 Mobile/15E148 Safari/604.1"
jomarlogistica.com.br:80 191.5.36.40 - - [30/Sep/2025:23:04:42 -0300] "GET /wp-content/plugins/elementor/assets/js/frontend.min.js?ver=3.4.8 HTTP/1.1" 304 292 "https://jomarlogistica.com.br/" "Mozilla/5.0 (iPhone; CPU iPhone OS 18_6_2 like Mac OS X) AppleWebKit/605.1.15 (KHTML, like Gecko) GSA/387.1.809473243 Mobile/15E148 Safari/604.1"
jomarlogistica.com.br:80 191.5.36.40 - - [30/Sep/2025:23:04:42 -0300] "GET /wp-content/plugins/revslider/public/assets/js/rs6.min.js?ver=6.5.11 HTTP/1.1" 304 292 "https://jomarlogistica.com.br/" "Mozilla/5.0 (iPhone; CPU iPhone OS 18_6_2 like Mac OS X) AppleWebKit/605.1.15 (KHTML, like Gecko) GSA/387.1.809473243 Mobile/15E148 Safari/604.1"
jomarlogistica.com.br:80 191.5.36.40 - - [30/Sep/2025:23:04:42 -0300] "GET /wp-content/plugins/elementor/assets/lib/slick/slick.min.js?ver=1.8.1 HTTP/1.1" 304 292 "https://jomarlogistica.com.br/" "Mozilla/5.0 (iPhone; CPU iPhone OS 18_6_2 like Mac OS X) AppleWebKit/605.1.15 (KHTML, like Gecko) GSA/387.1.809473243 Mobile/15E148 Safari/604.1"
jomarlogistica.com.br:80 191.5.36.40 - - [30/Sep/2025:23:04:42 -0300] "GET /wp-content/plugins/elementor/assets/js/frontend-modules.min.js?ver=3.4.8 HTTP/1.1" 304 292 "https://jomarlogistica.com.br/" "Mozilla/5.0 (iPhone; CPU iPhone OS 18_6_2 like Mac OS X) AppleWebKit/605.1.15 (KHTML, like Gecko) GSA/387.1.809473243 Mobile/15E148 Safari/604.1"
jomarlogistica.com.br:80 191.5.36.40 - - [30/Sep/2025:23:04:42 -0300] "GET /wp-content/plugins/elementor/assets/js/preloaded-modules.min.js?ver=3.4.8 HTTP/1.1" 304 292 "https://jomarlogistica.com.br/" "Mozilla/5.0 (iPhone; CPU iPhone OS 18_6_2 like Mac OS X) AppleWebKit/605.1.15 (KHTML, like Gecko) GSA/387.1.809473243 Mobile/15E148 Safari/604.1"
jomarlogistica.com.br:80 191.5.36.40 - - [30/Sep/2025:23:04:42 -0300] "GET /wp-content/plugins/elementor/assets/lib/dialog/dialog.min.js?ver=4.8.1 HTTP/1.1" 304 292 "https://jomarlogistica.com.br/" "Mozilla/5.0 (iPhone; CPU iPhone OS 18_6_2 like Mac OS X) AppleWebKit/605.1.15 (KHTML, like Gecko) GSA/387.1.809473243 Mobile/15E148 Safari/604.1"
jomarlogistica.com.br:80 191.5.36.40 - - [30/Sep/2025:23:04:42 -0300] "GET /wp-content/plugins/elementor/assets/lib/swiper/swiper.min.js?ver=5.3.6 HTTP/1.1" 304 292 "https://jomarlogistica.com.br/" "Mozilla/5.0 (iPhone; CPU iPhone OS 18_6_2 like Mac OS X) AppleWebKit/605.1.15 (KHTML, like Gecko) GSA/387.1.809473243 Mobile/15E148 Safari/604.1"
jomarlogistica.com.br:80 191.5.36.40 - - [30/Sep/2025:23:04:42 -0300] "GET /wp-content/plugins/revslider/public/assets/js/rbtools.min.js?ver=6.5.11 HTTP/1.1" 304 292 "https://jomarlogistica.com.br/" "Mozilla/5.0 (iPhone; CPU iPhone OS 18_6_2 like Mac OS X) AppleWebKit/605.1.15 (KHTML, like Gecko) GSA/387.1.809473243 Mobile/15E148 Safari/604.1"
jomarlogistica.com.br:80 127.0.0.1 - - [30/Sep/2025:23:04:47 -0300] "OPTIONS * HTTP/1.0" 200 110 "-" "Apache/2.4.65 (Ubuntu) (internal dummy connection)"
jomarlogistica.com.br:80 45.141.215.216 - - [30/Sep/2025:23:05:32 -0300] "POST /wp-plain.php HTTP/1.1" 404 448 "www.google.com" "Mozilla/5.0 (Linux; Android 7.0; SM-G892A Bulid/NRD90M; wv) AppleWebKit/537.36 (KHTML, like Gecko) Version/4.0 Chrome/60.0.3112.107 Moblie Safari/537.36"
jomarlogistica.com.br:80 45.141.215.216 - - [30/Sep/2025:23:05:32 -0300] "GET /wp-content/themes/seotheme/db.php?u HTTP/1.1" 404 448 "www.google.com" "Mozlila/5.0 (Linux; Android 7.0; SM-G892A Bulid/NRD90M; wv) AppleWebKit/537.36 (KHTML, like Gecko) Version/4.0 Chrome/60.0.3112.107 Moblie Safari/537.36"
jomarlogistica.com.br:80 45.141.215.216 - - [30/Sep/2025:23:05:33 -0300] "GET /wvxnwpjf.php?Fox=d3wL7 HTTP/1.1" 404 448 "www.google.com" "Mozilla/5.0 (Linux; Android 7.0; SM-G892A Bulid/NRD90M; wv) AppleWebKit/537.36 (KHTML, like Gecko) Version/4.0 Chrome/60.0.3112.107 Moblie Safari/537.36"
jomarlogistica.com.br:80 45.141.215.216 - - [30/Sep/2025:23:05:33 -0300] "GET /wp-content/themes/seotheme/db.php?u HTTP/1.1" 404 448 "www.google.com" "Mozlila/5.0 (Linux; Android 7.0; SM-G892A Bulid/NRD90M; wv) AppleWebKit/537.36 (KHTML, like Gecko) Version/4.0 Chrome/60.0.3112.107 Moblie Safari/537.36"
jomarlogistica.com.br:80 45.141.215.216 - - [30/Sep/2025:23:05:32 -0300] "GET /wp-content/plugins/fix/up.php HTTP/1.1" 404 448 "-" "Mozilla/5.0 (Windows NT 10.0; Win64; x64) AppleWebKit/537.36 (KHTML, like Gecko) Chrome/85.0.4183.102 Safari/537.36"
jomarlogistica.com.br:80 45.141.215.216 - - [30/Sep/2025:23:05:33 -0300] "POST /ALFA_DATA/alfacgiapi/perl.alfa HTTP/1.1" 404 448 "www.google.com" "Mozlila/5.0 (Linux; Android 7.0; SM-G892A Bulid/NRD90M; wv) AppleWebKit/537.36 (KHTML, like Gecko) Version/4.0 Chrome/60.0.3112.107 Moblie Safari/537.36"
jomarlogistica.com.br:80 45.141.215.216 - - [30/Sep/2025:23:05:34 -0300] "POST /alfacgiapi/perl.alfa HTTP/1.1" 404 448 "www.google.com" "Mozlila/5.0 (Linux; Android 7.0; SM-G892A Bulid/NRD90M; wv) AppleWebKit/537.36 (KHTML, like Gecko) Version/4.0 Chrome/60.0.3112.107 Moblie Safari/537.36"
jomarlogistica.com.br:80 172.20.1.117 - - [30/Sep/2025:23:05:34 -0300] "POST /wp-cron.php?doing_wp_cron=1759284332.9035549163818359375000 HTTP/1.1" 200 389 "https://jomarlogistica.com.br/wp-cron.php?doing_wp_cron=1759284332.9035549163818359375000" "WordPress/5.8.10; https://jomarlogistica.com.br"
jomarlogistica.com.br:80 45.141.215.216 - - [30/Sep/2025:23:05:33 -0300] "GET / HTTP/1.1" 200 134115 "-" "Mozlila/5.0 (Linux; Android 7.0; SM-G892A Bulid/NRD90M; wv) AppleWebKit/537.36 (KHTML, like Gecko) Version/4.0 Chrome/60.0.3112.107 Moblie Safari/537.36"
jomarlogistica.com.br:80 45.141.215.216 - - [30/Sep/2025:23:05:35 -0300] "GET /wp-content/plugins/apikey/apikey.php?test=hello HTTP/1.1" 404 448 "-" "Mozlila/5.0 (Linux; Android 7.0; SM-G892A Bulid/NRD90M; wv) AppleWebKit/537.36 (KHTML, like Gecko) Version/4.0 Chrome/60.0.3112.107 Moblie Safari/537.36"
jomarlogistica.com.br:80 45.141.215.216 - - [30/Sep/2025:23:05:36 -0300] "GET /plugins/content/apismtp/apismtp.php?test=hello HTTP/1.1" 404 448 "-" "Mozlila/5.0 (Linux; Android 7.0; SM-G892A Bulid/NRD90M; wv) AppleWebKit/537.36 (KHTML, like Gecko) Version/4.0 Chrome/60.0.3112.107 Moblie Safari/537.36"
jomarlogistica.com.br:80 45.141.215.216 - - [30/Sep/2025:23:05:36 -0300] "GET /wp-content/plugins/apikey/apikey.php.suspected?test=hello HTTP/1.1" 404 448 "-" "Mozlila/5.0 (Linux; Android 7.0; SM-G892A Bulid/NRD90M; wv) AppleWebKit/537.36 (KHTML, like Gecko) Version/4.0 Chrome/60.0.3112.107 Moblie Safari/537.36"
jomarlogistica.com.br:80 45.141.215.216 - - [30/Sep/2025:23:05:37 -0300] "GET /plugins/content/apismtp/apismtp.php.suspected?test=hello HTTP/1.1" 404 448 "-" "Mozlila/5.0 (Linux; Android 7.0; SM-G892A Bulid/NRD90M; wv) AppleWebKit/537.36 (KHTML, like Gecko) Version/4.0 Chrome/60.0.3112.107 Moblie Safari/537.36"
jomarlogistica.com.br:80 127.0.0.1 - - [30/Sep/2025:23:05:40 -0300] "OPTIONS * HTTP/1.0" 200 110 "-" "Apache/2.4.65 (Ubuntu) (internal dummy connection)"
jomarlogistica.com.br:80 127.0.0.1 - - [30/Sep/2025:23:05:41 -0300] "OPTIONS * HTTP/1.0" 200 110 "-" "Apache/2.4.65 (Ubuntu) (internal dummy connection)"
jomarlogistica.com.br:80 127.0.0.1 - - [30/Sep/2025:23:05:42 -0300] "OPTIONS * HTTP/1.0" 200 110 "-" "Apache/2.4.65 (Ubuntu) (internal dummy connection)"
jomarlogistica.com.br:80 127.0.0.1 - - [30/Sep/2025:23:05:43 -0300] "OPTIONS * HTTP/1.0" 200 110 "-" "Apache/2.4.65 (Ubuntu) (internal dummy connection)"
jomarlogistica.com.br:80 172.20.1.117 - - [30/Sep/2025:23:08:15 -0300] "POST /wp-cron.php?doing_wp_cron=1759284495.1523749828338623046875 HTTP/1.1" 200 389 "https://jomarlogistica.com.br/wp-cron.php?doing_wp_cron=1759284495.1523749828338623046875" "WordPress/5.8.10; https://jomarlogistica.com.br"
jomarlogistica.com.br:80 148.113.128.125 - - [30/Sep/2025:23:08:14 -0300] "GET /2023/05/05/which-female-race-is-the-best-to-marry/ HTTP/1.1" 200 18235 "-" "Mozilla/5.0 (compatible; AhrefsBot/7.0; +http://ahrefs.com/robot/)"
jomarlogistica.com.br:80 127.0.0.1 - - [30/Sep/2025:23:08:20 -0300] "OPTIONS * HTTP/1.0" 200 110 "-" "Apache/2.4.65 (Ubuntu) (internal dummy connection)"
jomarlogistica.com.br:80 57.141.0.65 - - [30/Sep/2025:23:08:57 -0300] "GET /2022/11/14/manifesting-love-signs-you-are-in-love-2/ HTTP/1.1" 200 79603 "-" "meta-externalagent/1.1 (+https://developers.facebook.com/docs/sharing/webmasters/crawler)"
jomarlogistica.com.br:80 74.7.36.77 - - [30/Sep/2025:23:09:39 -0300] "GET /2024/01/16/is-owning-pet-squirrels-legal-in-florida-laws-regulations/ HTTP/1.1" 200 13814 "-" "Mozilla/5.0 AppleWebKit/537.36 (KHTML, like Gecko); compatible; ChatGPT-User/1.0; +https://openai.com/bot"
jomarlogistica.com.br:80 51.195.68.11 - - [30/Sep/2025:23:10:03 -0300] "GET /blog-verify HTTP/1.1" 404 448 "-" "Mozilla/5.0 (Windows NT 10.0; Win64; x64) AppleWebKit/537.36 (KHTML, like Gecko) Chrome/127.0.0.0 Safari/537.36"
jomarlogistica.com.br:80 114.119.138.207 - - [30/Sep/2025:23:10:55 -0300] "GET /category/jomar/page/29/ HTTP/1.1" 200 18695 "https://jomarlogistica.com.br/category/jomar/page/28/" "Mozilla/5.0 (Linux; Android 7.0;) AppleWebKit/537.36 (KHTML, like Gecko) Mobile Safari/537.36 (compatible; PetalBot;+https://webmaster.petalsearch.com/site/petalbot)"
jomarlogistica.com.br:80 57.141.0.17 - - [30/Sep/2025:23:10:59 -0300] "GET /2023/05/26/3-weird-laws-in-wisconsin-unusual-legal-statutes-explained/ HTTP/1.1" 200 61115 "-" "meta-externalagent/1.1 (+https://developers.facebook.com/docs/sharing/webmasters/crawler)"
jomarlogistica.com.br:80 172.20.1.117 - - [30/Sep/2025:23:12:19 -0300] "POST /wp-cron.php?doing_wp_cron=1759284739.6582698822021484375000 HTTP/1.1" 200 389 "https://jomarlogistica.com.br/wp-cron.php?doing_wp_cron=1759284739.6582698822021484375000" "WordPress/5.8.10; https://jomarlogistica.com.br"
jomarlogistica.com.br:80 114.119.136.72 - - [30/Sep/2025:23:12:19 -0300] "GET /category/jomar/page/26/ HTTP/1.1" 200 19102 "https://jomarlogistica.com.br/category/jomar/page/25/" "Mozilla/5.0 (Linux; Android 7.0;) AppleWebKit/537.36 (KHTML, like Gecko) Mobile Safari/537.36 (compatible; PetalBot;+https://webmaster.petalsearch.com/site/petalbot)"
jomarlogistica.com.br:80 127.0.0.1 - - [30/Sep/2025:23:12:25 -0300] "OPTIONS * HTTP/1.0" 200 110 "-" "Apache/2.4.65 (Ubuntu) (internal dummy connection)"
jomarlogistica.com.br:80 172.20.1.117 - - [30/Sep/2025:23:12:27 -0300] "POST /wp-cron.php?doing_wp_cron=1759284747.7069180011749267578125 HTTP/1.1" 200 389 "https://jomarlogistica.com.br/wp-cron.php?doing_wp_cron=1759284747.7069180011749267578125" "WordPress/5.8.10; https://jomarlogistica.com.br"
jomarlogistica.com.br:80 54.39.0.93 - - [30/Sep/2025:23:12:27 -0300] "GET /author/jomar/page/54/ HTTP/1.1" 200 18697 "-" "Mozilla/5.0 (compatible; AhrefsBot/7.0; +http://ahrefs.com/robot/)"
jomarlogistica.com.br:80 127.0.0.1 - - [30/Sep/2025:23:12:33 -0300] "OPTIONS * HTTP/1.0" 200 110 "-" "Apache/2.4.65 (Ubuntu) (internal dummy connection)"
jomarlogistica.com.br:80 15.235.98.101 - - [30/Sep/2025:23:12:55 -0300] "GET /wp-content/uploads/2021/12/logo.png HTTP/1.1" 200 32663 "-" "Mozilla/5.0 (compatible; AhrefsBot/7.0; +http://ahrefs.com/robot/)"
jomarlogistica.com.br:80 114.119.135.84 - - [30/Sep/2025:23:13:36 -0300] "GET /category/jomar/page/12/ HTTP/1.1" 200 18663 "https://jomarlogistica.com.br/category/jomar/page/13/" "Mozilla/5.0 (Linux; Android 7.0;) AppleWebKit/537.36 (KHTML, like Gecko) Mobile Safari/537.36 (compatible; PetalBot;+https://webmaster.petalsearch.com/site/petalbot)"
jomarlogistica.com.br:80 57.141.0.28 - - [30/Sep/2025:23:14:30 -0300] "GET /2023/05/28/talkiv-review-pricing-features-interface-june-2023/ HTTP/1.1" 200 82533 "-" "meta-externalagent/1.1 (+https://developers.facebook.com/docs/sharing/webmasters/crawler)"
jomarlogistica.com.br:80 57.141.0.60 - - [30/Sep/2025:23:14:32 -0300] "GET /2024/01/23/a-lease-agreement-sets-the-terms-of-a-rental-contract/ HTTP/1.1" 200 60560 "-" "meta-externalagent/1.1 (+https://developers.facebook.com/docs/sharing/webmasters/crawler)"
jomarlogistica.com.br:80 114.119.134.192 - - [30/Sep/2025:23:14:58 -0300] "GET /author/jomar/page/50/ HTTP/1.1" 200 18631 "https://jomarlogistica.com.br/author/jomar/page/49/" "Mozilla/5.0 (Linux; Android 7.0;) AppleWebKit/537.36 (KHTML, like Gecko) Mobile Safari/537.36 (compatible; PetalBot;+https://webmaster.petalsearch.com/site/petalbot)"
jomarlogistica.com.br:80 85.208.96.198 - - [30/Sep/2025:23:16:18 -0300] "GET /2023/04/26/employing-an-investor-data-room-to-accelerate-fund-collecting/ HTTP/1.1" 200 17538 "-" "Mozilla/5.0 (compatible; SemrushBot/7~bl; +http://www.semrush.com/bot.html)"
jomarlogistica.com.br:80 114.119.134.192 - - [30/Sep/2025:23:16:21 -0300] "GET /author/jomar/page/48/ HTTP/1.1" 200 18891 "https://jomarlogistica.com.br/author/jomar/page/49/" "Mozilla/5.0 (Linux; Android 7.0;) AppleWebKit/537.36 (KHTML, like Gecko) Mobile Safari/537.36 (compatible; PetalBot;+https://webmaster.petalsearch.com/site/petalbot)"
jomarlogistica.com.br:80 177.212.248.250 - - [30/Sep/2025:23:16:22 -0300] "POST /autodiscover/autodiscover.xml HTTP/1.1" 404 448 "-" "AppleExchangeWebServices/833 accountsd/113"
jomarlogistica.com.br:80 127.0.0.1 - - [30/Sep/2025:23:16:27 -0300] "OPTIONS * HTTP/1.0" 200 110 "-" "Apache/2.4.65 (Ubuntu) (internal dummy connection)"
jomarlogistica.com.br:80 85.208.96.194 - - [30/Sep/2025:23:16:46 -0300] "GET /2022/06/02/understanding-independent-contractor-case-laws-what-you-need-to-know/ HTTP/1.1" 200 14886 "-" "Mozilla/5.0 (compatible; SemrushBot/7~bl; +http://www.semrush.com/bot.html)"
jomarlogistica.com.br:80 54.39.89.198 - - [30/Sep/2025:23:17:01 -0300] "GET /2024/02/29/law-order-organized-crime-s3e3-cast-meet-the-characters/feed/ HTTP/1.1" 200 1001 "-" "Mozilla/5.0 (compatible; AhrefsBot/7.0; +http://ahrefs.com/robot/)"
jomarlogistica.com.br:80 172.20.1.117 - - [30/Sep/2025:23:17:46 -0300] "POST /wp-cron.php?doing_wp_cron=1759285066.8221299648284912109375 HTTP/1.1" 200 389 "https://jomarlogistica.com.br/wp-cron.php?doing_wp_cron=1759285066.8221299648284912109375" "WordPress/5.8.10; https://jomarlogistica.com.br"
jomarlogistica.com.br:80 114.119.138.207 - - [30/Sep/2025:23:17:46 -0300] "GET /author/jomar/page/46/ HTTP/1.1" 200 18687 "https://jomarlogistica.com.br/author/jomar/page/45/" "Mozilla/5.0 (Linux; Android 7.0;) AppleWebKit/537.36 (KHTML, like Gecko) Mobile Safari/537.36 (compatible; PetalBot;+https://webmaster.petalsearch.com/site/petalbot)"
jomarlogistica.com.br:80 127.0.0.1 - - [30/Sep/2025:23:17:52 -0300] "OPTIONS * HTTP/1.0" 200 110 "-" "Apache/2.4.65 (Ubuntu) (internal dummy connection)"
jomarlogistica.com.br:80 185.191.171.7 - - [30/Sep/2025:23:18:29 -0300] "GET /2023/05/01/alberta-power-disconnection-laws-what-you-need-to-know/ HTTP/1.1" 200 13784 "-" "Mozilla/5.0 (compatible; SemrushBot/7~bl; +http://www.semrush.com/bot.html)"
jomarlogistica.com.br:80 114.119.158.0 - - [30/Sep/2025:23:19:13 -0300] "GET /author/jomar/page/20/ HTTP/1.1" 200 19275 "https://jomarlogistica.com.br/author/jomar/page/21/" "Mozilla/5.0 (Linux; Android 7.0;) AppleWebKit/537.36 (KHTML, like Gecko) Mobile Safari/537.36 (compatible; PetalBot;+https://webmaster.petalsearch.com/site/petalbot)"
jomarlogistica.com.br:80 114.119.134.192 - - [30/Sep/2025:23:20:35 -0300] "GET /2024/02/24/austin-temp-agencies-legal-hire-legal-staff-with-confidence/ HTTP/1.1" 200 14795 "https://jomarlogistica.com.br/2022/12/20/frauen-zum-kennenlernen-10-tipps-die-ihnen-helfen-erfolgreich-qua-einer-alte-derb-zu-liebeln-und-sie-fur-sich-abgeschlossen-gewinnen/" "Mozilla/5.0 (Linux; Android 7.0;) AppleWebKit/537.36 (KHTML, like Gecko) Mobile Safari/537.36 (compatible; PetalBot;+https://webmaster.petalsearch.com/site/petalbot)"
jomarlogistica.com.br:80 185.191.171.16 - - [30/Sep/2025:23:20:45 -0300] "GET /2022/11/27/top-nba-contracts-2020-highest-paid-players-salaries/ HTTP/1.1" 200 13811 "-" "Mozilla/5.0 (compatible; SemrushBot/7~bl; +http://www.semrush.com/bot.html)"
jomarlogistica.com.br:80 142.44.220.109 - - [30/Sep/2025:23:21:18 -0300] "GET /2022/08/03/bhs-loan-agreement-template-free-legal-document-download/ HTTP/1.1" 200 14376 "-" "Mozilla/5.0 (compatible; AhrefsBot/7.0; +http://ahrefs.com/robot/)"
jomarlogistica.com.br:80 114.119.136.72 - - [30/Sep/2025:23:22:00 -0300] "GET /2023/12/30/are-signed-mediation-agreements-binding-expert-legal-insight/ HTTP/1.1" 200 14753 "https://jomarlogistica.com.br/2024/01/03/in-accordance-legal-synonym-for-in-agreement-with/" "Mozilla/5.0 (Linux; Android 7.0;) AppleWebKit/537.36 (KHTML, like Gecko) Mobile Safari/537.36 (compatible; PetalBot;+https://webmaster.petalsearch.com/site/petalbot)"
jomarlogistica.com.br:80 172.20.1.117 - - [30/Sep/2025:23:23:20 -0300] "POST /wp-cron.php?doing_wp_cron=1759285400.6747350692749023437500 HTTP/1.1" 200 389 "https://jomarlogistica.com.br/wp-cron.php?doing_wp_cron=1759285400.6747350692749023437500" "WordPress/5.8.10; https://jomarlogistica.com.br"
jomarlogistica.com.br:80 114.119.159.76 - - [30/Sep/2025:23:23:20 -0300] "GET /2023/10/08/american-law-students-association/ HTTP/1.1" 200 17473 "https://jomarlogistica.com.br/2023/page/3/" "Mozilla/5.0 (Linux; Android 7.0;) AppleWebKit/537.36 (KHTML, like Gecko) Mobile Safari/537.36 (compatible; PetalBot;+https://webmaster.petalsearch.com/site/petalbot)"
jomarlogistica.com.br:80 127.0.0.1 - - [30/Sep/2025:23:23:26 -0300] "OPTIONS * HTTP/1.0" 200 110 "-" "Apache/2.4.65 (Ubuntu) (internal dummy connection)"
jomarlogistica.com.br:80 114.119.134.192 - - [30/Sep/2025:23:24:44 -0300] "GET /2023/10/02/top-antivirus-for-android/ HTTP/1.1" 200 17074 "https://jomarlogistica.com.br/2023/page/5/" "Mozilla/5.0 (Linux; Android 7.0;) AppleWebKit/537.36 (KHTML, like Gecko) Mobile Safari/537.36 (compatible; PetalBot;+https://webmaster.petalsearch.com/site/petalbot)"
jomarlogistica.com.br:80 114.119.158.0 - - [30/Sep/2025:23:26:07 -0300] "GET /2023/10/02/the-best-vpn-for-android/ HTTP/1.1" 200 17186 "https://jomarlogistica.com.br/2023/page/5/" "Mozilla/5.0 (Linux; Android 7.0;) AppleWebKit/537.36 (KHTML, like Gecko) Mobile Safari/537.36 (compatible; PetalBot;+https://webmaster.petalsearch.com/site/petalbot)"
jomarlogistica.com.br:80 172.20.1.117 - - [30/Sep/2025:23:27:30 -0300] "POST /wp-cron.php?doing_wp_cron=1759285650.3062078952789306640625 HTTP/1.1" 200 389 "https://jomarlogistica.com.br/wp-cron.php?doing_wp_cron=1759285650.3062078952789306640625" "WordPress/5.8.10; https://jomarlogistica.com.br"
jomarlogistica.com.br:80 114.119.158.0 - - [30/Sep/2025:23:27:29 -0300] "GET /2023/09/27/what-is-a-board-portal/ HTTP/1.1" 200 17235 "https://jomarlogistica.com.br/category/jomar/page/7/" "Mozilla/5.0 (Linux; Android 7.0;) AppleWebKit/537.36 (KHTML, like Gecko) Mobile Safari/537.36 (compatible; PetalBot;+https://webmaster.petalsearch.com/site/petalbot)"
jomarlogistica.com.br:80 127.0.0.1 - - [30/Sep/2025:23:27:36 -0300] "OPTIONS * HTTP/1.0" 200 110 "-" "Apache/2.4.65 (Ubuntu) (internal dummy connection)"
jomarlogistica.com.br:80 114.119.135.84 - - [30/Sep/2025:23:28:55 -0300] "GET /2023/09/27/the-board-meeting-schedule/ HTTP/1.1" 200 17153 "https://jomarlogistica.com.br/2023/page/7/" "Mozilla/5.0 (Linux; Android 7.0;) AppleWebKit/537.36 (KHTML, like Gecko) Mobile Safari/537.36 (compatible; PetalBot;+https://webmaster.petalsearch.com/site/petalbot)"
jomarlogistica.com.br:80 57.141.0.4 - - [30/Sep/2025:23:29:34 -0300] "GET /2023/01/14/signs-and-symptoms-a-first-day-went-well/ HTTP/1.1" 200 82393 "-" "meta-externalagent/1.1 (+https://developers.facebook.com/docs/sharing/webmasters/crawler)"
jomarlogistica.com.br:80 114.119.136.72 - - [30/Sep/2025:23:30:19 -0300] "GET /2023/09/27/how-to-create-an-investor-data-room/ HTTP/1.1" 200 17202 "https://jomarlogistica.com.br/category/jomar/page/7/" "Mozilla/5.0 (Linux; Android 7.0;) AppleWebKit/537.36 (KHTML, like Gecko) Mobile Safari/537.36 (compatible; PetalBot;+https://webmaster.petalsearch.com/site/petalbot)"
jomarlogistica.com.br:80 114.119.138.207 - - [30/Sep/2025:23:31:41 -0300] "GET /2023/09/26/avg-antivirus-review-2/ HTTP/1.1" 200 17251 "https://jomarlogistica.com.br/2023/09/27/how-to-use-data-room-software-for-a-merger-plan/" "Mozilla/5.0 (Linux; Android 7.0;) AppleWebKit/537.36 (KHTML, like Gecko) Mobile Safari/537.36 (compatible; PetalBot;+https://webmaster.petalsearch.com/site/petalbot)"
jomarlogistica.com.br:80 172.20.1.117 - - [30/Sep/2025:23:33:10 -0300] "POST /wp-cron.php?doing_wp_cron=1759285990.8844490051269531250000 HTTP/1.1" 200 389 "https://jomarlogistica.com.br/wp-cron.php?doing_wp_cron=1759285990.8844490051269531250000" "WordPress/5.8.10; https://jomarlogistica.com.br"
jomarlogistica.com.br:80 114.119.136.72 - - [30/Sep/2025:23:33:10 -0300] "GET /2023/09/04/how-to-configure-the-best-avast-settings-for-performance/ HTTP/1.1" 200 17237 "https://jomarlogistica.com.br/2023/09/04/is-worth-of-digital-data-rooms/" "Mozilla/5.0 (Linux; Android 7.0;) AppleWebKit/537.36 (KHTML, like Gecko) Mobile Safari/537.36 (compatible; PetalBot;+https://webmaster.petalsearch.com/site/petalbot)"
jomarlogistica.com.br:80 177.212.248.250 - - [30/Sep/2025:23:33:11 -0300] "POST /autodiscover/autodiscover.xml HTTP/1.1" 404 448 "-" "AppleExchangeWebServices/833 accountsd/113"
jomarlogistica.com.br:80 127.0.0.1 - - [30/Sep/2025:23:33:16 -0300] "OPTIONS * HTTP/1.0" 200 110 "-" "Apache/2.4.65 (Ubuntu) (internal dummy connection)"
jomarlogistica.com.br:80 114.119.135.84 - - [30/Sep/2025:23:34:28 -0300] "GET /2023/08/29/very-best-data-rooms-review/ HTTP/1.1" 200 17352 "https://jomarlogistica.com.br/2023/page/12/" "Mozilla/5.0 (Linux; Android 7.0;) AppleWebKit/537.36 (KHTML, like Gecko) Mobile Safari/537.36 (compatible; PetalBot;+https://webmaster.petalsearch.com/site/petalbot)"
jomarlogistica.com.br:80 114.119.136.72 - - [30/Sep/2025:23:35:51 -0300] "GET /2023/08/01/spinning-events-inside-our-time/ HTTP/1.1" 200 17398 "https://jomarlogistica.com.br/2023/page/14/" "Mozilla/5.0 (Linux; Android 7.0;) AppleWebKit/537.36 (KHTML, like Gecko) Mobile Safari/537.36 (compatible; PetalBot;+https://webmaster.petalsearch.com/site/petalbot)"
jomarlogistica.com.br:80 216.244.66.226 - - [30/Sep/2025:23:37:04 -0300] "GET /robots.txt HTTP/1.1" 200 565 "-" "Mozilla/5.0 (compatible; DotBot/1.2; +https://opensiteexplorer.org/dotbot; help@moz.com)"
jomarlogistica.com.br:80 85.208.96.197 - - [30/Sep/2025:23:37:06 -0300] "GET /2022/08/17/bargain-agreement-vertaling-services-professional-legal-translations/ HTTP/1.1" 200 14408 "-" "Mozilla/5.0 (compatible; SemrushBot/7~bl; +http://www.semrush.com/bot.html)"
jomarlogistica.com.br:80 172.20.1.117 - - [30/Sep/2025:23:37:18 -0300] "POST /wp-cron.php?doing_wp_cron=1759286238.8126969337463378906250 HTTP/1.1" 200 389 "https://jomarlogistica.com.br/wp-cron.php?doing_wp_cron=1759286238.8126969337463378906250" "WordPress/5.8.10; https://jomarlogistica.com.br"
jomarlogistica.com.br:80 114.119.159.76 - - [30/Sep/2025:23:37:18 -0300] "GET /2023/06/17/avast-password-extendable-for-silver/ HTTP/1.1" 200 17174 "https://jomarlogistica.com.br/author/jomar/page/18/" "Mozilla/5.0 (Linux; Android 7.0;) AppleWebKit/537.36 (KHTML, like Gecko) Mobile Safari/537.36 (compatible; PetalBot;+https://webmaster.petalsearch.com/site/petalbot)"
jomarlogistica.com.br:80 127.0.0.1 - - [30/Sep/2025:23:37:24 -0300] "OPTIONS * HTTP/1.0" 200 110 "-" "Apache/2.4.65 (Ubuntu) (internal dummy connection)"
jomarlogistica.com.br:80 185.191.171.5 - - [30/Sep/2025:23:38:07 -0300] "GET /2023/07/09/edinburgh-legal-theory-group-exploring-legal-philosophies/ HTTP/1.1" 200 13731 "-" "Mozilla/5.0 (compatible; SemrushBot/7~bl; +http://www.semrush.com/bot.html)"
jomarlogistica.com.br:80 114.119.159.76 - - [30/Sep/2025:23:38:40 -0300] "GET /2023/06/07/mail-order-brides-happen-to-be-an-actual-factor/ HTTP/1.1" 200 19871 "https://jomarlogistica.com.br/2023/06/05/cookware-wedding-customer-etiquette/" "Mozilla/5.0 (Linux; Android 7.0;) AppleWebKit/537.36 (KHTML, like Gecko) Mobile Safari/537.36 (compatible; PetalBot;+https://webmaster.petalsearch.com/site/petalbot)"
jomarlogistica.com.br:80 114.119.158.0 - - [30/Sep/2025:23:40:07 -0300] "GET /2023/05/26/various-people-rely-on-dating-more-than-internet/ HTTP/1.1" 200 17614 "https://jomarlogistica.com.br/2023/05/page/2/" "Mozilla/5.0 (Linux; Android 7.0;) AppleWebKit/537.36 (KHTML, like Gecko) Mobile Safari/537.36 (compatible; PetalBot;+https://webmaster.petalsearch.com/site/petalbot)"
jomarlogistica.com.br:80 18.232.12.157 - - [30/Sep/2025:23:40:59 -0300] "GET /2023/04/27/9-unstated-hook-up-rules-that-everyone-should-know/ HTTP/1.1" 200 17888 "-" "Mozilla/5.0 AppleWebKit/537.36 (KHTML, like Gecko; compatible; Amazonbot/0.1; +https://developer.amazon.com/support/amazonbot) Chrome/119.0.6045.214 Safari/537.36"
jomarlogistica.com.br:80 54.166.126.132 - - [30/Sep/2025:23:41:03 -0300] "GET /2022/08/20/what-is-being-in-love/ HTTP/1.1" 200 18171 "-" "Mozilla/5.0 AppleWebKit/537.36 (KHTML, like Gecko; compatible; Amazonbot/0.1; +https://developer.amazon.com/support/amazonbot) Chrome/119.0.6045.214 Safari/537.36"
jomarlogistica.com.br:80 54.159.98.248 - - [30/Sep/2025:23:41:07 -0300] "GET /2022/10/30/mattress-care-recommendations/ HTTP/1.1" 200 18763 "-" "Mozilla/5.0 AppleWebKit/537.36 (KHTML, like Gecko; compatible; Amazonbot/0.1; +https://developer.amazon.com/support/amazonbot) Chrome/119.0.6045.214 Safari/537.36"
jomarlogistica.com.br:80 34.233.114.237 - - [30/Sep/2025:23:41:11 -0300] "GET /2023/11/04/get-paid-faster-considering-the-best-invoicing-software/ HTTP/1.1" 200 17384 "-" "Mozilla/5.0 AppleWebKit/537.36 (KHTML, like Gecko; compatible; Amazonbot/0.1; +https://developer.amazon.com/support/amazonbot) Chrome/119.0.6045.214 Safari/537.36"
jomarlogistica.com.br:80 18.207.79.144 - - [30/Sep/2025:23:41:15 -0300] "GET /2023/05/23/the-role-of-any-virtual-data-room/ HTTP/1.1" 200 17273 "-" "Mozilla/5.0 AppleWebKit/537.36 (KHTML, like Gecko; compatible; Amazonbot/0.1; +https://developer.amazon.com/support/amazonbot) Chrome/119.0.6045.214 Safari/537.36"
jomarlogistica.com.br:80 44.212.145.46 - - [30/Sep/2025:23:41:19 -0300] "GET /2023/04/25/tips-on-how-to-find-a-mailbox-order-new-bride-in-2023-get-yourself-a-significant-other-online/ HTTP/1.1" 200 19554 "-" "Mozilla/5.0 AppleWebKit/537.36 (KHTML, like Gecko; compatible; Amazonbot/0.1; +https://developer.amazon.com/support/amazonbot) Chrome/119.0.6045.214 Safari/537.36"
jomarlogistica.com.br:80 100.28.57.133 - - [30/Sep/2025:23:41:24 -0300] "GET /category/jomar/ HTTP/1.1" 200 18654 "-" "Mozilla/5.0 AppleWebKit/537.36 (KHTML, like Gecko; compatible; Amazonbot/0.1; +https://developer.amazon.com/support/amazonbot) Chrome/119.0.6045.214 Safari/537.36"
jomarlogistica.com.br:80 114.119.135.84 - - [30/Sep/2025:23:41:26 -0300] "GET /2023/05/24/avg-antivirus-review/ HTTP/1.1" 200 17337 "https://jomarlogistica.com.br/author/jomar/page/22/" "Mozilla/5.0 (Linux; Android 7.0;) AppleWebKit/537.36 (KHTML, like Gecko) Mobile Safari/537.36 (compatible; PetalBot;+https://webmaster.petalsearch.com/site/petalbot)"
jomarlogistica.com.br:80 34.194.165.45 - - [30/Sep/2025:23:41:27 -0300] "GET /2023/05/03/types-of-purposes-of-a-digital-data-room/ HTTP/1.1" 200 17500 "-" "Mozilla/5.0 AppleWebKit/537.36 (KHTML, like Gecko; compatible; Amazonbot/0.1; +https://developer.amazon.com/support/amazonbot) Chrome/119.0.6045.214 Safari/537.36"
jomarlogistica.com.br:80 3.220.70.171 - - [30/Sep/2025:23:41:32 -0300] "GET /2023/09/16/avast-antitrack-premium-review/ HTTP/1.1" 200 17217 "-" "Mozilla/5.0 AppleWebKit/537.36 (KHTML, like Gecko; compatible; Amazonbot/0.1; +https://developer.amazon.com/support/amazonbot) Chrome/119.0.6045.214 Safari/537.36"
jomarlogistica.com.br:80 127.0.0.1 - - [30/Sep/2025:23:41:37 -0300] "OPTIONS * HTTP/1.0" 200 110 "-" "Apache/2.4.65 (Ubuntu) (internal dummy connection)"
jomarlogistica.com.br:80 172.20.1.117 - - [30/Sep/2025:23:42:54 -0300] "POST /wp-cron.php?doing_wp_cron=1759286574.7709920406341552734375 HTTP/1.1" 200 389 "https://jomarlogistica.com.br/wp-cron.php?doing_wp_cron=1759286574.7709920406341552734375" "WordPress/5.8.10; https://jomarlogistica.com.br"
jomarlogistica.com.br:80 114.119.138.207 - - [30/Sep/2025:23:42:54 -0300] "GET /2023/05/02/vdr-for-innovation-based-industries/ HTTP/1.1" 200 17140 "https://jomarlogistica.com.br/2023/05/02/test-title/" "Mozilla/5.0 (Linux; Android 7.0;) AppleWebKit/537.36 (KHTML, like Gecko) Mobile Safari/537.36 (compatible; PetalBot;+https://webmaster.petalsearch.com/site/petalbot)"
jomarlogistica.com.br:80 127.0.0.1 - - [30/Sep/2025:23:42:59 -0300] "OPTIONS * HTTP/1.0" 200 110 "-" "Apache/2.4.65 (Ubuntu) (internal dummy connection)"
jomarlogistica.com.br:80 114.119.138.130 - - [30/Sep/2025:23:44:13 -0300] "GET /2023/04/29/the-best-female-contest-to-get-married-to/ HTTP/1.1" 200 17519 "https://jomarlogistica.com.br/2023/04/" "Mozilla/5.0 (Linux; Android 7.0;) AppleWebKit/537.36 (KHTML, like Gecko) Mobile Safari/537.36 (compatible; PetalBot;+https://webmaster.petalsearch.com/site/petalbot)"
jomarlogistica.com.br:80 167.114.139.58 - - [30/Sep/2025:23:44:38 -0300] "GET /2023/05/01/what-is-a-soulmate-5-various-signs-you-met-your-soulmate/feed/ HTTP/1.1" 200 1194 "-" "Mozilla/5.0 (compatible; AhrefsBot/7.0; +http://ahrefs.com/robot/)"
jomarlogistica.com.br:80 114.119.136.72 - - [30/Sep/2025:23:45:40 -0300] "GET /2023/04/27/mail-order-bride-noun-american-british-definition-and-synonyms/ HTTP/1.1" 200 20009 "https://jomarlogistica.com.br/2023/04/" "Mozilla/5.0 (Linux; Android 7.0;) AppleWebKit/537.36 (KHTML, like Gecko) Mobile Safari/537.36 (compatible; PetalBot;+https://webmaster.petalsearch.com/site/petalbot)"
jomarlogistica.com.br:80 57.141.0.9 - - [30/Sep/2025:23:46:30 -0300] "GET /2023/05/04/cities-and-knights-barbarian-attack-rules-expert-strategies-for-legal-defense/ HTTP/1.1" 200 62967 "-" "meta-externalagent/1.1 (+https://developers.facebook.com/docs/sharing/webmasters/crawler)"
jomarlogistica.com.br:80 114.119.158.0 - - [30/Sep/2025:23:47:08 -0300] "GET /2023/04/14/greatest-free-grownup-games-online-for-2023-cellular-compatible-free-tokens/ HTTP/1.1" 200 18061 "https://jomarlogistica.com.br/2023/04/12/tips-on-how-to-keep-long-distance-marriage-going-solid/" "Mozilla/5.0 (Linux; Android 7.0;) AppleWebKit/537.36 (KHTML, like Gecko) Mobile Safari/537.36 (compatible; PetalBot;+https://webmaster.petalsearch.com/site/petalbot)"
jomarlogistica.com.br:80 172.20.1.117 - - [30/Sep/2025:23:48:30 -0300] "POST /wp-cron.php?doing_wp_cron=1759286910.1269779205322265625000 HTTP/1.1" 200 389 "https://jomarlogistica.com.br/wp-cron.php?doing_wp_cron=1759286910.1269779205322265625000" "WordPress/5.8.10; https://jomarlogistica.com.br"
jomarlogistica.com.br:80 114.119.138.207 - - [30/Sep/2025:23:48:29 -0300] "GET /2023/02/10/what-exactly-soulmate/ HTTP/1.1" 200 18130 "https://jomarlogistica.com.br/category/jomar/page/38/" "Mozilla/5.0 (Linux; Android 7.0;) AppleWebKit/537.36 (KHTML, like Gecko) Mobile Safari/537.36 (compatible; PetalBot;+https://webmaster.petalsearch.com/site/petalbot)"
jomarlogistica.com.br:80 85.208.96.207 - - [30/Sep/2025:23:48:31 -0300] "GET /robots.txt HTTP/1.1" 200 584 "-" "Mozilla/5.0 (compatible; SemrushBot/7~bl; +http://www.semrush.com/bot.html)"
jomarlogistica.com.br:80 185.191.171.6 - - [30/Sep/2025:23:48:32 -0300] "GET /2022/09/15/401a-contribution-rules-everything-you-need-to-know/ HTTP/1.1" 200 14032 "-" "Mozilla/5.0 (compatible; SemrushBot/7~bl; +http://www.semrush.com/bot.html)"
jomarlogistica.com.br:80 127.0.0.1 - - [30/Sep/2025:23:48:37 -0300] "OPTIONS * HTTP/1.0" 200 110 "-" "Apache/2.4.65 (Ubuntu) (internal dummy connection)"
jomarlogistica.com.br:80 185.191.171.11 - - [30/Sep/2025:23:49:08 -0300] "GET /2024/page/2/ HTTP/1.1" 200 13578 "-" "Mozilla/5.0 (compatible; SemrushBot/7~bl; +http://www.semrush.com/bot.html)"
jomarlogistica.com.br:80 114.119.159.76 - - [30/Sep/2025:23:49:48 -0300] "GET /2023/02/08/presidential-agreement-treaty-force-with-another-country/ HTTP/1.1" 200 13955 "https://jomarlogistica.com.br/2023/02/04/can-simplisafe-be-used-for-business-legal-considerations-explained/" "Mozilla/5.0 (Linux; Android 7.0;) AppleWebKit/537.36 (KHTML, like Gecko) Mobile Safari/537.36 (compatible; PetalBot;+https://webmaster.petalsearch.com/site/petalbot)"
jomarlogistica.com.br:80 114.119.138.207 - - [30/Sep/2025:23:51:10 -0300] "GET /2023/01/04/one-of-a-kind-wedding-ideas-for-a-smaller-more-intimate-wedding-party/ HTTP/1.1" 200 18345 "https://jomarlogistica.com.br/author/jomar/page/42/" "Mozilla/5.0 (Linux; Android 7.0;) AppleWebKit/537.36 (KHTML, like Gecko) Mobile Safari/537.36 (compatible; PetalBot;+https://webmaster.petalsearch.com/site/petalbot)"
jomarlogistica.com.br:80 185.191.171.13 - - [30/Sep/2025:23:51:54 -0300] "GET /author/jomar/page/5/ HTTP/1.1" 200 18553 "-" "Mozilla/5.0 (compatible; SemrushBot/7~bl; +http://www.semrush.com/bot.html)"
jomarlogistica.com.br:80 172.20.1.117 - - [30/Sep/2025:23:52:38 -0300] "POST /wp-cron.php?doing_wp_cron=1759287158.4068379402160644531250 HTTP/1.1" 200 389 "https://jomarlogistica.com.br/wp-cron.php?doing_wp_cron=1759287158.4068379402160644531250" "WordPress/5.8.10; https://jomarlogistica.com.br"
jomarlogistica.com.br:80 114.119.128.158 - - [30/Sep/2025:23:52:38 -0300] "GET /2022/page/2/ HTTP/1.1" 200 18744 "https://jomarlogistica.com.br/2022/page/3/" "Mozilla/5.0 (Linux; Android 7.0;) AppleWebKit/537.36 (KHTML, like Gecko) Mobile Safari/537.36 (compatible; PetalBot;+https://webmaster.petalsearch.com/site/petalbot)"
jomarlogistica.com.br:80 127.0.0.1 - - [30/Sep/2025:23:52:43 -0300] "OPTIONS * HTTP/1.0" 200 110 "-" "Apache/2.4.65 (Ubuntu) (internal dummy connection)"
jomarlogistica.com.br:80 57.141.0.72 - - [30/Sep/2025:23:53:03 -0300] "GET /2023/05/12/asian-long-distance-human-relationships/ HTTP/1.1" 200 79494 "-" "meta-externalagent/1.1 (+https://developers.facebook.com/docs/sharing/webmasters/crawler)"
jomarlogistica.com.br:80 114.119.138.130 - - [30/Sep/2025:23:53:58 -0300] "GET /2022/12/30/methods-to-be-a-great-asian-partner/ HTTP/1.1" 200 18181 "https://jomarlogistica.com.br/2022/12/" "Mozilla/5.0 (Linux; Android 7.0;) AppleWebKit/537.36 (KHTML, like Gecko) Mobile Safari/537.36 (compatible; PetalBot;+https://webmaster.petalsearch.com/site/petalbot)"
jomarlogistica.com.br:80 54.39.136.198 - - [30/Sep/2025:23:54:04 -0300] "GET /2022/03/29/13-rules-to-a-gunfight-usmc-poster-essential-tips-for-tactical-defense/ HTTP/1.1" 200 14833 "-" "Mozilla/5.0 (compatible; AhrefsBot/7.0; +http://ahrefs.com/robot/)"
jomarlogistica.com.br:80 57.141.0.65 - - [30/Sep/2025:23:55:03 -0300] "GET /2023/01/19/top-good-marriage-questions-to-talk-to-your-partner/ HTTP/1.1" 200 81437 "-" "meta-externalagent/1.1 (+https://developers.facebook.com/docs/sharing/webmasters/crawler)"
jomarlogistica.com.br:80 114.119.135.84 - - [30/Sep/2025:23:55:26 -0300] "GET /2022/12/18/primary-date-etiquette-rules/ HTTP/1.1" 200 17390 "https://jomarlogistica.com.br/2022/12/page/3/" "Mozilla/5.0 (Linux; Android 7.0;) AppleWebKit/537.36 (KHTML, like Gecko) Mobile Safari/537.36 (compatible; PetalBot;+https://webmaster.petalsearch.com/site/petalbot)"
jomarlogistica.com.br:80 57.141.0.56 - - [30/Sep/2025:23:56:44 -0300] "GET /2023/12/08/application-for-non-renewal-of-contract-legal-guide/ HTTP/1.1" 200 61254 "-" "meta-externalagent/1.1 (+https://developers.facebook.com/docs/sharing/webmasters/crawler)"
jomarlogistica.com.br:80 114.119.159.76 - - [30/Sep/2025:23:56:45 -0300] "GET /2022/12/11/the-culture-of-dating-a-latin-girl/ HTTP/1.1" 200 18216 "https://jomarlogistica.com.br/author/jomar/page/45/" "Mozilla/5.0 (Linux; Android 7.0;) AppleWebKit/537.36 (KHTML, like Gecko) Mobile Safari/537.36 (compatible; PetalBot;+https://webmaster.petalsearch.com/site/petalbot)"
jomarlogistica.com.br:80 127.0.0.1 - - [30/Sep/2025:23:56:51 -0300] "OPTIONS * HTTP/1.0" 200 110 "-" "Apache/2.4.65 (Ubuntu) (internal dummy connection)"
