jomarlogistica.com.br:80 66.249.66.37 - - [30/Sep/2025:02:23:22 -0300] "GET /wp-content/plugins/booked/assets/css/animations.css?ver=2.3.5 HTTP/1.1" 200 905 "https://jomarlogistica.com.br/" "Mozilla/5.0 AppleWebKit/537.36 (KHTML, like Gecko; compatible; Googlebot/2.1; +http://www.google.com/bot.html) Chrome/139.0.7258.127 Safari/537.36"
jomarlogistica.com.br:80 66.249.66.37 - - [30/Sep/2025:02:23:22 -0300] "GET /wp-content/uploads/elementor/css/post-20.css?ver=1692608754 HTTP/1.1" 200 1268 "https://jomarlogistica.com.br/" "Mozilla/5.0 AppleWebKit/537.36 (KHTML, like Gecko; compatible; Googlebot/2.1; +http://www.google.com/bot.html) Chrome/139.0.7258.127 Safari/537.36"
jomarlogistica.com.br:80 66.249.66.5 - - [30/Sep/2025:02:23:22 -0300] "GET /wp-content/plugins/elementor/assets/lib/font-awesome/css/brands.min.css?ver=5.15.3 HTTP/1.1" 200 679 "https://jomarlogistica.com.br/" "Mozilla/5.0 AppleWebKit/537.36 (KHTML, like Gecko; compatible; Googlebot/2.1; +http://www.google.com/bot.html) Chrome/139.0.7258.127 Safari/537.36"
jomarlogistica.com.br:80 66.249.66.69 - - [30/Sep/2025:02:23:23 -0300] "GET /wp-content/plugins/revslider/public/assets/css/rs6.css?ver=6.5.11 HTTP/1.1" 200 13321 "https://jomarlogistica.com.br/" "Mozilla/5.0 AppleWebKit/537.36 (KHTML, like Gecko; compatible; Googlebot/2.1; +http://www.google.com/bot.html) Chrome/139.0.7258.127 Safari/537.36"
jomarlogistica.com.br:80 66.249.66.169 - - [30/Sep/2025:02:23:23 -0300] "GET /wp-content/plugins/booked/assets/js/spin.min.js?ver=2.0.1 HTTP/1.1" 200 2463 "https://jomarlogistica.com.br/" "Mozilla/5.0 AppleWebKit/537.36 (KHTML, like Gecko; compatible; Googlebot/2.1; +http://www.google.com/bot.html) Chrome/139.0.7258.127 Safari/537.36"
jomarlogistica.com.br:80 66.249.66.6 - - [30/Sep/2025:02:23:23 -0300] "GET /wp-content/plugins/case-theme-user/acess/js/notify.min.js?ver=1.0.0 HTTP/1.1" 200 7826 "https://jomarlogistica.com.br/" "Mozilla/5.0 AppleWebKit/537.36 (KHTML, like Gecko; compatible; Googlebot/2.1; +http://www.google.com/bot.html) Chrome/139.0.7258.127 Safari/537.36"
jomarlogistica.com.br:80 66.249.66.69 - - [30/Sep/2025:02:23:23 -0300] "GET /wp-includes/js/jquery/ui/core.min.js?ver=1.12.1 HTTP/1.1" 200 7418 "https://jomarlogistica.com.br/" "Mozilla/5.0 AppleWebKit/537.36 (KHTML, like Gecko; compatible; Googlebot/2.1; +http://www.google.com/bot.html) Chrome/139.0.7258.127 Safari/537.36"
jomarlogistica.com.br:80 66.249.66.160 - - [30/Sep/2025:02:23:24 -0300] "GET /wp-includes/js/jquery/ui/datepicker.min.js?ver=1.12.1 HTTP/1.1" 200 11574 "https://jomarlogistica.com.br/" "Mozilla/5.0 AppleWebKit/537.36 (KHTML, like Gecko; compatible; Googlebot/2.1; +http://www.google.com/bot.html) Chrome/139.0.7258.127 Safari/537.36"
jomarlogistica.com.br:80 66.249.66.38 - - [30/Sep/2025:02:23:24 -0300] "GET /wp-includes/js/dist/vendor/regenerator-runtime.min.js?ver=0.13.7 HTTP/1.1" 200 2798 "https://jomarlogistica.com.br/" "Mozilla/5.0 AppleWebKit/537.36 (KHTML, like Gecko; compatible; Googlebot/2.1; +http://www.google.com/bot.html) Chrome/139.0.7258.127 Safari/537.36"
jomarlogistica.com.br:80 66.249.66.160 - - [30/Sep/2025:02:23:24 -0300] "GET /wp-content/plugins/elementor/assets/lib/dialog/dialog.min.js?ver=4.8.1 HTTP/1.1" 200 3967 "https://jomarlogistica.com.br/" "Mozilla/5.0 AppleWebKit/537.36 (KHTML, like Gecko; compatible; Googlebot/2.1; +http://www.google.com/bot.html) Chrome/139.0.7258.127 Safari/537.36"
jomarlogistica.com.br:80 66.249.66.38 - - [30/Sep/2025:02:23:25 -0300] "GET /wp-content/themes/consultio/elementor/js/ct-counter-widget.js?ver=2.8.0 HTTP/1.1" 200 845 "https://jomarlogistica.com.br/" "Mozilla/5.0 AppleWebKit/537.36 (KHTML, like Gecko; compatible; Googlebot/2.1; +http://www.google.com/bot.html) Chrome/139.0.7258.127 Safari/537.36"
jomarlogistica.com.br:80 66.249.66.192 - - [30/Sep/2025:02:23:25 -0300] "GET /wp-content/plugins/revslider/public/assets/js/rbtools.min.js?ver=6.5.11 HTTP/1.1" 200 48787 "https://jomarlogistica.com.br/" "Mozilla/5.0 AppleWebKit/537.36 (KHTML, like Gecko; compatible; Googlebot/2.1; +http://www.google.com/bot.html) Chrome/139.0.7258.127 Safari/537.36"
jomarlogistica.com.br:80 66.249.66.6 - - [30/Sep/2025:02:23:25 -0300] "GET /wp-content/plugins/elementor/assets/lib/share-link/share-link.min.js?ver=3.4.8 HTTP/1.1" 200 1484 "https://jomarlogistica.com.br/" "Mozilla/5.0 AppleWebKit/537.36 (KHTML, like Gecko; compatible; Googlebot/2.1; +http://www.google.com/bot.html) Chrome/139.0.7258.127 Safari/537.36"
jomarlogistica.com.br:80 66.249.66.169 - - [30/Sep/2025:02:23:25 -0300] "GET /wp-content/plugins/case-theme-user/acess/js/ct-user-form.js?ver=1.0.0 HTTP/1.1" 200 2326 "https://jomarlogistica.com.br/" "Mozilla/5.0 AppleWebKit/537.36 (KHTML, like Gecko; compatible; Googlebot/2.1; +http://www.google.com/bot.html) Chrome/139.0.7258.127 Safari/537.36"
jomarlogistica.com.br:80 66.249.66.204 - - [30/Sep/2025:02:23:26 -0300] "GET /wp-content/plugins/elementor/assets/js/frontend-modules.min.js?ver=3.4.8 HTTP/1.1" 200 5016 "https://jomarlogistica.com.br/" "Mozilla/5.0 AppleWebKit/537.36 (KHTML, like Gecko; compatible; Googlebot/2.1; +http://www.google.com/bot.html) Chrome/139.0.7258.127 Safari/537.36"
jomarlogistica.com.br:80 66.249.66.38 - - [30/Sep/2025:02:23:26 -0300] "GET /wp-content/plugins/revslider/public/assets/js/rs6.min.js?ver=6.5.11 HTTP/1.1" 200 104993 "https://jomarlogistica.com.br/" "Mozilla/5.0 AppleWebKit/537.36 (KHTML, like Gecko; compatible; Googlebot/2.1; +http://www.google.com/bot.html) Chrome/139.0.7258.127 Safari/537.36"
jomarlogistica.com.br:80 66.249.66.6 - - [30/Sep/2025:02:23:26 -0300] "GET /wp-content/themes/consultio/assets/js/magnific-popup.min.js?ver=1.0.0 HTTP/1.1" 200 14895 "https://jomarlogistica.com.br/" "Mozilla/5.0 AppleWebKit/537.36 (KHTML, like Gecko; compatible; Googlebot/2.1; +http://www.google.com/bot.html) Chrome/139.0.7258.127 Safari/537.36"
jomarlogistica.com.br:80 66.249.66.68 - - [30/Sep/2025:02:23:27 -0300] "GET /wp-includes/js/imagesloaded.min.js?ver=4.1.4 HTTP/1.1" 200 2251 "https://jomarlogistica.com.br/" "Mozilla/5.0 AppleWebKit/537.36 (KHTML, like Gecko; compatible; Googlebot/2.1; +http://www.google.com/bot.html) Chrome/139.0.7258.127 Safari/537.36"
jomarlogistica.com.br:80 66.249.66.169 - - [30/Sep/2025:02:23:27 -0300] "GET /wp-content/themes/consultio/elementor/js/ct-post-masonry-widget.js?ver=2.8.0 HTTP/1.1" 200 1706 "https://jomarlogistica.com.br/" "Mozilla/5.0 AppleWebKit/537.36 (KHTML, like Gecko; compatible; Googlebot/2.1; +http://www.google.com/bot.html) Chrome/139.0.7258.127 Safari/537.36"
jomarlogistica.com.br:80 66.249.66.160 - - [30/Sep/2025:02:23:27 -0300] "GET /wp-content/plugins/elementor/assets/js/webpack.runtime.min.js?ver=3.4.8 HTTP/1.1" 200 2563 "https://jomarlogistica.com.br/" "Mozilla/5.0 AppleWebKit/537.36 (KHTML, like Gecko; compatible; Googlebot/2.1; +http://www.google.com/bot.html) Chrome/139.0.7258.127 Safari/537.36"
jomarlogistica.com.br:80 66.249.66.37 - - [30/Sep/2025:02:23:27 -0300] "GET /wp-content/plugins/elementor/assets/lib/waypoints/waypoints.min.js?ver=4.0.2 HTTP/1.1" 200 3464 "https://jomarlogistica.com.br/" "Mozilla/5.0 AppleWebKit/537.36 (KHTML, like Gecko; compatible; Googlebot/2.1; +http://www.google.com/bot.html) Chrome/139.0.7258.127 Safari/537.36"
jomarlogistica.com.br:80 66.249.66.37 - - [30/Sep/2025:02:23:28 -0300] "GET /wp-content/plugins/elementor/assets/lib/jquery-numerator/jquery-numerator.min.js?ver=0.2.1 HTTP/1.1" 200 1116 "https://jomarlogistica.com.br/" "Mozilla/5.0 AppleWebKit/537.36 (KHTML, like Gecko; compatible; Googlebot/2.1; +http://www.google.com/bot.html) Chrome/139.0.7258.127 Safari/537.36"
jomarlogistica.com.br:80 66.249.66.38 - - [30/Sep/2025:02:23:28 -0300] "GET /wp-content/themes/consultio/elementor/js/ct-post-carousel-widget.js?ver=2.8.0 HTTP/1.1" 200 1609 "https://jomarlogistica.com.br/" "Mozilla/5.0 AppleWebKit/537.36 (KHTML, like Gecko; compatible; Googlebot/2.1; +http://www.google.com/bot.html) Chrome/139.0.7258.127 Safari/537.36"
jomarlogistica.com.br:80 66.249.66.5 - - [30/Sep/2025:02:23:28 -0300] "GET /wp-includes/js/wp-embed.min.js?ver=5.8.10 HTTP/1.1" 200 1177 "https://jomarlogistica.com.br/" "Mozilla/5.0 AppleWebKit/537.36 (KHTML, like Gecko; compatible; Googlebot/2.1; +http://www.google.com/bot.html) Chrome/139.0.7258.127 Safari/537.36"
jomarlogistica.com.br:80 66.249.66.37 - - [30/Sep/2025:02:23:28 -0300] "GET /wp-content/plugins/elementor/assets/js/preloaded-modules.min.js?ver=3.4.8 HTTP/1.1" 200 9763 "https://jomarlogistica.com.br/" "Mozilla/5.0 AppleWebKit/537.36 (KHTML, like Gecko; compatible; Googlebot/2.1; +http://www.google.com/bot.html) Chrome/139.0.7258.127 Safari/537.36"
jomarlogistica.com.br:80 66.249.66.5 - - [30/Sep/2025:02:23:29 -0300] "GET /wp-content/plugins/elementor/assets/lib/swiper/swiper.min.js?ver=5.3.6 HTTP/1.1" 200 37913 "https://jomarlogistica.com.br/" "Mozilla/5.0 AppleWebKit/537.36 (KHTML, like Gecko; compatible; Googlebot/2.1; +http://www.google.com/bot.html) Chrome/139.0.7258.127 Safari/537.36"
jomarlogistica.com.br:80 66.249.66.38 - - [30/Sep/2025:02:23:29 -0300] "GET /wp-content/themes/consultio/assets/js/match-height-min.js?ver=1.0.0 HTTP/1.1" 200 3557 "https://jomarlogistica.com.br/" "Mozilla/5.0 AppleWebKit/537.36 (KHTML, like Gecko; compatible; Googlebot/2.1; +http://www.google.com/bot.html) Chrome/139.0.7258.127 Safari/537.36"
jomarlogistica.com.br:80 66.249.66.38 - - [30/Sep/2025:02:23:29 -0300] "GET /wp-content/plugins/elementor/assets/lib/slick/slick.min.js?ver=1.8.1 HTTP/1.1" 200 11405 "https://jomarlogistica.com.br/" "Mozilla/5.0 AppleWebKit/537.36 (KHTML, like Gecko; compatible; Googlebot/2.1; +http://www.google.com/bot.html) Chrome/139.0.7258.127 Safari/537.36"
jomarlogistica.com.br:80 66.249.66.37 - - [30/Sep/2025:02:23:30 -0300] "GET /wp-content/plugins/case-theme-core/assets/js/lib/isotope.pkgd.min.js?ver=3.0.5 HTTP/1.1" 200 10708 "https://jomarlogistica.com.br/" "Mozilla/5.0 AppleWebKit/537.36 (KHTML, like Gecko; compatible; Googlebot/2.1; +http://www.google.com/bot.html) Chrome/139.0.7258.127 Safari/537.36"
jomarlogistica.com.br:80 66.249.66.68 - - [30/Sep/2025:02:23:30 -0300] "GET /wp-includes/js/jquery/ui/slider.min.js?ver=1.12.1 HTTP/1.1" 200 3621 "https://jomarlogistica.com.br/" "Mozilla/5.0 AppleWebKit/537.36 (KHTML, like Gecko; compatible; Googlebot/2.1; +http://www.google.com/bot.html) Chrome/139.0.7258.127 Safari/537.36"
jomarlogistica.com.br:80 66.249.66.6 - - [30/Sep/2025:02:23:30 -0300] "GET /wp-includes/js/dist/vendor/wp-polyfill.min.js?ver=3.15.0 HTTP/1.1" 200 6572 "https://jomarlogistica.com.br/" "Mozilla/5.0 AppleWebKit/537.36 (KHTML, like Gecko; compatible; Googlebot/2.1; +http://www.google.com/bot.html) Chrome/139.0.7258.127 Safari/537.36"
jomarlogistica.com.br:80 66.249.66.160 - - [30/Sep/2025:02:23:30 -0300] "GET /wp-content/themes/consultio/assets/js/main.js?ver=2.8.0 HTTP/1.1" 200 6455 "https://jomarlogistica.com.br/" "Mozilla/5.0 AppleWebKit/537.36 (KHTML, like Gecko; compatible; Googlebot/2.1; +http://www.google.com/bot.html) Chrome/139.0.7258.127 Safari/537.36"
jomarlogistica.com.br:80 66.249.66.204 - - [30/Sep/2025:02:23:31 -0300] "GET /wp-content/themes/consultio/assets/js/bootstrap.min.js?ver=4.0.0 HTTP/1.1" 200 14168 "https://jomarlogistica.com.br/" "Mozilla/5.0 AppleWebKit/537.36 (KHTML, like Gecko; compatible; Googlebot/2.1; +http://www.google.com/bot.html) Chrome/139.0.7258.127 Safari/537.36"
jomarlogistica.com.br:80 66.249.66.5 - - [30/Sep/2025:02:23:31 -0300] "GET /wp-content/themes/consultio/assets/js/wow.min.js?ver=1.0.0 HTTP/1.1" 200 3260 "https://jomarlogistica.com.br/" "Mozilla/5.0 AppleWebKit/537.36 (KHTML, like Gecko; compatible; Googlebot/2.1; +http://www.google.com/bot.html) Chrome/139.0.7258.127 Safari/537.36"
jomarlogistica.com.br:80 66.249.66.37 - - [30/Sep/2025:02:23:31 -0300] "GET /wp-includes/js/jquery/ui/mouse.min.js?ver=1.12.1 HTTP/1.1" 200 1479 "https://jomarlogistica.com.br/" "Mozilla/5.0 AppleWebKit/537.36 (KHTML, like Gecko; compatible; Googlebot/2.1; +http://www.google.com/bot.html) Chrome/139.0.7258.127 Safari/537.36"
jomarlogistica.com.br:80 66.249.66.204 - - [30/Sep/2025:02:23:32 -0300] "GET /wp-content/plugins/elementor/assets/js/frontend.min.js?ver=3.4.8 HTTP/1.1" 200 11451 "https://jomarlogistica.com.br/" "Mozilla/5.0 AppleWebKit/537.36 (KHTML, like Gecko; compatible; Googlebot/2.1; +http://www.google.com/bot.html) Chrome/139.0.7258.127 Safari/537.36"
jomarlogistica.com.br:80 66.249.66.37 - - [30/Sep/2025:02:23:32 -0300] "GET /wp-content/themes/consultio/assets/js/progressbar.min.js?ver=1.0.0 HTTP/1.1" 200 1327 "https://jomarlogistica.com.br/" "Mozilla/5.0 AppleWebKit/537.36 (KHTML, like Gecko; compatible; Googlebot/2.1; +http://www.google.com/bot.html) Chrome/139.0.7258.127 Safari/537.36"
jomarlogistica.com.br:80 66.249.66.37 - - [30/Sep/2025:02:23:32 -0300] "GET /wp-content/themes/consultio/elementor/js/ct-post-grid-widget.js?ver=2.8.0 HTTP/1.1" 200 760 "https://jomarlogistica.com.br/" "Mozilla/5.0 AppleWebKit/537.36 (KHTML, like Gecko; compatible; Googlebot/2.1; +http://www.google.com/bot.html) Chrome/139.0.7258.127 Safari/537.36"
jomarlogistica.com.br:80 66.249.66.160 - - [30/Sep/2025:02:23:32 -0300] "GET /wp-content/plugins/case-theme-user/acess/js/remodal.min.js?ver=1.0.0 HTTP/1.1" 200 3045 "https://jomarlogistica.com.br/" "Mozilla/5.0 AppleWebKit/537.36 (KHTML, like Gecko; compatible; Googlebot/2.1; +http://www.google.com/bot.html) Chrome/139.0.7258.127 Safari/537.36"
jomarlogistica.com.br:80 66.249.66.37 - - [30/Sep/2025:02:23:33 -0300] "GET /wp-content/plugins/booked/assets/js/spin.jquery.js?ver=2.0.1 HTTP/1.1" 200 1167 "https://jomarlogistica.com.br/" "Mozilla/5.0 AppleWebKit/537.36 (KHTML, like Gecko; compatible; Googlebot/2.1; +http://www.google.com/bot.html) Chrome/139.0.7258.127 Safari/537.36"
jomarlogistica.com.br:80 66.249.66.38 - - [30/Sep/2025:02:23:33 -0300] "GET /wp-content/themes/consultio/assets/js/nice-select.min.js?ver=all HTTP/1.1" 200 1439 "https://jomarlogistica.com.br/" "Mozilla/5.0 AppleWebKit/537.36 (KHTML, like Gecko; compatible; Googlebot/2.1; +http://www.google.com/bot.html) Chrome/139.0.7258.127 Safari/537.36"
jomarlogistica.com.br:80 66.249.66.37 - - [30/Sep/2025:02:23:33 -0300] "GET /wp-content/plugins/contact-form-7/includes/js/index.js?ver=5.5.3 HTTP/1.1" 200 4245 "https://jomarlogistica.com.br/" "Mozilla/5.0 AppleWebKit/537.36 (KHTML, like Gecko; compatible; Googlebot/2.1; +http://www.google.com/bot.html) Chrome/139.0.7258.127 Safari/537.36"
jomarlogistica.com.br:80 66.249.66.169 - - [30/Sep/2025:02:23:33 -0300] "GET /wp-content/plugins/booked/assets/js/functions.js?ver=2.3.5 HTTP/1.1" 200 10029 "https://jomarlogistica.com.br/" "Mozilla/5.0 AppleWebKit/537.36 (KHTML, like Gecko; compatible; Googlebot/2.1; +http://www.google.com/bot.html) Chrome/139.0.7258.127 Safari/537.36"
jomarlogistica.com.br:80 66.249.66.37 - - [30/Sep/2025:02:23:34 -0300] "GET /wp-content/plugins/contact-form-7-multi-step/assets/frontend/js/cf7mls.js?ver=2.5.4 HTTP/1.1" 200 7286 "https://jomarlogistica.com.br/" "Mozilla/5.0 AppleWebKit/537.36 (KHTML, like Gecko; compatible; Googlebot/2.1; +http://www.google.com/bot.html) Chrome/139.0.7258.127 Safari/537.36"
jomarlogistica.com.br:80 66.249.66.169 - - [30/Sep/2025:02:23:34 -0300] "GET /wp-content/plugins/booked/assets/js/tooltipster/js/jquery.tooltipster.min.js?ver=3.3.0 HTTP/1.1" 200 5373 "https://jomarlogistica.com.br/" "Mozilla/5.0 AppleWebKit/537.36 (KHTML, like Gecko; compatible; Googlebot/2.1; +http://www.google.com/bot.html) Chrome/139.0.7258.127 Safari/537.36"
jomarlogistica.com.br:80 127.0.0.1 - - [30/Sep/2025:02:23:39 -0300] "OPTIONS * HTTP/1.0" 200 110 "-" "Apache/2.4.65 (Ubuntu) (internal dummy connection)"
jomarlogistica.com.br:80 216.244.66.226 - - [30/Sep/2025:02:26:34 -0300] "GET /robots.txt HTTP/1.1" 200 565 "-" "Mozilla/5.0 (compatible; DotBot/1.2; +https://opensiteexplorer.org/dotbot; help@moz.com)"
jomarlogistica.com.br:80 172.20.1.117 - - [30/Sep/2025:02:28:33 -0300] "POST /wp-cron.php?doing_wp_cron=1759210113.7146029472351074218750 HTTP/1.1" 200 389 "https://jomarlogistica.com.br/wp-cron.php?doing_wp_cron=1759210113.7146029472351074218750" "WordPress/5.8.10; https://jomarlogistica.com.br"
jomarlogistica.com.br:80 54.39.0.115 - - [30/Sep/2025:02:28:33 -0300] "GET /2023/09/27/types-of-data-security/feed/ HTTP/1.1" 200 1156 "-" "Mozilla/5.0 (compatible; AhrefsBot/7.0; +http://ahrefs.com/robot/)"
jomarlogistica.com.br:80 127.0.0.1 - - [30/Sep/2025:02:28:38 -0300] "OPTIONS * HTTP/1.0" 200 110 "-" "Apache/2.4.65 (Ubuntu) (internal dummy connection)"
jomarlogistica.com.br:80 172.20.1.117 - - [30/Sep/2025:02:33:08 -0300] "POST /wp-cron.php?doing_wp_cron=1759210388.3961300849914550781250 HTTP/1.1" 200 389 "https://jomarlogistica.com.br/wp-cron.php?doing_wp_cron=1759210388.3961300849914550781250" "WordPress/5.8.10; https://jomarlogistica.com.br"
jomarlogistica.com.br:80 64.225.28.25 - - [30/Sep/2025:02:33:07 -0300] "GET / HTTP/1.1" 200 23930 "-" "Mozilla/5.0 (X11; Linux x86_64; rv:139.0) Gecko/20100101 Firefox/139.0"
jomarlogistica.com.br:80 64.225.28.25 - - [30/Sep/2025:02:33:12 -0300] "GET /wp-content/uploads/2021/12/icone.jpg HTTP/1.1" 200 2901 "https://jomarlogistica.com.br/" "Mozilla/5.0 (X11; Linux x86_64; rv:139.0) Gecko/20100101 Firefox/139.0"
jomarlogistica.com.br:80 127.0.0.1 - - [30/Sep/2025:02:33:16 -0300] "OPTIONS * HTTP/1.0" 200 110 "-" "Apache/2.4.65 (Ubuntu) (internal dummy connection)"
jomarlogistica.com.br:80 172.20.1.117 - - [30/Sep/2025:02:38:13 -0300] "POST /wp-cron.php?doing_wp_cron=1759210693.0970320701599121093750 HTTP/1.1" 200 389 "https://jomarlogistica.com.br/wp-cron.php?doing_wp_cron=1759210693.0970320701599121093750" "WordPress/5.8.10; https://jomarlogistica.com.br"
jomarlogistica.com.br:80 185.191.171.18 - - [30/Sep/2025:02:38:12 -0300] "GET /2022/12/20/frauen-zum-kennenlernen-10-tipps-die-ihnen-helfen-erfolgreich-qua-einer-alte-derb-zu-liebeln-und-sie-fur-sich-abgeschlossen-gewinnen/ HTTP/1.1" 200 18965 "-" "Mozilla/5.0 (compatible; SemrushBot/7~bl; +http://www.semrush.com/bot.html)"
jomarlogistica.com.br:80 127.0.0.1 - - [30/Sep/2025:02:38:18 -0300] "OPTIONS * HTTP/1.0" 200 110 "-" "Apache/2.4.65 (Ubuntu) (internal dummy connection)"
jomarlogistica.com.br:80 142.44.220.71 - - [30/Sep/2025:02:40:43 -0300] "GET /2023/page/41/ HTTP/1.1" 200 18498 "-" "Mozilla/5.0 (compatible; AhrefsBot/7.0; +http://ahrefs.com/robot/)"
jomarlogistica.com.br:80 172.20.1.117 - - [30/Sep/2025:02:52:31 -0300] "POST /wp-cron.php?doing_wp_cron=1759211550.9820370674133300781250 HTTP/1.1" 200 389 "https://jomarlogistica.com.br/wp-cron.php?doing_wp_cron=1759211550.9820370674133300781250" "WordPress/5.8.10; https://jomarlogistica.com.br"
jomarlogistica.com.br:80 142.44.233.176 - - [30/Sep/2025:02:52:30 -0300] "GET /2023/04/28/base-legal-de-omaped-todo-lo-que-necesitas-saber/ HTTP/1.1" 200 14525 "-" "Mozilla/5.0 (compatible; AhrefsBot/7.0; +http://ahrefs.com/robot/)"
jomarlogistica.com.br:80 127.0.0.1 - - [30/Sep/2025:02:52:36 -0300] "OPTIONS * HTTP/1.0" 200 110 "-" "Apache/2.4.65 (Ubuntu) (internal dummy connection)"
jomarlogistica.com.br:80 143.198.208.127 - - [30/Sep/2025:02:52:56 -0300] "POST /wp-login.php HTTP/1.1" 200 3117 "https://jomarlogistica.com.br/wp-admin/" "Mozilla/5.0 (Windows NT 10.0; Win64; x64) AppleWebKit/537.36 (KHTML, like Gecko) Chrome/90.0.4430.85 Safari/537.36"
jomarlogistica.com.br:80 143.198.208.127 - - [30/Sep/2025:02:52:57 -0300] "GET /wp-admin/ HTTP/1.1" 302 463 "https://www.google.com" "Mozilla/5.0 (Windows NT 10.0; Win64; x64) AppleWebKit/537.36 (KHTML, like Gecko) Chrome/90.0.4430.85 Safari/537.36"
jomarlogistica.com.br:80 143.198.208.127 - - [30/Sep/2025:02:52:59 -0300] "GET /wp-login.php?redirect_to=https%3A%2F%2Fjomarlogistica.com.br%2Fwp-admin%2F&reauth=1 HTTP/1.1" 200 4995 "https://www.google.com" "Mozilla/5.0 (Windows NT 10.0; Win64; x64) AppleWebKit/537.36 (KHTML, like Gecko) Chrome/90.0.4430.85 Safari/537.36"
jomarlogistica.com.br:80 3.221.244.28 - - [30/Sep/2025:02:53:37 -0300] "GET /2022/page/15/ HTTP/1.1" 200 18600 "-" "Mozilla/5.0 AppleWebKit/537.36 (KHTML, like Gecko; compatible; Amazonbot/0.1; +https://developer.amazon.com/support/amazonbot) Chrome/119.0.6045.214 Safari/537.36"
jomarlogistica.com.br:80 148.113.128.159 - - [30/Sep/2025:02:57:01 -0300] "GET /?a7b529c=7261825 HTTP/1.1" 200 287 "-" "Mozilla/5.0 (compatible; AhrefsBot/7.0; +http://ahrefs.com/robot/)"
jomarlogistica.com.br:80 172.20.1.117 - - [30/Sep/2025:03:03:47 -0300] "POST /wp-cron.php?doing_wp_cron=1759212227.1485610008239746093750 HTTP/1.1" 200 389 "https://jomarlogistica.com.br/wp-cron.php?doing_wp_cron=1759212227.1485610008239746093750" "WordPress/5.8.10; https://jomarlogistica.com.br"
jomarlogistica.com.br:80 216.244.66.226 - - [30/Sep/2025:03:03:46 -0300] "GET /2022/09/30/manifesting-love-signs-you-are-in-love/ HTTP/1.1" 200 79676 "-" "Mozilla/5.0 (compatible; DotBot/1.2; +https://opensiteexplorer.org/dotbot; help@moz.com)"
jomarlogistica.com.br:80 127.0.0.1 - - [30/Sep/2025:03:03:52 -0300] "OPTIONS * HTTP/1.0" 200 110 "-" "Apache/2.4.65 (Ubuntu) (internal dummy connection)"
jomarlogistica.com.br:80 172.20.1.117 - - [30/Sep/2025:03:08:42 -0300] "POST /wp-cron.php?doing_wp_cron=1759212522.6226611137390136718750 HTTP/1.1" 200 389 "https://jomarlogistica.com.br/wp-cron.php?doing_wp_cron=1759212522.6226611137390136718750" "WordPress/5.8.10; https://jomarlogistica.com.br"
jomarlogistica.com.br:80 52.167.144.67 - - [30/Sep/2025:03:08:42 -0300] "GET /robots.txt HTTP/1.1" 200 584 "-" "Mozilla/5.0 AppleWebKit/537.36 (KHTML, like Gecko; compatible; bingbot/2.0; +http://www.bing.com/bingbot.htm) Chrome/116.0.1938.76 Safari/537.36"
jomarlogistica.com.br:80 127.0.0.1 - - [30/Sep/2025:03:08:47 -0300] "OPTIONS * HTTP/1.0" 200 110 "-" "Apache/2.4.65 (Ubuntu) (internal dummy connection)"
jomarlogistica.com.br:80 52.167.144.16 - - [30/Sep/2025:03:08:48 -0300] "GET / HTTP/1.1" 200 23930 "-" "Mozilla/5.0 AppleWebKit/537.36 (KHTML, like Gecko; compatible; bingbot/2.0; +http://www.bing.com/bingbot.htm) Chrome/116.0.1938.76 Safari/537.36"
jomarlogistica.com.br:80 17.241.219.196 - - [30/Sep/2025:03:09:37 -0300] "GET /2023/12/10/e-law-resources-donoghue-v-stevenson-case-analysis-legal-resources/feed/ HTTP/1.1" 200 1003 "-" "Mozilla/5.0 (Macintosh; Intel Mac OS X 10_15_7) AppleWebKit/605.1.15 (KHTML, like Gecko) Version/17.4 Safari/605.1.15 (Applebot/0.1; +http://www.apple.com/go/applebot)"
jomarlogistica.com.br:80 54.39.89.187 - - [30/Sep/2025:03:09:43 -0300] "GET /author/wadminw/ HTTP/1.1" 200 15959 "-" "Mozilla/5.0 (compatible; AhrefsBot/7.0; +http://ahrefs.com/robot/)"
jomarlogistica.com.br:80 122.180.19.228 - - [30/Sep/2025:03:10:49 -0300] "GET /2023/05/26/3-weird-laws-in-wisconsin-unusual-legal-statutes-explained/ HTTP/1.1" 200 14430 "https://www.google.com/" "Mozilla/5.0 (Android 13; Mobile; rv:143.0) Gecko/143.0 Firefox/143.0"
jomarlogistica.com.br:80 122.180.19.228 - - [30/Sep/2025:03:10:50 -0300] "GET /wp-content/plugins/instagram-feed/css/sbi-styles.min.css?ver=2.9.7 HTTP/1.1" 200 3355 "https://jomarlogistica.com.br/2023/05/26/3-weird-laws-in-wisconsin-unusual-legal-statutes-explained/" "Mozilla/5.0 (Android 13; Mobile; rv:143.0) Gecko/143.0 Firefox/143.0"
jomarlogistica.com.br:80 122.180.19.228 - - [30/Sep/2025:03:10:50 -0300] "GET /wp-includes/css/dist/block-library/style.min.css?ver=5.8.10 HTTP/1.1" 200 12027 "https://jomarlogistica.com.br/2023/05/26/3-weird-laws-in-wisconsin-unusual-legal-statutes-explained/" "Mozilla/5.0 (Android 13; Mobile; rv:143.0) Gecko/143.0 Firefox/143.0"
jomarlogistica.com.br:80 122.180.19.228 - - [30/Sep/2025:03:10:50 -0300] "GET /wp-content/plugins/redux-framework/redux-core/extendify-sdk/public/build/extendify-utilities.css?ver=13.4 HTTP/1.1" 200 6477 "https://jomarlogistica.com.br/2023/05/26/3-weird-laws-in-wisconsin-unusual-legal-statutes-explained/" "Mozilla/5.0 (Android 13; Mobile; rv:143.0) Gecko/143.0 Firefox/143.0"
jomarlogistica.com.br:80 122.180.19.228 - - [30/Sep/2025:03:10:50 -0300] "GET /wp-content/plugins/booked/assets/css/icons.css?ver=2.3.5 HTTP/1.1" 200 6985 "https://jomarlogistica.com.br/2023/05/26/3-weird-laws-in-wisconsin-unusual-legal-statutes-explained/" "Mozilla/5.0 (Android 13; Mobile; rv:143.0) Gecko/143.0 Firefox/143.0"
jomarlogistica.com.br:80 122.180.19.228 - - [30/Sep/2025:03:10:50 -0300] "GET /wp-content/plugins/booked/assets/js/tooltipster/css/tooltipster.css?ver=3.3.0 HTTP/1.1" 200 2174 "https://jomarlogistica.com.br/2023/05/26/3-weird-laws-in-wisconsin-unusual-legal-statutes-explained/" "Mozilla/5.0 (Android 13; Mobile; rv:143.0) Gecko/143.0 Firefox/143.0"
jomarlogistica.com.br:80 122.180.19.228 - - [30/Sep/2025:03:10:50 -0300] "GET /wp-content/plugins/booked/assets/js/tooltipster/css/themes/tooltipster-light.css?ver=3.3.0 HTTP/1.1" 200 615 "https://jomarlogistica.com.br/2023/05/26/3-weird-laws-in-wisconsin-unusual-legal-statutes-explained/" "Mozilla/5.0 (Android 13; Mobile; rv:143.0) Gecko/143.0 Firefox/143.0"
jomarlogistica.com.br:80 122.180.19.228 - - [30/Sep/2025:03:10:50 -0300] "GET /wp-content/plugins/booked/assets/css/animations.css?ver=2.3.5 HTTP/1.1" 200 905 "https://jomarlogistica.com.br/2023/05/26/3-weird-laws-in-wisconsin-unusual-legal-statutes-explained/" "Mozilla/5.0 (Android 13; Mobile; rv:143.0) Gecko/143.0 Firefox/143.0"
jomarlogistica.com.br:80 122.180.19.228 - - [30/Sep/2025:03:10:50 -0300] "GET /wp-content/plugins/booked/dist/booked.css?ver=2.3.5 HTTP/1.1" 200 9827 "https://jomarlogistica.com.br/2023/05/26/3-weird-laws-in-wisconsin-unusual-legal-statutes-explained/" "Mozilla/5.0 (Android 13; Mobile; rv:143.0) Gecko/143.0 Firefox/143.0"
jomarlogistica.com.br:80 122.180.19.228 - - [30/Sep/2025:03:10:50 -0300] "GET /wp-content/plugins/case-theme-core/assets/css/main.css?ver=1.0.0 HTTP/1.1" 200 563 "https://jomarlogistica.com.br/2023/05/26/3-weird-laws-in-wisconsin-unusual-legal-statutes-explained/" "Mozilla/5.0 (Android 13; Mobile; rv:143.0) Gecko/143.0 Firefox/143.0"
jomarlogistica.com.br:80 122.180.19.228 - - [30/Sep/2025:03:10:50 -0300] "GET /wp-content/plugins/case-theme-core/assets/css/lib/progressbar.min.css?ver=0.7.1 HTTP/1.1" 200 1103 "https://jomarlogistica.com.br/2023/05/26/3-weird-laws-in-wisconsin-unusual-legal-statutes-explained/" "Mozilla/5.0 (Android 13; Mobile; rv:143.0) Gecko/143.0 Firefox/143.0"
jomarlogistica.com.br:80 122.180.19.228 - - [30/Sep/2025:03:10:51 -0300] "GET /wp-content/plugins/case-theme-core/assets/css/lib/owl.carousel.min.css?ver=2.2.1 HTTP/1.1" 200 1317 "https://jomarlogistica.com.br/2023/05/26/3-weird-laws-in-wisconsin-unusual-legal-statutes-explained/" "Mozilla/5.0 (Android 13; Mobile; rv:143.0) Gecko/143.0 Firefox/143.0"
jomarlogistica.com.br:80 122.180.19.228 - - [30/Sep/2025:03:10:51 -0300] "GET /wp-content/plugins/case-theme-core/assets/plugin/font-awesome/css/font-awesome.min.css?ver=4.7.0 HTTP/1.1" 200 7624 "https://jomarlogistica.com.br/2023/05/26/3-weird-laws-in-wisconsin-unusual-legal-statutes-explained/" "Mozilla/5.0 (Android 13; Mobile; rv:143.0) Gecko/143.0 Firefox/143.0"
jomarlogistica.com.br:80 122.180.19.228 - - [30/Sep/2025:03:10:51 -0300] "GET /wp-content/plugins/case-theme-user/acess/css/remodal.css?ver=5.8.10 HTTP/1.1" 200 1031 "https://jomarlogistica.com.br/2023/05/26/3-weird-laws-in-wisconsin-unusual-legal-statutes-explained/" "Mozilla/5.0 (Android 13; Mobile; rv:143.0) Gecko/143.0 Firefox/143.0"
jomarlogistica.com.br:80 122.180.19.228 - - [30/Sep/2025:03:10:51 -0300] "GET /wp-content/plugins/meks-simple-flickr-widget/css/style.css?ver=1.2 HTTP/1.1" 200 577 "https://jomarlogistica.com.br/2023/05/26/3-weird-laws-in-wisconsin-unusual-legal-statutes-explained/" "Mozilla/5.0 (Android 13; Mobile; rv:143.0) Gecko/143.0 Firefox/143.0"
jomarlogistica.com.br:80 122.180.19.228 - - [30/Sep/2025:03:10:51 -0300] "GET /wp-content/themes/consultio/assets/js/nice-select.min.js?ver=all HTTP/1.1" 200 1420 "https://jomarlogistica.com.br/2023/05/26/3-weird-laws-in-wisconsin-unusual-legal-statutes-explained/" "Mozilla/5.0 (Android 13; Mobile; rv:143.0) Gecko/143.0 Firefox/143.0"
jomarlogistica.com.br:80 122.180.19.228 - - [30/Sep/2025:03:10:51 -0300] "GET /wp-content/themes/consultio/assets/js/bootstrap.min.js?ver=4.0.0 HTTP/1.1" 200 14187 "https://jomarlogistica.com.br/2023/05/26/3-weird-laws-in-wisconsin-unusual-legal-statutes-explained/" "Mozilla/5.0 (Android 13; Mobile; rv:143.0) Gecko/143.0 Firefox/143.0"
jomarlogistica.com.br:80 122.180.19.228 - - [30/Sep/2025:03:10:51 -0300] "GET /wp-content/plugins/case-theme-user/acess/css/remodal-default-theme.css?ver=5.8.10 HTTP/1.1" 200 1733 "https://jomarlogistica.com.br/2023/05/26/3-weird-laws-in-wisconsin-unusual-legal-statutes-explained/" "Mozilla/5.0 (Android 13; Mobile; rv:143.0) Gecko/143.0 Firefox/143.0"
jomarlogistica.com.br:80 122.180.19.228 - - [30/Sep/2025:03:10:51 -0300] "GET /wp-content/plugins/contact-form-7-multi-step/assets/frontend/css/cf7mls.css?ver=2.5.4 HTTP/1.1" 200 2184 "https://jomarlogistica.com.br/2023/05/26/3-weird-laws-in-wisconsin-unusual-legal-statutes-explained/" "Mozilla/5.0 (Android 13; Mobile; rv:143.0) Gecko/143.0 Firefox/143.0"
jomarlogistica.com.br:80 122.180.19.228 - - [30/Sep/2025:03:10:51 -0300] "GET /wp-content/plugins/contact-form-7-multi-step/assets/frontend/css/progress_bar.css?ver=2.5.4 HTTP/1.1" 200 5617 "https://jomarlogistica.com.br/2023/05/26/3-weird-laws-in-wisconsin-unusual-legal-statutes-explained/" "Mozilla/5.0 (Android 13; Mobile; rv:143.0) Gecko/143.0 Firefox/143.0"
jomarlogistica.com.br:80 122.180.19.228 - - [30/Sep/2025:03:10:51 -0300] "GET /wp-content/plugins/contact-form-7-multi-step/assets/frontend/animate/animate.min.css?ver=2.5.4 HTTP/1.1" 200 5225 "https://jomarlogistica.com.br/2023/05/26/3-weird-laws-in-wisconsin-unusual-legal-statutes-explained/" "Mozilla/5.0 (Android 13; Mobile; rv:143.0) Gecko/143.0 Firefox/143.0"
jomarlogistica.com.br:80 122.180.19.228 - - [30/Sep/2025:03:10:51 -0300] "GET /wp-content/plugins/contact-form-7/includes/css/styles.css?ver=5.5.3 HTTP/1.1" 200 1361 "https://jomarlogistica.com.br/2023/05/26/3-weird-laws-in-wisconsin-unusual-legal-statutes-explained/" "Mozilla/5.0 (Android 13; Mobile; rv:143.0) Gecko/143.0 Firefox/143.0"
jomarlogistica.com.br:80 122.180.19.228 - - [30/Sep/2025:03:10:51 -0300] "GET /wp-content/themes/consultio/assets/css/bootstrap.min.css?ver=4.0.0 HTTP/1.1" 200 21402 "https://jomarlogistica.com.br/2023/05/26/3-weird-laws-in-wisconsin-unusual-legal-statutes-explained/" "Mozilla/5.0 (Android 13; Mobile; rv:143.0) Gecko/143.0 Firefox/143.0"
jomarlogistica.com.br:80 122.180.19.228 - - [30/Sep/2025:03:10:51 -0300] "GET /wp-content/plugins/elementor/assets/lib/font-awesome/css/font-awesome.min.css?ver=4.7.0 HTTP/1.1" 200 7623 "https://jomarlogistica.com.br/2023/05/26/3-weird-laws-in-wisconsin-unusual-legal-statutes-explained/" "Mozilla/5.0 (Android 13; Mobile; rv:143.0) Gecko/143.0 Firefox/143.0"
jomarlogistica.com.br:80 122.180.19.228 - - [30/Sep/2025:03:10:51 -0300] "GET /wp-content/themes/consultio/assets/css/font-awesome5.min.css?ver=5.8.0 HTTP/1.1" 200 17997 "https://jomarlogistica.com.br/2023/05/26/3-weird-laws-in-wisconsin-unusual-legal-statutes-explained/" "Mozilla/5.0 (Android 13; Mobile; rv:143.0) Gecko/143.0 Firefox/143.0"
jomarlogistica.com.br:80 122.180.19.228 - - [30/Sep/2025:03:10:51 -0300] "GET /wp-content/themes/consultio/assets/css/flaticon.css?ver=2.8.0 HTTP/1.1" 200 1205 "https://jomarlogistica.com.br/2023/05/26/3-weird-laws-in-wisconsin-unusual-legal-statutes-explained/" "Mozilla/5.0 (Android 13; Mobile; rv:143.0) Gecko/143.0 Firefox/143.0"
jomarlogistica.com.br:80 122.180.19.228 - - [30/Sep/2025:03:10:51 -0300] "GET /wp-content/themes/consultio/assets/css/flaticon-v2.css?ver=2.8.0 HTTP/1.1" 200 994 "https://jomarlogistica.com.br/2023/05/26/3-weird-laws-in-wisconsin-unusual-legal-statutes-explained/" "Mozilla/5.0 (Android 13; Mobile; rv:143.0) Gecko/143.0 Firefox/143.0"
jomarlogistica.com.br:80 122.180.19.228 - - [30/Sep/2025:03:10:51 -0300] "GET /wp-content/themes/consultio/assets/css/flaticon-v3.css?ver=2.8.0 HTTP/1.1" 200 1156 "https://jomarlogistica.com.br/2023/05/26/3-weird-laws-in-wisconsin-unusual-legal-statutes-explained/" "Mozilla/5.0 (Android 13; Mobile; rv:143.0) Gecko/143.0 Firefox/143.0"
jomarlogistica.com.br:80 122.180.19.228 - - [30/Sep/2025:03:10:51 -0300] "GET /wp-content/themes/consultio/assets/css/flaticon-v4.css?ver=2.8.0 HTTP/1.1" 200 795 "https://jomarlogistica.com.br/2023/05/26/3-weird-laws-in-wisconsin-unusual-legal-statutes-explained/" "Mozilla/5.0 (Android 13; Mobile; rv:143.0) Gecko/143.0 Firefox/143.0"
jomarlogistica.com.br:80 122.180.19.228 - - [30/Sep/2025:03:10:51 -0300] "GET /wp-content/themes/consultio/assets/css/flaticon-v5.css?ver=2.8.0 HTTP/1.1" 200 1337 "https://jomarlogistica.com.br/2023/05/26/3-weird-laws-in-wisconsin-unusual-legal-statutes-explained/" "Mozilla/5.0 (Android 13; Mobile; rv:143.0) Gecko/143.0 Firefox/143.0"
jomarlogistica.com.br:80 122.180.19.228 - - [30/Sep/2025:03:10:51 -0300] "GET /wp-content/themes/consultio/assets/css/flaticon-v6.css?ver=2.8.0 HTTP/1.1" 200 998 "https://jomarlogistica.com.br/2023/05/26/3-weird-laws-in-wisconsin-unusual-legal-statutes-explained/" "Mozilla/5.0 (Android 13; Mobile; rv:143.0) Gecko/143.0 Firefox/143.0"
jomarlogistica.com.br:80 122.180.19.228 - - [30/Sep/2025:03:10:51 -0300] "GET /wp-content/themes/consultio/assets/css/flaticon-v7.css?ver=2.8.0 HTTP/1.1" 200 990 "https://jomarlogistica.com.br/2023/05/26/3-weird-laws-in-wisconsin-unusual-legal-statutes-explained/" "Mozilla/5.0 (Android 13; Mobile; rv:143.0) Gecko/143.0 Firefox/143.0"
jomarlogistica.com.br:80 122.180.19.228 - - [30/Sep/2025:03:10:51 -0300] "GET /wp-content/themes/consultio/assets/css/material-design-iconic-font.min.css?ver=2.2.0 HTTP/1.1" 200 8981 "https://jomarlogistica.com.br/2023/05/26/3-weird-laws-in-wisconsin-unusual-legal-statutes-explained/" "Mozilla/5.0 (Android 13; Mobile; rv:143.0) Gecko/143.0 Firefox/143.0"
jomarlogistica.com.br:80 122.180.19.228 - - [30/Sep/2025:03:10:51 -0300] "GET /wp-content/themes/consultio/assets/css/magnific-popup.css?ver=1.0.0 HTTP/1.1" 200 2198 "https://jomarlogistica.com.br/2023/05/26/3-weird-laws-in-wisconsin-unusual-legal-statutes-explained/" "Mozilla/5.0 (Android 13; Mobile; rv:143.0) Gecko/143.0 Firefox/143.0"
jomarlogistica.com.br:80 122.180.19.228 - - [30/Sep/2025:03:10:51 -0300] "GET /wp-content/themes/consultio/assets/css/animate.css?ver=1.0.0 HTTP/1.1" 200 5563 "https://jomarlogistica.com.br/2023/05/26/3-weird-laws-in-wisconsin-unusual-legal-statutes-explained/" "Mozilla/5.0 (Android 13; Mobile; rv:143.0) Gecko/143.0 Firefox/143.0"
jomarlogistica.com.br:80 122.180.19.228 - - [30/Sep/2025:03:10:51 -0300] "GET /wp-content/themes/consultio/assets/css/theme.css?ver=2.8.0 HTTP/1.1" 200 195072 "https://jomarlogistica.com.br/2023/05/26/3-weird-laws-in-wisconsin-unusual-legal-statutes-explained/" "Mozilla/5.0 (Android 13; Mobile; rv:143.0) Gecko/143.0 Firefox/143.0"
jomarlogistica.com.br:80 122.180.19.228 - - [30/Sep/2025:03:10:51 -0300] "GET /wp-content/themes/consultio/style.css?ver=5.8.10 HTTP/1.1" 200 866 "https://jomarlogistica.com.br/2023/05/26/3-weird-laws-in-wisconsin-unusual-legal-statutes-explained/" "Mozilla/5.0 (Android 13; Mobile; rv:143.0) Gecko/143.0 Firefox/143.0"
jomarlogistica.com.br:80 122.180.19.228 - - [30/Sep/2025:03:10:51 -0300] "GET /wp-content/plugins/newsletter/style.css?ver=7.3.3 HTTP/1.1" 200 1636 "https://jomarlogistica.com.br/2023/05/26/3-weird-laws-in-wisconsin-unusual-legal-statutes-explained/" "Mozilla/5.0 (Android 13; Mobile; rv:143.0) Gecko/143.0 Firefox/143.0"
jomarlogistica.com.br:80 122.180.19.228 - - [30/Sep/2025:03:10:51 -0300] "GET /wp-includes/js/jquery/jquery.min.js?ver=3.6.0 HTTP/1.1" 200 32444 "https://jomarlogistica.com.br/2023/05/26/3-weird-laws-in-wisconsin-unusual-legal-statutes-explained/" "Mozilla/5.0 (Android 13; Mobile; rv:143.0) Gecko/143.0 Firefox/143.0"
jomarlogistica.com.br:80 122.180.19.228 - - [30/Sep/2025:03:10:51 -0300] "GET /wp-includes/js/jquery/jquery-migrate.min.js?ver=3.3.2 HTTP/1.1" 200 4613 "https://jomarlogistica.com.br/2023/05/26/3-weird-laws-in-wisconsin-unusual-legal-statutes-explained/" "Mozilla/5.0 (Android 13; Mobile; rv:143.0) Gecko/143.0 Firefox/143.0"
jomarlogistica.com.br:80 122.180.19.228 - - [30/Sep/2025:03:10:51 -0300] "GET /wp-content/plugins/case-theme-core/assets/js/main.js?ver=1.0.0 HTTP/1.1" 200 570 "https://jomarlogistica.com.br/2023/05/26/3-weird-laws-in-wisconsin-unusual-legal-statutes-explained/" "Mozilla/5.0 (Android 13; Mobile; rv:143.0) Gecko/143.0 Firefox/143.0"
jomarlogistica.com.br:80 122.180.19.228 - - [30/Sep/2025:03:10:51 -0300] "GET /wp-content/themes/consultio/elementor/js/ct-inline-css.js?ver=2.8.0 HTTP/1.1" 200 864 "https://jomarlogistica.com.br/2023/05/26/3-weird-laws-in-wisconsin-unusual-legal-statutes-explained/" "Mozilla/5.0 (Android 13; Mobile; rv:143.0) Gecko/143.0 Firefox/143.0"
jomarlogistica.com.br:80 122.180.19.228 - - [30/Sep/2025:03:10:51 -0300] "GET /wp-content/uploads/2021/12/logo.png HTTP/1.1" 200 32663 "https://jomarlogistica.com.br/2023/05/26/3-weird-laws-in-wisconsin-unusual-legal-statutes-explained/" "Mozilla/5.0 (Android 13; Mobile; rv:143.0) Gecko/143.0 Firefox/143.0"
jomarlogistica.com.br:80 122.180.19.228 - - [30/Sep/2025:03:10:52 -0300] "GET /wp-content/plugins/revslider/public/assets/css/rs6.css?ver=6.5.11 HTTP/1.1" 200 13321 "https://jomarlogistica.com.br/2023/05/26/3-weird-laws-in-wisconsin-unusual-legal-statutes-explained/" "Mozilla/5.0 (Android 13; Mobile; rv:143.0) Gecko/143.0 Firefox/143.0"
jomarlogistica.com.br:80 122.180.19.228 - - [30/Sep/2025:03:10:52 -0300] "GET /wp-includes/js/jquery/ui/core.min.js?ver=1.12.1 HTTP/1.1" 200 7418 "https://jomarlogistica.com.br/2023/05/26/3-weird-laws-in-wisconsin-unusual-legal-statutes-explained/" "Mozilla/5.0 (Android 13; Mobile; rv:143.0) Gecko/143.0 Firefox/143.0"
jomarlogistica.com.br:80 122.180.19.228 - - [30/Sep/2025:03:10:52 -0300] "GET /wp-content/plugins/booked/assets/js/spin.min.js?ver=2.0.1 HTTP/1.1" 200 2463 "https://jomarlogistica.com.br/2023/05/26/3-weird-laws-in-wisconsin-unusual-legal-statutes-explained/" "Mozilla/5.0 (Android 13; Mobile; rv:143.0) Gecko/143.0 Firefox/143.0"
jomarlogistica.com.br:80 122.180.19.228 - - [30/Sep/2025:03:10:52 -0300] "GET /wp-includes/js/jquery/ui/datepicker.min.js?ver=1.12.1 HTTP/1.1" 200 11555 "https://jomarlogistica.com.br/2023/05/26/3-weird-laws-in-wisconsin-unusual-legal-statutes-explained/" "Mozilla/5.0 (Android 13; Mobile; rv:143.0) Gecko/143.0 Firefox/143.0"
jomarlogistica.com.br:80 122.180.19.228 - - [30/Sep/2025:03:10:52 -0300] "GET /wp-content/plugins/booked/assets/js/spin.jquery.js?ver=2.0.1 HTTP/1.1" 200 1167 "https://jomarlogistica.com.br/2023/05/26/3-weird-laws-in-wisconsin-unusual-legal-statutes-explained/" "Mozilla/5.0 (Android 13; Mobile; rv:143.0) Gecko/143.0 Firefox/143.0"
jomarlogistica.com.br:80 122.180.19.228 - - [30/Sep/2025:03:10:52 -0300] "GET /wp-content/plugins/booked/assets/js/tooltipster/js/jquery.tooltipster.min.js?ver=3.3.0 HTTP/1.1" 200 5373 "https://jomarlogistica.com.br/2023/05/26/3-weird-laws-in-wisconsin-unusual-legal-statutes-explained/" "Mozilla/5.0 (Android 13; Mobile; rv:143.0) Gecko/143.0 Firefox/143.0"
jomarlogistica.com.br:80 122.180.19.228 - - [30/Sep/2025:03:10:52 -0300] "GET /wp-content/plugins/booked/assets/js/functions.js?ver=2.3.5 HTTP/1.1" 200 10029 "https://jomarlogistica.com.br/2023/05/26/3-weird-laws-in-wisconsin-unusual-legal-statutes-explained/" "Mozilla/5.0 (Android 13; Mobile; rv:143.0) Gecko/143.0 Firefox/143.0"
jomarlogistica.com.br:80 122.180.19.228 - - [30/Sep/2025:03:10:52 -0300] "GET /wp-content/plugins/case-theme-user/acess/js/notify.min.js?ver=1.0.0 HTTP/1.1" 200 7826 "https://jomarlogistica.com.br/2023/05/26/3-weird-laws-in-wisconsin-unusual-legal-statutes-explained/" "Mozilla/5.0 (Android 13; Mobile; rv:143.0) Gecko/143.0 Firefox/143.0"
jomarlogistica.com.br:80 122.180.19.228 - - [30/Sep/2025:03:10:52 -0300] "GET /wp-content/plugins/case-theme-user/acess/js/remodal.min.js?ver=1.0.0 HTTP/1.1" 200 3045 "https://jomarlogistica.com.br/2023/05/26/3-weird-laws-in-wisconsin-unusual-legal-statutes-explained/" "Mozilla/5.0 (Android 13; Mobile; rv:143.0) Gecko/143.0 Firefox/143.0"
jomarlogistica.com.br:80 122.180.19.228 - - [30/Sep/2025:03:10:52 -0300] "GET /wp-content/plugins/case-theme-user/acess/js/ct-user-form.js?ver=1.0.0 HTTP/1.1" 200 2307 "https://jomarlogistica.com.br/2023/05/26/3-weird-laws-in-wisconsin-unusual-legal-statutes-explained/" "Mozilla/5.0 (Android 13; Mobile; rv:143.0) Gecko/143.0 Firefox/143.0"
jomarlogistica.com.br:80 122.180.19.228 - - [30/Sep/2025:03:10:52 -0300] "GET /wp-includes/js/dist/vendor/regenerator-runtime.min.js?ver=0.13.7 HTTP/1.1" 200 2798 "https://jomarlogistica.com.br/2023/05/26/3-weird-laws-in-wisconsin-unusual-legal-statutes-explained/" "Mozilla/5.0 (Android 13; Mobile; rv:143.0) Gecko/143.0 Firefox/143.0"
jomarlogistica.com.br:80 122.180.19.228 - - [30/Sep/2025:03:10:52 -0300] "GET /wp-content/plugins/contact-form-7-multi-step/assets/frontend/js/cf7mls.js?ver=2.5.4 HTTP/1.1" 200 7286 "https://jomarlogistica.com.br/2023/05/26/3-weird-laws-in-wisconsin-unusual-legal-statutes-explained/" "Mozilla/5.0 (Android 13; Mobile; rv:143.0) Gecko/143.0 Firefox/143.0"
jomarlogistica.com.br:80 122.180.19.228 - - [30/Sep/2025:03:10:52 -0300] "GET /wp-includes/js/dist/vendor/wp-polyfill.min.js?ver=3.15.0 HTTP/1.1" 200 6572 "https://jomarlogistica.com.br/2023/05/26/3-weird-laws-in-wisconsin-unusual-legal-statutes-explained/" "Mozilla/5.0 (Android 13; Mobile; rv:143.0) Gecko/143.0 Firefox/143.0"
jomarlogistica.com.br:80 122.180.19.228 - - [30/Sep/2025:03:10:52 -0300] "GET /wp-content/plugins/contact-form-7/includes/js/index.js?ver=5.5.3 HTTP/1.1" 200 4245 "https://jomarlogistica.com.br/2023/05/26/3-weird-laws-in-wisconsin-unusual-legal-statutes-explained/" "Mozilla/5.0 (Android 13; Mobile; rv:143.0) Gecko/143.0 Firefox/143.0"
jomarlogistica.com.br:80 122.180.19.228 - - [30/Sep/2025:03:10:52 -0300] "GET /wp-content/plugins/revslider/public/assets/js/rbtools.min.js?ver=6.5.11 HTTP/1.1" 200 48787 "https://jomarlogistica.com.br/2023/05/26/3-weird-laws-in-wisconsin-unusual-legal-statutes-explained/" "Mozilla/5.0 (Android 13; Mobile; rv:143.0) Gecko/143.0 Firefox/143.0"
jomarlogistica.com.br:80 122.180.19.228 - - [30/Sep/2025:03:10:52 -0300] "GET /wp-content/plugins/booked/includes/add-ons/frontend-agents/js/functions.js?ver=2.3.5 HTTP/1.1" 200 1592 "https://jomarlogistica.com.br/2023/05/26/3-weird-laws-in-wisconsin-unusual-legal-statutes-explained/" "Mozilla/5.0 (Android 13; Mobile; rv:143.0) Gecko/143.0 Firefox/143.0"
jomarlogistica.com.br:80 122.180.19.228 - - [30/Sep/2025:03:10:52 -0300] "GET /wp-content/themes/consultio/assets/js/match-height-min.js?ver=1.0.0 HTTP/1.1" 200 3557 "https://jomarlogistica.com.br/2023/05/26/3-weird-laws-in-wisconsin-unusual-legal-statutes-explained/" "Mozilla/5.0 (Android 13; Mobile; rv:143.0) Gecko/143.0 Firefox/143.0"
jomarlogistica.com.br:80 122.180.19.228 - - [30/Sep/2025:03:10:52 -0300] "GET /wp-content/themes/consultio/assets/js/magnific-popup.min.js?ver=1.0.0 HTTP/1.1" 200 14895 "https://jomarlogistica.com.br/2023/05/26/3-weird-laws-in-wisconsin-unusual-legal-statutes-explained/" "Mozilla/5.0 (Android 13; Mobile; rv:143.0) Gecko/143.0 Firefox/143.0"
jomarlogistica.com.br:80 122.180.19.228 - - [30/Sep/2025:03:10:52 -0300] "GET /wp-content/themes/consultio/assets/js/progressbar.min.js?ver=1.0.0 HTTP/1.1" 200 1327 "https://jomarlogistica.com.br/2023/05/26/3-weird-laws-in-wisconsin-unusual-legal-statutes-explained/" "Mozilla/5.0 (Android 13; Mobile; rv:143.0) Gecko/143.0 Firefox/143.0"
jomarlogistica.com.br:80 122.180.19.228 - - [30/Sep/2025:03:10:52 -0300] "GET /wp-content/themes/consultio/assets/js/wow.min.js?ver=1.0.0 HTTP/1.1" 200 3260 "https://jomarlogistica.com.br/2023/05/26/3-weird-laws-in-wisconsin-unusual-legal-statutes-explained/" "Mozilla/5.0 (Android 13; Mobile; rv:143.0) Gecko/143.0 Firefox/143.0"
jomarlogistica.com.br:80 122.180.19.228 - - [30/Sep/2025:03:10:52 -0300] "GET /wp-content/plugins/revslider/public/assets/js/rs6.min.js?ver=6.5.11 HTTP/1.1" 200 104993 "https://jomarlogistica.com.br/2023/05/26/3-weird-laws-in-wisconsin-unusual-legal-statutes-explained/" "Mozilla/5.0 (Android 13; Mobile; rv:143.0) Gecko/143.0 Firefox/143.0"
jomarlogistica.com.br:80 122.180.19.228 - - [30/Sep/2025:03:10:52 -0300] "GET /wp-includes/js/jquery/ui/mouse.min.js?ver=1.12.1 HTTP/1.1" 200 1479 "https://jomarlogistica.com.br/2023/05/26/3-weird-laws-in-wisconsin-unusual-legal-statutes-explained/" "Mozilla/5.0 (Android 13; Mobile; rv:143.0) Gecko/143.0 Firefox/143.0"
jomarlogistica.com.br:80 122.180.19.228 - - [30/Sep/2025:03:10:52 -0300] "GET /wp-includes/js/jquery/ui/slider.min.js?ver=1.12.1 HTTP/1.1" 200 3602 "https://jomarlogistica.com.br/2023/05/26/3-weird-laws-in-wisconsin-unusual-legal-statutes-explained/" "Mozilla/5.0 (Android 13; Mobile; rv:143.0) Gecko/143.0 Firefox/143.0"
jomarlogistica.com.br:80 122.180.19.228 - - [30/Sep/2025:03:10:52 -0300] "GET /wp-includes/js/wp-embed.min.js?ver=5.8.10 HTTP/1.1" 200 1177 "https://jomarlogistica.com.br/2023/05/26/3-weird-laws-in-wisconsin-unusual-legal-statutes-explained/" "Mozilla/5.0 (Android 13; Mobile; rv:143.0) Gecko/143.0 Firefox/143.0"
jomarlogistica.com.br:80 122.180.19.228 - - [30/Sep/2025:03:10:52 -0300] "GET /wp-content/themes/consultio/assets/js/main.js?ver=2.8.0 HTTP/1.1" 200 6455 "https://jomarlogistica.com.br/2023/05/26/3-weird-laws-in-wisconsin-unusual-legal-statutes-explained/" "Mozilla/5.0 (Android 13; Mobile; rv:143.0) Gecko/143.0 Firefox/143.0"
jomarlogistica.com.br:80 122.180.19.228 - - [30/Sep/2025:03:10:52 -0300] "GET /wp-content/uploads/2020/05/bg-page-title-u.jpg HTTP/1.1" 200 88326 "https://jomarlogistica.com.br/2023/05/26/3-weird-laws-in-wisconsin-unusual-legal-statutes-explained/" "Mozilla/5.0 (Android 13; Mobile; rv:143.0) Gecko/143.0 Firefox/143.0"
jomarlogistica.com.br:80 122.180.19.228 - - [30/Sep/2025:03:10:52 -0300] "GET /wp-includes/js/wp-emoji-release.min.js?ver=5.8.10 HTTP/1.1" 200 5577 "https://jomarlogistica.com.br/2023/05/26/3-weird-laws-in-wisconsin-unusual-legal-statutes-explained/" "Mozilla/5.0 (Android 13; Mobile; rv:143.0) Gecko/143.0 Firefox/143.0"
jomarlogistica.com.br:80 122.180.19.228 - - [30/Sep/2025:03:10:52 -0300] "GET /wp-content/themes/consultio/assets/fonts/fontawesome/fa-solid-900.woff2 HTTP/1.1" 200 117756 "https://jomarlogistica.com.br/wp-content/themes/consultio/assets/css/font-awesome5.min.css?ver=5.8.0" "Mozilla/5.0 (Android 13; Mobile; rv:143.0) Gecko/143.0 Firefox/143.0"
jomarlogistica.com.br:80 122.180.19.228 - - [30/Sep/2025:03:10:52 -0300] "GET /wp-content/themes/consultio/assets/fonts/Flaticon.woff2 HTTP/1.1" 200 12767 "https://jomarlogistica.com.br/wp-content/themes/consultio/assets/css/flaticon.css?ver=2.8.0" "Mozilla/5.0 (Android 13; Mobile; rv:143.0) Gecko/143.0 Firefox/143.0"
jomarlogistica.com.br:80 122.180.19.228 - - [30/Sep/2025:03:10:52 -0300] "GET /wp-content/themes/consultio/assets/fonts/Flaticon-v3.woff2 HTTP/1.1" 200 8002 "https://jomarlogistica.com.br/wp-content/themes/consultio/assets/css/flaticon-v3.css?ver=2.8.0" "Mozilla/5.0 (Android 13; Mobile; rv:143.0) Gecko/143.0 Firefox/143.0"
jomarlogistica.com.br:80 127.0.0.1 - - [30/Sep/2025:03:10:57 -0300] "OPTIONS * HTTP/1.0" 200 110 "-" "Apache/2.4.65 (Ubuntu) (internal dummy connection)"
jomarlogistica.com.br:80 127.0.0.1 - - [30/Sep/2025:03:10:58 -0300] "OPTIONS * HTTP/1.0" 200 110 "-" "Apache/2.4.65 (Ubuntu) (internal dummy connection)"
jomarlogistica.com.br:80 122.180.19.228 - - [30/Sep/2025:03:10:51 -0300] "GET /?a7b529c=7010499 HTTP/1.1" 200 287 "https://jomarlogistica.com.br/2023/05/26/3-weird-laws-in-wisconsin-unusual-legal-statutes-explained/" "Mozilla/5.0 (Android 13; Mobile; rv:143.0) Gecko/143.0 Firefox/143.0"
jomarlogistica.com.br:80 122.180.19.228 - - [30/Sep/2025:03:11:03 -0300] "GET /wp-content/themes/consultio/assets/images/pointer.png HTTP/1.1" 200 998 "https://jomarlogistica.com.br/wp-content/themes/consultio/assets/css/theme.css?ver=2.8.0" "Mozilla/5.0 (Android 13; Mobile; rv:143.0) Gecko/143.0 Firefox/143.0"
jomarlogistica.com.br:80 122.180.19.228 - - [30/Sep/2025:03:11:03 -0300] "GET /wp-content/plugins/elementor/assets/lib/font-awesome/fonts/fontawesome-webfont.woff2?v=4.7.0 HTTP/1.1" 200 77463 "https://jomarlogistica.com.br/wp-content/plugins/elementor/assets/lib/font-awesome/css/font-awesome.min.css?ver=4.7.0" "Mozilla/5.0 (Android 13; Mobile; rv:143.0) Gecko/143.0 Firefox/143.0"
jomarlogistica.com.br:80 122.180.19.228 - - [30/Sep/2025:03:11:03 -0300] "GET /wp-content/uploads/2021/12/icone.jpg HTTP/1.1" 200 2901 "-" "Mozilla/5.0 (Android 13; Mobile; rv:143.0) Gecko/143.0 Firefox/143.0"
jomarlogistica.com.br:80 122.180.19.228 - - [30/Sep/2025:03:11:03 -0300] "GET /wp-content/themes/consultio/assets/fonts/fontawesome/fa-brands-400.woff2 HTTP/1.1" 200 75003 "https://jomarlogistica.com.br/wp-content/themes/consultio/assets/css/font-awesome5.min.css?ver=5.8.0" "Mozilla/5.0 (Android 13; Mobile; rv:143.0) Gecko/143.0 Firefox/143.0"
jomarlogistica.com.br:80 122.180.19.228 - - [30/Sep/2025:03:11:03 -0300] "GET /wp-content/themes/consultio/assets/fonts/fontawesome/fa-regular-400.woff2 HTTP/1.1" 200 145456 "https://jomarlogistica.com.br/wp-content/themes/consultio/assets/css/font-awesome5.min.css?ver=5.8.0" "Mozilla/5.0 (Android 13; Mobile; rv:143.0) Gecko/143.0 Firefox/143.0"
jomarlogistica.com.br:80 122.180.19.228 - - [30/Sep/2025:03:11:03 -0300] "GET /wp-content/themes/consultio/assets/fonts/Material-Design-Iconic-Font.woff2?v=2.2.0 HTTP/1.1" 200 38706 "https://jomarlogistica.com.br/wp-content/themes/consultio/assets/css/material-design-iconic-font.min.css?ver=2.2.0" "Mozilla/5.0 (Android 13; Mobile; rv:143.0) Gecko/143.0 Firefox/143.0"
jomarlogistica.com.br:80 127.0.0.1 - - [30/Sep/2025:03:11:08 -0300] "OPTIONS * HTTP/1.0" 200 110 "-" "Apache/2.4.65 (Ubuntu) (internal dummy connection)"
