jomarlogistica.com.br:80 45.183.1.94 - - [30/Sep/2025:13:28:54 -0300] "GET /wp-content/plugins/elementor/assets/lib/font-awesome/css/solid.min.css?ver=5.15.3 HTTP/1.1" 200 680 "https://jomarlogistica.com.br/contato/" "Mozilla/5.0 (Linux; Android 5.1.1; SAMSUNG SM-J120H Build/LMY47V) AppleWebKit/537.36 (KHTML, like Gecko) SamsungBrowser/3.5 Chrome/38.0.2125.102 Mobile Safari/537.36"
jomarlogistica.com.br:80 45.183.1.94 - - [30/Sep/2025:13:28:54 -0300] "GET /wp-content/uploads/elementor/css/post-20.css?ver=1692608754 HTTP/1.1" 200 1249 "https://jomarlogistica.com.br/contato/" "Mozilla/5.0 (Linux; Android 5.1.1; SAMSUNG SM-J120H Build/LMY47V) AppleWebKit/537.36 (KHTML, like Gecko) SamsungBrowser/3.5 Chrome/38.0.2125.102 Mobile Safari/537.36"
jomarlogistica.com.br:80 45.183.1.94 - - [30/Sep/2025:13:28:54 -0300] "GET /wp-content/plugins/elementor/assets/lib/animations/animations.min.css?ver=3.4.8 HTTP/1.1" 200 3089 "https://jomarlogistica.com.br/contato/" "Mozilla/5.0 (Linux; Android 5.1.1; SAMSUNG SM-J120H Build/LMY47V) AppleWebKit/537.36 (KHTML, like Gecko) SamsungBrowser/3.5 Chrome/38.0.2125.102 Mobile Safari/537.36"
jomarlogistica.com.br:80 45.183.1.94 - - [30/Sep/2025:13:28:54 -0300] "GET /wp-content/plugins/elementor/assets/lib/font-awesome/css/brands.min.css?ver=5.15.3 HTTP/1.1" 200 698 "https://jomarlogistica.com.br/contato/" "Mozilla/5.0 (Linux; Android 5.1.1; SAMSUNG SM-J120H Build/LMY47V) AppleWebKit/537.36 (KHTML, like Gecko) SamsungBrowser/3.5 Chrome/38.0.2125.102 Mobile Safari/537.36"
jomarlogistica.com.br:80 45.183.1.94 - - [30/Sep/2025:13:28:54 -0300] "GET /wp-content/plugins/case-theme-user/acess/css/remodal.css?ver=5.8.10 HTTP/1.1" 200 1031 "https://jomarlogistica.com.br/contato/" "Mozilla/5.0 (Linux; Android 5.1.1; SAMSUNG SM-J120H Build/LMY47V) AppleWebKit/537.36 (KHTML, like Gecko) SamsungBrowser/3.5 Chrome/38.0.2125.102 Mobile Safari/537.36"
jomarlogistica.com.br:80 45.183.1.94 - - [30/Sep/2025:13:28:54 -0300] "GET /wp-includes/js/jquery/jquery-migrate.min.js?ver=3.3.2 HTTP/1.1" 200 4632 "https://jomarlogistica.com.br/contato/" "Mozilla/5.0 (Linux; Android 5.1.1; SAMSUNG SM-J120H Build/LMY47V) AppleWebKit/537.36 (KHTML, like Gecko) SamsungBrowser/3.5 Chrome/38.0.2125.102 Mobile Safari/537.36"
jomarlogistica.com.br:80 45.183.1.94 - - [30/Sep/2025:13:28:54 -0300] "GET /wp-content/plugins/revslider/public/assets/css/rs6.css?ver=6.5.11 HTTP/1.1" 200 13321 "https://jomarlogistica.com.br/contato/" "Mozilla/5.0 (Linux; Android 5.1.1; SAMSUNG SM-J120H Build/LMY47V) AppleWebKit/537.36 (KHTML, like Gecko) SamsungBrowser/3.5 Chrome/38.0.2125.102 Mobile Safari/537.36"
jomarlogistica.com.br:80 45.183.1.94 - - [30/Sep/2025:13:28:54 -0300] "GET /wp-content/plugins/case-theme-core/assets/css/lib/progressbar.min.css?ver=0.7.1 HTTP/1.1" 200 1103 "https://jomarlogistica.com.br/contato/" "Mozilla/5.0 (Linux; Android 5.1.1; SAMSUNG SM-J120H Build/LMY47V) AppleWebKit/537.36 (KHTML, like Gecko) SamsungBrowser/3.5 Chrome/38.0.2125.102 Mobile Safari/537.36"
jomarlogistica.com.br:80 45.183.1.94 - - [30/Sep/2025:13:28:54 -0300] "GET /wp-content/plugins/case-theme-core/assets/js/main.js?ver=1.0.0 HTTP/1.1" 200 570 "https://jomarlogistica.com.br/contato/" "Mozilla/5.0 (Linux; Android 5.1.1; SAMSUNG SM-J120H Build/LMY47V) AppleWebKit/537.36 (KHTML, like Gecko) SamsungBrowser/3.5 Chrome/38.0.2125.102 Mobile Safari/537.36"
jomarlogistica.com.br:80 45.183.1.94 - - [30/Sep/2025:13:28:54 -0300] "GET /wp-content/themes/consultio/elementor/js/ct-inline-css.js?ver=2.8.0 HTTP/1.1" 200 864 "https://jomarlogistica.com.br/contato/" "Mozilla/5.0 (Linux; Android 5.1.1; SAMSUNG SM-J120H Build/LMY47V) AppleWebKit/537.36 (KHTML, like Gecko) SamsungBrowser/3.5 Chrome/38.0.2125.102 Mobile Safari/537.36"
jomarlogistica.com.br:80 45.183.1.94 - - [30/Sep/2025:13:28:54 -0300] "GET /wp-includes/js/jquery/ui/core.min.js?ver=1.12.1 HTTP/1.1" 200 7418 "https://jomarlogistica.com.br/contato/" "Mozilla/5.0 (Linux; Android 5.1.1; SAMSUNG SM-J120H Build/LMY47V) AppleWebKit/537.36 (KHTML, like Gecko) SamsungBrowser/3.5 Chrome/38.0.2125.102 Mobile Safari/537.36"
jomarlogistica.com.br:80 45.183.1.94 - - [30/Sep/2025:13:28:54 -0300] "GET /wp-content/plugins/booked/assets/js/spin.min.js?ver=2.0.1 HTTP/1.1" 200 2463 "https://jomarlogistica.com.br/contato/" "Mozilla/5.0 (Linux; Android 5.1.1; SAMSUNG SM-J120H Build/LMY47V) AppleWebKit/537.36 (KHTML, like Gecko) SamsungBrowser/3.5 Chrome/38.0.2125.102 Mobile Safari/537.36"
jomarlogistica.com.br:80 45.183.1.94 - - [30/Sep/2025:13:28:54 -0300] "GET /wp-includes/js/jquery/ui/datepicker.min.js?ver=1.12.1 HTTP/1.1" 200 11574 "https://jomarlogistica.com.br/contato/" "Mozilla/5.0 (Linux; Android 5.1.1; SAMSUNG SM-J120H Build/LMY47V) AppleWebKit/537.36 (KHTML, like Gecko) SamsungBrowser/3.5 Chrome/38.0.2125.102 Mobile Safari/537.36"
jomarlogistica.com.br:80 45.183.1.94 - - [30/Sep/2025:13:28:54 -0300] "GET /wp-content/plugins/case-theme-user/acess/css/remodal-default-theme.css?ver=5.8.10 HTTP/1.1" 200 1733 "https://jomarlogistica.com.br/contato/" "Mozilla/5.0 (Linux; Android 5.1.1; SAMSUNG SM-J120H Build/LMY47V) AppleWebKit/537.36 (KHTML, like Gecko) SamsungBrowser/3.5 Chrome/38.0.2125.102 Mobile Safari/537.36"
jomarlogistica.com.br:80 45.183.1.94 - - [30/Sep/2025:13:28:54 -0300] "GET /wp-content/plugins/booked/assets/js/tooltipster/js/jquery.tooltipster.min.js?ver=3.3.0 HTTP/1.1" 200 5373 "https://jomarlogistica.com.br/contato/" "Mozilla/5.0 (Linux; Android 5.1.1; SAMSUNG SM-J120H Build/LMY47V) AppleWebKit/537.36 (KHTML, like Gecko) SamsungBrowser/3.5 Chrome/38.0.2125.102 Mobile Safari/537.36"
jomarlogistica.com.br:80 45.183.1.94 - - [30/Sep/2025:13:28:54 -0300] "GET /wp-content/plugins/case-theme-user/acess/js/notify.min.js?ver=1.0.0 HTTP/1.1" 200 7826 "https://jomarlogistica.com.br/contato/" "Mozilla/5.0 (Linux; Android 5.1.1; SAMSUNG SM-J120H Build/LMY47V) AppleWebKit/537.36 (KHTML, like Gecko) SamsungBrowser/3.5 Chrome/38.0.2125.102 Mobile Safari/537.36"
jomarlogistica.com.br:80 45.183.1.94 - - [30/Sep/2025:13:28:54 -0300] "GET /wp-content/plugins/booked/assets/js/functions.js?ver=2.3.5 HTTP/1.1" 200 10029 "https://jomarlogistica.com.br/contato/" "Mozilla/5.0 (Linux; Android 5.1.1; SAMSUNG SM-J120H Build/LMY47V) AppleWebKit/537.36 (KHTML, like Gecko) SamsungBrowser/3.5 Chrome/38.0.2125.102 Mobile Safari/537.36"
jomarlogistica.com.br:80 45.183.1.94 - - [30/Sep/2025:13:28:54 -0300] "GET /wp-content/plugins/case-theme-user/acess/js/remodal.min.js?ver=1.0.0 HTTP/1.1" 200 3064 "https://jomarlogistica.com.br/contato/" "Mozilla/5.0 (Linux; Android 5.1.1; SAMSUNG SM-J120H Build/LMY47V) AppleWebKit/537.36 (KHTML, like Gecko) SamsungBrowser/3.5 Chrome/38.0.2125.102 Mobile Safari/537.36"
jomarlogistica.com.br:80 45.183.1.94 - - [30/Sep/2025:13:28:54 -0300] "GET /wp-content/plugins/contact-form-7-multi-step/assets/frontend/css/cf7mls.css?ver=2.5.4 HTTP/1.1" 200 2184 "https://jomarlogistica.com.br/contato/" "Mozilla/5.0 (Linux; Android 5.1.1; SAMSUNG SM-J120H Build/LMY47V) AppleWebKit/537.36 (KHTML, like Gecko) SamsungBrowser/3.5 Chrome/38.0.2125.102 Mobile Safari/537.36"
jomarlogistica.com.br:80 45.183.1.94 - - [30/Sep/2025:13:28:54 -0300] "GET /wp-content/plugins/case-theme-user/acess/js/ct-user-form.js?ver=1.0.0 HTTP/1.1" 200 2307 "https://jomarlogistica.com.br/contato/" "Mozilla/5.0 (Linux; Android 5.1.1; SAMSUNG SM-J120H Build/LMY47V) AppleWebKit/537.36 (KHTML, like Gecko) SamsungBrowser/3.5 Chrome/38.0.2125.102 Mobile Safari/537.36"
jomarlogistica.com.br:80 45.183.1.94 - - [30/Sep/2025:13:28:54 -0300] "GET /wp-content/plugins/contact-form-7-multi-step/assets/frontend/js/cf7mls.js?ver=2.5.4 HTTP/1.1" 200 7286 "https://jomarlogistica.com.br/contato/" "Mozilla/5.0 (Linux; Android 5.1.1; SAMSUNG SM-J120H Build/LMY47V) AppleWebKit/537.36 (KHTML, like Gecko) SamsungBrowser/3.5 Chrome/38.0.2125.102 Mobile Safari/537.36"
jomarlogistica.com.br:80 45.183.1.94 - - [30/Sep/2025:13:28:54 -0300] "GET /wp-includes/js/dist/vendor/regenerator-runtime.min.js?ver=0.13.7 HTTP/1.1" 200 2798 "https://jomarlogistica.com.br/contato/" "Mozilla/5.0 (Linux; Android 5.1.1; SAMSUNG SM-J120H Build/LMY47V) AppleWebKit/537.36 (KHTML, like Gecko) SamsungBrowser/3.5 Chrome/38.0.2125.102 Mobile Safari/537.36"
jomarlogistica.com.br:80 45.183.1.94 - - [30/Sep/2025:13:28:54 -0300] "GET /wp-content/plugins/contact-form-7/includes/js/index.js?ver=5.5.3 HTTP/1.1" 200 4245 "https://jomarlogistica.com.br/contato/" "Mozilla/5.0 (Linux; Android 5.1.1; SAMSUNG SM-J120H Build/LMY47V) AppleWebKit/537.36 (KHTML, like Gecko) SamsungBrowser/3.5 Chrome/38.0.2125.102 Mobile Safari/537.36"
jomarlogistica.com.br:80 45.183.1.94 - - [30/Sep/2025:13:28:54 -0300] "GET /wp-includes/js/dist/vendor/wp-polyfill.min.js?ver=3.15.0 HTTP/1.1" 200 6591 "https://jomarlogistica.com.br/contato/" "Mozilla/5.0 (Linux; Android 5.1.1; SAMSUNG SM-J120H Build/LMY47V) AppleWebKit/537.36 (KHTML, like Gecko) SamsungBrowser/3.5 Chrome/38.0.2125.102 Mobile Safari/537.36"
jomarlogistica.com.br:80 45.183.1.94 - - [30/Sep/2025:13:28:54 -0300] "GET /wp-content/plugins/contact-form-7-multi-step/assets/frontend/css/progress_bar.css?ver=2.5.4 HTTP/1.1" 200 5617 "https://jomarlogistica.com.br/contato/" "Mozilla/5.0 (Linux; Android 5.1.1; SAMSUNG SM-J120H Build/LMY47V) AppleWebKit/537.36 (KHTML, like Gecko) SamsungBrowser/3.5 Chrome/38.0.2125.102 Mobile Safari/537.36"
jomarlogistica.com.br:80 45.183.1.94 - - [30/Sep/2025:13:28:54 -0300] "GET /wp-content/plugins/revslider/public/assets/js/rbtools.min.js?ver=6.5.11 HTTP/1.1" 200 48806 "https://jomarlogistica.com.br/contato/" "Mozilla/5.0 (Linux; Android 5.1.1; SAMSUNG SM-J120H Build/LMY47V) AppleWebKit/537.36 (KHTML, like Gecko) SamsungBrowser/3.5 Chrome/38.0.2125.102 Mobile Safari/537.36"
jomarlogistica.com.br:80 45.183.1.94 - - [30/Sep/2025:13:28:54 -0300] "GET /wp-content/themes/consultio/assets/css/bootstrap.min.css?ver=4.0.0 HTTP/1.1" 200 21402 "https://jomarlogistica.com.br/contato/" "Mozilla/5.0 (Linux; Android 5.1.1; SAMSUNG SM-J120H Build/LMY47V) AppleWebKit/537.36 (KHTML, like Gecko) SamsungBrowser/3.5 Chrome/38.0.2125.102 Mobile Safari/537.36"
jomarlogistica.com.br:80 45.183.1.94 - - [30/Sep/2025:13:28:54 -0300] "GET /wp-content/plugins/booked/includes/add-ons/frontend-agents/js/functions.js?ver=2.3.5 HTTP/1.1" 200 1592 "https://jomarlogistica.com.br/contato/" "Mozilla/5.0 (Linux; Android 5.1.1; SAMSUNG SM-J120H Build/LMY47V) AppleWebKit/537.36 (KHTML, like Gecko) SamsungBrowser/3.5 Chrome/38.0.2125.102 Mobile Safari/537.36"
jomarlogistica.com.br:80 45.183.1.94 - - [30/Sep/2025:13:28:54 -0300] "GET /wp-content/themes/consultio/assets/js/bootstrap.min.js?ver=4.0.0 HTTP/1.1" 200 14168 "https://jomarlogistica.com.br/contato/" "Mozilla/5.0 (Linux; Android 5.1.1; SAMSUNG SM-J120H Build/LMY47V) AppleWebKit/537.36 (KHTML, like Gecko) SamsungBrowser/3.5 Chrome/38.0.2125.102 Mobile Safari/537.36"
jomarlogistica.com.br:80 45.183.1.94 - - [30/Sep/2025:13:28:54 -0300] "GET /wp-content/plugins/revslider/public/assets/js/rs6.min.js?ver=6.5.11 HTTP/1.1" 200 104993 "https://jomarlogistica.com.br/contato/" "Mozilla/5.0 (Linux; Android 5.1.1; SAMSUNG SM-J120H Build/LMY47V) AppleWebKit/537.36 (KHTML, like Gecko) SamsungBrowser/3.5 Chrome/38.0.2125.102 Mobile Safari/537.36"
jomarlogistica.com.br:80 45.183.1.94 - - [30/Sep/2025:13:28:54 -0300] "GET /wp-content/themes/consultio/assets/js/match-height-min.js?ver=1.0.0 HTTP/1.1" 200 3557 "https://jomarlogistica.com.br/contato/" "Mozilla/5.0 (Linux; Android 5.1.1; SAMSUNG SM-J120H Build/LMY47V) AppleWebKit/537.36 (KHTML, like Gecko) SamsungBrowser/3.5 Chrome/38.0.2125.102 Mobile Safari/537.36"
jomarlogistica.com.br:80 45.183.1.94 - - [30/Sep/2025:13:28:54 -0300] "GET /wp-content/themes/consultio/assets/js/wow.min.js?ver=1.0.0 HTTP/1.1" 200 3260 "https://jomarlogistica.com.br/contato/" "Mozilla/5.0 (Linux; Android 5.1.1; SAMSUNG SM-J120H Build/LMY47V) AppleWebKit/537.36 (KHTML, like Gecko) SamsungBrowser/3.5 Chrome/38.0.2125.102 Mobile Safari/537.36"
jomarlogistica.com.br:80 45.183.1.94 - - [30/Sep/2025:13:28:54 -0300] "GET /wp-content/themes/consultio/assets/js/progressbar.min.js?ver=1.0.0 HTTP/1.1" 200 1346 "https://jomarlogistica.com.br/contato/" "Mozilla/5.0 (Linux; Android 5.1.1; SAMSUNG SM-J120H Build/LMY47V) AppleWebKit/537.36 (KHTML, like Gecko) SamsungBrowser/3.5 Chrome/38.0.2125.102 Mobile Safari/537.36"
jomarlogistica.com.br:80 45.183.1.94 - - [30/Sep/2025:13:28:54 -0300] "GET /wp-content/themes/consultio/assets/js/magnific-popup.min.js?ver=1.0.0 HTTP/1.1" 200 14895 "https://jomarlogistica.com.br/contato/" "Mozilla/5.0 (Linux; Android 5.1.1; SAMSUNG SM-J120H Build/LMY47V) AppleWebKit/537.36 (KHTML, like Gecko) SamsungBrowser/3.5 Chrome/38.0.2125.102 Mobile Safari/537.36"
jomarlogistica.com.br:80 45.183.1.94 - - [30/Sep/2025:13:28:54 -0300] "GET /wp-content/themes/consultio/assets/css/flaticon.css?ver=2.8.0 HTTP/1.1" 200 1205 "https://jomarlogistica.com.br/contato/" "Mozilla/5.0 (Linux; Android 5.1.1; SAMSUNG SM-J120H Build/LMY47V) AppleWebKit/537.36 (KHTML, like Gecko) SamsungBrowser/3.5 Chrome/38.0.2125.102 Mobile Safari/537.36"
jomarlogistica.com.br:80 45.183.1.94 - - [30/Sep/2025:13:28:54 -0300] "GET /wp-content/themes/consultio/assets/css/font-awesome5.min.css?ver=5.8.0 HTTP/1.1" 200 17997 "https://jomarlogistica.com.br/contato/" "Mozilla/5.0 (Linux; Android 5.1.1; SAMSUNG SM-J120H Build/LMY47V) AppleWebKit/537.36 (KHTML, like Gecko) SamsungBrowser/3.5 Chrome/38.0.2125.102 Mobile Safari/537.36"
jomarlogistica.com.br:80 45.183.1.94 - - [30/Sep/2025:13:28:54 -0300] "GET /wp-includes/js/jquery/ui/slider.min.js?ver=1.12.1 HTTP/1.1" 200 3602 "https://jomarlogistica.com.br/contato/" "Mozilla/5.0 (Linux; Android 5.1.1; SAMSUNG SM-J120H Build/LMY47V) AppleWebKit/537.36 (KHTML, like Gecko) SamsungBrowser/3.5 Chrome/38.0.2125.102 Mobile Safari/537.36"
jomarlogistica.com.br:80 45.183.1.94 - - [30/Sep/2025:13:28:54 -0300] "GET /wp-includes/js/wp-embed.min.js?ver=5.8.10 HTTP/1.1" 200 1177 "https://jomarlogistica.com.br/contato/" "Mozilla/5.0 (Linux; Android 5.1.1; SAMSUNG SM-J120H Build/LMY47V) AppleWebKit/537.36 (KHTML, like Gecko) SamsungBrowser/3.5 Chrome/38.0.2125.102 Mobile Safari/537.36"
jomarlogistica.com.br:80 45.183.1.94 - - [30/Sep/2025:13:28:54 -0300] "GET /wp-includes/js/jquery/ui/mouse.min.js?ver=1.12.1 HTTP/1.1" 200 1498 "https://jomarlogistica.com.br/contato/" "Mozilla/5.0 (Linux; Android 5.1.1; SAMSUNG SM-J120H Build/LMY47V) AppleWebKit/537.36 (KHTML, like Gecko) SamsungBrowser/3.5 Chrome/38.0.2125.102 Mobile Safari/537.36"
jomarlogistica.com.br:80 45.183.1.94 - - [30/Sep/2025:13:28:54 -0300] "GET /wp-content/themes/consultio/assets/css/flaticon-v6.css?ver=2.8.0 HTTP/1.1" 200 998 "https://jomarlogistica.com.br/contato/" "Mozilla/5.0 (Linux; Android 5.1.1; SAMSUNG SM-J120H Build/LMY47V) AppleWebKit/537.36 (KHTML, like Gecko) SamsungBrowser/3.5 Chrome/38.0.2125.102 Mobile Safari/537.36"
jomarlogistica.com.br:80 45.183.1.94 - - [30/Sep/2025:13:28:54 -0300] "GET /wp-content/themes/consultio/assets/js/main.js?ver=2.8.0 HTTP/1.1" 200 6455 "https://jomarlogistica.com.br/contato/" "Mozilla/5.0 (Linux; Android 5.1.1; SAMSUNG SM-J120H Build/LMY47V) AppleWebKit/537.36 (KHTML, like Gecko) SamsungBrowser/3.5 Chrome/38.0.2125.102 Mobile Safari/537.36"
jomarlogistica.com.br:80 45.183.1.94 - - [30/Sep/2025:13:28:54 -0300] "GET /wp-content/plugins/elementor/assets/js/frontend-modules.min.js?ver=3.4.8 HTTP/1.1" 200 5016 "https://jomarlogistica.com.br/contato/" "Mozilla/5.0 (Linux; Android 5.1.1; SAMSUNG SM-J120H Build/LMY47V) AppleWebKit/537.36 (KHTML, like Gecko) SamsungBrowser/3.5 Chrome/38.0.2125.102 Mobile Safari/537.36"
jomarlogistica.com.br:80 45.183.1.94 - - [30/Sep/2025:13:28:54 -0300] "GET /wp-content/plugins/elementor/assets/lib/waypoints/waypoints.min.js?ver=4.0.2 HTTP/1.1" 200 3464 "https://jomarlogistica.com.br/contato/" "Mozilla/5.0 (Linux; Android 5.1.1; SAMSUNG SM-J120H Build/LMY47V) AppleWebKit/537.36 (KHTML, like Gecko) SamsungBrowser/3.5 Chrome/38.0.2125.102 Mobile Safari/537.36"
jomarlogistica.com.br:80 45.183.1.94 - - [30/Sep/2025:13:28:54 -0300] "GET /wp-content/plugins/elementor/assets/lib/share-link/share-link.min.js?ver=3.4.8 HTTP/1.1" 200 1484 "https://jomarlogistica.com.br/contato/" "Mozilla/5.0 (Linux; Android 5.1.1; SAMSUNG SM-J120H Build/LMY47V) AppleWebKit/537.36 (KHTML, like Gecko) SamsungBrowser/3.5 Chrome/38.0.2125.102 Mobile Safari/537.36"
jomarlogistica.com.br:80 45.183.1.94 - - [30/Sep/2025:13:28:54 -0300] "GET /wp-content/plugins/elementor/assets/lib/swiper/swiper.min.js?ver=5.3.6 HTTP/1.1" 200 37932 "https://jomarlogistica.com.br/contato/" "Mozilla/5.0 (Linux; Android 5.1.1; SAMSUNG SM-J120H Build/LMY47V) AppleWebKit/537.36 (KHTML, like Gecko) SamsungBrowser/3.5 Chrome/38.0.2125.102 Mobile Safari/537.36"
jomarlogistica.com.br:80 45.183.1.94 - - [30/Sep/2025:13:28:54 -0300] "GET /wp-content/themes/consultio/style.css?ver=5.8.10 HTTP/1.1" 200 866 "https://jomarlogistica.com.br/contato/" "Mozilla/5.0 (Linux; Android 5.1.1; SAMSUNG SM-J120H Build/LMY47V) AppleWebKit/537.36 (KHTML, like Gecko) SamsungBrowser/3.5 Chrome/38.0.2125.102 Mobile Safari/537.36"
jomarlogistica.com.br:80 45.183.1.94 - - [30/Sep/2025:13:28:54 -0300] "GET /wp-content/plugins/meks-simple-flickr-widget/css/style.css?ver=1.2 HTTP/1.1" 200 577 "https://jomarlogistica.com.br/contato/" "Mozilla/5.0 (Linux; Android 5.1.1; SAMSUNG SM-J120H Build/LMY47V) AppleWebKit/537.36 (KHTML, like Gecko) SamsungBrowser/3.5 Chrome/38.0.2125.102 Mobile Safari/537.36"
jomarlogistica.com.br:80 45.183.1.94 - - [30/Sep/2025:13:28:54 -0300] "GET /wp-content/plugins/newsletter/style.css?ver=7.3.3 HTTP/1.1" 200 1636 "https://jomarlogistica.com.br/contato/" "Mozilla/5.0 (Linux; Android 5.1.1; SAMSUNG SM-J120H Build/LMY47V) AppleWebKit/537.36 (KHTML, like Gecko) SamsungBrowser/3.5 Chrome/38.0.2125.102 Mobile Safari/537.36"
jomarlogistica.com.br:80 45.183.1.94 - - [30/Sep/2025:13:28:54 -0300] "GET /wp-content/uploads/elementor/css/post-24.css?ver=1638963956 HTTP/1.1" 200 774 "https://jomarlogistica.com.br/contato/" "Mozilla/5.0 (Linux; Android 5.1.1; SAMSUNG SM-J120H Build/LMY47V) AppleWebKit/537.36 (KHTML, like Gecko) SamsungBrowser/3.5 Chrome/38.0.2125.102 Mobile Safari/537.36"
jomarlogistica.com.br:80 45.183.1.94 - - [30/Sep/2025:13:28:54 -0300] "GET /wp-content/uploads/2021/12/logo.png HTTP/1.1" 200 32663 "https://jomarlogistica.com.br/contato/" "Mozilla/5.0 (Linux; Android 5.1.1; SAMSUNG SM-J120H Build/LMY47V) AppleWebKit/537.36 (KHTML, like Gecko) SamsungBrowser/3.5 Chrome/38.0.2125.102 Mobile Safari/537.36"
jomarlogistica.com.br:80 45.183.1.94 - - [30/Sep/2025:13:28:54 -0300] "GET /wp-content/uploads/2021/12/contato.jpg HTTP/1.1" 200 109374 "https://jomarlogistica.com.br/contato/" "Mozilla/5.0 (Linux; Android 5.1.1; SAMSUNG SM-J120H Build/LMY47V) AppleWebKit/537.36 (KHTML, like Gecko) SamsungBrowser/3.5 Chrome/38.0.2125.102 Mobile Safari/537.36"
jomarlogistica.com.br:80 45.183.1.94 - - [30/Sep/2025:13:28:54 -0300] "GET /wp-content/uploads/2019/10/ic2.png HTTP/1.1" 200 5321 "https://jomarlogistica.com.br/contato/" "Mozilla/5.0 (Linux; Android 5.1.1; SAMSUNG SM-J120H Build/LMY47V) AppleWebKit/537.36 (KHTML, like Gecko) SamsungBrowser/3.5 Chrome/38.0.2125.102 Mobile Safari/537.36"
jomarlogistica.com.br:80 45.183.1.94 - - [30/Sep/2025:13:28:55 -0300] "GET /wp-content/plugins/booked/assets/js/spin.jquery.js?ver=2.0.1 HTTP/1.1" 200 1167 "https://jomarlogistica.com.br/contato/" "Mozilla/5.0 (Linux; Android 5.1.1; SAMSUNG SM-J120H Build/LMY47V) AppleWebKit/537.36 (KHTML, like Gecko) SamsungBrowser/3.5 Chrome/38.0.2125.102 Mobile Safari/537.36"
jomarlogistica.com.br:80 45.183.1.94 - - [30/Sep/2025:13:28:55 -0300] "GET /wp-includes/js/jquery/jquery.min.js?ver=3.6.0 HTTP/1.1" 200 32444 "https://jomarlogistica.com.br/contato/" "Mozilla/5.0 (Linux; Android 5.1.1; SAMSUNG SM-J120H Build/LMY47V) AppleWebKit/537.36 (KHTML, like Gecko) SamsungBrowser/3.5 Chrome/38.0.2125.102 Mobile Safari/537.36"
jomarlogistica.com.br:80 45.183.1.94 - - [30/Sep/2025:13:28:55 -0300] "GET /wp-content/themes/consultio/assets/js/nice-select.min.js?ver=all HTTP/1.1" 200 1420 "https://jomarlogistica.com.br/contato/" "Mozilla/5.0 (Linux; Android 5.1.1; SAMSUNG SM-J120H Build/LMY47V) AppleWebKit/537.36 (KHTML, like Gecko) SamsungBrowser/3.5 Chrome/38.0.2125.102 Mobile Safari/537.36"
jomarlogistica.com.br:80 45.183.1.94 - - [30/Sep/2025:13:28:55 -0300] "GET /wp-content/plugins/elementor/assets/js/webpack.runtime.min.js?ver=3.4.8 HTTP/1.1" 200 2544 "https://jomarlogistica.com.br/contato/" "Mozilla/5.0 (Linux; Android 5.1.1; SAMSUNG SM-J120H Build/LMY47V) AppleWebKit/537.36 (KHTML, like Gecko) SamsungBrowser/3.5 Chrome/38.0.2125.102 Mobile Safari/537.36"
jomarlogistica.com.br:80 45.183.1.94 - - [30/Sep/2025:13:28:55 -0300] "GET /wp-content/plugins/elementor/assets/lib/dialog/dialog.min.js?ver=4.8.1 HTTP/1.1" 200 3967 "https://jomarlogistica.com.br/contato/" "Mozilla/5.0 (Linux; Android 5.1.1; SAMSUNG SM-J120H Build/LMY47V) AppleWebKit/537.36 (KHTML, like Gecko) SamsungBrowser/3.5 Chrome/38.0.2125.102 Mobile Safari/537.36"
jomarlogistica.com.br:80 45.183.1.94 - - [30/Sep/2025:13:28:55 -0300] "GET /wp-content/plugins/elementor/assets/js/frontend.min.js?ver=3.4.8 HTTP/1.1" 200 11432 "https://jomarlogistica.com.br/contato/" "Mozilla/5.0 (Linux; Android 5.1.1; SAMSUNG SM-J120H Build/LMY47V) AppleWebKit/537.36 (KHTML, like Gecko) SamsungBrowser/3.5 Chrome/38.0.2125.102 Mobile Safari/537.36"
jomarlogistica.com.br:80 45.183.1.94 - - [30/Sep/2025:13:28:55 -0300] "GET /wp-content/plugins/elementor/assets/js/preloaded-modules.min.js?ver=3.4.8 HTTP/1.1" 200 9744 "https://jomarlogistica.com.br/contato/" "Mozilla/5.0 (Linux; Android 5.1.1; SAMSUNG SM-J120H Build/LMY47V) AppleWebKit/537.36 (KHTML, like Gecko) SamsungBrowser/3.5 Chrome/38.0.2125.102 Mobile Safari/537.36"
jomarlogistica.com.br:80 45.183.1.94 - - [30/Sep/2025:13:28:56 -0300] "GET /wp-content/themes/consultio/assets/fonts/fontawesome/fa-solid-900.woff2 HTTP/1.1" 200 117654 "https://jomarlogistica.com.br/wp-content/themes/consultio/assets/css/font-awesome5.min.css?ver=5.8.0" "Mozilla/5.0 (Linux; Android 5.1.1; SAMSUNG SM-J120H Build/LMY47V) AppleWebKit/537.36 (KHTML, like Gecko) SamsungBrowser/3.5 Chrome/38.0.2125.102 Mobile Safari/537.36"
jomarlogistica.com.br:80 45.183.1.94 - - [30/Sep/2025:13:28:57 -0300] "GET /wp-content/plugins/elementor/assets/lib/font-awesome/webfonts/fa-solid-900.woff2 HTTP/1.1" 200 78476 "https://jomarlogistica.com.br/wp-content/plugins/elementor/assets/lib/font-awesome/css/solid.min.css?ver=5.15.3" "Mozilla/5.0 (Linux; Android 5.1.1; SAMSUNG SM-J120H Build/LMY47V) AppleWebKit/537.36 (KHTML, like Gecko) SamsungBrowser/3.5 Chrome/38.0.2125.102 Mobile Safari/537.36"
jomarlogistica.com.br:80 45.183.1.94 - - [30/Sep/2025:13:28:57 -0300] "GET /wp-content/themes/consultio/assets/fonts/Material-Design-Iconic-Font.woff2?v=2.2.0 HTTP/1.1" 200 38405 "https://jomarlogistica.com.br/wp-content/themes/consultio/assets/css/material-design-iconic-font.min.css?ver=2.2.0" "Mozilla/5.0 (Linux; Android 5.1.1; SAMSUNG SM-J120H Build/LMY47V) AppleWebKit/537.36 (KHTML, like Gecko) SamsungBrowser/3.5 Chrome/38.0.2125.102 Mobile Safari/537.36"
jomarlogistica.com.br:80 45.183.1.94 - - [30/Sep/2025:13:28:57 -0300] "GET /wp-content/plugins/elementor/assets/lib/font-awesome/webfonts/fa-brands-400.woff2 HTTP/1.1" 200 77174 "https://jomarlogistica.com.br/wp-content/plugins/elementor/assets/lib/font-awesome/css/brands.min.css?ver=5.15.3" "Mozilla/5.0 (Linux; Android 5.1.1; SAMSUNG SM-J120H Build/LMY47V) AppleWebKit/537.36 (KHTML, like Gecko) SamsungBrowser/3.5 Chrome/38.0.2125.102 Mobile Safari/537.36"
jomarlogistica.com.br:80 45.183.1.94 - - [30/Sep/2025:13:28:57 -0300] "GET /wp-content/themes/consultio/assets/images/pointer.png HTTP/1.1" 200 998 "https://jomarlogistica.com.br/wp-content/themes/consultio/assets/css/theme.css?ver=2.8.0" "Mozilla/5.0 (Linux; Android 5.1.1; SAMSUNG SM-J120H Build/LMY47V) AppleWebKit/537.36 (KHTML, like Gecko) SamsungBrowser/3.5 Chrome/38.0.2125.102 Mobile Safari/537.36"
jomarlogistica.com.br:80 45.183.1.94 - - [30/Sep/2025:13:28:57 -0300] "GET /wp-content/themes/consultio/assets/fonts/Flaticon-v3.woff2 HTTP/1.1" 200 8049 "https://jomarlogistica.com.br/wp-content/themes/consultio/assets/css/flaticon-v3.css?ver=2.8.0" "Mozilla/5.0 (Linux; Android 5.1.1; SAMSUNG SM-J120H Build/LMY47V) AppleWebKit/537.36 (KHTML, like Gecko) SamsungBrowser/3.5 Chrome/38.0.2125.102 Mobile Safari/537.36"
jomarlogistica.com.br:80 45.183.1.94 - - [30/Sep/2025:13:28:57 -0300] "GET /wp-content/themes/consultio/assets/fonts/Flaticon.woff2 HTTP/1.1" 200 12833 "https://jomarlogistica.com.br/wp-content/themes/consultio/assets/css/flaticon.css?ver=2.8.0" "Mozilla/5.0 (Linux; Android 5.1.1; SAMSUNG SM-J120H Build/LMY47V) AppleWebKit/537.36 (KHTML, like Gecko) SamsungBrowser/3.5 Chrome/38.0.2125.102 Mobile Safari/537.36"
jomarlogistica.com.br:80 45.183.1.94 - - [30/Sep/2025:13:28:58 -0300] "GET /wp-content/themes/consultio/assets/fonts/Flaticon.woff HTTP/1.1" 200 15034 "https://jomarlogistica.com.br/wp-content/themes/consultio/assets/css/flaticon.css?ver=2.8.0" "Mozilla/5.0 (Linux; Android 5.1.1; SAMSUNG SM-J120H Build/LMY47V) AppleWebKit/537.36 (KHTML, like Gecko) SamsungBrowser/3.5 Chrome/38.0.2125.102 Mobile Safari/537.36"
jomarlogistica.com.br:80 45.183.1.94 - - [30/Sep/2025:13:28:58 -0300] "GET /wp-content/themes/consultio/assets/fonts/Flaticon-v3.woff HTTP/1.1" 200 9591 "https://jomarlogistica.com.br/wp-content/themes/consultio/assets/css/flaticon-v3.css?ver=2.8.0" "Mozilla/5.0 (Linux; Android 5.1.1; SAMSUNG SM-J120H Build/LMY47V) AppleWebKit/537.36 (KHTML, like Gecko) SamsungBrowser/3.5 Chrome/38.0.2125.102 Mobile Safari/537.36"
jomarlogistica.com.br:80 45.183.1.94 - - [30/Sep/2025:13:28:59 -0300] "GET /wp-content/uploads/2021/12/icone.jpg HTTP/1.1" 200 2901 "-" "Mozilla/5.0 (Linux; Android 5.1.1; SAMSUNG SM-J120H Build/LMY47V) AppleWebKit/537.36 (KHTML, like Gecko) SamsungBrowser/3.5 Chrome/38.0.2125.102 Mobile Safari/537.36"
jomarlogistica.com.br:80 127.0.0.1 - - [30/Sep/2025:13:29:01 -0300] "OPTIONS * HTTP/1.0" 200 110 "-" "Apache/2.4.65 (Ubuntu) (internal dummy connection)"
jomarlogistica.com.br:80 127.0.0.1 - - [30/Sep/2025:13:29:03 -0300] "OPTIONS * HTTP/1.0" 200 110 "-" "Apache/2.4.65 (Ubuntu) (internal dummy connection)"
jomarlogistica.com.br:80 127.0.0.1 - - [30/Sep/2025:13:29:04 -0300] "OPTIONS * HTTP/1.0" 200 110 "-" "Apache/2.4.65 (Ubuntu) (internal dummy connection)"
jomarlogistica.com.br:80 85.208.96.211 - - [30/Sep/2025:13:29:42 -0300] "GET /2023/05/26/3-weird-laws-in-wisconsin-unusual-legal-statutes-explained/ HTTP/1.1" 200 14430 "-" "Mozilla/5.0 (compatible; SemrushBot/7~bl; +http://www.semrush.com/bot.html)"
jomarlogistica.com.br:80 122.179.135.226 - - [30/Sep/2025:13:31:03 -0300] "POST /xmlrpc.php HTTP/1.1" 403 2493 "-" "Mozilla/5.0 (Macintosh; Intel Mac OS X 10_15_7) AppleWebKit/605.1.15 (KHTML, like Gecko) Version/17.5 Safari/605.1.15"
jomarlogistica.com.br:80 45.183.1.94 - - [30/Sep/2025:13:31:09 -0300] "POST /contato/ HTTP/1.1" 200 16360 "https://jomarlogistica.com.br/contato/" "Mozilla/5.0 (Linux; Android 5.1.1; SAMSUNG SM-J120H Build/LMY47V) AppleWebKit/537.36 (KHTML, like Gecko) SamsungBrowser/3.5 Chrome/38.0.2125.102 Mobile Safari/537.36"
jomarlogistica.com.br:80 45.183.1.94 - - [30/Sep/2025:13:31:16 -0300] "POST /contato/ HTTP/1.1" 200 16360 "https://jomarlogistica.com.br/contato/" "Mozilla/5.0 (Linux; Android 5.1.1; SAMSUNG SM-J120H Build/LMY47V) AppleWebKit/537.36 (KHTML, like Gecko) SamsungBrowser/3.5 Chrome/38.0.2125.102 Mobile Safari/537.36"
jomarlogistica.com.br:80 45.183.1.94 - - [30/Sep/2025:13:31:32 -0300] "GET /wp-content/themes/consultio/assets/fonts/fontawesome/fa-brands-400.woff2 HTTP/1.1" 200 75110 "https://jomarlogistica.com.br/wp-content/themes/consultio/assets/css/font-awesome5.min.css?ver=5.8.0" "Mozilla/5.0 (Linux; Android 5.1.1; SAMSUNG SM-J120H Build/LMY47V) AppleWebKit/537.36 (KHTML, like Gecko) SamsungBrowser/3.5 Chrome/38.0.2125.102 Mobile Safari/537.36"
jomarlogistica.com.br:80 127.0.0.1 - - [30/Sep/2025:13:31:37 -0300] "OPTIONS * HTTP/1.0" 200 110 "-" "Apache/2.4.65 (Ubuntu) (internal dummy connection)"
jomarlogistica.com.br:80 172.20.1.117 - - [30/Sep/2025:13:32:33 -0300] "POST /wp-cron.php?doing_wp_cron=1759249953.9516808986663818359375 HTTP/1.1" 200 389 "https://jomarlogistica.com.br/wp-cron.php?doing_wp_cron=1759249953.9516808986663818359375" "WordPress/5.8.10; https://jomarlogistica.com.br"
jomarlogistica.com.br:80 216.244.66.226 - - [30/Sep/2025:13:32:33 -0300] "GET /2022/10/31/affectionate-ideas-to-enhance-your-relationship/ HTTP/1.1" 200 81528 "-" "Mozilla/5.0 (compatible; DotBot/1.2; +https://opensiteexplorer.org/dotbot; help@moz.com)"
jomarlogistica.com.br:80 127.0.0.1 - - [30/Sep/2025:13:32:39 -0300] "OPTIONS * HTTP/1.0" 200 110 "-" "Apache/2.4.65 (Ubuntu) (internal dummy connection)"
jomarlogistica.com.br:80 45.183.1.94 - - [30/Sep/2025:13:32:41 -0300] "GET /contato/ HTTP/1.1" 200 16299 "-" "Mozilla/5.0 (Linux; Android 5.1.1; SAMSUNG SM-J120H Build/LMY47V) AppleWebKit/537.36 (KHTML, like Gecko) SamsungBrowser/3.5 Chrome/38.0.2125.102 Mobile Safari/537.36"
jomarlogistica.com.br:80 185.191.171.9 - - [30/Sep/2025:13:34:06 -0300] "GET /2023/09/30/bmo-medical-full-form-what-does-bmo-stand-for-in-the-legal-context/ HTTP/1.1" 200 14462 "-" "Mozilla/5.0 (compatible; SemrushBot/7~bl; +http://www.semrush.com/bot.html)"
jomarlogistica.com.br:80 172.20.1.117 - - [30/Sep/2025:13:40:04 -0300] "POST /wp-cron.php?doing_wp_cron=1759250404.6181769371032714843750 HTTP/1.1" 200 389 "https://jomarlogistica.com.br/wp-cron.php?doing_wp_cron=1759250404.6181769371032714843750" "WordPress/5.8.10; https://jomarlogistica.com.br"
jomarlogistica.com.br:80 43.157.149.188 - - [30/Sep/2025:13:40:04 -0300] "GET /feed/ HTTP/1.1" 200 12127 "-" "Mozilla/5.0 (iPhone; CPU iPhone OS 13_2_3 like Mac OS X) AppleWebKit/605.1.15 (KHTML, like Gecko) Version/13.0.3 Mobile/15E148 Safari/604.1"
jomarlogistica.com.br:80 127.0.0.1 - - [30/Sep/2025:13:40:09 -0300] "OPTIONS * HTTP/1.0" 200 110 "-" "Apache/2.4.65 (Ubuntu) (internal dummy connection)"
jomarlogistica.com.br:80 47.82.11.109 - - [30/Sep/2025:13:41:07 -0300] "GET /wp-admin/css/forms.min.css HTTP/1.1" 200 6870 "-" "Mozilla/5.0 (Windows NT 10.0; Win64; x64) AppleWebKit/537.36 (KHTML, like Gecko) Chrome/135.0.0.0 Safari/537.36"
jomarlogistica.com.br:80 47.82.11.195 - - [30/Sep/2025:13:41:10 -0300] "GET /wp-includes/css/dashicons.min.css HTTP/1.1" 200 36372 "-" "Mozilla/5.0 (X11; CrOS x86_64 14541.0.0) AppleWebKit/537.36 (KHTML, like Gecko) Chrome/134.0.0.0 Safari/537.36"
jomarlogistica.com.br:80 47.82.11.109 - - [30/Sep/2025:13:41:10 -0300] "GET /wp-includes/css/buttons.min.css HTTP/1.1" 200 1859 "-" "Mozilla/5.0 (Windows NT 10.0; Win64; x64) AppleWebKit/537.36 (KHTML, like Gecko) Chrome/135.0.0.0 Safari/537.36"
jomarlogistica.com.br:80 47.82.11.88 - - [30/Sep/2025:13:41:10 -0300] "GET /wp-admin/css/install.min.css HTTP/1.1" 200 2188 "-" "Mozilla/5.0 (Windows NT 10.0; Win64; x64) AppleWebKit/537.36 (KHTML, like Gecko) Chrome/135.0.0.0 Safari/537.36 Edg/135.0.0.0"
jomarlogistica.com.br:80 47.82.11.144 - - [30/Sep/2025:13:41:12 -0300] "GET /wp-admin/css/l10n.min.css HTTP/1.1" 200 1074 "-" "Mozilla/5.0 (X11; Linux x86_64) AppleWebKit/537.36 (KHTML, like Gecko) Chrome/129.0.0.0 Safari/537.36"
jomarlogistica.com.br:80 127.0.0.1 - - [30/Sep/2025:13:41:17 -0300] "OPTIONS * HTTP/1.0" 200 110 "-" "Apache/2.4.65 (Ubuntu) (internal dummy connection)"
jomarlogistica.com.br:80 172.20.1.117 - - [30/Sep/2025:13:44:23 -0300] "POST /wp-cron.php?doing_wp_cron=1759250663.5980041027069091796875 HTTP/1.1" 200 389 "https://jomarlogistica.com.br/wp-cron.php?doing_wp_cron=1759250663.5980041027069091796875" "WordPress/5.8.10; https://jomarlogistica.com.br"
jomarlogistica.com.br:80 3.81.253.213 - - [30/Sep/2025:13:44:23 -0300] "GET /2022/05/31/art-exhibition-rules-expert-guidelines-for-legal-compliance/ HTTP/1.1" 200 14782 "-" "Mozilla/5.0 AppleWebKit/537.36 (KHTML, like Gecko; compatible; Amazonbot/0.1; +https://developer.amazon.com/support/amazonbot) Chrome/119.0.6045.214 Safari/537.36"
jomarlogistica.com.br:80 54.225.181.161 - - [30/Sep/2025:13:44:27 -0300] "GET / HTTP/1.1" 200 23930 "-" "Mozilla/5.0 AppleWebKit/537.36 (KHTML, like Gecko; compatible; Amazonbot/0.1; +https://developer.amazon.com/support/amazonbot) Chrome/119.0.6045.214 Safari/537.36"
jomarlogistica.com.br:80 127.0.0.1 - - [30/Sep/2025:13:44:33 -0300] "OPTIONS * HTTP/1.0" 200 110 "-" "Apache/2.4.65 (Ubuntu) (internal dummy connection)"
jomarlogistica.com.br:80 185.191.171.11 - - [30/Sep/2025:13:44:38 -0300] "GET /2024/01/23/a-lease-agreement-sets-the-terms-of-a-rental-contract/ HTTP/1.1" 200 14006 "-" "Mozilla/5.0 (compatible; SemrushBot/7~bl; +http://www.semrush.com/bot.html)"
jomarlogistica.com.br:80 172.20.1.117 - - [30/Sep/2025:13:51:47 -0300] "POST /wp-cron.php?doing_wp_cron=1759251107.6775789260864257812500 HTTP/1.1" 200 389 "https://jomarlogistica.com.br/wp-cron.php?doing_wp_cron=1759251107.6775789260864257812500" "WordPress/5.8.10; https://jomarlogistica.com.br"
jomarlogistica.com.br:80 216.244.66.226 - - [30/Sep/2025:13:51:47 -0300] "GET /2022/12/15/internet-dating-first-time-frame-statistics/ HTTP/1.1" 200 79906 "-" "Mozilla/5.0 (compatible; DotBot/1.2; +https://opensiteexplorer.org/dotbot; help@moz.com)"
jomarlogistica.com.br:80 43.135.140.225 - - [30/Sep/2025:13:51:50 -0300] "GET /wp-json/oembed/1.0/embed?url=https%3A%2F%2Fjomarlogistica.com.br%2F HTTP/1.1" 200 1871 "-" "Mozilla/5.0 (iPhone; CPU iPhone OS 13_2_3 like Mac OS X) AppleWebKit/605.1.15 (KHTML, like Gecko) Version/13.0.3 Mobile/15E148 Safari/604.1"
jomarlogistica.com.br:80 127.0.0.1 - - [30/Sep/2025:13:51:52 -0300] "OPTIONS * HTTP/1.0" 200 110 "-" "Apache/2.4.65 (Ubuntu) (internal dummy connection)"
jomarlogistica.com.br:80 127.0.0.1 - - [30/Sep/2025:13:51:54 -0300] "OPTIONS * HTTP/1.0" 200 110 "-" "Apache/2.4.65 (Ubuntu) (internal dummy connection)"
jomarlogistica.com.br:80 172.20.1.117 - - [30/Sep/2025:13:52:18 -0300] "POST /wp-cron.php?doing_wp_cron=1759251137.9982891082763671875000 HTTP/1.1" 200 389 "https://jomarlogistica.com.br/wp-cron.php?doing_wp_cron=1759251137.9982891082763671875000" "WordPress/5.8.10; https://jomarlogistica.com.br"
jomarlogistica.com.br:80 216.244.66.226 - - [30/Sep/2025:13:52:17 -0300] "GET /2023/01/25/how-to-locate-russian-women-of-all-ages-dating-in-foreign-countries/ HTTP/1.1" 200 81476 "-" "Mozilla/5.0 (compatible; DotBot/1.2; +https://opensiteexplorer.org/dotbot; help@moz.com)"
jomarlogistica.com.br:80 127.0.0.1 - - [30/Sep/2025:13:52:22 -0300] "OPTIONS * HTTP/1.0" 200 110 "-" "Apache/2.4.65 (Ubuntu) (internal dummy connection)"
jomarlogistica.com.br:80 185.193.157.179 - - [30/Sep/2025:13:55:08 -0300] "GET / HTTP/1.1" 200 134115 "-" "Mozilla/5.0 (Windows NT 10.0; Win64; x64) AppleWebKit/537.36 (KHTML, like Gecko) Chrome/78.0.3904.108 Safari/537.36"
jomarlogistica.com.br:80 185.193.157.179 - - [30/Sep/2025:13:55:09 -0300] "GET //wp-includes/wlwmanifest.xml HTTP/1.1" 200 1378 "-" "Mozilla/5.0 (Windows NT 10.0; Win64; x64) AppleWebKit/537.36 (KHTML, like Gecko) Chrome/78.0.3904.108 Safari/537.36"
jomarlogistica.com.br:80 185.193.157.179 - - [30/Sep/2025:13:55:10 -0300] "GET //?author=1 HTTP/1.1" 301 404 "-" "Mozilla/5.0 (Windows NT 10.0; Win64; x64) AppleWebKit/537.36 (KHTML, like Gecko) Chrome/78.0.3904.108 Safari/537.36"
jomarlogistica.com.br:80 185.193.157.179 - - [30/Sep/2025:13:55:10 -0300] "GET //?author=2 HTTP/1.1" 301 406 "-" "Mozilla/5.0 (Windows NT 10.0; Win64; x64) AppleWebKit/537.36 (KHTML, like Gecko) Chrome/78.0.3904.108 Safari/537.36"
jomarlogistica.com.br:80 185.193.157.179 - - [30/Sep/2025:13:55:11 -0300] "GET //wp-json/wp/v2/users/ HTTP/1.1" 200 1924 "-" "Mozilla/5.0 (Windows NT 10.0; Win64; x64) AppleWebKit/537.36 (KHTML, like Gecko) Chrome/78.0.3904.108 Safari/537.36"
jomarlogistica.com.br:80 185.193.157.179 - - [30/Sep/2025:13:55:11 -0300] "POST //xmlrpc.php HTTP/1.1" 403 2493 "-" "Mozilla/5.0 (Windows NT 10.0; Win64; x64) AppleWebKit/537.36 (KHTML, like Gecko) Chrome/78.0.3904.108 Safari/537.36"
jomarlogistica.com.br:80 185.193.157.179 - - [30/Sep/2025:13:55:11 -0300] "POST //xmlrpc.php HTTP/1.1" 403 2493 "-" "Mozilla/5.0 (Windows NT 10.0; Win64; x64) AppleWebKit/537.36 (KHTML, like Gecko) Chrome/78.0.3904.108 Safari/537.36"
jomarlogistica.com.br:80 216.244.66.226 - - [30/Sep/2025:13:56:38 -0300] "GET /robots.txt HTTP/1.1" 200 565 "-" "Mozilla/5.0 (compatible; DotBot/1.2; +https://opensiteexplorer.org/dotbot; help@moz.com)"
jomarlogistica.com.br:80 172.20.1.117 - - [30/Sep/2025:13:59:32 -0300] "POST /wp-cron.php?doing_wp_cron=1759251572.1929728984832763671875 HTTP/1.1" 200 389 "https://jomarlogistica.com.br/wp-cron.php?doing_wp_cron=1759251572.1929728984832763671875" "WordPress/5.8.10; https://jomarlogistica.com.br"
jomarlogistica.com.br:80 43.156.168.214 - - [30/Sep/2025:13:59:31 -0300] "GET /wp-json/oembed/1.0/embed?url=https%3A%2F%2Fjomarlogistica.com.br%2F&format=xml HTTP/1.1" 200 1894 "-" "Mozilla/5.0 (iPhone; CPU iPhone OS 13_2_3 like Mac OS X) AppleWebKit/605.1.15 (KHTML, like Gecko) Version/13.0.3 Mobile/15E148 Safari/604.1"
jomarlogistica.com.br:80 185.191.171.8 - - [30/Sep/2025:13:59:32 -0300] "GET /2022/06/04/california-gun-law-case-legal-info-updates/ HTTP/1.1" 200 14782 "-" "Mozilla/5.0 (compatible; SemrushBot/7~bl; +http://www.semrush.com/bot.html)"
jomarlogistica.com.br:80 127.0.0.1 - - [30/Sep/2025:13:59:37 -0300] "OPTIONS * HTTP/1.0" 200 110 "-" "Apache/2.4.65 (Ubuntu) (internal dummy connection)"
jomarlogistica.com.br:80 66.249.88.1 - - [30/Sep/2025:13:59:44 -0300] "GET /.well-known/traffic-advice HTTP/1.1" 404 448 "-" "Chrome Privacy Preserving Prefetch Proxy"
jomarlogistica.com.br:80 162.120.186.83 - - [30/Sep/2025:13:59:44 -0300] "GET / HTTP/1.1" 200 23930 "https://www.google.com/" "Mozilla/5.0 (Windows NT 10.0; Win64; x64) AppleWebKit/537.36 (KHTML, like Gecko) Chrome/140.0.0.0 Safari/537.36"
jomarlogistica.com.br:80 186.194.253.22 - - [30/Sep/2025:13:59:49 -0300] "GET /wp-content/plugins/instagram-feed/css/sbi-styles.min.css?ver=2.9.7 HTTP/1.1" 200 3355 "https://jomarlogistica.com.br/" "Mozilla/5.0 (Windows NT 10.0; Win64; x64) AppleWebKit/537.36 (KHTML, like Gecko) Chrome/140.0.0.0 Safari/537.36"
jomarlogistica.com.br:80 186.194.253.22 - - [30/Sep/2025:13:59:49 -0300] "GET /wp-content/plugins/redux-framework/redux-core/extendify-sdk/public/build/extendify-utilities.css?ver=13.4 HTTP/1.1" 200 6477 "https://jomarlogistica.com.br/" "Mozilla/5.0 (Windows NT 10.0; Win64; x64) AppleWebKit/537.36 (KHTML, like Gecko) Chrome/140.0.0.0 Safari/537.36"
jomarlogistica.com.br:80 186.194.253.22 - - [30/Sep/2025:13:59:49 -0300] "GET /wp-content/plugins/booked/assets/js/tooltipster/css/themes/tooltipster-light.css?ver=3.3.0 HTTP/1.1" 200 596 "https://jomarlogistica.com.br/" "Mozilla/5.0 (Windows NT 10.0; Win64; x64) AppleWebKit/537.36 (KHTML, like Gecko) Chrome/140.0.0.0 Safari/537.36"
jomarlogistica.com.br:80 186.194.253.22 - - [30/Sep/2025:13:59:49 -0300] "GET /wp-content/plugins/contact-form-7-multi-step/assets/frontend/css/cf7mls.css?ver=2.5.4 HTTP/1.1" 200 2184 "https://jomarlogistica.com.br/" "Mozilla/5.0 (Windows NT 10.0; Win64; x64) AppleWebKit/537.36 (KHTML, like Gecko) Chrome/140.0.0.0 Safari/537.36"
jomarlogistica.com.br:80 186.194.253.22 - - [30/Sep/2025:13:59:49 -0300] "GET /wp-includes/css/dist/block-library/style.min.css?ver=5.8.10 HTTP/1.1" 200 12027 "https://jomarlogistica.com.br/" "Mozilla/5.0 (Windows NT 10.0; Win64; x64) AppleWebKit/537.36 (KHTML, like Gecko) Chrome/140.0.0.0 Safari/537.36"
jomarlogistica.com.br:80 186.194.253.22 - - [30/Sep/2025:13:59:49 -0300] "GET /wp-content/plugins/booked/assets/css/icons.css?ver=2.3.5 HTTP/1.1" 200 6985 "https://jomarlogistica.com.br/" "Mozilla/5.0 (Windows NT 10.0; Win64; x64) AppleWebKit/537.36 (KHTML, like Gecko) Chrome/140.0.0.0 Safari/537.36"
jomarlogistica.com.br:80 186.194.253.22 - - [30/Sep/2025:13:59:49 -0300] "GET /wp-content/plugins/booked/assets/js/tooltipster/css/tooltipster.css?ver=3.3.0 HTTP/1.1" 200 2174 "https://jomarlogistica.com.br/" "Mozilla/5.0 (Windows NT 10.0; Win64; x64) AppleWebKit/537.36 (KHTML, like Gecko) Chrome/140.0.0.0 Safari/537.36"
jomarlogistica.com.br:80 186.194.253.22 - - [30/Sep/2025:13:59:49 -0300] "GET /wp-content/plugins/booked/assets/css/animations.css?ver=2.3.5 HTTP/1.1" 200 905 "https://jomarlogistica.com.br/" "Mozilla/5.0 (Windows NT 10.0; Win64; x64) AppleWebKit/537.36 (KHTML, like Gecko) Chrome/140.0.0.0 Safari/537.36"
jomarlogistica.com.br:80 186.194.253.22 - - [30/Sep/2025:13:59:49 -0300] "GET /wp-content/plugins/booked/dist/booked.css?ver=2.3.5 HTTP/1.1" 200 9827 "https://jomarlogistica.com.br/" "Mozilla/5.0 (Windows NT 10.0; Win64; x64) AppleWebKit/537.36 (KHTML, like Gecko) Chrome/140.0.0.0 Safari/537.36"
jomarlogistica.com.br:80 186.194.253.22 - - [30/Sep/2025:13:59:49 -0300] "GET /wp-content/plugins/case-theme-core/assets/css/main.css?ver=1.0.0 HTTP/1.1" 200 563 "https://jomarlogistica.com.br/" "Mozilla/5.0 (Windows NT 10.0; Win64; x64) AppleWebKit/537.36 (KHTML, like Gecko) Chrome/140.0.0.0 Safari/537.36"
jomarlogistica.com.br:80 186.194.253.22 - - [30/Sep/2025:13:59:49 -0300] "GET /wp-content/plugins/case-theme-core/assets/css/lib/progressbar.min.css?ver=0.7.1 HTTP/1.1" 200 1103 "https://jomarlogistica.com.br/" "Mozilla/5.0 (Windows NT 10.0; Win64; x64) AppleWebKit/537.36 (KHTML, like Gecko) Chrome/140.0.0.0 Safari/537.36"
jomarlogistica.com.br:80 186.194.253.22 - - [30/Sep/2025:13:59:49 -0300] "GET /wp-content/plugins/case-theme-core/assets/css/lib/owl.carousel.min.css?ver=2.2.1 HTTP/1.1" 200 1298 "https://jomarlogistica.com.br/" "Mozilla/5.0 (Windows NT 10.0; Win64; x64) AppleWebKit/537.36 (KHTML, like Gecko) Chrome/140.0.0.0 Safari/537.36"
jomarlogistica.com.br:80 186.194.253.22 - - [30/Sep/2025:13:59:49 -0300] "GET /wp-content/plugins/case-theme-core/assets/plugin/font-awesome/css/font-awesome.min.css?ver=4.7.0 HTTP/1.1" 200 7624 "https://jomarlogistica.com.br/" "Mozilla/5.0 (Windows NT 10.0; Win64; x64) AppleWebKit/537.36 (KHTML, like Gecko) Chrome/140.0.0.0 Safari/537.36"
jomarlogistica.com.br:80 186.194.253.22 - - [30/Sep/2025:13:59:49 -0300] "GET /wp-content/plugins/case-theme-user/acess/css/remodal.css?ver=5.8.10 HTTP/1.1" 200 1031 "https://jomarlogistica.com.br/" "Mozilla/5.0 (Windows NT 10.0; Win64; x64) AppleWebKit/537.36 (KHTML, like Gecko) Chrome/140.0.0.0 Safari/537.36"
jomarlogistica.com.br:80 186.194.253.22 - - [30/Sep/2025:13:59:49 -0300] "GET /wp-content/plugins/case-theme-user/acess/css/remodal-default-theme.css?ver=5.8.10 HTTP/1.1" 200 1733 "https://jomarlogistica.com.br/" "Mozilla/5.0 (Windows NT 10.0; Win64; x64) AppleWebKit/537.36 (KHTML, like Gecko) Chrome/140.0.0.0 Safari/537.36"
jomarlogistica.com.br:80 186.194.253.22 - - [30/Sep/2025:13:59:49 -0300] "GET /wp-content/plugins/contact-form-7-multi-step/assets/frontend/css/progress_bar.css?ver=2.5.4 HTTP/1.1" 200 5617 "https://jomarlogistica.com.br/" "Mozilla/5.0 (Windows NT 10.0; Win64; x64) AppleWebKit/537.36 (KHTML, like Gecko) Chrome/140.0.0.0 Safari/537.36"
jomarlogistica.com.br:80 186.194.253.22 - - [30/Sep/2025:13:59:49 -0300] "GET /wp-content/plugins/contact-form-7-multi-step/assets/frontend/animate/animate.min.css?ver=2.5.4 HTTP/1.1" 200 5225 "https://jomarlogistica.com.br/" "Mozilla/5.0 (Windows NT 10.0; Win64; x64) AppleWebKit/537.36 (KHTML, like Gecko) Chrome/140.0.0.0 Safari/537.36"
jomarlogistica.com.br:80 186.194.253.22 - - [30/Sep/2025:13:59:49 -0300] "GET /wp-content/plugins/contact-form-7/includes/css/styles.css?ver=5.5.3 HTTP/1.1" 200 1361 "https://jomarlogistica.com.br/" "Mozilla/5.0 (Windows NT 10.0; Win64; x64) AppleWebKit/537.36 (KHTML, like Gecko) Chrome/140.0.0.0 Safari/537.36"
jomarlogistica.com.br:80 186.194.253.22 - - [30/Sep/2025:13:59:49 -0300] "GET /wp-content/themes/consultio/assets/css/bootstrap.min.css?ver=4.0.0 HTTP/1.1" 200 21402 "https://jomarlogistica.com.br/" "Mozilla/5.0 (Windows NT 10.0; Win64; x64) AppleWebKit/537.36 (KHTML, like Gecko) Chrome/140.0.0.0 Safari/537.36"
jomarlogistica.com.br:80 186.194.253.22 - - [30/Sep/2025:13:59:49 -0300] "GET /wp-content/plugins/elementor/assets/lib/font-awesome/css/font-awesome.min.css?ver=4.7.0 HTTP/1.1" 200 7623 "https://jomarlogistica.com.br/" "Mozilla/5.0 (Windows NT 10.0; Win64; x64) AppleWebKit/537.36 (KHTML, like Gecko) Chrome/140.0.0.0 Safari/537.36"
jomarlogistica.com.br:80 186.194.253.22 - - [30/Sep/2025:13:59:49 -0300] "GET /wp-content/themes/consultio/assets/css/font-awesome5.min.css?ver=5.8.0 HTTP/1.1" 200 17997 "https://jomarlogistica.com.br/" "Mozilla/5.0 (Windows NT 10.0; Win64; x64) AppleWebKit/537.36 (KHTML, like Gecko) Chrome/140.0.0.0 Safari/537.36"
jomarlogistica.com.br:80 186.194.253.22 - - [30/Sep/2025:13:59:49 -0300] "GET /wp-content/themes/consultio/assets/css/flaticon.css?ver=2.8.0 HTTP/1.1" 200 1205 "https://jomarlogistica.com.br/" "Mozilla/5.0 (Windows NT 10.0; Win64; x64) AppleWebKit/537.36 (KHTML, like Gecko) Chrome/140.0.0.0 Safari/537.36"
jomarlogistica.com.br:80 186.194.253.22 - - [30/Sep/2025:13:59:49 -0300] "GET /wp-content/themes/consultio/assets/css/flaticon-v2.css?ver=2.8.0 HTTP/1.1" 200 994 "https://jomarlogistica.com.br/" "Mozilla/5.0 (Windows NT 10.0; Win64; x64) AppleWebKit/537.36 (KHTML, like Gecko) Chrome/140.0.0.0 Safari/537.36"
jomarlogistica.com.br:80 186.194.253.22 - - [30/Sep/2025:13:59:49 -0300] "GET /wp-content/themes/consultio/assets/css/flaticon-v3.css?ver=2.8.0 HTTP/1.1" 200 1156 "https://jomarlogistica.com.br/" "Mozilla/5.0 (Windows NT 10.0; Win64; x64) AppleWebKit/537.36 (KHTML, like Gecko) Chrome/140.0.0.0 Safari/537.36"
jomarlogistica.com.br:80 186.194.253.22 - - [30/Sep/2025:13:59:49 -0300] "GET /wp-content/themes/consultio/assets/css/flaticon-v4.css?ver=2.8.0 HTTP/1.1" 200 795 "https://jomarlogistica.com.br/" "Mozilla/5.0 (Windows NT 10.0; Win64; x64) AppleWebKit/537.36 (KHTML, like Gecko) Chrome/140.0.0.0 Safari/537.36"
jomarlogistica.com.br:80 186.194.253.22 - - [30/Sep/2025:13:59:49 -0300] "GET /wp-content/themes/consultio/assets/css/flaticon-v5.css?ver=2.8.0 HTTP/1.1" 200 1337 "https://jomarlogistica.com.br/" "Mozilla/5.0 (Windows NT 10.0; Win64; x64) AppleWebKit/537.36 (KHTML, like Gecko) Chrome/140.0.0.0 Safari/537.36"
jomarlogistica.com.br:80 186.194.253.22 - - [30/Sep/2025:13:59:49 -0300] "GET /wp-content/themes/consultio/assets/css/flaticon-v6.css?ver=2.8.0 HTTP/1.1" 200 998 "https://jomarlogistica.com.br/" "Mozilla/5.0 (Windows NT 10.0; Win64; x64) AppleWebKit/537.36 (KHTML, like Gecko) Chrome/140.0.0.0 Safari/537.36"
jomarlogistica.com.br:80 186.194.253.22 - - [30/Sep/2025:13:59:49 -0300] "GET /wp-content/themes/consultio/assets/css/flaticon-v7.css?ver=2.8.0 HTTP/1.1" 200 990 "https://jomarlogistica.com.br/" "Mozilla/5.0 (Windows NT 10.0; Win64; x64) AppleWebKit/537.36 (KHTML, like Gecko) Chrome/140.0.0.0 Safari/537.36"
jomarlogistica.com.br:80 186.194.253.22 - - [30/Sep/2025:13:59:49 -0300] "GET /wp-content/themes/consultio/assets/css/material-design-iconic-font.min.css?ver=2.2.0 HTTP/1.1" 200 8981 "https://jomarlogistica.com.br/" "Mozilla/5.0 (Windows NT 10.0; Win64; x64) AppleWebKit/537.36 (KHTML, like Gecko) Chrome/140.0.0.0 Safari/537.36"
jomarlogistica.com.br:80 186.194.253.22 - - [30/Sep/2025:13:59:49 -0300] "GET /wp-content/themes/consultio/assets/css/magnific-popup.css?ver=1.0.0 HTTP/1.1" 200 2198 "https://jomarlogistica.com.br/" "Mozilla/5.0 (Windows NT 10.0; Win64; x64) AppleWebKit/537.36 (KHTML, like Gecko) Chrome/140.0.0.0 Safari/537.36"
jomarlogistica.com.br:80 186.194.253.22 - - [30/Sep/2025:13:59:49 -0300] "GET /wp-content/themes/consultio/assets/css/animate.css?ver=1.0.0 HTTP/1.1" 200 5563 "https://jomarlogistica.com.br/" "Mozilla/5.0 (Windows NT 10.0; Win64; x64) AppleWebKit/537.36 (KHTML, like Gecko) Chrome/140.0.0.0 Safari/537.36"
jomarlogistica.com.br:80 186.194.253.22 - - [30/Sep/2025:13:59:49 -0300] "GET /wp-content/uploads/2021/12/logo.png HTTP/1.1" 200 32663 "https://jomarlogistica.com.br/" "Mozilla/5.0 (Windows NT 10.0; Win64; x64) AppleWebKit/537.36 (KHTML, like Gecko) Chrome/140.0.0.0 Safari/537.36"
jomarlogistica.com.br:80 186.194.253.22 - - [30/Sep/2025:13:59:49 -0300] "GET /wp-content/themes/consultio/assets/css/theme.css?ver=2.8.0 HTTP/1.1" 200 195072 "https://jomarlogistica.com.br/" "Mozilla/5.0 (Windows NT 10.0; Win64; x64) AppleWebKit/537.36 (KHTML, like Gecko) Chrome/140.0.0.0 Safari/537.36"
jomarlogistica.com.br:80 186.194.253.22 - - [30/Sep/2025:13:59:49 -0300] "GET /wp-content/themes/consultio/style.css?ver=5.8.10 HTTP/1.1" 200 866 "https://jomarlogistica.com.br/" "Mozilla/5.0 (Windows NT 10.0; Win64; x64) AppleWebKit/537.36 (KHTML, like Gecko) Chrome/140.0.0.0 Safari/537.36"
jomarlogistica.com.br:80 186.194.253.22 - - [30/Sep/2025:13:59:49 -0300] "GET /wp-content/plugins/elementor/assets/lib/eicons/css/elementor-icons.min.css?ver=5.13.0 HTTP/1.1" 200 4378 "https://jomarlogistica.com.br/" "Mozilla/5.0 (Windows NT 10.0; Win64; x64) AppleWebKit/537.36 (KHTML, like Gecko) Chrome/140.0.0.0 Safari/537.36"
jomarlogistica.com.br:80 186.194.253.22 - - [30/Sep/2025:13:59:49 -0300] "GET /wp-content/plugins/meks-simple-flickr-widget/css/style.css?ver=1.2 HTTP/1.1" 200 577 "https://jomarlogistica.com.br/" "Mozilla/5.0 (Windows NT 10.0; Win64; x64) AppleWebKit/537.36 (KHTML, like Gecko) Chrome/140.0.0.0 Safari/537.36"
jomarlogistica.com.br:80 186.194.253.22 - - [30/Sep/2025:13:59:49 -0300] "GET /wp-content/plugins/newsletter/style.css?ver=7.3.3 HTTP/1.1" 200 1636 "https://jomarlogistica.com.br/" "Mozilla/5.0 (Windows NT 10.0; Win64; x64) AppleWebKit/537.36 (KHTML, like Gecko) Chrome/140.0.0.0 Safari/537.36"
jomarlogistica.com.br:80 186.194.253.22 - - [30/Sep/2025:13:59:49 -0300] "GET /wp-content/plugins/elementor/assets/css/frontend.min.css?ver=3.4.8 HTTP/1.1" 200 19721 "https://jomarlogistica.com.br/" "Mozilla/5.0 (Windows NT 10.0; Win64; x64) AppleWebKit/537.36 (KHTML, like Gecko) Chrome/140.0.0.0 Safari/537.36"
