jomarlogistica.com.br:80 154.206.118.89 - - [22/Sep/2025:22:46:00 -0300] "GET /wp-content/themes/consultio/assets/fonts/fontawesome/fa-solid-900.woff2 HTTP/1.1" 200 117654 "https://jomarlogistica.com.br/2024/03/08/ccpa-non-disclosure-agreement-protect-your-data/" "Mozilla/5.0 (Macintosh; Intel Mac OS X 10_15_7) AppleWebKit/605.1.15 (KHTML, like Gecko) Version/18.3 Safari/605.1.15"
jomarlogistica.com.br:80 154.206.118.89 - - [22/Sep/2025:22:46:00 -0300] "GET /wp-content/themes/consultio/assets/fonts/Flaticon.svg HTTP/1.1" 200 56613 "https://jomarlogistica.com.br/2024/03/08/ccpa-non-disclosure-agreement-protect-your-data/" "Mozilla/5.0 (Macintosh; Intel Mac OS X 10_15_7) AppleWebKit/605.1.15 (KHTML, like Gecko) Version/18.3 Safari/605.1.15"
jomarlogistica.com.br:80 154.206.118.89 - - [22/Sep/2025:22:46:01 -0300] "GET /wp-content/uploads/2021/12/logo.png HTTP/1.1" 200 32663 "https://jomarlogistica.com.br/2024/03/08/ccpa-non-disclosure-agreement-protect-your-data/" "Mozilla/5.0 (Macintosh; Intel Mac OS X 10_15_7) AppleWebKit/605.1.15 (KHTML, like Gecko) Version/18.3 Safari/605.1.15"
jomarlogistica.com.br:80 154.206.118.89 - - [22/Sep/2025:22:46:01 -0300] "GET /wp-content/uploads/2020/05/bg-page-title-u.jpg HTTP/1.1" 200 88326 "https://jomarlogistica.com.br/2024/03/08/ccpa-non-disclosure-agreement-protect-your-data/" "Mozilla/5.0 (Macintosh; Intel Mac OS X 10_15_7) AppleWebKit/605.1.15 (KHTML, like Gecko) Version/18.3 Safari/605.1.15"
jomarlogistica.com.br:80 154.206.118.89 - - [22/Sep/2025:22:46:01 -0300] "GET /wp-content/themes/consultio/assets/fonts/fontawesome/fa-regular-400.woff2 HTTP/1.1" 200 145375 "https://jomarlogistica.com.br/2024/03/08/ccpa-non-disclosure-agreement-protect-your-data/" "Mozilla/5.0 (Macintosh; Intel Mac OS X 10_15_7) AppleWebKit/605.1.15 (KHTML, like Gecko) Version/18.3 Safari/605.1.15"
jomarlogistica.com.br:80 154.206.118.89 - - [22/Sep/2025:22:46:02 -0300] "GET /wp-content/themes/consultio/assets/fonts/fontawesome/fa-light-300.woff2 HTTP/1.1" 200 157109 "https://jomarlogistica.com.br/2024/03/08/ccpa-non-disclosure-agreement-protect-your-data/" "Mozilla/5.0 (Macintosh; Intel Mac OS X 10_15_7) AppleWebKit/605.1.15 (KHTML, like Gecko) Version/18.3 Safari/605.1.15"
jomarlogistica.com.br:80 127.0.0.1 - - [22/Sep/2025:22:46:02 -0300] "OPTIONS * HTTP/1.0" 200 110 "-" "Apache/2.4.65 (Ubuntu) (internal dummy connection)"
jomarlogistica.com.br:80 127.0.0.1 - - [22/Sep/2025:22:46:06 -0300] "OPTIONS * HTTP/1.0" 200 110 "-" "Apache/2.4.65 (Ubuntu) (internal dummy connection)"
jomarlogistica.com.br:80 154.206.118.89 - - [22/Sep/2025:22:45:59 -0300] "GET /?a7b529c=7439764 HTTP/1.1" 200 287 "https://jomarlogistica.com.br/2024/03/08/ccpa-non-disclosure-agreement-protect-your-data/" "Mozilla/5.0 (Macintosh; Intel Mac OS X 10_15_7) AppleWebKit/605.1.15 (KHTML, like Gecko) Version/18.3 Safari/605.1.15"
jomarlogistica.com.br:80 154.206.118.89 - - [22/Sep/2025:22:46:10 -0300] "GET /wp-content/themes/consultio/assets/fonts/Material-Design-Iconic-Font.woff2?v=2.2.0 HTTP/1.1" 200 38405 "https://jomarlogistica.com.br/2024/03/08/ccpa-non-disclosure-agreement-protect-your-data/" "Mozilla/5.0 (Macintosh; Intel Mac OS X 10_15_7) AppleWebKit/605.1.15 (KHTML, like Gecko) Version/18.3 Safari/605.1.15"
jomarlogistica.com.br:80 154.206.118.89 - - [22/Sep/2025:22:46:10 -0300] "GET /wp-content/plugins/elementor/assets/lib/font-awesome/fonts/fontawesome-webfont.woff2?v=4.7.0 HTTP/1.1" 200 77541 "https://jomarlogistica.com.br/2024/03/08/ccpa-non-disclosure-agreement-protect-your-data/" "Mozilla/5.0 (Macintosh; Intel Mac OS X 10_15_7) AppleWebKit/605.1.15 (KHTML, like Gecko) Version/18.3 Safari/605.1.15"
jomarlogistica.com.br:80 154.206.118.89 - - [22/Sep/2025:22:46:11 -0300] "GET /wp-content/themes/consultio/assets/images/pointer.png HTTP/1.1" 200 998 "https://jomarlogistica.com.br/2024/03/08/ccpa-non-disclosure-agreement-protect-your-data/" "Mozilla/5.0 (Macintosh; Intel Mac OS X 10_15_7) AppleWebKit/605.1.15 (KHTML, like Gecko) Version/18.3 Safari/605.1.15"
jomarlogistica.com.br:80 154.206.118.89 - - [22/Sep/2025:22:46:12 -0300] "GET /favicon.ico HTTP/1.1" 302 489 "-" "Mozilla/5.0 (Macintosh; Intel Mac OS X 10_15_7) AppleWebKit/605.1.15 (KHTML, like Gecko) Version/18.3 Safari/605.1.15"
jomarlogistica.com.br:80 127.0.0.1 - - [22/Sep/2025:22:46:14 -0300] "OPTIONS * HTTP/1.0" 200 110 "-" "Apache/2.4.65 (Ubuntu) (internal dummy connection)"
jomarlogistica.com.br:80 216.73.216.31 - - [22/Sep/2025:22:46:30 -0300] "GET /robots.txt HTTP/1.1" 200 584 "-" "Mozilla/5.0 AppleWebKit/537.36 (KHTML, like Gecko; compatible; ClaudeBot/1.0; +claudebot@anthropic.com)"
jomarlogistica.com.br:80 216.73.216.31 - - [22/Sep/2025:22:46:31 -0300] "GET /wp-sitemap.xml HTTP/1.1" 200 585 "-" "Mozilla/5.0 AppleWebKit/537.36 (KHTML, like Gecko; compatible; ClaudeBot/1.0; +claudebot@anthropic.com)"
jomarlogistica.com.br:80 172.20.1.117 - - [22/Sep/2025:22:48:14 -0300] "POST /wp-cron.php?doing_wp_cron=1758592094.8192210197448730468750 HTTP/1.1" 200 389 "https://jomarlogistica.com.br/wp-cron.php?doing_wp_cron=1758592094.8192210197448730468750" "WordPress/5.8.10; https://jomarlogistica.com.br"
jomarlogistica.com.br:80 44.223.193.255 - - [22/Sep/2025:22:48:14 -0300] "GET /2023/10/10/united-states-data-area-providers/ HTTP/1.1" 200 17267 "-" "Mozilla/5.0 AppleWebKit/537.36 (KHTML, like Gecko; compatible; Amazonbot/0.1; +https://developer.amazon.com/support/amazonbot) Chrome/119.0.6045.214 Safari/537.36"
jomarlogistica.com.br:80 127.0.0.1 - - [22/Sep/2025:22:48:20 -0300] "OPTIONS * HTTP/1.0" 200 110 "-" "Apache/2.4.65 (Ubuntu) (internal dummy connection)"
jomarlogistica.com.br:80 172.20.1.117 - - [22/Sep/2025:22:54:37 -0300] "POST /wp-cron.php?doing_wp_cron=1758592477.1863679885864257812500 HTTP/1.1" 200 389 "https://jomarlogistica.com.br/wp-cron.php?doing_wp_cron=1758592477.1863679885864257812500" "WordPress/5.8.10; https://jomarlogistica.com.br"
jomarlogistica.com.br:80 114.119.159.76 - - [22/Sep/2025:22:54:36 -0300] "GET /2023/01/18/what-exactly-mutually-useful-relationship/ HTTP/1.1" 200 18095 "https://jomarlogistica.com.br/author/jomar/page/41/" "Mozilla/5.0 (Linux; Android 7.0;) AppleWebKit/537.36 (KHTML, like Gecko) Mobile Safari/537.36 (compatible; PetalBot;+https://webmaster.petalsearch.com/site/petalbot)"
jomarlogistica.com.br:80 127.0.0.1 - - [22/Sep/2025:22:54:42 -0300] "OPTIONS * HTTP/1.0" 200 110 "-" "Apache/2.4.65 (Ubuntu) (internal dummy connection)"
jomarlogistica.com.br:80 114.119.138.130 - - [22/Sep/2025:22:55:51 -0300] "GET /2022/11/13/signals-that-you-are-in-love/ HTTP/1.1" 200 17362 "https://jomarlogistica.com.br/category/jomar/page/51/" "Mozilla/5.0 (Linux; Android 7.0;) AppleWebKit/537.36 (KHTML, like Gecko) Mobile Safari/537.36 (compatible; PetalBot;+https://webmaster.petalsearch.com/site/petalbot)"
jomarlogistica.com.br:80 172.20.1.117 - - [22/Sep/2025:23:06:17 -0300] "POST /wp-cron.php?doing_wp_cron=1758593177.3318350315093994140625 HTTP/1.1" 200 389 "https://jomarlogistica.com.br/wp-cron.php?doing_wp_cron=1758593177.3318350315093994140625" "WordPress/5.8.10; https://jomarlogistica.com.br"
jomarlogistica.com.br:80 177.116.184.250 - - [22/Sep/2025:23:06:16 -0300] "POST /autodiscover/autodiscover.xml HTTP/1.1" 404 448 "-" "AppleExchangeWebServices/833 accountsd/113"
jomarlogistica.com.br:80 177.116.184.250 - - [22/Sep/2025:23:06:18 -0300] "POST /autodiscover/autodiscover.xml HTTP/1.1" 404 448 "-" "AppleExchangeWebServices/833 accountsd/113"
jomarlogistica.com.br:80 127.0.0.1 - - [22/Sep/2025:23:06:22 -0300] "OPTIONS * HTTP/1.0" 200 110 "-" "Apache/2.4.65 (Ubuntu) (internal dummy connection)"
jomarlogistica.com.br:80 104.248.154.105 - - [22/Sep/2025:23:06:42 -0300] "POST /wp-login.php HTTP/1.1" 403 2493 "-" "Mozilla/5.0"
jomarlogistica.com.br:80 104.248.154.105 - - [22/Sep/2025:23:06:42 -0300] "POST /wp-login.php HTTP/1.1" 403 2493 "-" "Mozilla/5.0"
jomarlogistica.com.br:80 127.0.0.1 - - [22/Sep/2025:23:06:47 -0300] "OPTIONS * HTTP/1.0" 200 110 "-" "Apache/2.4.65 (Ubuntu) (internal dummy connection)"
jomarlogistica.com.br:80 172.20.1.117 - - [22/Sep/2025:23:09:54 -0300] "POST /wp-cron.php?doing_wp_cron=1758593394.6832320690155029296875 HTTP/1.1" 200 389 "https://jomarlogistica.com.br/wp-cron.php?doing_wp_cron=1758593394.6832320690155029296875" "WordPress/5.8.10; https://jomarlogistica.com.br"
jomarlogistica.com.br:80 23.129.64.169 - - [22/Sep/2025:23:09:54 -0300] "GET / HTTP/1.1" 200 134115 "jomarlogistica.com.br" "Mozilla/5.0 (Windows NT 6.1; WOW64) AppleWebKit/537.36 (KHTML, like Gecko) Chrome/81.0.4044.113 YaBrowser/20.4.1.225 Yowser/2.5 Yptp/1.21 Safari/537.36"
jomarlogistica.com.br:80 127.0.0.1 - - [22/Sep/2025:23:10:00 -0300] "OPTIONS * HTTP/1.0" 200 110 "-" "Apache/2.4.65 (Ubuntu) (internal dummy connection)"
jomarlogistica.com.br:80 192.42.116.203 - - [22/Sep/2025:23:10:17 -0300] "GET / HTTP/1.1" 200 134115 "https://jomarlogistica.com.br" "Mozilla/5.0 (Windows NT 6.1; WOW64) AppleWebKit/537.36 (KHTML, like Gecko) Chrome/81.0.4044.113 YaBrowser/20.4.1.225 Yowser/2.5 Yptp/1.21 Safari/537.36"
jomarlogistica.com.br:80 45.84.107.97 - - [22/Sep/2025:23:10:21 -0300] "GET /2024/01/16/is-owning-pet-squirrels-legal-in-florida-laws-regulations HTTP/1.1" 301 573 "https://jomarlogistica.com.br/2024/01/16/is-owning-pet-squirrels-legal-in-florida-laws-regulations" "Mozilla/5.0 (Windows NT 6.1; WOW64) AppleWebKit/537.36 (KHTML, like Gecko) Chrome/81.0.4044.113 YaBrowser/20.4.1.225 Yowser/2.5 Yptp/1.21 Safari/537.36"
jomarlogistica.com.br:80 45.84.107.97 - - [22/Sep/2025:23:10:22 -0300] "GET /2024/01/16/is-owning-pet-squirrels-legal-in-florida-laws-regulations/ HTTP/1.1" 200 60327 "https://jomarlogistica.com.br/2024/01/16/is-owning-pet-squirrels-legal-in-florida-laws-regulations" "Mozilla/5.0 (Windows NT 6.1; WOW64) AppleWebKit/537.36 (KHTML, like Gecko) Chrome/81.0.4044.113 YaBrowser/20.4.1.225 Yowser/2.5 Yptp/1.21 Safari/537.36"
jomarlogistica.com.br:80 45.84.107.97 - - [22/Sep/2025:23:10:26 -0300] "GET /2024/01/17/new-number-agreement-in-france-summer-legal-requirements HTTP/1.1" 301 572 "https://jomarlogistica.com.br/2024/01/17/new-number-agreement-in-france-summer-legal-requirements" "Mozilla/5.0 (Windows NT 6.1; WOW64) AppleWebKit/537.36 (KHTML, like Gecko) Chrome/81.0.4044.113 YaBrowser/20.4.1.225 Yowser/2.5 Yptp/1.21 Safari/537.36"
jomarlogistica.com.br:80 45.84.107.97 - - [22/Sep/2025:23:10:27 -0300] "GET /2024/01/17/new-number-agreement-in-france-summer-legal-requirements/ HTTP/1.1" 200 62145 "https://jomarlogistica.com.br/2024/01/17/new-number-agreement-in-france-summer-legal-requirements" "Mozilla/5.0 (Windows NT 6.1; WOW64) AppleWebKit/537.36 (KHTML, like Gecko) Chrome/81.0.4044.113 YaBrowser/20.4.1.225 Yowser/2.5 Yptp/1.21 Safari/537.36"
jomarlogistica.com.br:80 185.231.33.38 - - [22/Sep/2025:23:10:32 -0300] "GET /2024/01/23/a-lease-agreement-sets-the-terms-of-a-rental-contract HTTP/1.1" 301 569 "https://jomarlogistica.com.br/2024/01/23/a-lease-agreement-sets-the-terms-of-a-rental-contract" "Mozilla/5.0 (Windows NT 6.1; WOW64) AppleWebKit/537.36 (KHTML, like Gecko) Chrome/81.0.4044.113 YaBrowser/20.4.1.225 Yowser/2.5 Yptp/1.21 Safari/537.36"
jomarlogistica.com.br:80 185.231.33.38 - - [22/Sep/2025:23:10:33 -0300] "GET /2024/01/23/a-lease-agreement-sets-the-terms-of-a-rental-contract/ HTTP/1.1" 200 60560 "https://jomarlogistica.com.br/2024/01/23/a-lease-agreement-sets-the-terms-of-a-rental-contract" "Mozilla/5.0 (Windows NT 6.1; WOW64) AppleWebKit/537.36 (KHTML, like Gecko) Chrome/81.0.4044.113 YaBrowser/20.4.1.225 Yowser/2.5 Yptp/1.21 Safari/537.36"
jomarlogistica.com.br:80 185.231.33.38 - - [22/Sep/2025:23:10:37 -0300] "GET /2024/01/23/are-led-headlights-legal-in-ct-ct-headlight-laws-explained HTTP/1.1" 301 574 "https://jomarlogistica.com.br/2024/01/23/are-led-headlights-legal-in-ct-ct-headlight-laws-explained" "Mozilla/5.0 (Windows NT 6.1; WOW64) AppleWebKit/537.36 (KHTML, like Gecko) Chrome/81.0.4044.113 YaBrowser/20.4.1.225 Yowser/2.5 Yptp/1.21 Safari/537.36"
jomarlogistica.com.br:80 185.231.33.38 - - [22/Sep/2025:23:10:38 -0300] "GET /2024/01/23/are-led-headlights-legal-in-ct-ct-headlight-laws-explained/ HTTP/1.1" 200 60496 "https://jomarlogistica.com.br/2024/01/23/are-led-headlights-legal-in-ct-ct-headlight-laws-explained" "Mozilla/5.0 (Windows NT 6.1; WOW64) AppleWebKit/537.36 (KHTML, like Gecko) Chrome/81.0.4044.113 YaBrowser/20.4.1.225 Yowser/2.5 Yptp/1.21 Safari/537.36"
jomarlogistica.com.br:80 185.231.33.38 - - [22/Sep/2025:23:10:41 -0300] "GET /2024/01/23/checkpoint-firewall-rules-export-best-practices-and-guidelines HTTP/1.1" 301 597 "https://jomarlogistica.com.br/2024/01/23/checkpoint-firewall-rules-export-best-practices-and-guidelines" "Mozilla/5.0 (Windows NT 6.1; WOW64) AppleWebKit/537.36 (KHTML, like Gecko) Chrome/81.0.4044.113 YaBrowser/20.4.1.225 Yowser/2.5 Yptp/1.21 Safari/537.36"
jomarlogistica.com.br:80 185.231.33.38 - - [22/Sep/2025:23:10:42 -0300] "GET /2024/01/23/checkpoint-firewall-rules-export-best-practices-and-guidelines/ HTTP/1.1" 200 62660 "https://jomarlogistica.com.br/2024/01/23/checkpoint-firewall-rules-export-best-practices-and-guidelines" "Mozilla/5.0 (Windows NT 6.1; WOW64) AppleWebKit/537.36 (KHTML, like Gecko) Chrome/81.0.4044.113 YaBrowser/20.4.1.225 Yowser/2.5 Yptp/1.21 Safari/537.36"
jomarlogistica.com.br:80 192.42.116.178 - - [22/Sep/2025:23:10:47 -0300] "GET /2024/01/27/bolsa-de-trabajo-en-area-legal-encuentra-empleos-legales HTTP/1.1" 301 572 "https://jomarlogistica.com.br/2024/01/27/bolsa-de-trabajo-en-area-legal-encuentra-empleos-legales" "Mozilla/5.0 (Windows NT 6.1; WOW64) AppleWebKit/537.36 (KHTML, like Gecko) Chrome/81.0.4044.113 YaBrowser/20.4.1.225 Yowser/2.5 Yptp/1.21 Safari/537.36"
jomarlogistica.com.br:80 192.42.116.178 - - [22/Sep/2025:23:10:48 -0300] "GET /2024/01/27/bolsa-de-trabajo-en-area-legal-encuentra-empleos-legales/ HTTP/1.1" 200 62631 "https://jomarlogistica.com.br/2024/01/27/bolsa-de-trabajo-en-area-legal-encuentra-empleos-legales" "Mozilla/5.0 (Windows NT 6.1; WOW64) AppleWebKit/537.36 (KHTML, like Gecko) Chrome/81.0.4044.113 YaBrowser/20.4.1.225 Yowser/2.5 Yptp/1.21 Safari/537.36"
jomarlogistica.com.br:80 185.220.101.152 - - [22/Sep/2025:23:10:53 -0300] "GET /2024/01/31/can-a-company-legally-dilute-my-shares-understanding-your-rights HTTP/1.1" 301 580 "https://jomarlogistica.com.br/2024/01/31/can-a-company-legally-dilute-my-shares-understanding-your-rights" "Mozilla/5.0 (Windows NT 6.1; WOW64) AppleWebKit/537.36 (KHTML, like Gecko) Chrome/81.0.4044.113 YaBrowser/20.4.1.225 Yowser/2.5 Yptp/1.21 Safari/537.36"
jomarlogistica.com.br:80 185.220.101.152 - - [22/Sep/2025:23:10:55 -0300] "GET /2024/01/31/can-a-company-legally-dilute-my-shares-understanding-your-rights/ HTTP/1.1" 200 60532 "https://jomarlogistica.com.br/2024/01/31/can-a-company-legally-dilute-my-shares-understanding-your-rights" "Mozilla/5.0 (Windows NT 6.1; WOW64) AppleWebKit/537.36 (KHTML, like Gecko) Chrome/81.0.4044.113 YaBrowser/20.4.1.225 Yowser/2.5 Yptp/1.21 Safari/537.36"
jomarlogistica.com.br:80 192.42.116.213 - - [22/Sep/2025:23:11:00 -0300] "GET /2024/02/05/anti-terrorism-laws-in-america-understanding-the-legal-framework HTTP/1.1" 301 580 "https://jomarlogistica.com.br/2024/02/05/anti-terrorism-laws-in-america-understanding-the-legal-framework" "Mozilla/5.0 (Windows NT 6.1; WOW64) AppleWebKit/537.36 (KHTML, like Gecko) Chrome/81.0.4044.113 YaBrowser/20.4.1.225 Yowser/2.5 Yptp/1.21 Safari/537.36"
jomarlogistica.com.br:80 192.42.116.213 - - [22/Sep/2025:23:11:01 -0300] "GET /2024/02/05/anti-terrorism-laws-in-america-understanding-the-legal-framework/ HTTP/1.1" 200 63552 "https://jomarlogistica.com.br/2024/02/05/anti-terrorism-laws-in-america-understanding-the-legal-framework" "Mozilla/5.0 (Windows NT 6.1; WOW64) AppleWebKit/537.36 (KHTML, like Gecko) Chrome/81.0.4044.113 YaBrowser/20.4.1.225 Yowser/2.5 Yptp/1.21 Safari/537.36"
jomarlogistica.com.br:80 192.42.116.213 - - [22/Sep/2025:23:11:07 -0300] "GET /2024/02/07/can-usps-serve-court-papers-legal-process-requirements-explained HTTP/1.1" 301 580 "https://jomarlogistica.com.br/2024/02/07/can-usps-serve-court-papers-legal-process-requirements-explained" "Mozilla/5.0 (Windows NT 6.1; WOW64) AppleWebKit/537.36 (KHTML, like Gecko) Chrome/81.0.4044.113 YaBrowser/20.4.1.225 Yowser/2.5 Yptp/1.21 Safari/537.36"
jomarlogistica.com.br:80 192.42.116.213 - - [22/Sep/2025:23:11:08 -0300] "GET /2024/02/07/can-usps-serve-court-papers-legal-process-requirements-explained/ HTTP/1.1" 200 60898 "https://jomarlogistica.com.br/2024/02/07/can-usps-serve-court-papers-legal-process-requirements-explained" "Mozilla/5.0 (Windows NT 6.1; WOW64) AppleWebKit/537.36 (KHTML, like Gecko) Chrome/81.0.4044.113 YaBrowser/20.4.1.225 Yowser/2.5 Yptp/1.21 Safari/537.36"
jomarlogistica.com.br:80 192.42.116.216 - - [22/Sep/2025:23:11:11 -0300] "GET /2024/02/17/understanding-bt-price-increase-in-contract-what-you-need-to-know HTTP/1.1" 301 581 "https://jomarlogistica.com.br/2024/02/17/understanding-bt-price-increase-in-contract-what-you-need-to-know" "Mozilla/5.0 (Windows NT 6.1; WOW64) AppleWebKit/537.36 (KHTML, like Gecko) Chrome/81.0.4044.113 YaBrowser/20.4.1.225 Yowser/2.5 Yptp/1.21 Safari/537.36"
jomarlogistica.com.br:80 192.42.116.216 - - [22/Sep/2025:23:11:11 -0300] "GET /2024/02/17/understanding-bt-price-increase-in-contract-what-you-need-to-know/ HTTP/1.1" 200 62418 "https://jomarlogistica.com.br/2024/02/17/understanding-bt-price-increase-in-contract-what-you-need-to-know" "Mozilla/5.0 (Windows NT 6.1; WOW64) AppleWebKit/537.36 (KHTML, like Gecko) Chrome/81.0.4044.113 YaBrowser/20.4.1.225 Yowser/2.5 Yptp/1.21 Safari/537.36"
jomarlogistica.com.br:80 192.42.116.216 - - [22/Sep/2025:23:11:15 -0300] "GET /2024/02/19/chk-restructuring-support-agreement-legal-assistance-and-guidance HTTP/1.1" 301 600 "https://jomarlogistica.com.br/2024/02/19/chk-restructuring-support-agreement-legal-assistance-and-guidance" "Mozilla/5.0 (Windows NT 6.1; WOW64) AppleWebKit/537.36 (KHTML, like Gecko) Chrome/81.0.4044.113 YaBrowser/20.4.1.225 Yowser/2.5 Yptp/1.21 Safari/537.36"
jomarlogistica.com.br:80 192.42.116.216 - - [22/Sep/2025:23:11:15 -0300] "GET /2024/02/19/chk-restructuring-support-agreement-legal-assistance-and-guidance/ HTTP/1.1" 200 61856 "https://jomarlogistica.com.br/2024/02/19/chk-restructuring-support-agreement-legal-assistance-and-guidance" "Mozilla/5.0 (Windows NT 6.1; WOW64) AppleWebKit/537.36 (KHTML, like Gecko) Chrome/81.0.4044.113 YaBrowser/20.4.1.225 Yowser/2.5 Yptp/1.21 Safari/537.36"
jomarlogistica.com.br:80 45.84.107.17 - - [22/Sep/2025:23:11:18 -0300] "GET /2024/02/22/ac-thor-injury-law-group-expert-legal-representation-for-personal-injury-cases HTTP/1.1" 301 594 "https://jomarlogistica.com.br/2024/02/22/ac-thor-injury-law-group-expert-legal-representation-for-personal-injury-cases" "Mozilla/5.0 (Windows NT 6.1; WOW64) AppleWebKit/537.36 (KHTML, like Gecko) Chrome/81.0.4044.113 YaBrowser/20.4.1.225 Yowser/2.5 Yptp/1.21 Safari/537.36"
jomarlogistica.com.br:80 45.84.107.17 - - [22/Sep/2025:23:11:19 -0300] "GET /2024/02/22/ac-thor-injury-law-group-expert-legal-representation-for-personal-injury-cases/ HTTP/1.1" 200 61181 "https://jomarlogistica.com.br/2024/02/22/ac-thor-injury-law-group-expert-legal-representation-for-personal-injury-cases" "Mozilla/5.0 (Windows NT 6.1; WOW64) AppleWebKit/537.36 (KHTML, like Gecko) Chrome/81.0.4044.113 YaBrowser/20.4.1.225 Yowser/2.5 Yptp/1.21 Safari/537.36"
jomarlogistica.com.br:80 45.84.107.17 - - [22/Sep/2025:23:11:22 -0300] "GET /2024/02/24/austin-temp-agencies-legal-hire-legal-staff-with-confidence HTTP/1.1" 301 575 "https://jomarlogistica.com.br/2024/02/24/austin-temp-agencies-legal-hire-legal-staff-with-confidence" "Mozilla/5.0 (Windows NT 6.1; WOW64) AppleWebKit/537.36 (KHTML, like Gecko) Chrome/81.0.4044.113 YaBrowser/20.4.1.225 Yowser/2.5 Yptp/1.21 Safari/537.36"
jomarlogistica.com.br:80 45.84.107.17 - - [22/Sep/2025:23:11:23 -0300] "GET /2024/02/24/austin-temp-agencies-legal-hire-legal-staff-with-confidence/ HTTP/1.1" 200 62803 "https://jomarlogistica.com.br/2024/02/24/austin-temp-agencies-legal-hire-legal-staff-with-confidence" "Mozilla/5.0 (Windows NT 6.1; WOW64) AppleWebKit/537.36 (KHTML, like Gecko) Chrome/81.0.4044.113 YaBrowser/20.4.1.225 Yowser/2.5 Yptp/1.21 Safari/537.36"
jomarlogistica.com.br:80 45.84.107.17 - - [22/Sep/2025:23:11:26 -0300] "GET /2024/02/29/law-order-organized-crime-s3e3-cast-meet-the-characters HTTP/1.1" 301 571 "https://jomarlogistica.com.br/2024/02/29/law-order-organized-crime-s3e3-cast-meet-the-characters" "Mozilla/5.0 (Windows NT 6.1; WOW64) AppleWebKit/537.36 (KHTML, like Gecko) Chrome/81.0.4044.113 YaBrowser/20.4.1.225 Yowser/2.5 Yptp/1.21 Safari/537.36"
jomarlogistica.com.br:80 45.84.107.17 - - [22/Sep/2025:23:11:27 -0300] "GET /2024/02/29/law-order-organized-crime-s3e3-cast-meet-the-characters/ HTTP/1.1" 200 33976 "https://jomarlogistica.com.br/2024/02/29/law-order-organized-crime-s3e3-cast-meet-the-characters" "Mozilla/5.0 (Windows NT 6.1; WOW64) AppleWebKit/537.36 (KHTML, like Gecko) Chrome/81.0.4044.113 YaBrowser/20.4.1.225 Yowser/2.5 Yptp/1.21 Safari/537.36"
jomarlogistica.com.br:80 192.42.116.196 - - [22/Sep/2025:23:11:30 -0300] "GET /2024/03/04/quitting-contract-jobs-in-india-legalities-of-terminating-contracts-early HTTP/1.1" 301 589 "https://jomarlogistica.com.br/2024/03/04/quitting-contract-jobs-in-india-legalities-of-terminating-contracts-early" "Mozilla/5.0 (Windows NT 6.1; WOW64) AppleWebKit/537.36 (KHTML, like Gecko) Chrome/81.0.4044.113 YaBrowser/20.4.1.225 Yowser/2.5 Yptp/1.21 Safari/537.36"
jomarlogistica.com.br:80 192.42.116.196 - - [22/Sep/2025:23:11:31 -0300] "GET /2024/03/04/quitting-contract-jobs-in-india-legalities-of-terminating-contracts-early/ HTTP/1.1" 200 62305 "https://jomarlogistica.com.br/2024/03/04/quitting-contract-jobs-in-india-legalities-of-terminating-contracts-early" "Mozilla/5.0 (Windows NT 6.1; WOW64) AppleWebKit/537.36 (KHTML, like Gecko) Chrome/81.0.4044.113 YaBrowser/20.4.1.225 Yowser/2.5 Yptp/1.21 Safari/537.36"
jomarlogistica.com.br:80 192.42.116.196 - - [22/Sep/2025:23:11:34 -0300] "GET /2024/03/06/economic-complementation-agreement-definition-understanding-its-impact HTTP/1.1" 301 605 "https://jomarlogistica.com.br/2024/03/06/economic-complementation-agreement-definition-understanding-its-impact" "Mozilla/5.0 (Windows NT 6.1; WOW64) AppleWebKit/537.36 (KHTML, like Gecko) Chrome/81.0.4044.113 YaBrowser/20.4.1.225 Yowser/2.5 Yptp/1.21 Safari/537.36"
jomarlogistica.com.br:80 192.42.116.196 - - [22/Sep/2025:23:11:35 -0300] "GET /2024/03/06/economic-complementation-agreement-definition-understanding-its-impact/ HTTP/1.1" 200 61890 "https://jomarlogistica.com.br/2024/03/06/economic-complementation-agreement-definition-understanding-its-impact" "Mozilla/5.0 (Windows NT 6.1; WOW64) AppleWebKit/537.36 (KHTML, like Gecko) Chrome/81.0.4044.113 YaBrowser/20.4.1.225 Yowser/2.5 Yptp/1.21 Safari/537.36"
jomarlogistica.com.br:80 192.42.116.179 - - [22/Sep/2025:23:11:38 -0300] "GET /2024/03/08/ccpa-non-disclosure-agreement-protect-your-data HTTP/1.1" 301 563 "https://jomarlogistica.com.br/2024/03/08/ccpa-non-disclosure-agreement-protect-your-data" "Mozilla/5.0 (Windows NT 6.1; WOW64) AppleWebKit/537.36 (KHTML, like Gecko) Chrome/81.0.4044.113 YaBrowser/20.4.1.225 Yowser/2.5 Yptp/1.21 Safari/537.36"
jomarlogistica.com.br:80 192.42.116.179 - - [22/Sep/2025:23:11:38 -0300] "GET /2024/03/08/ccpa-non-disclosure-agreement-protect-your-data/ HTTP/1.1" 200 61810 "https://jomarlogistica.com.br/2024/03/08/ccpa-non-disclosure-agreement-protect-your-data" "Mozilla/5.0 (Windows NT 6.1; WOW64) AppleWebKit/537.36 (KHTML, like Gecko) Chrome/81.0.4044.113 YaBrowser/20.4.1.225 Yowser/2.5 Yptp/1.21 Safari/537.36"
jomarlogistica.com.br:80 192.42.116.179 - - [22/Sep/2025:23:11:42 -0300] "GET /2024/03/09/are-50-caliber-guns-legal-in-canada-rules-and-regulations-explained HTTP/1.1" 301 583 "https://jomarlogistica.com.br/2024/03/09/are-50-caliber-guns-legal-in-canada-rules-and-regulations-explained" "Mozilla/5.0 (Windows NT 6.1; WOW64) AppleWebKit/537.36 (KHTML, like Gecko) Chrome/81.0.4044.113 YaBrowser/20.4.1.225 Yowser/2.5 Yptp/1.21 Safari/537.36"
jomarlogistica.com.br:80 192.42.116.179 - - [22/Sep/2025:23:11:43 -0300] "GET /2024/03/09/are-50-caliber-guns-legal-in-canada-rules-and-regulations-explained/ HTTP/1.1" 200 62476 "https://jomarlogistica.com.br/2024/03/09/are-50-caliber-guns-legal-in-canada-rules-and-regulations-explained" "Mozilla/5.0 (Windows NT 6.1; WOW64) AppleWebKit/537.36 (KHTML, like Gecko) Chrome/81.0.4044.113 YaBrowser/20.4.1.225 Yowser/2.5 Yptp/1.21 Safari/537.36"
jomarlogistica.com.br:80 192.42.116.179 - - [22/Sep/2025:23:11:47 -0300] "GET /2024/03/09/auburn-hills-legal-services-expert-legal-advice-representation HTTP/1.1" 301 578 "https://jomarlogistica.com.br/2024/03/09/auburn-hills-legal-services-expert-legal-advice-representation" "Mozilla/5.0 (Windows NT 6.1; WOW64) AppleWebKit/537.36 (KHTML, like Gecko) Chrome/81.0.4044.113 YaBrowser/20.4.1.225 Yowser/2.5 Yptp/1.21 Safari/537.36"
jomarlogistica.com.br:80 192.42.116.179 - - [22/Sep/2025:23:11:48 -0300] "GET /2024/03/09/auburn-hills-legal-services-expert-legal-advice-representation/ HTTP/1.1" 200 61840 "https://jomarlogistica.com.br/2024/03/09/auburn-hills-legal-services-expert-legal-advice-representation" "Mozilla/5.0 (Windows NT 6.1; WOW64) AppleWebKit/537.36 (KHTML, like Gecko) Chrome/81.0.4044.113 YaBrowser/20.4.1.225 Yowser/2.5 Yptp/1.21 Safari/537.36"
jomarlogistica.com.br:80 192.76.153.253 - - [22/Sep/2025:23:11:51 -0300] "GET /2024/03/09/boat-joint-ownership-agreement-contract-legal-guidelines-templates HTTP/1.1" 301 582 "https://jomarlogistica.com.br/2024/03/09/boat-joint-ownership-agreement-contract-legal-guidelines-templates" "Mozilla/5.0 (Windows NT 6.1; WOW64) AppleWebKit/537.36 (KHTML, like Gecko) Chrome/81.0.4044.113 YaBrowser/20.4.1.225 Yowser/2.5 Yptp/1.21 Safari/537.36"
jomarlogistica.com.br:80 192.76.153.253 - - [22/Sep/2025:23:11:52 -0300] "GET /2024/03/09/boat-joint-ownership-agreement-contract-legal-guidelines-templates/ HTTP/1.1" 200 64141 "https://jomarlogistica.com.br/2024/03/09/boat-joint-ownership-agreement-contract-legal-guidelines-templates" "Mozilla/5.0 (Windows NT 6.1; WOW64) AppleWebKit/537.36 (KHTML, like Gecko) Chrome/81.0.4044.113 YaBrowser/20.4.1.225 Yowser/2.5 Yptp/1.21 Safari/537.36"
jomarlogistica.com.br:80 192.76.153.253 - - [22/Sep/2025:23:11:57 -0300] "GET /comments/feed HTTP/1.1" 301 519 "https://jomarlogistica.com.br/comments/feed" "Mozilla/5.0 (Windows NT 6.1; WOW64) AppleWebKit/537.36 (KHTML, like Gecko) Chrome/81.0.4044.113 YaBrowser/20.4.1.225 Yowser/2.5 Yptp/1.21 Safari/537.36"
jomarlogistica.com.br:80 192.76.153.253 - - [22/Sep/2025:23:11:57 -0300] "GET /comments/feed/ HTTP/1.1" 200 1262 "https://jomarlogistica.com.br/comments/feed" "Mozilla/5.0 (Windows NT 6.1; WOW64) AppleWebKit/537.36 (KHTML, like Gecko) Chrome/81.0.4044.113 YaBrowser/20.4.1.225 Yowser/2.5 Yptp/1.21 Safari/537.36"
jomarlogistica.com.br:80 192.42.116.198 - - [22/Sep/2025:23:12:00 -0300] "GET /contato HTTP/1.1" 301 457 "https://jomarlogistica.com.br/contato" "Mozilla/5.0 (Windows NT 6.1; WOW64) AppleWebKit/537.36 (KHTML, like Gecko) Chrome/81.0.4044.113 YaBrowser/20.4.1.225 Yowser/2.5 Yptp/1.21 Safari/537.36"
jomarlogistica.com.br:80 192.42.116.198 - - [22/Sep/2025:23:12:01 -0300] "GET /contato/ HTTP/1.1" 200 80035 "https://jomarlogistica.com.br/contato" "Mozilla/5.0 (Windows NT 6.1; WOW64) AppleWebKit/537.36 (KHTML, like Gecko) Chrome/81.0.4044.113 YaBrowser/20.4.1.225 Yowser/2.5 Yptp/1.21 Safari/537.36"
jomarlogistica.com.br:80 172.20.1.117 - - [22/Sep/2025:23:12:05 -0300] "POST /wp-cron.php?doing_wp_cron=1758593525.4879539012908935546875 HTTP/1.1" 200 389 "https://jomarlogistica.com.br/wp-cron.php?doing_wp_cron=1758593525.4879539012908935546875" "WordPress/5.8.10; https://jomarlogistica.com.br"
jomarlogistica.com.br:80 192.42.116.198 - - [22/Sep/2025:23:12:05 -0300] "GET /feed HTTP/1.1" 301 529 "https://jomarlogistica.com.br/feed" "Mozilla/5.0 (Windows NT 6.1; WOW64) AppleWebKit/537.36 (KHTML, like Gecko) Chrome/81.0.4044.113 YaBrowser/20.4.1.225 Yowser/2.5 Yptp/1.21 Safari/537.36"
jomarlogistica.com.br:80 192.42.116.198 - - [22/Sep/2025:23:12:06 -0300] "GET /feed/ HTTP/1.1" 200 34014 "https://jomarlogistica.com.br/feed" "Mozilla/5.0 (Windows NT 6.1; WOW64) AppleWebKit/537.36 (KHTML, like Gecko) Chrome/81.0.4044.113 YaBrowser/20.4.1.225 Yowser/2.5 Yptp/1.21 Safari/537.36"
jomarlogistica.com.br:80 185.220.101.162 - - [22/Sep/2025:23:12:09 -0300] "GET /servicos HTTP/1.1" 301 458 "https://jomarlogistica.com.br/servicos" "Mozilla/5.0 (Windows NT 6.1; WOW64) AppleWebKit/537.36 (KHTML, like Gecko) Chrome/81.0.4044.113 YaBrowser/20.4.1.225 Yowser/2.5 Yptp/1.21 Safari/537.36"
jomarlogistica.com.br:80 185.220.101.162 - - [22/Sep/2025:23:12:10 -0300] "GET /servicos/ HTTP/1.1" 200 96799 "https://jomarlogistica.com.br/servicos" "Mozilla/5.0 (Windows NT 6.1; WOW64) AppleWebKit/537.36 (KHTML, like Gecko) Chrome/81.0.4044.113 YaBrowser/20.4.1.225 Yowser/2.5 Yptp/1.21 Safari/537.36"
jomarlogistica.com.br:80 172.20.1.117 - - [22/Sep/2025:23:12:13 -0300] "POST /wp-cron.php?doing_wp_cron=1758593533.8186008930206298828125 HTTP/1.1" 200 389 "https://jomarlogistica.com.br/wp-cron.php?doing_wp_cron=1758593533.8186008930206298828125" "WordPress/5.8.10; https://jomarlogistica.com.br"
jomarlogistica.com.br:80 171.25.193.39 - - [22/Sep/2025:23:12:13 -0300] "GET /sobre HTTP/1.1" 301 474 "https://jomarlogistica.com.br/sobre" "Mozilla/5.0 (Windows NT 6.1; WOW64) AppleWebKit/537.36 (KHTML, like Gecko) Chrome/81.0.4044.113 YaBrowser/20.4.1.225 Yowser/2.5 Yptp/1.21 Safari/537.36"
jomarlogistica.com.br:80 171.25.193.39 - - [22/Sep/2025:23:12:14 -0300] "GET /sobre/ HTTP/1.1" 200 76695 "https://jomarlogistica.com.br/sobre" "Mozilla/5.0 (Windows NT 6.1; WOW64) AppleWebKit/537.36 (KHTML, like Gecko) Chrome/81.0.4044.113 YaBrowser/20.4.1.225 Yowser/2.5 Yptp/1.21 Safari/537.36"
jomarlogistica.com.br:80 171.25.193.39 - - [22/Sep/2025:23:12:18 -0300] "GET /wp-json HTTP/1.1" 200 148641 "https://jomarlogistica.com.br/wp-json" "Mozilla/5.0 (Windows NT 6.1; WOW64) AppleWebKit/537.36 (KHTML, like Gecko) Chrome/81.0.4044.113 YaBrowser/20.4.1.225 Yowser/2.5 Yptp/1.21 Safari/537.36"
jomarlogistica.com.br:80 172.20.1.117 - - [22/Sep/2025:23:12:22 -0300] "POST /wp-cron.php?doing_wp_cron=1758593542.0833449363708496093750 HTTP/1.1" 200 389 "https://jomarlogistica.com.br/wp-cron.php?doing_wp_cron=1758593542.0833449363708496093750" "WordPress/5.8.10; https://jomarlogistica.com.br"
jomarlogistica.com.br:80 45.84.107.172 - - [22/Sep/2025:23:12:21 -0300] "GET /wp-json/oembed/1.0/embed?url=https%3A%2F%2Fjomarlogistica.com.br%2F HTTP/1.1" 200 2972 "https://jomarlogistica.com.br/wp-json/oembed/1.0/embed?url=https%3A%2F%2Fjomarlogistica.com.br%2F" "Mozilla/5.0 (Windows NT 6.1; WOW64) AppleWebKit/537.36 (KHTML, like Gecko) Chrome/81.0.4044.113 YaBrowser/20.4.1.225 Yowser/2.5 Yptp/1.21 Safari/537.36"
jomarlogistica.com.br:80 45.84.107.172 - - [22/Sep/2025:23:12:23 -0300] "GET /wp-json/oembed/1.0/embed?url=https%3A%2F%2Fjomarlogistica.com.br%2F&format=xml HTTP/1.1" 200 3054 "https://jomarlogistica.com.br/wp-json/oembed/1.0/embed?url=https%3A%2F%2Fjomarlogistica.com.br%2F&format=xml" "Mozilla/5.0 (Windows NT 6.1; WOW64) AppleWebKit/537.36 (KHTML, like Gecko) Chrome/81.0.4044.113 YaBrowser/20.4.1.225 Yowser/2.5 Yptp/1.21 Safari/537.36"
jomarlogistica.com.br:80 45.84.107.172 - - [22/Sep/2025:23:12:25 -0300] "GET /wp-json/wp/v2/pages/5147 HTTP/1.1" 200 67891 "https://jomarlogistica.com.br/wp-json/wp/v2/pages/5147" "Mozilla/5.0 (Windows NT 6.1; WOW64) AppleWebKit/537.36 (KHTML, like Gecko) Chrome/81.0.4044.113 YaBrowser/20.4.1.225 Yowser/2.5 Yptp/1.21 Safari/537.36"
jomarlogistica.com.br:80 45.84.107.172 - - [22/Sep/2025:23:12:28 -0300] "GET /xmlrpc.php?rsd HTTP/1.1" 403 2493 "https://jomarlogistica.com.br/xmlrpc.php?rsd" "Mozilla/5.0 (Windows NT 6.1; WOW64) AppleWebKit/537.36 (KHTML, like Gecko) Chrome/81.0.4044.113 YaBrowser/20.4.1.225 Yowser/2.5 Yptp/1.21 Safari/537.36"
jomarlogistica.com.br:80 127.0.0.1 - - [22/Sep/2025:23:12:32 -0300] "OPTIONS * HTTP/1.0" 200 110 "-" "Apache/2.4.65 (Ubuntu) (internal dummy connection)"
jomarlogistica.com.br:80 114.119.136.72 - - [22/Sep/2025:23:13:11 -0300] "GET /2023/10/15/a-few-board-reaching-tips/ HTTP/1.1" 200 17315 "https://jomarlogistica.com.br/author/jomar/page/2/" "Mozilla/5.0 (Linux; Android 7.0;) AppleWebKit/537.36 (KHTML, like Gecko) Mobile Safari/537.36 (compatible; PetalBot;+https://webmaster.petalsearch.com/site/petalbot)"
jomarlogistica.com.br:80 114.119.138.130 - - [22/Sep/2025:23:14:40 -0300] "GET /2023/06/19/marital-relationship-certificate-requirements/ HTTP/1.1" 200 17315 "https://jomarlogistica.com.br/2023/06/" "Mozilla/5.0 (Linux; Android 7.0;) AppleWebKit/537.36 (KHTML, like Gecko) Mobile Safari/537.36 (compatible; PetalBot;+https://webmaster.petalsearch.com/site/petalbot)"
jomarlogistica.com.br:80 177.116.184.250 - - [22/Sep/2025:23:17:01 -0300] "POST /autodiscover/autodiscover.xml HTTP/1.1" 404 448 "-" "AppleExchangeWebServices/833 accountsd/113"
jomarlogistica.com.br:80 172.20.1.117 - - [22/Sep/2025:23:30:57 -0300] "POST /wp-cron.php?doing_wp_cron=1758594657.7822799682617187500000 HTTP/1.1" 200 389 "https://jomarlogistica.com.br/wp-cron.php?doing_wp_cron=1758594657.7822799682617187500000" "WordPress/5.8.10; https://jomarlogistica.com.br"
jomarlogistica.com.br:80 205.169.39.1 - - [22/Sep/2025:23:30:57 -0300] "GET / HTTP/1.1" 200 23930 "-" "Mozilla/5.0 (Windows NT 10.0; Win64; x64) AppleWebKit/537.36 (KHTML, like Gecko) Chrome/117.0.5938.132 Safari/537.36"
jomarlogistica.com.br:80 205.169.39.1 - - [22/Sep/2025:23:31:00 -0300] "GET /wp-content/plugins/instagram-feed/css/sbi-styles.min.css?ver=2.9.7 HTTP/1.1" 200 3355 "https://jomarlogistica.com.br/" "Mozilla/5.0 (Windows NT 10.0; Win64; x64) AppleWebKit/537.36 (KHTML, like Gecko) Chrome/117.0.5938.132 Safari/537.36"
jomarlogistica.com.br:80 205.169.39.1 - - [22/Sep/2025:23:31:00 -0300] "GET /wp-content/plugins/redux-framework/redux-core/extendify-sdk/public/build/extendify-utilities.css?ver=13.4 HTTP/1.1" 200 6477 "https://jomarlogistica.com.br/" "Mozilla/5.0 (Windows NT 10.0; Win64; x64) AppleWebKit/537.36 (KHTML, like Gecko) Chrome/117.0.5938.132 Safari/537.36"
jomarlogistica.com.br:80 205.169.39.1 - - [22/Sep/2025:23:31:00 -0300] "GET /wp-includes/css/dist/block-library/style.min.css?ver=5.8.10 HTTP/1.1" 200 12027 "https://jomarlogistica.com.br/" "Mozilla/5.0 (Windows NT 10.0; Win64; x64) AppleWebKit/537.36 (KHTML, like Gecko) Chrome/117.0.5938.132 Safari/537.36"
jomarlogistica.com.br:80 205.169.39.1 - - [22/Sep/2025:23:31:00 -0300] "GET /wp-content/plugins/booked/assets/css/icons.css?ver=2.3.5 HTTP/1.1" 200 6985 "https://jomarlogistica.com.br/" "Mozilla/5.0 (Windows NT 10.0; Win64; x64) AppleWebKit/537.36 (KHTML, like Gecko) Chrome/117.0.5938.132 Safari/537.36"
jomarlogistica.com.br:80 205.169.39.1 - - [22/Sep/2025:23:31:00 -0300] "GET /wp-content/plugins/booked/assets/js/tooltipster/css/tooltipster.css?ver=3.3.0 HTTP/1.1" 200 2174 "https://jomarlogistica.com.br/" "Mozilla/5.0 (Windows NT 10.0; Win64; x64) AppleWebKit/537.36 (KHTML, like Gecko) Chrome/117.0.5938.132 Safari/537.36"
jomarlogistica.com.br:80 205.169.39.1 - - [22/Sep/2025:23:31:00 -0300] "GET /wp-content/plugins/booked/assets/js/tooltipster/css/themes/tooltipster-light.css?ver=3.3.0 HTTP/1.1" 200 596 "https://jomarlogistica.com.br/" "Mozilla/5.0 (Windows NT 10.0; Win64; x64) AppleWebKit/537.36 (KHTML, like Gecko) Chrome/117.0.5938.132 Safari/537.36"
jomarlogistica.com.br:80 205.169.39.1 - - [22/Sep/2025:23:31:00 -0300] "GET /wp-content/plugins/booked/assets/css/animations.css?ver=2.3.5 HTTP/1.1" 200 905 "https://jomarlogistica.com.br/" "Mozilla/5.0 (Windows NT 10.0; Win64; x64) AppleWebKit/537.36 (KHTML, like Gecko) Chrome/117.0.5938.132 Safari/537.36"
jomarlogistica.com.br:80 205.169.39.1 - - [22/Sep/2025:23:31:00 -0300] "GET /wp-content/plugins/case-theme-core/assets/css/main.css?ver=1.0.0 HTTP/1.1" 200 563 "https://jomarlogistica.com.br/" "Mozilla/5.0 (Windows NT 10.0; Win64; x64) AppleWebKit/537.36 (KHTML, like Gecko) Chrome/117.0.5938.132 Safari/537.36"
jomarlogistica.com.br:80 205.169.39.1 - - [22/Sep/2025:23:31:00 -0300] "GET /wp-content/plugins/booked/dist/booked.css?ver=2.3.5 HTTP/1.1" 200 9827 "https://jomarlogistica.com.br/" "Mozilla/5.0 (Windows NT 10.0; Win64; x64) AppleWebKit/537.36 (KHTML, like Gecko) Chrome/117.0.5938.132 Safari/537.36"
jomarlogistica.com.br:80 205.169.39.1 - - [22/Sep/2025:23:31:00 -0300] "GET /wp-content/plugins/case-theme-core/assets/css/lib/progressbar.min.css?ver=0.7.1 HTTP/1.1" 200 1103 "https://jomarlogistica.com.br/" "Mozilla/5.0 (Windows NT 10.0; Win64; x64) AppleWebKit/537.36 (KHTML, like Gecko) Chrome/117.0.5938.132 Safari/537.36"
jomarlogistica.com.br:80 205.169.39.1 - - [22/Sep/2025:23:31:00 -0300] "GET /wp-content/plugins/case-theme-core/assets/css/lib/owl.carousel.min.css?ver=2.2.1 HTTP/1.1" 200 1298 "https://jomarlogistica.com.br/" "Mozilla/5.0 (Windows NT 10.0; Win64; x64) AppleWebKit/537.36 (KHTML, like Gecko) Chrome/117.0.5938.132 Safari/537.36"
jomarlogistica.com.br:80 205.169.39.1 - - [22/Sep/2025:23:31:00 -0300] "GET /wp-content/plugins/case-theme-core/assets/plugin/font-awesome/css/font-awesome.min.css?ver=4.7.0 HTTP/1.1" 200 7624 "https://jomarlogistica.com.br/" "Mozilla/5.0 (Windows NT 10.0; Win64; x64) AppleWebKit/537.36 (KHTML, like Gecko) Chrome/117.0.5938.132 Safari/537.36"
jomarlogistica.com.br:80 205.169.39.1 - - [22/Sep/2025:23:31:00 -0300] "GET /wp-content/plugins/case-theme-user/acess/css/remodal.css?ver=5.8.10 HTTP/1.1" 200 1031 "https://jomarlogistica.com.br/" "Mozilla/5.0 (Windows NT 10.0; Win64; x64) AppleWebKit/537.36 (KHTML, like Gecko) Chrome/117.0.5938.132 Safari/537.36"
jomarlogistica.com.br:80 205.169.39.1 - - [22/Sep/2025:23:31:00 -0300] "GET /wp-content/plugins/case-theme-user/acess/css/remodal-default-theme.css?ver=5.8.10 HTTP/1.1" 200 1733 "https://jomarlogistica.com.br/" "Mozilla/5.0 (Windows NT 10.0; Win64; x64) AppleWebKit/537.36 (KHTML, like Gecko) Chrome/117.0.5938.132 Safari/537.36"
jomarlogistica.com.br:80 205.169.39.1 - - [22/Sep/2025:23:31:00 -0300] "GET /wp-content/plugins/contact-form-7-multi-step/assets/frontend/css/cf7mls.css?ver=2.5.4 HTTP/1.1" 200 2184 "https://jomarlogistica.com.br/" "Mozilla/5.0 (Windows NT 10.0; Win64; x64) AppleWebKit/537.36 (KHTML, like Gecko) Chrome/117.0.5938.132 Safari/537.36"
jomarlogistica.com.br:80 205.169.39.1 - - [22/Sep/2025:23:31:00 -0300] "GET /wp-content/plugins/contact-form-7-multi-step/assets/frontend/css/progress_bar.css?ver=2.5.4 HTTP/1.1" 200 5617 "https://jomarlogistica.com.br/" "Mozilla/5.0 (Windows NT 10.0; Win64; x64) AppleWebKit/537.36 (KHTML, like Gecko) Chrome/117.0.5938.132 Safari/537.36"
jomarlogistica.com.br:80 205.169.39.1 - - [22/Sep/2025:23:31:00 -0300] "GET /wp-content/plugins/contact-form-7-multi-step/assets/frontend/animate/animate.min.css?ver=2.5.4 HTTP/1.1" 200 5225 "https://jomarlogistica.com.br/" "Mozilla/5.0 (Windows NT 10.0; Win64; x64) AppleWebKit/537.36 (KHTML, like Gecko) Chrome/117.0.5938.132 Safari/537.36"
jomarlogistica.com.br:80 205.169.39.1 - - [22/Sep/2025:23:31:00 -0300] "GET /wp-content/plugins/contact-form-7/includes/css/styles.css?ver=5.5.3 HTTP/1.1" 200 1361 "https://jomarlogistica.com.br/" "Mozilla/5.0 (Windows NT 10.0; Win64; x64) AppleWebKit/537.36 (KHTML, like Gecko) Chrome/117.0.5938.132 Safari/537.36"
jomarlogistica.com.br:80 205.169.39.1 - - [22/Sep/2025:23:31:00 -0300] "GET /wp-content/themes/consultio/assets/css/bootstrap.min.css?ver=4.0.0 HTTP/1.1" 200 21402 "https://jomarlogistica.com.br/" "Mozilla/5.0 (Windows NT 10.0; Win64; x64) AppleWebKit/537.36 (KHTML, like Gecko) Chrome/117.0.5938.132 Safari/537.36"
jomarlogistica.com.br:80 205.169.39.1 - - [22/Sep/2025:23:31:00 -0300] "GET /wp-content/plugins/elementor/assets/lib/font-awesome/css/font-awesome.min.css?ver=4.7.0 HTTP/1.1" 200 7623 "https://jomarlogistica.com.br/" "Mozilla/5.0 (Windows NT 10.0; Win64; x64) AppleWebKit/537.36 (KHTML, like Gecko) Chrome/117.0.5938.132 Safari/537.36"
jomarlogistica.com.br:80 205.169.39.1 - - [22/Sep/2025:23:31:00 -0300] "GET /wp-content/themes/consultio/assets/css/font-awesome5.min.css?ver=5.8.0 HTTP/1.1" 200 17997 "https://jomarlogistica.com.br/" "Mozilla/5.0 (Windows NT 10.0; Win64; x64) AppleWebKit/537.36 (KHTML, like Gecko) Chrome/117.0.5938.132 Safari/537.36"
jomarlogistica.com.br:80 205.169.39.1 - - [22/Sep/2025:23:31:00 -0300] "GET /wp-content/themes/consultio/assets/css/flaticon.css?ver=2.8.0 HTTP/1.1" 200 1205 "https://jomarlogistica.com.br/" "Mozilla/5.0 (Windows NT 10.0; Win64; x64) AppleWebKit/537.36 (KHTML, like Gecko) Chrome/117.0.5938.132 Safari/537.36"
jomarlogistica.com.br:80 205.169.39.1 - - [22/Sep/2025:23:31:00 -0300] "GET /wp-content/themes/consultio/assets/css/flaticon-v2.css?ver=2.8.0 HTTP/1.1" 200 994 "https://jomarlogistica.com.br/" "Mozilla/5.0 (Windows NT 10.0; Win64; x64) AppleWebKit/537.36 (KHTML, like Gecko) Chrome/117.0.5938.132 Safari/537.36"
jomarlogistica.com.br:80 205.169.39.1 - - [22/Sep/2025:23:31:00 -0300] "GET /wp-content/themes/consultio/assets/css/flaticon-v3.css?ver=2.8.0 HTTP/1.1" 200 1156 "https://jomarlogistica.com.br/" "Mozilla/5.0 (Windows NT 10.0; Win64; x64) AppleWebKit/537.36 (KHTML, like Gecko) Chrome/117.0.5938.132 Safari/537.36"
jomarlogistica.com.br:80 205.169.39.1 - - [22/Sep/2025:23:31:00 -0300] "GET /wp-content/themes/consultio/assets/css/flaticon-v4.css?ver=2.8.0 HTTP/1.1" 200 795 "https://jomarlogistica.com.br/" "Mozilla/5.0 (Windows NT 10.0; Win64; x64) AppleWebKit/537.36 (KHTML, like Gecko) Chrome/117.0.5938.132 Safari/537.36"
jomarlogistica.com.br:80 205.169.39.1 - - [22/Sep/2025:23:31:00 -0300] "GET /wp-content/themes/consultio/assets/css/flaticon-v5.css?ver=2.8.0 HTTP/1.1" 200 1337 "https://jomarlogistica.com.br/" "Mozilla/5.0 (Windows NT 10.0; Win64; x64) AppleWebKit/537.36 (KHTML, like Gecko) Chrome/117.0.5938.132 Safari/537.36"
jomarlogistica.com.br:80 205.169.39.1 - - [22/Sep/2025:23:31:00 -0300] "GET /wp-content/themes/consultio/assets/css/flaticon-v6.css?ver=2.8.0 HTTP/1.1" 200 998 "https://jomarlogistica.com.br/" "Mozilla/5.0 (Windows NT 10.0; Win64; x64) AppleWebKit/537.36 (KHTML, like Gecko) Chrome/117.0.5938.132 Safari/537.36"
jomarlogistica.com.br:80 205.169.39.1 - - [22/Sep/2025:23:31:00 -0300] "GET /wp-content/themes/consultio/assets/css/flaticon-v7.css?ver=2.8.0 HTTP/1.1" 200 990 "https://jomarlogistica.com.br/" "Mozilla/5.0 (Windows NT 10.0; Win64; x64) AppleWebKit/537.36 (KHTML, like Gecko) Chrome/117.0.5938.132 Safari/537.36"
jomarlogistica.com.br:80 205.169.39.1 - - [22/Sep/2025:23:31:00 -0300] "GET /wp-content/themes/consultio/assets/css/material-design-iconic-font.min.css?ver=2.2.0 HTTP/1.1" 200 8981 "https://jomarlogistica.com.br/" "Mozilla/5.0 (Windows NT 10.0; Win64; x64) AppleWebKit/537.36 (KHTML, like Gecko) Chrome/117.0.5938.132 Safari/537.36"
jomarlogistica.com.br:80 205.169.39.1 - - [22/Sep/2025:23:31:00 -0300] "GET /wp-content/themes/consultio/assets/css/magnific-popup.css?ver=1.0.0 HTTP/1.1" 200 2198 "https://jomarlogistica.com.br/" "Mozilla/5.0 (Windows NT 10.0; Win64; x64) AppleWebKit/537.36 (KHTML, like Gecko) Chrome/117.0.5938.132 Safari/537.36"
jomarlogistica.com.br:80 205.169.39.1 - - [22/Sep/2025:23:31:00 -0300] "GET /wp-content/themes/consultio/assets/css/animate.css?ver=1.0.0 HTTP/1.1" 200 5563 "https://jomarlogistica.com.br/" "Mozilla/5.0 (Windows NT 10.0; Win64; x64) AppleWebKit/537.36 (KHTML, like Gecko) Chrome/117.0.5938.132 Safari/537.36"
jomarlogistica.com.br:80 205.169.39.1 - - [22/Sep/2025:23:31:00 -0300] "GET /wp-content/themes/consultio/assets/css/theme.css?ver=2.8.0 HTTP/1.1" 200 195072 "https://jomarlogistica.com.br/" "Mozilla/5.0 (Windows NT 10.0; Win64; x64) AppleWebKit/537.36 (KHTML, like Gecko) Chrome/117.0.5938.132 Safari/537.36"
jomarlogistica.com.br:80 205.169.39.1 - - [22/Sep/2025:23:31:00 -0300] "GET /wp-content/themes/consultio/style.css?ver=5.8.10 HTTP/1.1" 200 866 "https://jomarlogistica.com.br/" "Mozilla/5.0 (Windows NT 10.0; Win64; x64) AppleWebKit/537.36 (KHTML, like Gecko) Chrome/117.0.5938.132 Safari/537.36"
jomarlogistica.com.br:80 205.169.39.1 - - [22/Sep/2025:23:31:00 -0300] "GET /wp-content/plugins/meks-simple-flickr-widget/css/style.css?ver=1.2 HTTP/1.1" 200 577 "https://jomarlogistica.com.br/" "Mozilla/5.0 (Windows NT 10.0; Win64; x64) AppleWebKit/537.36 (KHTML, like Gecko) Chrome/117.0.5938.132 Safari/537.36"
jomarlogistica.com.br:80 205.169.39.1 - - [22/Sep/2025:23:31:00 -0300] "GET /wp-content/plugins/newsletter/style.css?ver=7.3.3 HTTP/1.1" 200 1636 "https://jomarlogistica.com.br/" "Mozilla/5.0 (Windows NT 10.0; Win64; x64) AppleWebKit/537.36 (KHTML, like Gecko) Chrome/117.0.5938.132 Safari/537.36"
jomarlogistica.com.br:80 205.169.39.1 - - [22/Sep/2025:23:31:00 -0300] "GET /wp-content/plugins/elementor/assets/lib/eicons/css/elementor-icons.min.css?ver=5.13.0 HTTP/1.1" 200 4378 "https://jomarlogistica.com.br/" "Mozilla/5.0 (Windows NT 10.0; Win64; x64) AppleWebKit/537.36 (KHTML, like Gecko) Chrome/117.0.5938.132 Safari/537.36"
jomarlogistica.com.br:80 205.169.39.1 - - [22/Sep/2025:23:31:00 -0300] "GET /wp-content/plugins/elementor/assets/css/frontend.min.css?ver=3.4.8 HTTP/1.1" 200 19721 "https://jomarlogistica.com.br/" "Mozilla/5.0 (Windows NT 10.0; Win64; x64) AppleWebKit/537.36 (KHTML, like Gecko) Chrome/117.0.5938.132 Safari/537.36"
jomarlogistica.com.br:80 205.169.39.1 - - [22/Sep/2025:23:31:00 -0300] "GET /wp-content/uploads/elementor/css/post-5765.css?ver=1638451937 HTTP/1.1" 200 707 "https://jomarlogistica.com.br/" "Mozilla/5.0 (Windows NT 10.0; Win64; x64) AppleWebKit/537.36 (KHTML, like Gecko) Chrome/117.0.5938.132 Safari/537.36"
jomarlogistica.com.br:80 205.169.39.1 - - [22/Sep/2025:23:31:00 -0300] "GET /wp-content/uploads/elementor/css/global.css?ver=1638452033 HTTP/1.1" 200 1265 "https://jomarlogistica.com.br/" "Mozilla/5.0 (Windows NT 10.0; Win64; x64) AppleWebKit/537.36 (KHTML, like Gecko) Chrome/117.0.5938.132 Safari/537.36"
jomarlogistica.com.br:80 205.169.39.1 - - [22/Sep/2025:23:31:00 -0300] "GET /wp-content/uploads/elementor/css/post-5147.css?ver=1692608776 HTTP/1.1" 200 2059 "https://jomarlogistica.com.br/" "Mozilla/5.0 (Windows NT 10.0; Win64; x64) AppleWebKit/537.36 (KHTML, like Gecko) Chrome/117.0.5938.132 Safari/537.36"
jomarlogistica.com.br:80 205.169.39.1 - - [22/Sep/2025:23:31:00 -0300] "GET /wp-content/plugins/elementor/assets/lib/font-awesome/css/fontawesome.min.css?ver=5.15.3 HTTP/1.1" 200 13797 "https://jomarlogistica.com.br/" "Mozilla/5.0 (Windows NT 10.0; Win64; x64) AppleWebKit/537.36 (KHTML, like Gecko) Chrome/117.0.5938.132 Safari/537.36"
jomarlogistica.com.br:80 205.169.39.1 - - [22/Sep/2025:23:31:00 -0300] "GET /wp-content/plugins/elementor/assets/lib/font-awesome/css/solid.min.css?ver=5.15.3 HTTP/1.1" 200 680 "https://jomarlogistica.com.br/" "Mozilla/5.0 (Windows NT 10.0; Win64; x64) AppleWebKit/537.36 (KHTML, like Gecko) Chrome/117.0.5938.132 Safari/537.36"
jomarlogistica.com.br:80 205.169.39.1 - - [22/Sep/2025:23:31:00 -0300] "GET /wp-includes/js/jquery/jquery.min.js?ver=3.6.0 HTTP/1.1" 200 32444 "https://jomarlogistica.com.br/" "Mozilla/5.0 (Windows NT 10.0; Win64; x64) AppleWebKit/537.36 (KHTML, like Gecko) Chrome/117.0.5938.132 Safari/537.36"
jomarlogistica.com.br:80 205.169.39.1 - - [22/Sep/2025:23:31:00 -0300] "GET /wp-includes/js/jquery/jquery-migrate.min.js?ver=3.3.2 HTTP/1.1" 200 4613 "https://jomarlogistica.com.br/" "Mozilla/5.0 (Windows NT 10.0; Win64; x64) AppleWebKit/537.36 (KHTML, like Gecko) Chrome/117.0.5938.132 Safari/537.36"
jomarlogistica.com.br:80 205.169.39.1 - - [22/Sep/2025:23:31:00 -0300] "GET /wp-content/plugins/case-theme-core/assets/js/main.js?ver=1.0.0 HTTP/1.1" 200 570 "https://jomarlogistica.com.br/" "Mozilla/5.0 (Windows NT 10.0; Win64; x64) AppleWebKit/537.36 (KHTML, like Gecko) Chrome/117.0.5938.132 Safari/537.36"
jomarlogistica.com.br:80 205.169.39.1 - - [22/Sep/2025:23:31:00 -0300] "GET /wp-content/themes/consultio/elementor/js/ct-inline-css.js?ver=2.8.0 HTTP/1.1" 200 864 "https://jomarlogistica.com.br/" "Mozilla/5.0 (Windows NT 10.0; Win64; x64) AppleWebKit/537.36 (KHTML, like Gecko) Chrome/117.0.5938.132 Safari/537.36"
jomarlogistica.com.br:80 205.169.39.1 - - [22/Sep/2025:23:31:00 -0300] "GET /wp-content/uploads/2021/12/logo.png HTTP/1.1" 200 32663 "https://jomarlogistica.com.br/" "Mozilla/5.0 (Windows NT 10.0; Win64; x64) AppleWebKit/537.36 (KHTML, like Gecko) Chrome/117.0.5938.132 Safari/537.36"
jomarlogistica.com.br:80 205.169.39.1 - - [22/Sep/2025:23:31:01 -0300] "GET /wp-content/uploads/elementor/css/post-20.css?ver=1692608754 HTTP/1.1" 200 1249 "https://jomarlogistica.com.br/" "Mozilla/5.0 (Windows NT 10.0; Win64; x64) AppleWebKit/537.36 (KHTML, like Gecko) Chrome/117.0.5938.132 Safari/537.36"
jomarlogistica.com.br:80 205.169.39.1 - - [22/Sep/2025:23:31:01 -0300] "GET /wp-content/plugins/elementor/assets/lib/animations/animations.min.css?ver=3.4.8 HTTP/1.1" 200 3089 "https://jomarlogistica.com.br/" "Mozilla/5.0 (Windows NT 10.0; Win64; x64) AppleWebKit/537.36 (KHTML, like Gecko) Chrome/117.0.5938.132 Safari/537.36"
jomarlogistica.com.br:80 205.169.39.1 - - [22/Sep/2025:23:31:01 -0300] "GET /wp-content/plugins/elementor/assets/lib/font-awesome/css/brands.min.css?ver=5.15.3 HTTP/1.1" 200 679 "https://jomarlogistica.com.br/" "Mozilla/5.0 (Windows NT 10.0; Win64; x64) AppleWebKit/537.36 (KHTML, like Gecko) Chrome/117.0.5938.132 Safari/537.36"
jomarlogistica.com.br:80 205.169.39.1 - - [22/Sep/2025:23:31:01 -0300] "GET /wp-content/plugins/revslider/public/assets/css/rs6.css?ver=6.5.11 HTTP/1.1" 200 13321 "https://jomarlogistica.com.br/" "Mozilla/5.0 (Windows NT 10.0; Win64; x64) AppleWebKit/537.36 (KHTML, like Gecko) Chrome/117.0.5938.132 Safari/537.36"
