jomarlogistica.com.br:80 172.20.1.117 - - [22/Sep/2025:07:42:59 -0300] "POST /wp-cron.php?doing_wp_cron=1758537779.2953300476074218750000 HTTP/1.1" 200 389 "https://jomarlogistica.com.br/wp-cron.php?doing_wp_cron=1758537779.2953300476074218750000" "WordPress/5.8.10; https://jomarlogistica.com.br"
jomarlogistica.com.br:80 185.191.171.5 - - [22/Sep/2025:07:42:58 -0300] "GET /robots.txt HTTP/1.1" 200 584 "-" "Mozilla/5.0 (compatible; SemrushBot/7~bl; +http://www.semrush.com/bot.html)"
jomarlogistica.com.br:80 185.191.171.18 - - [22/Sep/2025:07:43:00 -0300] "GET /2022/10/17/what-exactly-mutually-beneficial-arrangement/ HTTP/1.1" 200 18176 "-" "Mozilla/5.0 (compatible; SemrushBot/7~bl; +http://www.semrush.com/bot.html)"
jomarlogistica.com.br:80 127.0.0.1 - - [22/Sep/2025:07:43:05 -0300] "OPTIONS * HTTP/1.0" 200 110 "-" "Apache/2.4.65 (Ubuntu) (internal dummy connection)"
jomarlogistica.com.br:80 3.217.82.254 - - [22/Sep/2025:07:46:07 -0300] "GET /2022/04/11/legal-and-business-studies-expert-courses-training/ HTTP/1.1" 200 14319 "-" "Mozilla/5.0 AppleWebKit/537.36 (KHTML, like Gecko; compatible; Amazonbot/0.1; +https://developer.amazon.com/support/amazonbot) Chrome/119.0.6045.214 Safari/537.36"
jomarlogistica.com.br:80 98.82.39.241 - - [22/Sep/2025:07:46:10 -0300] "GET /2022/04/14/understanding-assumption-of-the-risk-agreements-legal-implications/ HTTP/1.1" 200 14585 "-" "Mozilla/5.0 AppleWebKit/537.36 (KHTML, like Gecko; compatible; Amazonbot/0.1; +https://developer.amazon.com/support/amazonbot) Chrome/119.0.6045.214 Safari/537.36"
jomarlogistica.com.br:80 44.209.89.189 - - [22/Sep/2025:07:46:14 -0300] "GET /2022/05/06/buying-property-contractor-essential-tips-for-legal-real-estate-transactions/ HTTP/1.1" 200 14493 "-" "Mozilla/5.0 AppleWebKit/537.36 (KHTML, like Gecko; compatible; Amazonbot/0.1; +https://developer.amazon.com/support/amazonbot) Chrome/119.0.6045.214 Safari/537.36"
jomarlogistica.com.br:80 44.207.252.58 - - [22/Sep/2025:07:46:18 -0300] "GET /2022/07/05/certifying-documents-for-family-members-legal-guidelines/ HTTP/1.1" 200 13909 "-" "Mozilla/5.0 AppleWebKit/537.36 (KHTML, like Gecko; compatible; Amazonbot/0.1; +https://developer.amazon.com/support/amazonbot) Chrome/119.0.6045.214 Safari/537.36"
jomarlogistica.com.br:80 44.212.232.231 - - [22/Sep/2025:07:46:22 -0300] "GET /contato/ HTTP/1.1" 200 16375 "-" "Mozilla/5.0 AppleWebKit/537.36 (KHTML, like Gecko; compatible; Amazonbot/0.1; +https://developer.amazon.com/support/amazonbot) Chrome/119.0.6045.214 Safari/537.36"
jomarlogistica.com.br:80 172.20.1.117 - - [22/Sep/2025:07:49:09 -0300] "POST /wp-cron.php?doing_wp_cron=1758538149.8862459659576416015625 HTTP/1.1" 200 389 "https://jomarlogistica.com.br/wp-cron.php?doing_wp_cron=1758538149.8862459659576416015625" "WordPress/5.8.10; https://jomarlogistica.com.br"
jomarlogistica.com.br:80 114.119.138.130 - - [22/Sep/2025:07:49:09 -0300] "GET /category/jomar/page/24/ HTTP/1.1" 200 19034 "https://jomarlogistica.com.br/category/jomar/page/23/" "Mozilla/5.0 (Linux; Android 7.0;) AppleWebKit/537.36 (KHTML, like Gecko) Mobile Safari/537.36 (compatible; PetalBot;+https://webmaster.petalsearch.com/site/petalbot)"
jomarlogistica.com.br:80 127.0.0.1 - - [22/Sep/2025:07:49:15 -0300] "OPTIONS * HTTP/1.0" 200 110 "-" "Apache/2.4.65 (Ubuntu) (internal dummy connection)"
jomarlogistica.com.br:80 114.119.159.76 - - [22/Sep/2025:07:52:00 -0300] "GET /2023/05/page/4/ HTTP/1.1" 200 18899 "https://jomarlogistica.com.br/2023/05/page/4/" "Mozilla/5.0 (Linux; Android 7.0;) AppleWebKit/537.36 (KHTML, like Gecko) Mobile Safari/537.36 (compatible; PetalBot;+https://webmaster.petalsearch.com/site/petalbot)"
jomarlogistica.com.br:80 172.20.1.117 - - [22/Sep/2025:07:53:13 -0300] "POST /wp-cron.php?doing_wp_cron=1758538393.8713309764862060546875 HTTP/1.1" 200 389 "https://jomarlogistica.com.br/wp-cron.php?doing_wp_cron=1758538393.8713309764862060546875" "WordPress/5.8.10; https://jomarlogistica.com.br"
jomarlogistica.com.br:80 114.119.128.158 - - [22/Sep/2025:07:53:13 -0300] "GET /2023/05/19/flirting-through-flattery-and-elegance/ HTTP/1.1" 200 17606 "https://jomarlogistica.com.br/2023/05/20/avast-secureline-vpn-license-key/" "Mozilla/5.0 (Linux; Android 7.0;) AppleWebKit/537.36 (KHTML, like Gecko) Mobile Safari/537.36 (compatible; PetalBot;+https://webmaster.petalsearch.com/site/petalbot)"
jomarlogistica.com.br:80 127.0.0.1 - - [22/Sep/2025:07:53:19 -0300] "OPTIONS * HTTP/1.0" 200 110 "-" "Apache/2.4.65 (Ubuntu) (internal dummy connection)"
jomarlogistica.com.br:80 114.119.138.130 - - [22/Sep/2025:07:54:42 -0300] "GET /2023/05/08/how-to-evaluate-a-data-bedroom-experience/ HTTP/1.1" 200 17300 "https://jomarlogistica.com.br/author/jomar/page/27/" "Mozilla/5.0 (Linux; Android 7.0;) AppleWebKit/537.36 (KHTML, like Gecko) Mobile Safari/537.36 (compatible; PetalBot;+https://webmaster.petalsearch.com/site/petalbot)"
jomarlogistica.com.br:80 177.116.184.250 - - [22/Sep/2025:07:54:55 -0300] "POST /autodiscover/autodiscover.xml HTTP/1.1" 404 448 "-" "AppleExchangeWebServices/833 accountsd/113"
jomarlogistica.com.br:80 185.191.171.14 - - [22/Sep/2025:07:55:42 -0300] "GET /2022/12/08/africa-girl-stereotypes/ HTTP/1.1" 200 18156 "-" "Mozilla/5.0 (compatible; SemrushBot/7~bl; +http://www.semrush.com/bot.html)"
jomarlogistica.com.br:80 114.119.138.130 - - [22/Sep/2025:07:56:06 -0300] "GET /2023/04/27/exactly-what-the-best-online-dating-sites/ HTTP/1.1" 200 17410 "https://jomarlogistica.com.br/category/jomar/page/30/" "Mozilla/5.0 (Linux; Android 7.0;) AppleWebKit/537.36 (KHTML, like Gecko) Mobile Safari/537.36 (compatible; PetalBot;+https://webmaster.petalsearch.com/site/petalbot)"
jomarlogistica.com.br:80 172.20.1.117 - - [22/Sep/2025:08:06:38 -0300] "POST /wp-cron.php?doing_wp_cron=1758539198.1554059982299804687500 HTTP/1.1" 200 389 "https://jomarlogistica.com.br/wp-cron.php?doing_wp_cron=1758539198.1554059982299804687500" "WordPress/5.8.10; https://jomarlogistica.com.br"
jomarlogistica.com.br:80 114.119.158.0 - - [22/Sep/2025:08:06:37 -0300] "GET /2022/12/19/how-to-show-a-woman-that-you-appreciate-her/ HTTP/1.1" 200 17857 "https://jomarlogistica.com.br/2022/12/18/primary-date-etiquette-rules/" "Mozilla/5.0 (Linux; Android 7.0;) AppleWebKit/537.36 (KHTML, like Gecko) Mobile Safari/537.36 (compatible; PetalBot;+https://webmaster.petalsearch.com/site/petalbot)"
jomarlogistica.com.br:80 127.0.0.1 - - [22/Sep/2025:08:06:44 -0300] "OPTIONS * HTTP/1.0" 200 110 "-" "Apache/2.4.65 (Ubuntu) (internal dummy connection)"
jomarlogistica.com.br:80 172.20.1.117 - - [22/Sep/2025:08:18:36 -0300] "POST /wp-cron.php?doing_wp_cron=1758539916.3867490291595458984375 HTTP/1.1" 200 389 "https://jomarlogistica.com.br/wp-cron.php?doing_wp_cron=1758539916.3867490291595458984375" "WordPress/5.8.10; https://jomarlogistica.com.br"
jomarlogistica.com.br:80 143.198.208.127 - - [22/Sep/2025:08:18:35 -0300] "POST /wp-login.php HTTP/1.1" 200 3148 "https://jomarlogistica.com.br/wp-admin/" "Mozilla/5.0 (Windows NT 10.0; Win64; x64) AppleWebKit/537.36 (KHTML, like Gecko) Chrome/90.0.4430.85 Safari/537.36"
jomarlogistica.com.br:80 143.198.208.127 - - [22/Sep/2025:08:18:37 -0300] "GET /wp-admin/ HTTP/1.1" 302 463 "https://www.google.com" "Mozilla/5.0 (Windows NT 10.0; Win64; x64) AppleWebKit/537.36 (KHTML, like Gecko) Chrome/90.0.4430.85 Safari/537.36"
jomarlogistica.com.br:80 143.198.208.127 - - [22/Sep/2025:08:18:37 -0300] "GET /wp-login.php?redirect_to=https%3A%2F%2Fjomarlogistica.com.br%2Fwp-admin%2F&reauth=1 HTTP/1.1" 200 4995 "https://www.google.com" "Mozilla/5.0 (Windows NT 10.0; Win64; x64) AppleWebKit/537.36 (KHTML, like Gecko) Chrome/90.0.4430.85 Safari/537.36"
jomarlogistica.com.br:80 127.0.0.1 - - [22/Sep/2025:08:18:42 -0300] "OPTIONS * HTTP/1.0" 200 110 "-" "Apache/2.4.65 (Ubuntu) (internal dummy connection)"
jomarlogistica.com.br:80 172.20.1.117 - - [22/Sep/2025:08:24:21 -0300] "POST /wp-cron.php?doing_wp_cron=1758540261.2872619628906250000000 HTTP/1.1" 200 389 "https://jomarlogistica.com.br/wp-cron.php?doing_wp_cron=1758540261.2872619628906250000000" "WordPress/5.8.10; https://jomarlogistica.com.br"
jomarlogistica.com.br:80 114.119.158.0 - - [22/Sep/2025:08:24:20 -0300] "GET /2024/01/03/in-accordance-legal-synonym-for-in-agreement-with/ HTTP/1.1" 200 14017 "https://jomarlogistica.com.br/2023/12/30/are-signed-mediation-agreements-binding-expert-legal-insight/" "Mozilla/5.0 (Linux; Android 7.0;) AppleWebKit/537.36 (KHTML, like Gecko) Mobile Safari/537.36 (compatible; PetalBot;+https://webmaster.petalsearch.com/site/petalbot)"
jomarlogistica.com.br:80 127.0.0.1 - - [22/Sep/2025:08:24:26 -0300] "OPTIONS * HTTP/1.0" 200 110 "-" "Apache/2.4.65 (Ubuntu) (internal dummy connection)"
jomarlogistica.com.br:80 114.119.138.207 - - [22/Sep/2025:08:25:42 -0300] "GET /2023/05/05/intimate-things-to-do-in-suriname/ HTTP/1.1" 200 17602 "https://jomarlogistica.com.br/2023/05/page/8/" "Mozilla/5.0 (Linux; Android 7.0;) AppleWebKit/537.36 (KHTML, like Gecko) Mobile Safari/537.36 (compatible; PetalBot;+https://webmaster.petalsearch.com/site/petalbot)"
jomarlogistica.com.br:80 172.20.1.117 - - [22/Sep/2025:08:27:35 -0300] "POST /wp-cron.php?doing_wp_cron=1758540455.1344139575958251953125 HTTP/1.1" 200 389 "https://jomarlogistica.com.br/wp-cron.php?doing_wp_cron=1758540455.1344139575958251953125" "WordPress/5.8.10; https://jomarlogistica.com.br"
jomarlogistica.com.br:80 114.119.138.130 - - [22/Sep/2025:08:27:34 -0300] "GET /2023/03/31/bonus-agreement-language-best-practices-and-templates/ HTTP/1.1" 200 14785 "https://jomarlogistica.com.br/2023/03/29/agreement-generator-create-legal-agreements-instantly/" "Mozilla/5.0 (Linux; Android 7.0;) AppleWebKit/537.36 (KHTML, like Gecko) Mobile Safari/537.36 (compatible; PetalBot;+https://webmaster.petalsearch.com/site/petalbot)"
jomarlogistica.com.br:80 127.0.0.1 - - [22/Sep/2025:08:27:40 -0300] "OPTIONS * HTTP/1.0" 200 110 "-" "Apache/2.4.65 (Ubuntu) (internal dummy connection)"
jomarlogistica.com.br:80 114.119.159.76 - - [22/Sep/2025:08:28:37 -0300] "GET /2023/02/04/can-simplisafe-be-used-for-business-legal-considerations-explained/ HTTP/1.1" 200 14361 "https://jomarlogistica.com.br/2023/02/03/agarbatti-making-with-buyback-agreement-legal-company-services/" "Mozilla/5.0 (Linux; Android 7.0;) AppleWebKit/537.36 (KHTML, like Gecko) Mobile Safari/537.36 (compatible; PetalBot;+https://webmaster.petalsearch.com/site/petalbot)"
jomarlogistica.com.br:80 114.119.138.130 - - [22/Sep/2025:08:30:03 -0300] "GET /2022/09/21/various-kinds-of-romantic-relationship/ HTTP/1.1" 200 18557 "https://jomarlogistica.com.br/2022/page/14/" "Mozilla/5.0 (Linux; Android 7.0;) AppleWebKit/537.36 (KHTML, like Gecko) Mobile Safari/537.36 (compatible; PetalBot;+https://webmaster.petalsearch.com/site/petalbot)"
jomarlogistica.com.br:80 85.208.96.204 - - [22/Sep/2025:08:30:15 -0300] "GET /2023/07/01/superior-detailing/ HTTP/1.1" 200 16649 "-" "Mozilla/5.0 (compatible; SemrushBot/7~bl; +http://www.semrush.com/bot.html)"
jomarlogistica.com.br:80 114.119.128.158 - - [22/Sep/2025:08:31:29 -0300] "GET / HTTP/1.1" 200 23929 "https://jomarlogistica.com.br/2023/02/21/marriage-tradition-in-korea/" "Mozilla/5.0 (Linux; Android 7.0;) AppleWebKit/537.36 (KHTML, like Gecko) Mobile Safari/537.36 (compatible; PetalBot;+https://webmaster.petalsearch.com/site/petalbot)"
jomarlogistica.com.br:80 172.20.1.117 - - [22/Sep/2025:08:37:52 -0300] "POST /wp-cron.php?doing_wp_cron=1758541072.8826329708099365234375 HTTP/1.1" 200 389 "https://jomarlogistica.com.br/wp-cron.php?doing_wp_cron=1758541072.8826329708099365234375" "WordPress/5.8.10; https://jomarlogistica.com.br"
jomarlogistica.com.br:80 4.217.187.127 - - [22/Sep/2025:08:37:52 -0300] "GET /wp-content/plugins/hellopress/wp_filemanager.php HTTP/1.1" 404 448 "-" "-"
jomarlogistica.com.br:80 4.217.187.127 - - [22/Sep/2025:08:37:53 -0300] "GET /error.php HTTP/1.1" 404 390 "-" "-"
jomarlogistica.com.br:80 4.217.187.127 - - [22/Sep/2025:08:37:54 -0300] "GET /gfile.php HTTP/1.1" 404 390 "-" "-"
jomarlogistica.com.br:80 4.217.187.127 - - [22/Sep/2025:08:37:55 -0300] "GET /file6.php HTTP/1.1" 404 390 "-" "-"
jomarlogistica.com.br:80 4.217.187.127 - - [22/Sep/2025:08:37:56 -0300] "GET /eauu.php HTTP/1.1" 404 409 "-" "-"
jomarlogistica.com.br:80 4.217.187.127 - - [22/Sep/2025:08:37:57 -0300] "GET /we.php HTTP/1.1" 404 390 "-" "-"
jomarlogistica.com.br:80 4.217.187.127 - - [22/Sep/2025:08:37:58 -0300] "GET /fe5.php HTTP/1.1" 404 390 "-" "-"
jomarlogistica.com.br:80 4.217.187.127 - - [22/Sep/2025:08:37:59 -0300] "GET /cccc.php HTTP/1.1" 404 390 "-" "-"
jomarlogistica.com.br:80 4.217.187.127 - - [22/Sep/2025:08:38:00 -0300] "GET /gmo.php HTTP/1.1" 404 390 "-" "-"
jomarlogistica.com.br:80 4.217.187.127 - - [22/Sep/2025:08:38:01 -0300] "GET /hk.php HTTP/1.1" 404 409 "-" "-"
jomarlogistica.com.br:80 127.0.0.1 - - [22/Sep/2025:08:38:01 -0300] "OPTIONS * HTTP/1.0" 200 110 "-" "Apache/2.4.65 (Ubuntu) (internal dummy connection)"
jomarlogistica.com.br:80 4.217.187.127 - - [22/Sep/2025:08:38:02 -0300] "GET /cjfuns.php HTTP/1.1" 404 390 "-" "-"
jomarlogistica.com.br:80 4.217.187.127 - - [22/Sep/2025:08:38:03 -0300] "GET /aa21.php HTTP/1.1" 404 390 "-" "-"
jomarlogistica.com.br:80 4.217.187.127 - - [22/Sep/2025:08:38:04 -0300] "GET /akk.php HTTP/1.1" 404 390 "-" "-"
jomarlogistica.com.br:80 4.217.187.127 - - [22/Sep/2025:08:38:05 -0300] "GET /alpa.php HTTP/1.1" 404 390 "-" "-"
jomarlogistica.com.br:80 4.217.187.127 - - [22/Sep/2025:08:38:06 -0300] "GET /file21.php HTTP/1.1" 404 409 "-" "-"
jomarlogistica.com.br:80 4.217.187.127 - - [22/Sep/2025:08:38:07 -0300] "GET /rrr.php HTTP/1.1" 404 390 "-" "-"
jomarlogistica.com.br:80 4.217.187.127 - - [22/Sep/2025:08:38:07 -0300] "GET /cabs.php HTTP/1.1" 404 390 "-" "-"
jomarlogistica.com.br:80 4.217.187.127 - - [22/Sep/2025:08:38:08 -0300] "GET /vee.php HTTP/1.1" 404 390 "-" "-"
jomarlogistica.com.br:80 4.217.187.127 - - [22/Sep/2025:08:38:09 -0300] "GET /ff2.php HTTP/1.1" 404 390 "-" "-"
jomarlogistica.com.br:80 4.217.187.127 - - [22/Sep/2025:08:38:10 -0300] "GET /2clas.php HTTP/1.1" 404 409 "-" "-"
jomarlogistica.com.br:80 4.217.187.127 - - [22/Sep/2025:08:38:11 -0300] "GET /bp.php HTTP/1.1" 404 390 "-" "-"
jomarlogistica.com.br:80 4.217.187.127 - - [22/Sep/2025:08:38:12 -0300] "GET /tox.php HTTP/1.1" 404 390 "-" "-"
jomarlogistica.com.br:80 4.217.187.127 - - [22/Sep/2025:08:38:13 -0300] "GET /0x0x.php HTTP/1.1" 404 390 "-" "-"
jomarlogistica.com.br:80 4.217.187.127 - - [22/Sep/2025:08:38:14 -0300] "GET /file15.php HTTP/1.1" 404 390 "-" "-"
jomarlogistica.com.br:80 4.217.187.127 - - [22/Sep/2025:08:38:15 -0300] "GET /333.php HTTP/1.1" 404 409 "-" "-"
jomarlogistica.com.br:80 4.217.187.127 - - [22/Sep/2025:08:38:16 -0300] "GET /file.php HTTP/1.1" 404 390 "-" "-"
jomarlogistica.com.br:80 4.217.187.127 - - [22/Sep/2025:08:38:17 -0300] "GET /file1.php HTTP/1.1" 404 390 "-" "-"
jomarlogistica.com.br:80 4.217.187.127 - - [22/Sep/2025:08:38:18 -0300] "GET /file2.php HTTP/1.1" 404 390 "-" "-"
jomarlogistica.com.br:80 4.217.187.127 - - [22/Sep/2025:08:38:19 -0300] "GET /file5.php HTTP/1.1" 404 390 "-" "-"
jomarlogistica.com.br:80 4.217.187.127 - - [22/Sep/2025:08:38:20 -0300] "GET /file17.php HTTP/1.1" 404 409 "-" "-"
jomarlogistica.com.br:80 4.217.187.127 - - [22/Sep/2025:08:38:21 -0300] "GET /file32.php HTTP/1.1" 404 390 "-" "-"
jomarlogistica.com.br:80 4.217.187.127 - - [22/Sep/2025:08:38:22 -0300] "GET /filesss.php HTTP/1.1" 404 390 "-" "-"
jomarlogistica.com.br:80 4.217.187.127 - - [22/Sep/2025:08:38:23 -0300] "GET /file9.php HTTP/1.1" 404 390 "-" "-"
jomarlogistica.com.br:80 4.217.187.127 - - [22/Sep/2025:08:38:24 -0300] "GET /file13.php HTTP/1.1" 404 390 "-" "-"
jomarlogistica.com.br:80 4.217.187.127 - - [22/Sep/2025:08:38:25 -0300] "GET /file3.php HTTP/1.1" 404 409 "-" "-"
jomarlogistica.com.br:80 4.217.187.127 - - [22/Sep/2025:08:38:26 -0300] "GET /atomlib.php HTTP/1.1" 404 390 "-" "-"
jomarlogistica.com.br:80 4.217.187.127 - - [22/Sep/2025:08:38:27 -0300] "GET /520.php HTTP/1.1" 404 390 "-" "-"
jomarlogistica.com.br:80 4.217.187.127 - - [22/Sep/2025:08:38:28 -0300] "GET /031.php HTTP/1.1" 404 390 "-" "-"
jomarlogistica.com.br:80 4.217.187.127 - - [22/Sep/2025:08:38:29 -0300] "GET /lock360.php HTTP/1.1" 404 390 "-" "-"
jomarlogistica.com.br:80 4.217.187.127 - - [22/Sep/2025:08:38:30 -0300] "GET /jmfi2.php HTTP/1.1" 404 409 "-" "-"
jomarlogistica.com.br:80 4.217.187.127 - - [22/Sep/2025:08:38:31 -0300] "GET /eauu.php HTTP/1.1" 404 390 "-" "-"
jomarlogistica.com.br:80 4.217.187.127 - - [22/Sep/2025:08:38:32 -0300] "GET /we.php HTTP/1.1" 404 390 "-" "-"
jomarlogistica.com.br:80 4.217.187.127 - - [22/Sep/2025:08:38:33 -0300] "GET /hexx.php HTTP/1.1" 404 390 "-" "-"
jomarlogistica.com.br:80 4.217.187.127 - - [22/Sep/2025:08:38:34 -0300] "GET /a2.php HTTP/1.1" 404 390 "-" "-"
jomarlogistica.com.br:80 4.217.187.127 - - [22/Sep/2025:08:38:35 -0300] "GET /cfile.php HTTP/1.1" 404 409 "-" "-"
jomarlogistica.com.br:80 4.217.187.127 - - [22/Sep/2025:08:38:36 -0300] "GET /lv.php HTTP/1.1" 404 390 "-" "-"
jomarlogistica.com.br:80 4.217.187.127 - - [22/Sep/2025:08:38:36 -0300] "GET /goat.php HTTP/1.1" 404 390 "-" "-"
jomarlogistica.com.br:80 4.217.187.127 - - [22/Sep/2025:08:38:37 -0300] "GET /222.php HTTP/1.1" 404 390 "-" "-"
jomarlogistica.com.br:80 4.217.187.127 - - [22/Sep/2025:08:38:38 -0300] "GET /aa.php HTTP/1.1" 404 390 "-" "-"
jomarlogistica.com.br:80 4.217.187.127 - - [22/Sep/2025:08:38:39 -0300] "GET /ffile.php HTTP/1.1" 404 409 "-" "-"
jomarlogistica.com.br:80 4.217.187.127 - - [22/Sep/2025:08:38:40 -0300] "GET /class-wp.php HTTP/1.1" 404 390 "-" "-"
jomarlogistica.com.br:80 4.217.187.127 - - [22/Sep/2025:08:38:41 -0300] "GET /030.php HTTP/1.1" 404 390 "-" "-"
jomarlogistica.com.br:80 4.217.187.127 - - [22/Sep/2025:08:38:42 -0300] "GET /sh3ll.php HTTP/1.1" 404 390 "-" "-"
jomarlogistica.com.br:80 4.217.187.127 - - [22/Sep/2025:08:38:43 -0300] "GET /hook.php HTTP/1.1" 404 390 "-" "-"
jomarlogistica.com.br:80 4.217.187.127 - - [22/Sep/2025:08:38:44 -0300] "GET /wp-aaa.php HTTP/1.1" 404 409 "-" "-"
jomarlogistica.com.br:80 4.217.187.127 - - [22/Sep/2025:08:38:45 -0300] "GET /te.php HTTP/1.1" 404 390 "-" "-"
jomarlogistica.com.br:80 4.217.187.127 - - [22/Sep/2025:08:38:46 -0300] "GET /nc4.php HTTP/1.1" 404 390 "-" "-"
jomarlogistica.com.br:80 4.217.187.127 - - [22/Sep/2025:08:38:47 -0300] "GET /gifclass4.php HTTP/1.1" 404 390 "-" "-"
jomarlogistica.com.br:80 4.217.187.127 - - [22/Sep/2025:08:38:48 -0300] "GET /inde.php HTTP/1.1" 404 390 "-" "-"
jomarlogistica.com.br:80 4.217.187.127 - - [22/Sep/2025:08:38:49 -0300] "GET /ilex.php HTTP/1.1" 404 409 "-" "-"
jomarlogistica.com.br:80 4.217.187.127 - - [22/Sep/2025:08:38:50 -0300] "GET /shellb.php HTTP/1.1" 404 390 "-" "-"
jomarlogistica.com.br:80 4.217.187.127 - - [22/Sep/2025:08:38:51 -0300] "GET /3406.php HTTP/1.1" 404 390 "-" "-"
jomarlogistica.com.br:80 4.217.187.127 - - [22/Sep/2025:08:38:52 -0300] "GET /wp-admin/install.php HTTP/1.1" 200 1651 "-" "-"
jomarlogistica.com.br:80 4.217.187.127 - - [22/Sep/2025:08:38:53 -0300] "GET /anskrit.php HTTP/1.1" 404 390 "-" "-"
jomarlogistica.com.br:80 4.217.187.127 - - [22/Sep/2025:08:38:53 -0300] "GET /gelap.php HTTP/1.1" 404 409 "-" "-"
jomarlogistica.com.br:80 4.217.187.127 - - [22/Sep/2025:08:38:55 -0300] "GET /gif.php HTTP/1.1" 404 390 "-" "-"
jomarlogistica.com.br:80 4.217.187.127 - - [22/Sep/2025:08:38:56 -0300] "GET /g.php HTTP/1.1" 404 390 "-" "-"
jomarlogistica.com.br:80 4.217.187.127 - - [22/Sep/2025:08:38:57 -0300] "GET /ahtrew.php HTTP/1.1" 404 390 "-" "-"
jomarlogistica.com.br:80 4.217.187.127 - - [22/Sep/2025:08:38:58 -0300] "GET /2.php HTTP/1.1" 404 390 "-" "-"
jomarlogistica.com.br:80 4.217.187.127 - - [22/Sep/2025:08:38:59 -0300] "GET /push.php HTTP/1.1" 404 409 "-" "-"
jomarlogistica.com.br:80 4.217.187.127 - - [22/Sep/2025:08:39:00 -0300] "GET /itil.php HTTP/1.1" 404 390 "-" "-"
jomarlogistica.com.br:80 4.217.187.127 - - [22/Sep/2025:08:39:01 -0300] "GET /build.php HTTP/1.1" 404 390 "-" "-"
jomarlogistica.com.br:80 4.217.187.127 - - [22/Sep/2025:08:39:02 -0300] "GET /wag.php HTTP/1.1" 404 390 "-" "-"
jomarlogistica.com.br:80 4.217.187.127 - - [22/Sep/2025:08:39:03 -0300] "GET /tiny.php HTTP/1.1" 404 390 "-" "-"
jomarlogistica.com.br:80 4.217.187.127 - - [22/Sep/2025:08:39:04 -0300] "GET /wp-admin/maint/index.php HTTP/1.1" 301 426 "-" "-"
jomarlogistica.com.br:80 4.217.187.127 - - [22/Sep/2025:08:39:04 -0300] "GET /wp-admin/maint/ HTTP/1.1" 403 2493 "-" "-"
jomarlogistica.com.br:80 4.217.187.127 - - [22/Sep/2025:08:39:05 -0300] "GET /fv.php HTTP/1.1" 404 390 "-" "-"
jomarlogistica.com.br:80 4.217.187.127 - - [22/Sep/2025:08:39:06 -0300] "GET /mlex.php HTTP/1.1" 404 390 "-" "-"
jomarlogistica.com.br:80 4.217.187.127 - - [22/Sep/2025:08:39:07 -0300] "GET /love.php HTTP/1.1" 404 390 "-" "-"
jomarlogistica.com.br:80 4.217.187.127 - - [22/Sep/2025:08:39:08 -0300] "GET /02.php HTTP/1.1" 404 409 "-" "-"
jomarlogistica.com.br:80 4.217.187.127 - - [22/Sep/2025:08:39:09 -0300] "GET /re.php HTTP/1.1" 404 390 "-" "-"
jomarlogistica.com.br:80 4.217.187.127 - - [22/Sep/2025:08:39:10 -0300] "GET /gecko.php HTTP/1.1" 404 390 "-" "-"
jomarlogistica.com.br:80 217.182.137.80 - - [22/Sep/2025:08:41:25 -0300] "GET /robots.txt HTTP/1.1" 200 565 "-" "Mozilla/5.0 (compatible; MJ12bot/v1.4.8; http://mj12bot.com/)"
jomarlogistica.com.br:80 51.75.116.210 - - [22/Sep/2025:08:41:25 -0300] "GET /robots.txt HTTP/1.1" 200 565 "-" "Mozilla/5.0 (compatible; MJ12bot/v1.4.8; http://mj12bot.com/)"
jomarlogistica.com.br:80 51.75.116.210 - - [22/Sep/2025:08:41:27 -0300] "GET /2025/07/ HTTP/1.1" 200 15831 "-" "Mozilla/5.0 (compatible; MJ12bot/v1.4.8; http://mj12bot.com/)"
jomarlogistica.com.br:80 217.182.137.80 - - [22/Sep/2025:08:41:28 -0300] "GET /2025/07/ HTTP/1.1" 200 15831 "-" "Mozilla/5.0 (compatible; MJ12bot/v1.4.8; http://mj12bot.com/)"
jomarlogistica.com.br:80 51.75.116.210 - - [22/Sep/2025:08:41:30 -0300] "GET /2025/07/02/cool-kids-toys-youngsters-of-everyone/ HTTP/1.1" 200 19050 "-" "Mozilla/5.0 (compatible; MJ12bot/v1.4.8; http://mj12bot.com/)"
jomarlogistica.com.br:80 217.182.137.80 - - [22/Sep/2025:08:41:31 -0300] "GET /2025/07/02/cool-kids-toys-youngsters-of-everyone/ HTTP/1.1" 200 19050 "-" "Mozilla/5.0 (compatible; MJ12bot/v1.4.8; http://mj12bot.com/)"
jomarlogistica.com.br:80 127.0.0.1 - - [22/Sep/2025:08:41:37 -0300] "OPTIONS * HTTP/1.0" 200 110 "-" "Apache/2.4.65 (Ubuntu) (internal dummy connection)"
jomarlogistica.com.br:80 172.20.1.117 - - [22/Sep/2025:08:57:43 -0300] "POST /wp-cron.php?doing_wp_cron=1758542263.9137029647827148437500 HTTP/1.1" 200 389 "https://jomarlogistica.com.br/wp-cron.php?doing_wp_cron=1758542263.9137029647827148437500" "WordPress/5.8.10; https://jomarlogistica.com.br"
jomarlogistica.com.br:80 44.223.193.255 - - [22/Sep/2025:08:57:43 -0300] "GET /author/jomar/page/51/ HTTP/1.1" 200 18729 "-" "Mozilla/5.0 AppleWebKit/537.36 (KHTML, like Gecko; compatible; Amazonbot/0.1; +https://developer.amazon.com/support/amazonbot) Chrome/119.0.6045.214 Safari/537.36"
jomarlogistica.com.br:80 127.0.0.1 - - [22/Sep/2025:08:57:49 -0300] "OPTIONS * HTTP/1.0" 200 110 "-" "Apache/2.4.65 (Ubuntu) (internal dummy connection)"
jomarlogistica.com.br:80 172.20.1.117 - - [22/Sep/2025:09:02:41 -0300] "POST /wp-cron.php?doing_wp_cron=1758542561.2936749458312988281250 HTTP/1.1" 200 389 "https://jomarlogistica.com.br/wp-cron.php?doing_wp_cron=1758542561.2936749458312988281250" "WordPress/5.8.10; https://jomarlogistica.com.br"
jomarlogistica.com.br:80 216.73.216.35 - - [22/Sep/2025:09:02:40 -0300] "GET /robots.txt HTTP/1.1" 200 584 "-" "Mozilla/5.0 AppleWebKit/537.36 (KHTML, like Gecko; compatible; ClaudeBot/1.0; +claudebot@anthropic.com)"
jomarlogistica.com.br:80 216.73.216.35 - - [22/Sep/2025:09:02:41 -0300] "GET /wp-sitemap.xml HTTP/1.1" 200 585 "-" "Mozilla/5.0 AppleWebKit/537.36 (KHTML, like Gecko; compatible; ClaudeBot/1.0; +claudebot@anthropic.com)"
jomarlogistica.com.br:80 127.0.0.1 - - [22/Sep/2025:09:02:47 -0300] "OPTIONS * HTTP/1.0" 200 110 "-" "Apache/2.4.65 (Ubuntu) (internal dummy connection)"
jomarlogistica.com.br:80 114.119.138.207 - - [22/Sep/2025:09:02:52 -0300] "GET /2023/12/10/e-law-resources-donoghue-v-stevenson-case-analysis-legal-resources/ HTTP/1.1" 200 14360 "https://jomarlogistica.com.br/2023/12/13/are-otf-knives-legal-in-the-uk-uk-knife-laws-explained/" "Mozilla/5.0 (Linux; Android 7.0;) AppleWebKit/537.36 (KHTML, like Gecko) Mobile Safari/537.36 (compatible; PetalBot;+https://webmaster.petalsearch.com/site/petalbot)"
jomarlogistica.com.br:80 114.119.128.158 - - [22/Sep/2025:09:04:03 -0300] "GET /2023/04/20/carry-out-latina-girls-like-white-colored-guys/ HTTP/1.1" 200 19084 "https://jomarlogistica.com.br/author/jomar/page/31/" "Mozilla/5.0 (Linux; Android 7.0;) AppleWebKit/537.36 (KHTML, like Gecko) Mobile Safari/537.36 (compatible; PetalBot;+https://webmaster.petalsearch.com/site/petalbot)"
jomarlogistica.com.br:80 172.20.1.117 - - [22/Sep/2025:09:12:45 -0300] "POST /wp-cron.php?doing_wp_cron=1758543165.8538649082183837890625 HTTP/1.1" 200 389 "https://jomarlogistica.com.br/wp-cron.php?doing_wp_cron=1758543165.8538649082183837890625" "WordPress/5.8.10; https://jomarlogistica.com.br"
jomarlogistica.com.br:80 114.119.135.84 - - [22/Sep/2025:09:12:45 -0300] "GET /2022/11/22/the-different-kinds-of-sugars-relationships/ HTTP/1.1" 200 17479 "https://jomarlogistica.com.br/2022/page/8/" "Mozilla/5.0 (Linux; Android 7.0;) AppleWebKit/537.36 (KHTML, like Gecko) Mobile Safari/537.36 (compatible; PetalBot;+https://webmaster.petalsearch.com/site/petalbot)"
jomarlogistica.com.br:80 127.0.0.1 - - [22/Sep/2025:09:12:51 -0300] "OPTIONS * HTTP/1.0" 200 110 "-" "Apache/2.4.65 (Ubuntu) (internal dummy connection)"
jomarlogistica.com.br:80 69.171.230.23 - - [22/Sep/2025:09:17:08 -0300] "GET /robots.txt HTTP/1.1" 206 610 "-" "facebookexternalhit/1.1 (+http://www.facebook.com/externalhit_uatext.php)"
jomarlogistica.com.br:80 172.20.1.117 - - [22/Sep/2025:09:18:18 -0300] "POST /wp-cron.php?doing_wp_cron=1758543498.2854349613189697265625 HTTP/1.1" 200 389 "https://jomarlogistica.com.br/wp-cron.php?doing_wp_cron=1758543498.2854349613189697265625" "WordPress/5.8.10; https://jomarlogistica.com.br"
jomarlogistica.com.br:80 57.141.0.5 - - [22/Sep/2025:09:18:17 -0300] "GET /2023/03/25/business-partnership-agreement-proposal-essential-guidelines-for-success/ HTTP/1.1" 200 62312 "-" "meta-externalagent/1.1 (+https://developers.facebook.com/docs/sharing/webmasters/crawler)"
jomarlogistica.com.br:80 57.141.0.15 - - [22/Sep/2025:09:18:19 -0300] "GET /wp-content/plugins/case-theme-core/assets/css/lib/progressbar.min.css?ver=0.7.1 HTTP/1.1" 200 4293 "-" "meta-externalagent/1.1 (+https://developers.facebook.com/docs/sharing/webmasters/crawler)"
jomarlogistica.com.br:80 57.141.0.57 - - [22/Sep/2025:09:18:19 -0300] "GET /wp-content/plugins/newsletter/style.css?ver=7.3.3 HTTP/1.1" 200 6630 "-" "meta-externalagent/1.1 (+https://developers.facebook.com/docs/sharing/webmasters/crawler)"
jomarlogistica.com.br:80 57.141.0.29 - - [22/Sep/2025:09:18:19 -0300] "GET /wp-content/themes/consultio/assets/css/material-design-iconic-font.min.css?ver=2.2.0 HTTP/1.1" 200 71164 "-" "meta-externalagent/1.1 (+https://developers.facebook.com/docs/sharing/webmasters/crawler)"
jomarlogistica.com.br:80 57.141.0.22 - - [22/Sep/2025:09:18:19 -0300] "GET /wp-content/plugins/booked/assets/css/icons.css?ver=2.3.5 HTTP/1.1" 200 11389 "-" "meta-externalagent/1.1 (+https://developers.facebook.com/docs/sharing/webmasters/crawler)"
jomarlogistica.com.br:80 57.141.0.28 - - [22/Sep/2025:09:18:19 -0300] "GET /wp-includes/js/jquery/jquery-migrate.min.js?ver=3.3.2 HTTP/1.1" 200 11575 "-" "meta-externalagent/1.1 (+https://developers.facebook.com/docs/sharing/webmasters/crawler)"
jomarlogistica.com.br:80 57.141.0.57 - - [22/Sep/2025:09:18:19 -0300] "GET /wp-content/plugins/instagram-feed/css/sbi-styles.min.css?ver=2.9.7 HTTP/1.1" 200 17191 "-" "meta-externalagent/1.1 (+https://developers.facebook.com/docs/sharing/webmasters/crawler)"
jomarlogistica.com.br:80 57.141.0.56 - - [22/Sep/2025:09:18:19 -0300] "GET /wp-content/plugins/booked/assets/css/animations.css?ver=2.3.5 HTTP/1.1" 200 4126 "-" "meta-externalagent/1.1 (+https://developers.facebook.com/docs/sharing/webmasters/crawler)"
jomarlogistica.com.br:80 57.141.0.55 - - [22/Sep/2025:09:18:19 -0300] "GET /wp-includes/js/wp-emoji-release.min.js?ver=5.8.10 HTTP/1.1" 200 18551 "-" "meta-externalagent/1.1 (+https://developers.facebook.com/docs/sharing/webmasters/crawler)"
jomarlogistica.com.br:80 57.141.0.29 - - [22/Sep/2025:09:18:19 -0300] "GET /wp-content/plugins/contact-form-7-multi-step/assets/frontend/css/cf7mls.css?ver=2.5.4 HTTP/1.1" 200 8304 "-" "meta-externalagent/1.1 (+https://developers.facebook.com/docs/sharing/webmasters/crawler)"
jomarlogistica.com.br:80 57.141.0.32 - - [22/Sep/2025:09:18:19 -0300] "GET /wp-content/themes/consultio/assets/css/flaticon-v7.css?ver=2.8.0 HTTP/1.1" 200 3097 "-" "meta-externalagent/1.1 (+https://developers.facebook.com/docs/sharing/webmasters/crawler)"
jomarlogistica.com.br:80 57.141.0.45 - - [22/Sep/2025:09:18:19 -0300] "GET /wp-content/plugins/booked/dist/booked.css?ver=2.3.5 HTTP/1.1" 200 68040 "-" "meta-externalagent/1.1 (+https://developers.facebook.com/docs/sharing/webmasters/crawler)"
jomarlogistica.com.br:80 57.141.0.53 - - [22/Sep/2025:09:18:19 -0300] "GET /wp-includes/css/dist/block-library/style.min.css?ver=5.8.10 HTTP/1.1" 200 80923 "-" "meta-externalagent/1.1 (+https://developers.facebook.com/docs/sharing/webmasters/crawler)"
jomarlogistica.com.br:80 57.141.0.70 - - [22/Sep/2025:09:18:19 -0300] "GET /wp-content/plugins/contact-form-7-multi-step/assets/frontend/animate/animate.min.css?ver=2.5.4 HTTP/1.1" 200 58478 "-" "meta-externalagent/1.1 (+https://developers.facebook.com/docs/sharing/webmasters/crawler)"
jomarlogistica.com.br:80 57.141.0.71 - - [22/Sep/2025:09:18:19 -0300] "GET /wp-content/plugins/case-theme-core/assets/css/lib/owl.carousel.min.css?ver=2.2.1 HTTP/1.1" 200 3284 "-" "meta-externalagent/1.1 (+https://developers.facebook.com/docs/sharing/webmasters/crawler)"
jomarlogistica.com.br:80 57.141.0.68 - - [22/Sep/2025:09:18:19 -0300] "GET /wp-content/themes/consultio/assets/css/flaticon-v6.css?ver=2.8.0 HTTP/1.1" 200 2906 "-" "meta-externalagent/1.1 (+https://developers.facebook.com/docs/sharing/webmasters/crawler)"
jomarlogistica.com.br:80 69.171.230.8 - - [22/Sep/2025:09:18:19 -0300] "GET /robots.txt HTTP/1.1" 206 629 "-" "facebookexternalhit/1.1 (+http://www.facebook.com/externalhit_uatext.php)"
jomarlogistica.com.br:80 57.141.0.34 - - [22/Sep/2025:09:18:20 -0300] "GET /wp-content/themes/consultio/assets/css/flaticon-v5.css?ver=2.8.0 HTTP/1.1" 200 5019 "-" "meta-externalagent/1.1 (+https://developers.facebook.com/docs/sharing/webmasters/crawler)"
jomarlogistica.com.br:80 57.141.0.66 - - [22/Sep/2025:09:18:20 -0300] "GET /wp-content/plugins/case-theme-user/acess/css/remodal.css?ver=5.8.10 HTTP/1.1" 200 1932 "-" "meta-externalagent/1.1 (+https://developers.facebook.com/docs/sharing/webmasters/crawler)"
jomarlogistica.com.br:80 57.141.0.44 - - [22/Sep/2025:09:18:20 -0300] "GET /wp-content/plugins/revslider/public/assets/css/rs6.css?ver=6.5.11 HTTP/1.1" 200 58100 "-" "meta-externalagent/1.1 (+https://developers.facebook.com/docs/sharing/webmasters/crawler)"
jomarlogistica.com.br:80 57.141.0.51 - - [22/Sep/2025:09:18:20 -0300] "GET /wp-includes/js/jquery/jquery.min.js?ver=3.6.0 HTTP/1.1" 200 89872 "-" "meta-externalagent/1.1 (+https://developers.facebook.com/docs/sharing/webmasters/crawler)"
jomarlogistica.com.br:80 57.141.0.38 - - [22/Sep/2025:09:18:21 -0300] "GET /wp-content/plugins/redux-framework/redux-core/extendify-sdk/public/build/extendify-utilities.css?ver=13.4 HTTP/1.1" 200 50238 "-" "meta-externalagent/1.1 (+https://developers.facebook.com/docs/sharing/webmasters/crawler)"
jomarlogistica.com.br:80 57.141.0.16 - - [22/Sep/2025:09:18:21 -0300] "GET /wp-content/plugins/case-theme-user/acess/css/remodal-default-theme.css?ver=5.8.10 HTTP/1.1" 200 5768 "-" "meta-externalagent/1.1 (+https://developers.facebook.com/docs/sharing/webmasters/crawler)"
jomarlogistica.com.br:80 57.141.0.13 - - [22/Sep/2025:09:18:21 -0300] "GET /wp-includes/js/jquery/ui/core.min.js?ver=1.12.1 HTTP/1.1" 200 21138 "-" "meta-externalagent/1.1 (+https://developers.facebook.com/docs/sharing/webmasters/crawler)"
jomarlogistica.com.br:80 57.141.0.23 - - [22/Sep/2025:09:18:22 -0300] "GET /wp-includes/js/jquery/ui/datepicker.min.js?ver=1.12.1 HTTP/1.1" 200 36499 "-" "meta-externalagent/1.1 (+https://developers.facebook.com/docs/sharing/webmasters/crawler)"
jomarlogistica.com.br:80 57.141.0.29 - - [22/Sep/2025:09:18:22 -0300] "GET /wp-content/plugins/booked/assets/js/spin.min.js?ver=2.0.1 HTTP/1.1" 200 4627 "-" "meta-externalagent/1.1 (+https://developers.facebook.com/docs/sharing/webmasters/crawler)"
jomarlogistica.com.br:80 57.141.0.4 - - [22/Sep/2025:09:18:23 -0300] "GET /wp-content/plugins/booked/assets/js/spin.jquery.js?ver=2.0.1 HTTP/1.1" 200 2125 "-" "meta-externalagent/1.1 (+https://developers.facebook.com/docs/sharing/webmasters/crawler)"
jomarlogistica.com.br:80 57.141.0.60 - - [22/Sep/2025:09:18:23 -0300] "GET /wp-content/themes/consultio/assets/css/flaticon-v3.css?ver=2.8.0 HTTP/1.1" 200 3801 "-" "meta-externalagent/1.1 (+https://developers.facebook.com/docs/sharing/webmasters/crawler)"
jomarlogistica.com.br:80 57.141.0.16 - - [22/Sep/2025:09:18:23 -0300] "GET /wp-content/plugins/booked/assets/js/tooltipster/css/tooltipster.css?ver=3.3.0 HTTP/1.1" 200 9433 "-" "meta-externalagent/1.1 (+https://developers.facebook.com/docs/sharing/webmasters/crawler)"
jomarlogistica.com.br:80 57.141.0.73 - - [22/Sep/2025:09:18:23 -0300] "GET /wp-content/plugins/elementor/assets/lib/font-awesome/css/font-awesome.min.css?ver=4.7.0 HTTP/1.1" 200 31348 "-" "meta-externalagent/1.1 (+https://developers.facebook.com/docs/sharing/webmasters/crawler)"
jomarlogistica.com.br:80 57.141.0.69 - - [22/Sep/2025:09:18:23 -0300] "GET /wp-content/plugins/booked/assets/js/tooltipster/js/jquery.tooltipster.min.js?ver=3.3.0 HTTP/1.1" 200 17874 "-" "meta-externalagent/1.1 (+https://developers.facebook.com/docs/sharing/webmasters/crawler)"
jomarlogistica.com.br:80 57.141.0.32 - - [22/Sep/2025:09:18:24 -0300] "GET /wp-content/themes/consultio/assets/css/theme.css?ver=2.8.0 HTTP/1.1" 200 1657854 "-" "meta-externalagent/1.1 (+https://developers.facebook.com/docs/sharing/webmasters/crawler)"
jomarlogistica.com.br:80 57.141.0.62 - - [22/Sep/2025:09:18:24 -0300] "GET /wp-content/plugins/booked/assets/js/functions.js?ver=2.3.5 HTTP/1.1" 200 46326 "-" "meta-externalagent/1.1 (+https://developers.facebook.com/docs/sharing/webmasters/crawler)"
jomarlogistica.com.br:80 57.141.0.53 - - [22/Sep/2025:09:18:24 -0300] "GET /wp-content/plugins/meks-simple-flickr-widget/css/style.css?ver=1.2 HTTP/1.1" 200 676 "-" "meta-externalagent/1.1 (+https://developers.facebook.com/docs/sharing/webmasters/crawler)"
jomarlogistica.com.br:80 69.171.230.23 - - [22/Sep/2025:09:18:25 -0300] "GET /robots.txt HTTP/1.1" 206 610 "-" "facebookexternalhit/1.1 (+http://www.facebook.com/externalhit_uatext.php)"
jomarlogistica.com.br:80 57.141.0.4 - - [22/Sep/2025:09:18:26 -0300] "GET /wp-content/plugins/case-theme-user/acess/js/notify.min.js?ver=1.0.0 HTTP/1.1" 200 14017 "-" "meta-externalagent/1.1 (+https://developers.facebook.com/docs/sharing/webmasters/crawler)"
jomarlogistica.com.br:80 57.141.0.31 - - [22/Sep/2025:09:18:27 -0300] "GET /wp-content/plugins/contact-form-7-multi-step/assets/frontend/css/progress_bar.css?ver=2.5.4 HTTP/1.1" 200 47900 "-" "meta-externalagent/1.1 (+https://developers.facebook.com/docs/sharing/webmasters/crawler)"
jomarlogistica.com.br:80 57.141.0.24 - - [22/Sep/2025:09:18:27 -0300] "GET /wp-content/themes/consultio/assets/css/bootstrap.min.css?ver=4.0.0 HTTP/1.1" 200 110048 "-" "meta-externalagent/1.1 (+https://developers.facebook.com/docs/sharing/webmasters/crawler)"
jomarlogistica.com.br:80 57.141.0.29 - - [22/Sep/2025:09:18:27 -0300] "GET /wp-content/plugins/case-theme-core/assets/plugin/font-awesome/css/font-awesome.min.css?ver=4.7.0 HTTP/1.1" 200 31349 "-" "meta-externalagent/1.1 (+https://developers.facebook.com/docs/sharing/webmasters/crawler)"
jomarlogistica.com.br:80 57.141.0.49 - - [22/Sep/2025:09:18:27 -0300] "GET /wp-content/themes/consultio/assets/css/animate.css?ver=1.0.0 HTTP/1.1" 200 57444 "-" "meta-externalagent/1.1 (+https://developers.facebook.com/docs/sharing/webmasters/crawler)"
jomarlogistica.com.br:80 57.141.0.21 - - [22/Sep/2025:09:18:27 -0300] "GET /wp-content/themes/consultio/assets/css/flaticon-v4.css?ver=2.8.0 HTTP/1.1" 200 1706 "-" "meta-externalagent/1.1 (+https://developers.facebook.com/docs/sharing/webmasters/crawler)"
jomarlogistica.com.br:80 57.141.0.42 - - [22/Sep/2025:09:18:27 -0300] "GET /wp-content/themes/consultio/elementor/js/ct-inline-css.js?ver=2.8.0 HTTP/1.1" 200 2469 "-" "meta-externalagent/1.1 (+https://developers.facebook.com/docs/sharing/webmasters/crawler)"
jomarlogistica.com.br:80 57.141.0.33 - - [22/Sep/2025:09:18:27 -0300] "GET /wp-content/plugins/case-theme-user/acess/js/remodal.min.js?ver=1.0.0 HTTP/1.1" 200 8034 "-" "meta-externalagent/1.1 (+https://developers.facebook.com/docs/sharing/webmasters/crawler)"
jomarlogistica.com.br:80 57.141.0.33 - - [22/Sep/2025:09:18:27 -0300] "GET /wp-includes/js/dist/vendor/regenerator-runtime.min.js?ver=0.13.7 HTTP/1.1" 200 6756 "-" "meta-externalagent/1.1 (+https://developers.facebook.com/docs/sharing/webmasters/crawler)"
jomarlogistica.com.br:80 57.141.0.2 - - [22/Sep/2025:09:18:27 -0300] "GET /wp-includes/js/dist/vendor/wp-polyfill.min.js?ver=3.15.0 HTTP/1.1" 200 16821 "-" "meta-externalagent/1.1 (+https://developers.facebook.com/docs/sharing/webmasters/crawler)"
jomarlogistica.com.br:80 57.141.0.72 - - [22/Sep/2025:09:18:27 -0300] "GET /wp-content/plugins/elementor/assets/lib/font-awesome/fonts/fontawesome-webfont.woff2?v=4.7.0 HTTP/1.1" 200 77463 "-" "meta-externalagent/1.1 (+https://developers.facebook.com/docs/sharing/webmasters/crawler)"
jomarlogistica.com.br:80 57.141.0.50 - - [22/Sep/2025:09:18:27 -0300] "GET /wp-content/themes/consultio/assets/fonts/Material-Design-Iconic-Font.woff2?v=2.2.0 HTTP/1.1" 200 38706 "-" "meta-externalagent/1.1 (+https://developers.facebook.com/docs/sharing/webmasters/crawler)"
jomarlogistica.com.br:80 69.171.230.112 - - [22/Sep/2025:09:18:27 -0300] "GET /robots.txt HTTP/1.1" 206 610 "-" "facebookexternalhit/1.1 (+http://www.facebook.com/externalhit_uatext.php)"
jomarlogistica.com.br:80 57.141.0.73 - - [22/Sep/2025:09:18:27 -0300] "GET /wp-content/themes/consultio/assets/css/flaticon-v2.css?ver=2.8.0 HTTP/1.1" 200 2501 "-" "meta-externalagent/1.1 (+https://developers.facebook.com/docs/sharing/webmasters/crawler)"
jomarlogistica.com.br:80 69.171.230.116 - - [22/Sep/2025:09:18:27 -0300] "GET /robots.txt HTTP/1.1" 206 610 "-" "facebookexternalhit/1.1 (+http://www.facebook.com/externalhit_uatext.php)"
jomarlogistica.com.br:80 69.171.230.1 - - [22/Sep/2025:09:18:27 -0300] "GET /robots.txt HTTP/1.1" 206 610 "-" "facebookexternalhit/1.1 (+http://www.facebook.com/externalhit_uatext.php)"
jomarlogistica.com.br:80 57.141.0.50 - - [22/Sep/2025:09:18:28 -0300] "GET /wp-content/themes/consultio/assets/css/magnific-popup.css?ver=1.0.0 HTTP/1.1" 200 7002 "-" "meta-externalagent/1.1 (+https://developers.facebook.com/docs/sharing/webmasters/crawler)"
jomarlogistica.com.br:80 57.141.0.67 - - [22/Sep/2025:09:18:28 -0300] "GET /wp-content/plugins/case-theme-core/assets/js/main.js?ver=1.0.0 HTTP/1.1" 200 645 "-" "meta-externalagent/1.1 (+https://developers.facebook.com/docs/sharing/webmasters/crawler)"
jomarlogistica.com.br:80 69.171.230.15 - - [22/Sep/2025:09:18:27 -0300] "GET /robots.txt HTTP/1.1" 206 610 "-" "facebookexternalhit/1.1 (+http://www.facebook.com/externalhit_uatext.php)"
jomarlogistica.com.br:80 57.141.0.69 - - [22/Sep/2025:09:18:28 -0300] "GET /wp-content/themes/consultio/assets/js/nice-select.min.js?ver=all HTTP/1.1" 200 3292 "-" "meta-externalagent/1.1 (+https://developers.facebook.com/docs/sharing/webmasters/crawler)"
jomarlogistica.com.br:80 69.171.230.23 - - [22/Sep/2025:09:18:27 -0300] "GET /robots.txt HTTP/1.1" 206 629 "-" "facebookexternalhit/1.1 (+http://www.facebook.com/externalhit_uatext.php)"
jomarlogistica.com.br:80 57.141.0.51 - - [22/Sep/2025:09:18:28 -0300] "GET /wp-content/plugins/contact-form-7/includes/js/index.js?ver=5.5.3 HTTP/1.1" 200 12213 "-" "meta-externalagent/1.1 (+https://developers.facebook.com/docs/sharing/webmasters/crawler)"
jomarlogistica.com.br:80 69.171.230.8 - - [22/Sep/2025:09:18:27 -0300] "GET /robots.txt HTTP/1.1" 206 610 "-" "facebookexternalhit/1.1 (+http://www.facebook.com/externalhit_uatext.php)"
jomarlogistica.com.br:80 69.171.230.11 - - [22/Sep/2025:09:18:28 -0300] "GET /robots.txt HTTP/1.1" 206 610 "-" "facebookexternalhit/1.1 (+http://www.facebook.com/externalhit_uatext.php)"
jomarlogistica.com.br:80 57.141.0.41 - - [22/Sep/2025:09:18:28 -0300] "GET /wp-content/plugins/contact-form-7-multi-step/assets/frontend/js/cf7mls.js?ver=2.5.4 HTTP/1.1" 200 36298 "-" "meta-externalagent/1.1 (+https://developers.facebook.com/docs/sharing/webmasters/crawler)"
jomarlogistica.com.br:80 69.171.230.7 - - [22/Sep/2025:09:18:28 -0300] "GET /robots.txt HTTP/1.1" 206 610 "-" "facebookexternalhit/1.1 (+http://www.facebook.com/externalhit_uatext.php)"
jomarlogistica.com.br:80 57.141.0.26 - - [22/Sep/2025:09:18:28 -0300] "GET /wp-includes/js/jquery/ui/slider.min.js?ver=1.12.1 HTTP/1.1" 200 11063 "-" "meta-externalagent/1.1 (+https://developers.facebook.com/docs/sharing/webmasters/crawler)"
jomarlogistica.com.br:80 57.141.0.24 - - [22/Sep/2025:09:18:29 -0300] "GET /wp-content/plugins/case-theme-user/acess/js/ct-user-form.js?ver=1.0.0 HTTP/1.1" 200 8193 "-" "meta-externalagent/1.1 (+https://developers.facebook.com/docs/sharing/webmasters/crawler)"
jomarlogistica.com.br:80 57.141.0.74 - - [22/Sep/2025:09:18:29 -0300] "GET /wp-content/themes/consultio/assets/js/match-height-min.js?ver=1.0.0 HTTP/1.1" 200 12128 "-" "meta-externalagent/1.1 (+https://developers.facebook.com/docs/sharing/webmasters/crawler)"
jomarlogistica.com.br:80 57.141.0.67 - - [22/Sep/2025:09:18:32 -0300] "GET /wp-content/themes/consultio/assets/js/bootstrap.min.js?ver=4.0.0 HTTP/1.1" 200 49265 "-" "meta-externalagent/1.1 (+https://developers.facebook.com/docs/sharing/webmasters/crawler)"
jomarlogistica.com.br:80 57.141.0.64 - - [22/Sep/2025:09:18:32 -0300] "GET /wp-includes/js/jquery/ui/mouse.min.js?ver=1.12.1 HTTP/1.1" 200 3730 "-" "meta-externalagent/1.1 (+https://developers.facebook.com/docs/sharing/webmasters/crawler)"
jomarlogistica.com.br:80 57.141.0.65 - - [22/Sep/2025:09:18:32 -0300] "GET /wp-content/themes/consultio/assets/js/progressbar.min.js?ver=1.0.0 HTTP/1.1" 200 2611 "-" "meta-externalagent/1.1 (+https://developers.facebook.com/docs/sharing/webmasters/crawler)"
jomarlogistica.com.br:80 57.141.0.53 - - [22/Sep/2025:09:18:32 -0300] "GET /wp-content/themes/consultio/assets/js/magnific-popup.min.js?ver=1.0.0 HTTP/1.1" 200 46323 "-" "meta-externalagent/1.1 (+https://developers.facebook.com/docs/sharing/webmasters/crawler)"
jomarlogistica.com.br:80 57.141.0.15 - - [22/Sep/2025:09:18:33 -0300] "GET /wp-content/themes/consultio/assets/js/wow.min.js?ver=1.0.0 HTTP/1.1" 200 8505 "-" "meta-externalagent/1.1 (+https://developers.facebook.com/docs/sharing/webmasters/crawler)"
jomarlogistica.com.br:80 57.141.0.6 - - [22/Sep/2025:09:18:25 -0300] "GET /?a7b529c=7349595 HTTP/1.1" 200 264 "-" "meta-externalagent/1.1 (+https://developers.facebook.com/docs/sharing/webmasters/crawler)"
jomarlogistica.com.br:80 57.141.0.8 - - [22/Sep/2025:09:18:35 -0300] "GET /wp-content/themes/consultio/assets/js/main.js?ver=2.8.0 HTTP/1.1" 200 32831 "-" "meta-externalagent/1.1 (+https://developers.facebook.com/docs/sharing/webmasters/crawler)"
jomarlogistica.com.br:80 57.141.0.2 - - [22/Sep/2025:09:18:35 -0300] "GET /wp-content/plugins/revslider/public/assets/js/rbtools.min.js?ver=6.5.11 HTTP/1.1" 200 110048 "-" "meta-externalagent/1.1 (+https://developers.facebook.com/docs/sharing/webmasters/crawler)"
jomarlogistica.com.br:80 69.171.230.7 - - [22/Sep/2025:09:18:35 -0300] "GET /robots.txt HTTP/1.1" 206 610 "-" "facebookexternalhit/1.1 (+http://www.facebook.com/externalhit_uatext.php)"
jomarlogistica.com.br:80 69.171.230.13 - - [22/Sep/2025:09:18:36 -0300] "GET /robots.txt HTTP/1.1" 206 610 "-" "facebookexternalhit/1.1 (+http://www.facebook.com/externalhit_uatext.php)"
jomarlogistica.com.br:80 57.141.0.49 - - [22/Sep/2025:09:18:36 -0300] "GET /wp-includes/js/wp-embed.min.js?ver=5.8.10 HTTP/1.1" 200 1828 "-" "meta-externalagent/1.1 (+https://developers.facebook.com/docs/sharing/webmasters/crawler)"
jomarlogistica.com.br:80 57.141.0.50 - - [22/Sep/2025:09:18:36 -0300] "GET /wp-content/themes/consultio/assets/fonts/Flaticon-v3.woff HTTP/1.1" 200 9589 "-" "meta-externalagent/1.1 (+https://developers.facebook.com/docs/sharing/webmasters/crawler)"
jomarlogistica.com.br:80 69.171.230.5 - - [22/Sep/2025:09:18:36 -0300] "GET /robots.txt HTTP/1.1" 206 610 "-" "facebookexternalhit/1.1 (+http://www.facebook.com/externalhit_uatext.php)"
jomarlogistica.com.br:80 127.0.0.1 - - [22/Sep/2025:09:18:37 -0300] "OPTIONS * HTTP/1.0" 200 110 "-" "Apache/2.4.65 (Ubuntu) (internal dummy connection)"
jomarlogistica.com.br:80 127.0.0.1 - - [22/Sep/2025:09:18:38 -0300] "OPTIONS * HTTP/1.0" 200 110 "-" "Apache/2.4.65 (Ubuntu) (internal dummy connection)"
jomarlogistica.com.br:80 127.0.0.1 - - [22/Sep/2025:09:18:41 -0300] "OPTIONS * HTTP/1.0" 200 110 "-" "Apache/2.4.65 (Ubuntu) (internal dummy connection)"
jomarlogistica.com.br:80 127.0.0.1 - - [22/Sep/2025:09:18:42 -0300] "OPTIONS * HTTP/1.0" 200 110 "-" "Apache/2.4.65 (Ubuntu) (internal dummy connection)"
jomarlogistica.com.br:80 172.20.1.117 - - [22/Sep/2025:09:27:32 -0300] "POST /wp-cron.php?doing_wp_cron=1758544052.3088669776916503906250 HTTP/1.1" 200 389 "https://jomarlogistica.com.br/wp-cron.php?doing_wp_cron=1758544052.3088669776916503906250" "WordPress/5.8.10; https://jomarlogistica.com.br"
jomarlogistica.com.br:80 114.119.159.76 - - [22/Sep/2025:09:27:31 -0300] "GET /author/jomar/page/36/ HTTP/1.1" 200 18939 "https://jomarlogistica.com.br/author/jomar/page/35/" "Mozilla/5.0 (Linux; Android 7.0;) AppleWebKit/537.36 (KHTML, like Gecko) Mobile Safari/537.36 (compatible; PetalBot;+https://webmaster.petalsearch.com/site/petalbot)"
jomarlogistica.com.br:80 127.0.0.1 - - [22/Sep/2025:09:27:37 -0300] "OPTIONS * HTTP/1.0" 200 110 "-" "Apache/2.4.65 (Ubuntu) (internal dummy connection)"
jomarlogistica.com.br:80 91.224.92.120 - - [22/Sep/2025:09:28:10 -0300] "GET /wp-login.php HTTP/1.1" 200 2993 "https://wordpress.org/" "Mozilla/5.0 (Macintosh; Intel Mac OS X 10_15_7) AppleWebKit/605.1.15 (KHTML, like Gecko) Version/17.0 Safari/605.1.15"
jomarlogistica.com.br:80 91.224.92.120 - - [22/Sep/2025:09:28:11 -0300] "GET /?author=1 HTTP/1.1" 301 404 "https://www.facebook.com/" "Mozilla/5.0 (X11; Linux x86_64) AppleWebKit/537.36 (KHTML, like Gecko) Chrome/121.0.0.0 Safari/537.36"
jomarlogistica.com.br:80 91.224.92.120 - - [22/Sep/2025:09:28:12 -0300] "GET /author/jomar/ HTTP/1.1" 200 17124 "https://www.facebook.com/" "Mozilla/5.0 (X11; Linux x86_64) AppleWebKit/537.36 (KHTML, like Gecko) Chrome/121.0.0.0 Safari/537.36"
jomarlogistica.com.br:80 91.224.92.120 - - [22/Sep/2025:09:28:14 -0300] "GET /?author=2 HTTP/1.1" 301 406 "-" "Mozilla/5.0 (Macintosh; Intel Mac OS X 10_15_7) AppleWebKit/605.1.15 (KHTML, like Gecko) Version/17.0 Safari/605.1.15"
jomarlogistica.com.br:80 91.224.92.120 - - [22/Sep/2025:09:28:15 -0300] "GET /author/wadminw/ HTTP/1.1" 200 14409 "-" "Mozilla/5.0 (Macintosh; Intel Mac OS X 10_15_7) AppleWebKit/605.1.15 (KHTML, like Gecko) Version/17.0 Safari/605.1.15"
jomarlogistica.com.br:80 91.224.92.120 - - [22/Sep/2025:09:28:16 -0300] "GET /?author=3 HTTP/1.1" 404 390 "-" "Mozilla/5.0 (Macintosh; Intel Mac OS X 10_15_7) AppleWebKit/537.36 (KHTML, like Gecko) Chrome/119.0.0.0 Safari/537.36"
jomarlogistica.com.br:80 91.224.92.120 - - [22/Sep/2025:09:28:16 -0300] "GET /?author=4 HTTP/1.1" 404 390 "-" "Mozilla/5.0 (Windows NT 11.0; Win64; x64; rv:119.0) Gecko/20100101 Firefox/119.0"
jomarlogistica.com.br:80 91.224.92.120 - - [22/Sep/2025:09:28:17 -0300] "GET /?author=5 HTTP/1.1" 404 390 "" "Mozilla/5.0 (Macintosh; Intel Mac OS X 13_6_1) AppleWebKit/537.36 (KHTML, like Gecko) Chrome/121.0.0.0 Safari/537.36"
jomarlogistica.com.br:80 91.224.92.120 - - [22/Sep/2025:09:28:18 -0300] "GET /?author=6 HTTP/1.1" 404 390 "https://www.google.com/" "Mozilla/5.0 (X11; Linux x86_64) AppleWebKit/537.36 (KHTML, like Gecko) Chrome/121.0.0.0 Safari/537.36"
jomarlogistica.com.br:80 91.224.92.120 - - [22/Sep/2025:09:28:18 -0300] "GET /?author=7 HTTP/1.1" 404 409 "https://www.google.com/" "Mozilla/5.0 (Windows NT 11.0; Win64; x64; rv:120.0) Gecko/20100101 Firefox/120.0"
jomarlogistica.com.br:80 91.224.92.120 - - [22/Sep/2025:09:28:19 -0300] "GET /?author=8 HTTP/1.1" 404 390 "-" "Mozilla/5.0 (Macintosh; Intel Mac OS X 13_6_1) AppleWebKit/537.36 (KHTML, like Gecko) Chrome/118.0.0.0 Safari/537.36"
jomarlogistica.com.br:80 91.224.92.120 - - [22/Sep/2025:09:28:19 -0300] "GET /?author=9 HTTP/1.1" 404 390 "https://duckduckgo.com/" "Mozilla/5.0 (X11; Ubuntu; Linux x86_64) AppleWebKit/537.36 (KHTML, like Gecko) Chrome/120.0.0.0 Safari/537.36"
jomarlogistica.com.br:80 91.224.92.120 - - [22/Sep/2025:09:28:20 -0300] "GET /wp-json/wp/v2/users HTTP/1.1" 200 1037 "https://www.google.com/search?q=wordpress" "Mozilla/5.0 (Macintosh; Intel Mac OS X 10_15_7) AppleWebKit/605.1.15 (KHTML, like Gecko) Version/17.0 Safari/605.1.15"
jomarlogistica.com.br:80 91.224.92.120 - - [22/Sep/2025:09:28:20 -0300] "GET / HTTP/1.1" 200 22354 "" "Mozilla/5.0 (X11; Linux x86_64) AppleWebKit/537.36 (KHTML, like Gecko) Chrome/119.0.0.0 Safari/537.36"
