jomarlogistica.com.br:80 172.20.1.117 - - [22/Sep/2025:20:31:51 -0300] "POST /wp-cron.php?doing_wp_cron=1758583911.5710070133209228515625 HTTP/1.1" 200 389 "https://jomarlogistica.com.br/wp-cron.php?doing_wp_cron=1758583911.5710070133209228515625" "WordPress/5.8.10; https://jomarlogistica.com.br"
jomarlogistica.com.br:80 177.116.184.250 - - [22/Sep/2025:20:31:51 -0300] "POST /autodiscover/autodiscover.xml HTTP/1.1" 404 448 "-" "AppleExchangeWebServices/833 accountsd/113"
jomarlogistica.com.br:80 127.0.0.1 - - [22/Sep/2025:20:31:56 -0300] "OPTIONS * HTTP/1.0" 200 110 "-" "Apache/2.4.65 (Ubuntu) (internal dummy connection)"
jomarlogistica.com.br:80 104.248.154.105 - - [22/Sep/2025:20:33:31 -0300] "POST /wp-login.php HTTP/1.1" 403 2493 "-" "Mozilla/5.0"
jomarlogistica.com.br:80 104.248.154.105 - - [22/Sep/2025:20:33:31 -0300] "POST /wp-login.php HTTP/1.1" 403 2493 "-" "Mozilla/5.0"
jomarlogistica.com.br:80 172.20.1.117 - - [22/Sep/2025:20:42:31 -0300] "POST /wp-cron.php?doing_wp_cron=1758584551.6306359767913818359375 HTTP/1.1" 200 389 "https://jomarlogistica.com.br/wp-cron.php?doing_wp_cron=1758584551.6306359767913818359375" "WordPress/5.8.10; https://jomarlogistica.com.br"
jomarlogistica.com.br:80 114.119.138.207 - - [22/Sep/2025:20:42:31 -0300] "GET /author/jomar/page/51/ HTTP/1.1" 200 18730 "https://jomarlogistica.com.br/author/jomar/page/51/" "Mozilla/5.0 (Linux; Android 7.0;) AppleWebKit/537.36 (KHTML, like Gecko) Mobile Safari/537.36 (compatible; PetalBot;+https://webmaster.petalsearch.com/site/petalbot)"
jomarlogistica.com.br:80 127.0.0.1 - - [22/Sep/2025:20:42:36 -0300] "OPTIONS * HTTP/1.0" 200 110 "-" "Apache/2.4.65 (Ubuntu) (internal dummy connection)"
jomarlogistica.com.br:80 114.119.136.72 - - [22/Sep/2025:20:43:57 -0300] "GET /2023/09/27/virtual-data-room-usa/ HTTP/1.1" 200 17327 "https://jomarlogistica.com.br/2023/page/7/" "Mozilla/5.0 (Linux; Android 7.0;) AppleWebKit/537.36 (KHTML, like Gecko) Mobile Safari/537.36 (compatible; PetalBot;+https://webmaster.petalsearch.com/site/petalbot)"
jomarlogistica.com.br:80 114.119.159.76 - - [22/Sep/2025:20:45:16 -0300] "GET /2023/09/25/what-is-data-room-confidential-mode/ HTTP/1.1" 200 17241 "https://jomarlogistica.com.br/2023/page/9/" "Mozilla/5.0 (Linux; Android 7.0;) AppleWebKit/537.36 (KHTML, like Gecko) Mobile Safari/537.36 (compatible; PetalBot;+https://webmaster.petalsearch.com/site/petalbot)"
jomarlogistica.com.br:80 114.119.158.0 - - [22/Sep/2025:20:46:44 -0300] "GET /2023/08/05/impair-data-space-with-esignature/ HTTP/1.1" 200 17387 "https://jomarlogistica.com.br/2023/08/page/2/" "Mozilla/5.0 (Linux; Android 7.0;) AppleWebKit/537.36 (KHTML, like Gecko) Mobile Safari/537.36 (compatible; PetalBot;+https://webmaster.petalsearch.com/site/petalbot)"
jomarlogistica.com.br:80 172.20.1.117 - - [22/Sep/2025:20:47:35 -0300] "POST /wp-cron.php?doing_wp_cron=1758584855.0766019821166992187500 HTTP/1.1" 200 389 "https://jomarlogistica.com.br/wp-cron.php?doing_wp_cron=1758584855.0766019821166992187500" "WordPress/5.8.10; https://jomarlogistica.com.br"
jomarlogistica.com.br:80 177.116.184.250 - - [22/Sep/2025:20:47:34 -0300] "POST /autodiscover/autodiscover.xml HTTP/1.1" 404 448 "-" "AppleExchangeWebServices/833 accountsd/113"
jomarlogistica.com.br:80 127.0.0.1 - - [22/Sep/2025:20:47:40 -0300] "OPTIONS * HTTP/1.0" 200 110 "-" "Apache/2.4.65 (Ubuntu) (internal dummy connection)"
jomarlogistica.com.br:80 114.119.128.158 - - [22/Sep/2025:20:48:07 -0300] "GET /2023/05/25/mail-order-brides-a-form-of-human-trafficking-anti-trafficking-international/ HTTP/1.1" 200 19914 "https://jomarlogistica.com.br/2023/05/26/best-porn-games-hentai-video-games-xxx-grownup-sex-games/" "Mozilla/5.0 (Linux; Android 7.0;) AppleWebKit/537.36 (KHTML, like Gecko) Mobile Safari/537.36 (compatible; PetalBot;+https://webmaster.petalsearch.com/site/petalbot)"
jomarlogistica.com.br:80 85.208.96.204 - - [22/Sep/2025:20:48:43 -0300] "GET /robots.txt HTTP/1.1" 200 584 "-" "Mozilla/5.0 (compatible; SemrushBot/7~bl; +http://www.semrush.com/bot.html)"
jomarlogistica.com.br:80 85.208.96.198 - - [22/Sep/2025:20:48:44 -0300] "GET /2023/05/03/chat-with-crossdressers-thinking-about-crossdressers-chat-crossdresser-chat-city/ HTTP/1.1" 200 17938 "-" "Mozilla/5.0 (compatible; SemrushBot/7~bl; +http://www.semrush.com/bot.html)"
jomarlogistica.com.br:80 127.0.0.1 - - [22/Sep/2025:20:48:49 -0300] "OPTIONS * HTTP/1.0" 200 110 "-" "Apache/2.4.65 (Ubuntu) (internal dummy connection)"
jomarlogistica.com.br:80 114.119.138.207 - - [22/Sep/2025:20:49:33 -0300] "GET /2022/08/07/airtime-agreement-everything-you-need-to-know-legal-insights/ HTTP/1.1" 200 14282 "https://jomarlogistica.com.br/2022/08/12/humanitarian-agreement-legal-insights-resources/" "Mozilla/5.0 (Linux; Android 7.0;) AppleWebKit/537.36 (KHTML, like Gecko) Mobile Safari/537.36 (compatible; PetalBot;+https://webmaster.petalsearch.com/site/petalbot)"
jomarlogistica.com.br:80 172.20.1.117 - - [22/Sep/2025:21:07:00 -0300] "POST /wp-cron.php?doing_wp_cron=1758586020.8248820304870605468750 HTTP/1.1" 200 389 "https://jomarlogistica.com.br/wp-cron.php?doing_wp_cron=1758586020.8248820304870605468750" "WordPress/5.8.10; https://jomarlogistica.com.br"
jomarlogistica.com.br:80 114.119.138.207 - - [22/Sep/2025:21:07:00 -0300] "GET /2022/12/20/exactly-what-are-mail-purchase-brides/ HTTP/1.1" 200 17998 "https://jomarlogistica.com.br/2022/page/3/" "Mozilla/5.0 (Linux; Android 7.0;) AppleWebKit/537.36 (KHTML, like Gecko) Mobile Safari/537.36 (compatible; PetalBot;+https://webmaster.petalsearch.com/site/petalbot)"
jomarlogistica.com.br:80 127.0.0.1 - - [22/Sep/2025:21:07:06 -0300] "OPTIONS * HTTP/1.0" 200 110 "-" "Apache/2.4.65 (Ubuntu) (internal dummy connection)"
jomarlogistica.com.br:80 104.248.154.105 - - [22/Sep/2025:21:12:13 -0300] "POST /wp-login.php HTTP/1.1" 403 2493 "-" "Mozilla/5.0"
jomarlogistica.com.br:80 104.248.154.105 - - [22/Sep/2025:21:12:13 -0300] "POST /wp-login.php HTTP/1.1" 403 2493 "-" "Mozilla/5.0"
jomarlogistica.com.br:80 172.20.1.117 - - [22/Sep/2025:21:17:36 -0300] "POST /wp-cron.php?doing_wp_cron=1758586656.8393509387969970703125 HTTP/1.1" 200 389 "https://jomarlogistica.com.br/wp-cron.php?doing_wp_cron=1758586656.8393509387969970703125" "WordPress/5.8.10; https://jomarlogistica.com.br"
jomarlogistica.com.br:80 124.236.100.56 - - [22/Sep/2025:21:17:36 -0300] "GET / HTTP/1.1" 200 23930 "-" "Mozilla/5.0 (Macintosh; Intel Mac OS X 10_12_6) AppleWebKit/603.3.8 (KHTML, like Gecko) Version/10.1.2 Safari/603.3.8"
jomarlogistica.com.br:80 127.0.0.1 - - [22/Sep/2025:21:17:43 -0300] "OPTIONS * HTTP/1.0" 200 110 "-" "Apache/2.4.65 (Ubuntu) (internal dummy connection)"
jomarlogistica.com.br:80 172.20.1.117 - - [22/Sep/2025:21:22:31 -0300] "POST /wp-cron.php?doing_wp_cron=1758586951.8296580314636230468750 HTTP/1.1" 200 389 "https://jomarlogistica.com.br/wp-cron.php?doing_wp_cron=1758586951.8296580314636230468750" "WordPress/5.8.10; https://jomarlogistica.com.br"
jomarlogistica.com.br:80 114.119.138.207 - - [22/Sep/2025:21:22:31 -0300] "GET /2023/07/01/become-a-member-of-elsa-qmul-the-worlds-largest-college-student-association-with-regards-to-european-laws-students/ HTTP/1.1" 200 17587 "https://jomarlogistica.com.br/2023/07/page/3/" "Mozilla/5.0 (Linux; Android 7.0;) AppleWebKit/537.36 (KHTML, like Gecko) Mobile Safari/537.36 (compatible; PetalBot;+https://webmaster.petalsearch.com/site/petalbot)"
jomarlogistica.com.br:80 127.0.0.1 - - [22/Sep/2025:21:22:37 -0300] "OPTIONS * HTTP/1.0" 200 110 "-" "Apache/2.4.65 (Ubuntu) (internal dummy connection)"
jomarlogistica.com.br:80 114.119.135.84 - - [22/Sep/2025:21:25:19 -0300] "GET /2023/02/page/2/ HTTP/1.1" 200 18671 "https://jomarlogistica.com.br/2023/02/page/2/" "Mozilla/5.0 (Linux; Android 7.0;) AppleWebKit/537.36 (KHTML, like Gecko) Mobile Safari/537.36 (compatible; PetalBot;+https://webmaster.petalsearch.com/site/petalbot)"
jomarlogistica.com.br:80 172.20.1.117 - - [22/Sep/2025:21:28:16 -0300] "POST /wp-cron.php?doing_wp_cron=1758587296.1476271152496337890625 HTTP/1.1" 200 389 "https://jomarlogistica.com.br/wp-cron.php?doing_wp_cron=1758587296.1476271152496337890625" "WordPress/5.8.10; https://jomarlogistica.com.br"
jomarlogistica.com.br:80 196.251.117.250 - - [22/Sep/2025:21:28:15 -0300] "GET /about.php?action=p&api=p&path=p&token= HTTP/1.1" 404 448 "www.google.com" "Mozlila/5.0 (Linux; Android 7.0; SM-G892A Bulid/NRD90M; wv) AppleWebKit/537.36 (KHTML, like Gecko) Version/4.0 Chrome/60.0.3112.107 Moblie Safari/537.36"
jomarlogistica.com.br:80 127.0.0.1 - - [22/Sep/2025:21:28:20 -0300] "OPTIONS * HTTP/1.0" 200 110 "-" "Apache/2.4.65 (Ubuntu) (internal dummy connection)"
jomarlogistica.com.br:80 196.251.117.250 - - [22/Sep/2025:21:28:21 -0300] "GET /admin.php?action=p&api=p&path=p&token= HTTP/1.1" 404 448 "www.google.com" "Mozlila/5.0 (Linux; Android 7.0; SM-G892A Bulid/NRD90M; wv) AppleWebKit/537.36 (KHTML, like Gecko) Version/4.0 Chrome/60.0.3112.107 Moblie Safari/537.36"
jomarlogistica.com.br:80 196.251.117.250 - - [22/Sep/2025:21:28:29 -0300] "GET /admin.php?action=p&api=p&path=p&token= HTTP/1.1" 404 448 "www.google.com" "Mozlila/5.0 (Linux; Android 7.0; SM-G892A Bulid/NRD90M; wv) AppleWebKit/537.36 (KHTML, like Gecko) Version/4.0 Chrome/60.0.3112.107 Moblie Safari/537.36"
jomarlogistica.com.br:80 172.20.1.117 - - [22/Sep/2025:21:39:58 -0300] "POST /wp-cron.php?doing_wp_cron=1758587998.9118809700012207031250 HTTP/1.1" 200 389 "https://jomarlogistica.com.br/wp-cron.php?doing_wp_cron=1758587998.9118809700012207031250" "WordPress/5.8.10; https://jomarlogistica.com.br"
jomarlogistica.com.br:80 114.119.158.0 - - [22/Sep/2025:21:39:58 -0300] "GET /2023/08/26/how-to-choose-the-best-data-room-software/ HTTP/1.1" 200 17326 "https://jomarlogistica.com.br/2023/08/page/2/" "Mozilla/5.0 (Linux; Android 7.0;) AppleWebKit/537.36 (KHTML, like Gecko) Mobile Safari/537.36 (compatible; PetalBot;+https://webmaster.petalsearch.com/site/petalbot)"
jomarlogistica.com.br:80 127.0.0.1 - - [22/Sep/2025:21:40:04 -0300] "OPTIONS * HTTP/1.0" 200 110 "-" "Apache/2.4.65 (Ubuntu) (internal dummy connection)"
jomarlogistica.com.br:80 114.119.136.72 - - [22/Sep/2025:21:41:21 -0300] "GET /2023/06/11/choosing-a-data-bedroom-provider-for-people-who-do-buiness/ HTTP/1.1" 200 17387 "https://jomarlogistica.com.br/2023/page/19/" "Mozilla/5.0 (Linux; Android 7.0;) AppleWebKit/537.36 (KHTML, like Gecko) Mobile Safari/537.36 (compatible; PetalBot;+https://webmaster.petalsearch.com/site/petalbot)"
jomarlogistica.com.br:80 51.75.157.203 - - [22/Sep/2025:21:49:08 -0300] "GET /up.php HTTP/1.1" 404 448 "-" "Mozilla/5.0 (Windows NT 10.0; Win64; x64) AppleWebKit/537.36 (KHTML, like Gecko) Chrome/127.0.0.0 Safari/537.36"
jomarlogistica.com.br:80 172.20.1.117 - - [22/Sep/2025:21:49:09 -0300] "POST /wp-cron.php?doing_wp_cron=1758588549.1370489597320556640625 HTTP/1.1" 200 389 "https://jomarlogistica.com.br/wp-cron.php?doing_wp_cron=1758588549.1370489597320556640625" "WordPress/5.8.10; https://jomarlogistica.com.br"
jomarlogistica.com.br:80 51.75.157.203 - - [22/Sep/2025:21:49:08 -0300] "GET /wp-content/plugins/definite-unique/license.txt HTTP/1.1" 404 448 "-" "Mozilla/5.0 (Windows NT 10.0; Win64; x64) AppleWebKit/537.36 (KHTML, like Gecko) Chrome/127.0.0.0 Safari/537.36"
jomarlogistica.com.br:80 127.0.0.1 - - [22/Sep/2025:21:49:13 -0300] "OPTIONS * HTTP/1.0" 200 110 "-" "Apache/2.4.65 (Ubuntu) (internal dummy connection)"
jomarlogistica.com.br:80 177.116.184.250 - - [22/Sep/2025:21:49:25 -0300] "POST /autodiscover/autodiscover.xml HTTP/1.1" 404 448 "-" "AppleExchangeWebServices/833 accountsd/113"
jomarlogistica.com.br:80 104.248.154.105 - - [22/Sep/2025:21:50:27 -0300] "POST /wp-login.php HTTP/1.1" 403 2493 "-" "Mozilla/5.0"
jomarlogistica.com.br:80 104.248.154.105 - - [22/Sep/2025:21:50:28 -0300] "POST /wp-login.php HTTP/1.1" 403 2493 "-" "Mozilla/5.0"
jomarlogistica.com.br:80 172.20.1.117 - - [22/Sep/2025:21:55:20 -0300] "POST /wp-cron.php?doing_wp_cron=1758588920.2269289493560791015625 HTTP/1.1" 200 389 "https://jomarlogistica.com.br/wp-cron.php?doing_wp_cron=1758588920.2269289493560791015625" "WordPress/5.8.10; https://jomarlogistica.com.br"
jomarlogistica.com.br:80 135.181.79.90 - - [22/Sep/2025:21:55:19 -0300] "GET /2023/05/02/test-title/ HTTP/1.1" 200 77241 "https://jomarlogistica.com.br/2023/05/02/test-title/" "Mozilla/5.0 (Windows NT 10.0; Win64; x64) AppleWebKit/537.36 (KHTML, like Gecko) Chrome/129.0.0.0 Safari/537.36"
jomarlogistica.com.br:80 135.181.79.90 - - [22/Sep/2025:21:55:22 -0300] "GET /2023/11/15/how-to-organise-the-board-records-with-boardpro/ HTTP/1.1" 200 79592 "https://jomarlogistica.com.br/2023/11/15/how-to-organise-the-board-records-with-boardpro/" "Mozilla/5.0 (Windows NT 10.0; Win64; x64) AppleWebKit/537.36 (KHTML, like Gecko) Chrome/129.0.0.0 Safari/537.36"
jomarlogistica.com.br:80 135.181.79.90 - - [22/Sep/2025:21:55:24 -0300] "GET /contato/ HTTP/1.1" 200 79977 "https://jomarlogistica.com.br/contato/" "Mozilla/5.0 (Windows NT 10.0; Win64; x64) AppleWebKit/537.36 (KHTML, like Gecko) Chrome/129.0.0.0 Safari/537.36"
jomarlogistica.com.br:80 135.181.79.90 - - [22/Sep/2025:21:55:26 -0300] "POST /wp-json/contact-form-7/v1/contact-forms/5005/feedback HTTP/1.1" 200 865 "https://jomarlogistica.com.br/contato/" "Mozilla/5.0 (Windows NT 10.0; Win64; x64) AppleWebKit/537.36 (KHTML, like Gecko) Chrome/129.0.0.0 Safari/537.36"
jomarlogistica.com.br:80 127.0.0.1 - - [22/Sep/2025:21:55:37 -0300] "OPTIONS * HTTP/1.0" 200 110 "-" "Apache/2.4.65 (Ubuntu) (internal dummy connection)"
jomarlogistica.com.br:80 172.20.1.117 - - [22/Sep/2025:21:58:37 -0300] "POST /wp-cron.php?doing_wp_cron=1758589117.2240879535675048828125 HTTP/1.1" 200 389 "https://jomarlogistica.com.br/wp-cron.php?doing_wp_cron=1758589117.2240879535675048828125" "WordPress/5.8.10; https://jomarlogistica.com.br"
jomarlogistica.com.br:80 114.119.138.130 - - [22/Sep/2025:21:58:36 -0300] "GET /2023/12/18/alien-wedge-legal-understanding-the-legalities-of-alienation-of-land/ HTTP/1.1" 200 15010 "https://jomarlogistica.com.br/2023/12/" "Mozilla/5.0 (Linux; Android 7.0;) AppleWebKit/537.36 (KHTML, like Gecko) Mobile Safari/537.36 (compatible; PetalBot;+https://webmaster.petalsearch.com/site/petalbot)"
jomarlogistica.com.br:80 127.0.0.1 - - [22/Sep/2025:21:58:42 -0300] "OPTIONS * HTTP/1.0" 200 110 "-" "Apache/2.4.65 (Ubuntu) (internal dummy connection)"
jomarlogistica.com.br:80 114.119.136.72 - - [22/Sep/2025:22:00:00 -0300] "GET /2023/04/06/amazing-interracial-couples/ HTTP/1.1" 200 17525 "https://jomarlogistica.com.br/2023/04/07/seeing-someone-by-a-different-nation/" "Mozilla/5.0 (Linux; Android 7.0;) AppleWebKit/537.36 (KHTML, like Gecko) Mobile Safari/537.36 (compatible; PetalBot;+https://webmaster.petalsearch.com/site/petalbot)"
jomarlogistica.com.br:80 114.119.128.158 - - [22/Sep/2025:22:01:24 -0300] "GET /2022/11/16/the-importance-of-relationship-and-traditions/ HTTP/1.1" 200 17879 "https://jomarlogistica.com.br/2022/11/17/where-to-locate-a-sugar-daddy/" "Mozilla/5.0 (Linux; Android 7.0;) AppleWebKit/537.36 (KHTML, like Gecko) Mobile Safari/537.36 (compatible; PetalBot;+https://webmaster.petalsearch.com/site/petalbot)"
jomarlogistica.com.br:80 172.20.1.117 - - [22/Sep/2025:22:03:11 -0300] "POST /wp-cron.php?doing_wp_cron=1758589391.0733780860900878906250 HTTP/1.1" 200 389 "https://jomarlogistica.com.br/wp-cron.php?doing_wp_cron=1758589391.0733780860900878906250" "WordPress/5.8.10; https://jomarlogistica.com.br"
jomarlogistica.com.br:80 114.119.159.76 - - [22/Sep/2025:22:03:10 -0300] "GET /2022/11/07/slavic-single-women-seeking-gentleman/ HTTP/1.1" 200 18214 "https://jomarlogistica.com.br/category/jomar/page/51/" "Mozilla/5.0 (Linux; Android 7.0;) AppleWebKit/537.36 (KHTML, like Gecko) Mobile Safari/537.36 (compatible; PetalBot;+https://webmaster.petalsearch.com/site/petalbot)"
jomarlogistica.com.br:80 127.0.0.1 - - [22/Sep/2025:22:03:16 -0300] "OPTIONS * HTTP/1.0" 200 110 "-" "Apache/2.4.65 (Ubuntu) (internal dummy connection)"
jomarlogistica.com.br:80 177.116.184.250 - - [22/Sep/2025:22:04:38 -0300] "POST /autodiscover/autodiscover.xml HTTP/1.1" 404 448 "-" "AppleExchangeWebServices/833 accountsd/113"
jomarlogistica.com.br:80 114.119.138.130 - - [22/Sep/2025:22:15:42 -0300] "GET /wp-sitemap.xml HTTP/1.1" 200 643 "-" "Mozilla/5.0 (Linux; Android 7.0;) AppleWebKit/537.36 (KHTML, like Gecko) Mobile Safari/537.36 (compatible; PetalBot;+https://webmaster.petalsearch.com/site/petalbot)"
jomarlogistica.com.br:80 172.20.1.117 - - [22/Sep/2025:22:15:43 -0300] "GET / HTTP/1.1" 200 23930 "https://jomarlogistica.com.br/" "WordPress/5.8.10; https://jomarlogistica.com.br"
jomarlogistica.com.br:80 172.20.1.117 - - [22/Sep/2025:22:15:42 -0300] "POST /wp-cron.php?doing_wp_cron=1758590142.6197149753570556640625 HTTP/1.1" 200 389 "https://jomarlogistica.com.br/wp-cron.php?doing_wp_cron=1758590142.6197149753570556640625" "WordPress/5.8.10; https://jomarlogistica.com.br"
jomarlogistica.com.br:80 127.0.0.1 - - [22/Sep/2025:22:15:48 -0300] "OPTIONS * HTTP/1.0" 200 110 "-" "Apache/2.4.65 (Ubuntu) (internal dummy connection)"
jomarlogistica.com.br:80 127.0.0.1 - - [22/Sep/2025:22:15:49 -0300] "OPTIONS * HTTP/1.0" 200 110 "-" "Apache/2.4.65 (Ubuntu) (internal dummy connection)"
jomarlogistica.com.br:80 127.0.0.1 - - [22/Sep/2025:22:15:50 -0300] "OPTIONS * HTTP/1.0" 200 110 "-" "Apache/2.4.65 (Ubuntu) (internal dummy connection)"
jomarlogistica.com.br:80 172.20.1.117 - - [22/Sep/2025:22:25:38 -0300] "POST /wp-cron.php?doing_wp_cron=1758590738.4554591178894042968750 HTTP/1.1" 200 389 "https://jomarlogistica.com.br/wp-cron.php?doing_wp_cron=1758590738.4554591178894042968750" "WordPress/5.8.10; https://jomarlogistica.com.br"
jomarlogistica.com.br:80 20.97.189.111 - - [22/Sep/2025:22:25:38 -0300] "GET /2024/01/16/is-owning-pet-squirrels-legal-in-florida-laws-regulations/ HTTP/1.1" 200 13815 "-" "Mozilla/5.0 AppleWebKit/537.36 (KHTML, like Gecko); compatible; ChatGPT-User/1.0; +https://openai.com/bot"
jomarlogistica.com.br:80 127.0.0.1 - - [22/Sep/2025:22:25:44 -0300] "OPTIONS * HTTP/1.0" 200 110 "-" "Apache/2.4.65 (Ubuntu) (internal dummy connection)"
jomarlogistica.com.br:80 104.248.154.105 - - [22/Sep/2025:22:28:37 -0300] "POST /wp-login.php HTTP/1.1" 403 2493 "-" "Mozilla/5.0"
jomarlogistica.com.br:80 104.248.154.105 - - [22/Sep/2025:22:28:37 -0300] "POST /wp-login.php HTTP/1.1" 403 2493 "-" "Mozilla/5.0"
jomarlogistica.com.br:80 172.20.1.117 - - [22/Sep/2025:22:31:44 -0300] "POST /wp-cron.php?doing_wp_cron=1758591104.6548340320587158203125 HTTP/1.1" 200 389 "https://jomarlogistica.com.br/wp-cron.php?doing_wp_cron=1758591104.6548340320587158203125" "WordPress/5.8.10; https://jomarlogistica.com.br"
jomarlogistica.com.br:80 177.116.184.250 - - [22/Sep/2025:22:31:44 -0300] "POST /autodiscover/autodiscover.xml HTTP/1.1" 404 448 "-" "AppleExchangeWebServices/833 accountsd/113"
jomarlogistica.com.br:80 127.0.0.1 - - [22/Sep/2025:22:31:49 -0300] "OPTIONS * HTTP/1.0" 200 110 "-" "Apache/2.4.65 (Ubuntu) (internal dummy connection)"
jomarlogistica.com.br:80 172.20.1.117 - - [22/Sep/2025:22:32:12 -0300] "POST /wp-cron.php?doing_wp_cron=1758591132.1657900810241699218750 HTTP/1.1" 200 389 "https://jomarlogistica.com.br/wp-cron.php?doing_wp_cron=1758591132.1657900810241699218750" "WordPress/5.8.10; https://jomarlogistica.com.br"
jomarlogistica.com.br:80 167.71.211.29 - - [22/Sep/2025:22:32:11 -0300] "GET /.env HTTP/1.1" 404 448 "-" "python-requests/2.32.5"
jomarlogistica.com.br:80 127.0.0.1 - - [22/Sep/2025:22:32:16 -0300] "OPTIONS * HTTP/1.0" 200 110 "-" "Apache/2.4.65 (Ubuntu) (internal dummy connection)"
jomarlogistica.com.br:80 43.143.248.236 - - [22/Sep/2025:22:33:20 -0300] "GET / HTTP/1.1" 301 449 "http://www.jomarlogistica.com.br" "Mozilla/5.0 (iPhone; CPU iPhone OS 13_2_3 like Mac OS X) AppleWebKit/605.1.15 (KHTML, like Gecko) Version/13.0.3 Mobile/15E148 Safari/604.1"
jomarlogistica.com.br:80 43.143.248.236 - - [22/Sep/2025:22:33:25 -0300] "GET / HTTP/1.1" 200 23930 "https://www.jomarlogistica.com.br/" "Mozilla/5.0 (iPhone; CPU iPhone OS 13_2_3 like Mac OS X) AppleWebKit/605.1.15 (KHTML, like Gecko) Version/13.0.3 Mobile/15E148 Safari/604.1"
jomarlogistica.com.br:80 114.119.136.72 - - [22/Sep/2025:22:34:48 -0300] "GET /author/jomar/page/45/ HTTP/1.1" 200 18739 "https://jomarlogistica.com.br/author/jomar/page/46/" "Mozilla/5.0 (Linux; Android 7.0;) AppleWebKit/537.36 (KHTML, like Gecko) Mobile Safari/537.36 (compatible; PetalBot;+https://webmaster.petalsearch.com/site/petalbot)"
jomarlogistica.com.br:80 114.119.158.0 - - [22/Sep/2025:22:36:14 -0300] "GET /2023/02/10/what-exactly-soulmate/ HTTP/1.1" 200 18130 "https://jomarlogistica.com.br/2023/02/09/using-a-small-wedding-wedding/" "Mozilla/5.0 (Linux; Android 7.0;) AppleWebKit/537.36 (KHTML, like Gecko) Mobile Safari/537.36 (compatible; PetalBot;+https://webmaster.petalsearch.com/site/petalbot)"
jomarlogistica.com.br:80 172.20.1.117 - - [22/Sep/2025:22:37:33 -0300] "POST /wp-cron.php?doing_wp_cron=1758591452.9833750724792480468750 HTTP/1.1" 200 389 "https://jomarlogistica.com.br/wp-cron.php?doing_wp_cron=1758591452.9833750724792480468750" "WordPress/5.8.10; https://jomarlogistica.com.br"
jomarlogistica.com.br:80 114.119.159.76 - - [22/Sep/2025:22:37:32 -0300] "GET /2022/12/11/finding-the-best-foreign-online-dating-sites/ HTTP/1.1" 200 17443 "https://jomarlogistica.com.br/category/jomar/page/45/" "Mozilla/5.0 (Linux; Android 7.0;) AppleWebKit/537.36 (KHTML, like Gecko) Mobile Safari/537.36 (compatible; PetalBot;+https://webmaster.petalsearch.com/site/petalbot)"
jomarlogistica.com.br:80 127.0.0.1 - - [22/Sep/2025:22:37:38 -0300] "OPTIONS * HTTP/1.0" 200 110 "-" "Apache/2.4.65 (Ubuntu) (internal dummy connection)"
jomarlogistica.com.br:80 114.119.158.0 - - [22/Sep/2025:22:40:27 -0300] "GET /2023/06/04/benefits-associated-with-business-method-optimization/ HTTP/1.1" 200 17393 "https://jomarlogistica.com.br/2023/06/05/cookware-wedding-customer-etiquette/" "Mozilla/5.0 (Linux; Android 7.0;) AppleWebKit/537.36 (KHTML, like Gecko) Mobile Safari/537.36 (compatible; PetalBot;+https://webmaster.petalsearch.com/site/petalbot)"
jomarlogistica.com.br:80 114.119.159.76 - - [22/Sep/2025:22:41:47 -0300] "GET /2022/11/02/free-of-charge-dating-and-chatting-sites-for-available-singles/ HTTP/1.1" 200 17449 "https://jomarlogistica.com.br/2022/11/page/5/" "Mozilla/5.0 (Linux; Android 7.0;) AppleWebKit/537.36 (KHTML, like Gecko) Mobile Safari/537.36 (compatible; PetalBot;+https://webmaster.petalsearch.com/site/petalbot)"
jomarlogistica.com.br:80 172.20.1.117 - - [22/Sep/2025:22:43:14 -0300] "POST /wp-cron.php?doing_wp_cron=1758591794.0809910297393798828125 HTTP/1.1" 200 389 "https://jomarlogistica.com.br/wp-cron.php?doing_wp_cron=1758591794.0809910297393798828125" "WordPress/5.8.10; https://jomarlogistica.com.br"
jomarlogistica.com.br:80 114.119.128.158 - - [22/Sep/2025:22:43:13 -0300] "GET /2022/04/17/are-jamaican-marriages-legal-in-the-us-everything-you-need-to-know/ HTTP/1.1" 200 14315 "https://jomarlogistica.com.br/2022/04/14/understanding-assumption-of-the-risk-agreements-legal-implications/" "Mozilla/5.0 (Linux; Android 7.0;) AppleWebKit/537.36 (KHTML, like Gecko) Mobile Safari/537.36 (compatible; PetalBot;+https://webmaster.petalsearch.com/site/petalbot)"
jomarlogistica.com.br:80 127.0.0.1 - - [22/Sep/2025:22:43:19 -0300] "OPTIONS * HTTP/1.0" 200 110 "-" "Apache/2.4.65 (Ubuntu) (internal dummy connection)"
jomarlogistica.com.br:80 154.206.118.89 - - [22/Sep/2025:22:45:56 -0300] "GET /2024/03/08/ccpa-non-disclosure-agreement-protect-your-data/ HTTP/1.1" 200 14367 "https://www.google.com.hk/" "Mozilla/5.0 (Macintosh; Intel Mac OS X 10_15_7) AppleWebKit/605.1.15 (KHTML, like Gecko) Version/18.3 Safari/605.1.15"
jomarlogistica.com.br:80 154.206.118.89 - - [22/Sep/2025:22:45:58 -0300] "GET /wp-includes/js/wp-emoji-release.min.js?ver=5.8.10 HTTP/1.1" 200 5577 "https://jomarlogistica.com.br/2024/03/08/ccpa-non-disclosure-agreement-protect-your-data/" "Mozilla/5.0 (Macintosh; Intel Mac OS X 10_15_7) AppleWebKit/605.1.15 (KHTML, like Gecko) Version/18.3 Safari/605.1.15"
jomarlogistica.com.br:80 154.206.118.89 - - [22/Sep/2025:22:45:58 -0300] "GET /wp-content/plugins/instagram-feed/css/sbi-styles.min.css?ver=2.9.7 HTTP/1.1" 200 3355 "https://jomarlogistica.com.br/2024/03/08/ccpa-non-disclosure-agreement-protect-your-data/" "Mozilla/5.0 (Macintosh; Intel Mac OS X 10_15_7) AppleWebKit/605.1.15 (KHTML, like Gecko) Version/18.3 Safari/605.1.15"
jomarlogistica.com.br:80 154.206.118.89 - - [22/Sep/2025:22:45:58 -0300] "GET /wp-content/plugins/contact-form-7/includes/css/styles.css?ver=5.5.3 HTTP/1.1" 200 1361 "https://jomarlogistica.com.br/2024/03/08/ccpa-non-disclosure-agreement-protect-your-data/" "Mozilla/5.0 (Macintosh; Intel Mac OS X 10_15_7) AppleWebKit/605.1.15 (KHTML, like Gecko) Version/18.3 Safari/605.1.15"
jomarlogistica.com.br:80 154.206.118.89 - - [22/Sep/2025:22:45:58 -0300] "GET /wp-content/themes/consultio/assets/css/bootstrap.min.css?ver=4.0.0 HTTP/1.1" 200 21402 "https://jomarlogistica.com.br/2024/03/08/ccpa-non-disclosure-agreement-protect-your-data/" "Mozilla/5.0 (Macintosh; Intel Mac OS X 10_15_7) AppleWebKit/605.1.15 (KHTML, like Gecko) Version/18.3 Safari/605.1.15"
jomarlogistica.com.br:80 154.206.118.89 - - [22/Sep/2025:22:45:58 -0300] "GET /wp-content/themes/consultio/assets/css/magnific-popup.css?ver=1.0.0 HTTP/1.1" 200 2198 "https://jomarlogistica.com.br/2024/03/08/ccpa-non-disclosure-agreement-protect-your-data/" "Mozilla/5.0 (Macintosh; Intel Mac OS X 10_15_7) AppleWebKit/605.1.15 (KHTML, like Gecko) Version/18.3 Safari/605.1.15"
jomarlogistica.com.br:80 154.206.118.89 - - [22/Sep/2025:22:45:58 -0300] "GET /wp-content/themes/consultio/assets/css/animate.css?ver=1.0.0 HTTP/1.1" 200 5563 "https://jomarlogistica.com.br/2024/03/08/ccpa-non-disclosure-agreement-protect-your-data/" "Mozilla/5.0 (Macintosh; Intel Mac OS X 10_15_7) AppleWebKit/605.1.15 (KHTML, like Gecko) Version/18.3 Safari/605.1.15"
jomarlogistica.com.br:80 154.206.118.89 - - [22/Sep/2025:22:45:58 -0300] "GET /wp-content/themes/consultio/assets/js/match-height-min.js?ver=1.0.0 HTTP/1.1" 200 3557 "https://jomarlogistica.com.br/2024/03/08/ccpa-non-disclosure-agreement-protect-your-data/" "Mozilla/5.0 (Macintosh; Intel Mac OS X 10_15_7) AppleWebKit/605.1.15 (KHTML, like Gecko) Version/18.3 Safari/605.1.15"
jomarlogistica.com.br:80 154.206.118.89 - - [22/Sep/2025:22:45:58 -0300] "GET /wp-content/themes/consultio/assets/js/magnific-popup.min.js?ver=1.0.0 HTTP/1.1" 200 14914 "https://jomarlogistica.com.br/2024/03/08/ccpa-non-disclosure-agreement-protect-your-data/" "Mozilla/5.0 (Macintosh; Intel Mac OS X 10_15_7) AppleWebKit/605.1.15 (KHTML, like Gecko) Version/18.3 Safari/605.1.15"
jomarlogistica.com.br:80 154.206.118.89 - - [22/Sep/2025:22:45:58 -0300] "GET /wp-includes/css/dist/block-library/style.min.css?ver=5.8.10 HTTP/1.1" 200 12027 "https://jomarlogistica.com.br/2024/03/08/ccpa-non-disclosure-agreement-protect-your-data/" "Mozilla/5.0 (Macintosh; Intel Mac OS X 10_15_7) AppleWebKit/605.1.15 (KHTML, like Gecko) Version/18.3 Safari/605.1.15"
jomarlogistica.com.br:80 154.206.118.89 - - [22/Sep/2025:22:45:59 -0300] "GET /wp-content/plugins/redux-framework/redux-core/extendify-sdk/public/build/extendify-utilities.css?ver=13.4 HTTP/1.1" 200 6477 "https://jomarlogistica.com.br/2024/03/08/ccpa-non-disclosure-agreement-protect-your-data/" "Mozilla/5.0 (Macintosh; Intel Mac OS X 10_15_7) AppleWebKit/605.1.15 (KHTML, like Gecko) Version/18.3 Safari/605.1.15"
jomarlogistica.com.br:80 154.206.118.89 - - [22/Sep/2025:22:45:59 -0300] "GET /wp-content/plugins/booked/assets/css/icons.css?ver=2.3.5 HTTP/1.1" 200 6985 "https://jomarlogistica.com.br/2024/03/08/ccpa-non-disclosure-agreement-protect-your-data/" "Mozilla/5.0 (Macintosh; Intel Mac OS X 10_15_7) AppleWebKit/605.1.15 (KHTML, like Gecko) Version/18.3 Safari/605.1.15"
jomarlogistica.com.br:80 154.206.118.89 - - [22/Sep/2025:22:45:59 -0300] "GET /wp-content/plugins/booked/assets/js/tooltipster/css/tooltipster.css?ver=3.3.0 HTTP/1.1" 200 2174 "https://jomarlogistica.com.br/2024/03/08/ccpa-non-disclosure-agreement-protect-your-data/" "Mozilla/5.0 (Macintosh; Intel Mac OS X 10_15_7) AppleWebKit/605.1.15 (KHTML, like Gecko) Version/18.3 Safari/605.1.15"
jomarlogistica.com.br:80 154.206.118.89 - - [22/Sep/2025:22:45:59 -0300] "GET /wp-content/plugins/booked/assets/js/tooltipster/css/themes/tooltipster-light.css?ver=3.3.0 HTTP/1.1" 200 596 "https://jomarlogistica.com.br/2024/03/08/ccpa-non-disclosure-agreement-protect-your-data/" "Mozilla/5.0 (Macintosh; Intel Mac OS X 10_15_7) AppleWebKit/605.1.15 (KHTML, like Gecko) Version/18.3 Safari/605.1.15"
jomarlogistica.com.br:80 154.206.118.89 - - [22/Sep/2025:22:45:59 -0300] "GET /wp-content/plugins/booked/assets/css/animations.css?ver=2.3.5 HTTP/1.1" 200 905 "https://jomarlogistica.com.br/2024/03/08/ccpa-non-disclosure-agreement-protect-your-data/" "Mozilla/5.0 (Macintosh; Intel Mac OS X 10_15_7) AppleWebKit/605.1.15 (KHTML, like Gecko) Version/18.3 Safari/605.1.15"
jomarlogistica.com.br:80 154.206.118.89 - - [22/Sep/2025:22:45:59 -0300] "GET /wp-content/plugins/booked/dist/booked.css?ver=2.3.5 HTTP/1.1" 200 9827 "https://jomarlogistica.com.br/2024/03/08/ccpa-non-disclosure-agreement-protect-your-data/" "Mozilla/5.0 (Macintosh; Intel Mac OS X 10_15_7) AppleWebKit/605.1.15 (KHTML, like Gecko) Version/18.3 Safari/605.1.15"
jomarlogistica.com.br:80 154.206.118.89 - - [22/Sep/2025:22:45:59 -0300] "GET /wp-content/plugins/case-theme-core/assets/css/main.css?ver=1.0.0 HTTP/1.1" 200 563 "https://jomarlogistica.com.br/2024/03/08/ccpa-non-disclosure-agreement-protect-your-data/" "Mozilla/5.0 (Macintosh; Intel Mac OS X 10_15_7) AppleWebKit/605.1.15 (KHTML, like Gecko) Version/18.3 Safari/605.1.15"
jomarlogistica.com.br:80 154.206.118.89 - - [22/Sep/2025:22:45:59 -0300] "GET /wp-content/plugins/case-theme-core/assets/css/lib/progressbar.min.css?ver=0.7.1 HTTP/1.1" 200 1103 "https://jomarlogistica.com.br/2024/03/08/ccpa-non-disclosure-agreement-protect-your-data/" "Mozilla/5.0 (Macintosh; Intel Mac OS X 10_15_7) AppleWebKit/605.1.15 (KHTML, like Gecko) Version/18.3 Safari/605.1.15"
jomarlogistica.com.br:80 154.206.118.89 - - [22/Sep/2025:22:45:59 -0300] "GET /wp-content/plugins/case-theme-core/assets/css/lib/owl.carousel.min.css?ver=2.2.1 HTTP/1.1" 200 1298 "https://jomarlogistica.com.br/2024/03/08/ccpa-non-disclosure-agreement-protect-your-data/" "Mozilla/5.0 (Macintosh; Intel Mac OS X 10_15_7) AppleWebKit/605.1.15 (KHTML, like Gecko) Version/18.3 Safari/605.1.15"
jomarlogistica.com.br:80 154.206.118.89 - - [22/Sep/2025:22:45:59 -0300] "GET /wp-content/plugins/case-theme-core/assets/plugin/font-awesome/css/font-awesome.min.css?ver=4.7.0 HTTP/1.1" 200 7624 "https://jomarlogistica.com.br/2024/03/08/ccpa-non-disclosure-agreement-protect-your-data/" "Mozilla/5.0 (Macintosh; Intel Mac OS X 10_15_7) AppleWebKit/605.1.15 (KHTML, like Gecko) Version/18.3 Safari/605.1.15"
jomarlogistica.com.br:80 154.206.118.89 - - [22/Sep/2025:22:45:59 -0300] "GET /wp-content/plugins/case-theme-user/acess/css/remodal.css?ver=5.8.10 HTTP/1.1" 200 1031 "https://jomarlogistica.com.br/2024/03/08/ccpa-non-disclosure-agreement-protect-your-data/" "Mozilla/5.0 (Macintosh; Intel Mac OS X 10_15_7) AppleWebKit/605.1.15 (KHTML, like Gecko) Version/18.3 Safari/605.1.15"
jomarlogistica.com.br:80 154.206.118.89 - - [22/Sep/2025:22:45:59 -0300] "GET /wp-content/plugins/case-theme-user/acess/css/remodal-default-theme.css?ver=5.8.10 HTTP/1.1" 200 1733 "https://jomarlogistica.com.br/2024/03/08/ccpa-non-disclosure-agreement-protect-your-data/" "Mozilla/5.0 (Macintosh; Intel Mac OS X 10_15_7) AppleWebKit/605.1.15 (KHTML, like Gecko) Version/18.3 Safari/605.1.15"
jomarlogistica.com.br:80 154.206.118.89 - - [22/Sep/2025:22:45:59 -0300] "GET /wp-content/plugins/contact-form-7-multi-step/assets/frontend/css/cf7mls.css?ver=2.5.4 HTTP/1.1" 200 2184 "https://jomarlogistica.com.br/2024/03/08/ccpa-non-disclosure-agreement-protect-your-data/" "Mozilla/5.0 (Macintosh; Intel Mac OS X 10_15_7) AppleWebKit/605.1.15 (KHTML, like Gecko) Version/18.3 Safari/605.1.15"
jomarlogistica.com.br:80 154.206.118.89 - - [22/Sep/2025:22:45:59 -0300] "GET /wp-content/plugins/contact-form-7-multi-step/assets/frontend/css/progress_bar.css?ver=2.5.4 HTTP/1.1" 200 5617 "https://jomarlogistica.com.br/2024/03/08/ccpa-non-disclosure-agreement-protect-your-data/" "Mozilla/5.0 (Macintosh; Intel Mac OS X 10_15_7) AppleWebKit/605.1.15 (KHTML, like Gecko) Version/18.3 Safari/605.1.15"
jomarlogistica.com.br:80 154.206.118.89 - - [22/Sep/2025:22:45:59 -0300] "GET /wp-content/plugins/contact-form-7-multi-step/assets/frontend/animate/animate.min.css?ver=2.5.4 HTTP/1.1" 200 5225 "https://jomarlogistica.com.br/2024/03/08/ccpa-non-disclosure-agreement-protect-your-data/" "Mozilla/5.0 (Macintosh; Intel Mac OS X 10_15_7) AppleWebKit/605.1.15 (KHTML, like Gecko) Version/18.3 Safari/605.1.15"
jomarlogistica.com.br:80 154.206.118.89 - - [22/Sep/2025:22:45:59 -0300] "GET /wp-content/plugins/elementor/assets/lib/font-awesome/css/font-awesome.min.css?ver=4.7.0 HTTP/1.1" 200 7623 "https://jomarlogistica.com.br/2024/03/08/ccpa-non-disclosure-agreement-protect-your-data/" "Mozilla/5.0 (Macintosh; Intel Mac OS X 10_15_7) AppleWebKit/605.1.15 (KHTML, like Gecko) Version/18.3 Safari/605.1.15"
jomarlogistica.com.br:80 154.206.118.89 - - [22/Sep/2025:22:45:59 -0300] "GET /wp-content/themes/consultio/assets/css/font-awesome5.min.css?ver=5.8.0 HTTP/1.1" 200 17997 "https://jomarlogistica.com.br/2024/03/08/ccpa-non-disclosure-agreement-protect-your-data/" "Mozilla/5.0 (Macintosh; Intel Mac OS X 10_15_7) AppleWebKit/605.1.15 (KHTML, like Gecko) Version/18.3 Safari/605.1.15"
jomarlogistica.com.br:80 154.206.118.89 - - [22/Sep/2025:22:45:59 -0300] "GET /wp-content/themes/consultio/assets/css/flaticon.css?ver=2.8.0 HTTP/1.1" 200 1205 "https://jomarlogistica.com.br/2024/03/08/ccpa-non-disclosure-agreement-protect-your-data/" "Mozilla/5.0 (Macintosh; Intel Mac OS X 10_15_7) AppleWebKit/605.1.15 (KHTML, like Gecko) Version/18.3 Safari/605.1.15"
jomarlogistica.com.br:80 154.206.118.89 - - [22/Sep/2025:22:45:59 -0300] "GET /wp-content/themes/consultio/assets/css/flaticon-v2.css?ver=2.8.0 HTTP/1.1" 200 994 "https://jomarlogistica.com.br/2024/03/08/ccpa-non-disclosure-agreement-protect-your-data/" "Mozilla/5.0 (Macintosh; Intel Mac OS X 10_15_7) AppleWebKit/605.1.15 (KHTML, like Gecko) Version/18.3 Safari/605.1.15"
jomarlogistica.com.br:80 154.206.118.89 - - [22/Sep/2025:22:45:59 -0300] "GET /wp-content/themes/consultio/assets/css/flaticon-v3.css?ver=2.8.0 HTTP/1.1" 200 1156 "https://jomarlogistica.com.br/2024/03/08/ccpa-non-disclosure-agreement-protect-your-data/" "Mozilla/5.0 (Macintosh; Intel Mac OS X 10_15_7) AppleWebKit/605.1.15 (KHTML, like Gecko) Version/18.3 Safari/605.1.15"
jomarlogistica.com.br:80 154.206.118.89 - - [22/Sep/2025:22:45:59 -0300] "GET /wp-content/themes/consultio/assets/css/flaticon-v4.css?ver=2.8.0 HTTP/1.1" 200 795 "https://jomarlogistica.com.br/2024/03/08/ccpa-non-disclosure-agreement-protect-your-data/" "Mozilla/5.0 (Macintosh; Intel Mac OS X 10_15_7) AppleWebKit/605.1.15 (KHTML, like Gecko) Version/18.3 Safari/605.1.15"
jomarlogistica.com.br:80 154.206.118.89 - - [22/Sep/2025:22:45:59 -0300] "GET /wp-content/themes/consultio/assets/css/flaticon-v5.css?ver=2.8.0 HTTP/1.1" 200 1337 "https://jomarlogistica.com.br/2024/03/08/ccpa-non-disclosure-agreement-protect-your-data/" "Mozilla/5.0 (Macintosh; Intel Mac OS X 10_15_7) AppleWebKit/605.1.15 (KHTML, like Gecko) Version/18.3 Safari/605.1.15"
jomarlogistica.com.br:80 154.206.118.89 - - [22/Sep/2025:22:45:59 -0300] "GET /wp-content/themes/consultio/assets/css/flaticon-v6.css?ver=2.8.0 HTTP/1.1" 200 998 "https://jomarlogistica.com.br/2024/03/08/ccpa-non-disclosure-agreement-protect-your-data/" "Mozilla/5.0 (Macintosh; Intel Mac OS X 10_15_7) AppleWebKit/605.1.15 (KHTML, like Gecko) Version/18.3 Safari/605.1.15"
jomarlogistica.com.br:80 154.206.118.89 - - [22/Sep/2025:22:45:59 -0300] "GET /wp-content/themes/consultio/assets/css/flaticon-v7.css?ver=2.8.0 HTTP/1.1" 200 990 "https://jomarlogistica.com.br/2024/03/08/ccpa-non-disclosure-agreement-protect-your-data/" "Mozilla/5.0 (Macintosh; Intel Mac OS X 10_15_7) AppleWebKit/605.1.15 (KHTML, like Gecko) Version/18.3 Safari/605.1.15"
jomarlogistica.com.br:80 154.206.118.89 - - [22/Sep/2025:22:45:59 -0300] "GET /wp-content/themes/consultio/assets/css/material-design-iconic-font.min.css?ver=2.2.0 HTTP/1.1" 200 8981 "https://jomarlogistica.com.br/2024/03/08/ccpa-non-disclosure-agreement-protect-your-data/" "Mozilla/5.0 (Macintosh; Intel Mac OS X 10_15_7) AppleWebKit/605.1.15 (KHTML, like Gecko) Version/18.3 Safari/605.1.15"
jomarlogistica.com.br:80 154.206.118.89 - - [22/Sep/2025:22:45:59 -0300] "GET /wp-content/themes/consultio/assets/css/theme.css?ver=2.8.0 HTTP/1.1" 200 195072 "https://jomarlogistica.com.br/2024/03/08/ccpa-non-disclosure-agreement-protect-your-data/" "Mozilla/5.0 (Macintosh; Intel Mac OS X 10_15_7) AppleWebKit/605.1.15 (KHTML, like Gecko) Version/18.3 Safari/605.1.15"
jomarlogistica.com.br:80 154.206.118.89 - - [22/Sep/2025:22:45:59 -0300] "GET /wp-content/themes/consultio/style.css?ver=5.8.10 HTTP/1.1" 200 866 "https://jomarlogistica.com.br/2024/03/08/ccpa-non-disclosure-agreement-protect-your-data/" "Mozilla/5.0 (Macintosh; Intel Mac OS X 10_15_7) AppleWebKit/605.1.15 (KHTML, like Gecko) Version/18.3 Safari/605.1.15"
jomarlogistica.com.br:80 154.206.118.89 - - [22/Sep/2025:22:45:59 -0300] "GET /wp-content/plugins/meks-simple-flickr-widget/css/style.css?ver=1.2 HTTP/1.1" 200 577 "https://jomarlogistica.com.br/2024/03/08/ccpa-non-disclosure-agreement-protect-your-data/" "Mozilla/5.0 (Macintosh; Intel Mac OS X 10_15_7) AppleWebKit/605.1.15 (KHTML, like Gecko) Version/18.3 Safari/605.1.15"
jomarlogistica.com.br:80 154.206.118.89 - - [22/Sep/2025:22:45:59 -0300] "GET /wp-content/plugins/newsletter/style.css?ver=7.3.3 HTTP/1.1" 200 1636 "https://jomarlogistica.com.br/2024/03/08/ccpa-non-disclosure-agreement-protect-your-data/" "Mozilla/5.0 (Macintosh; Intel Mac OS X 10_15_7) AppleWebKit/605.1.15 (KHTML, like Gecko) Version/18.3 Safari/605.1.15"
jomarlogistica.com.br:80 154.206.118.89 - - [22/Sep/2025:22:45:59 -0300] "GET /wp-includes/js/jquery/jquery.min.js?ver=3.6.0 HTTP/1.1" 200 32444 "https://jomarlogistica.com.br/2024/03/08/ccpa-non-disclosure-agreement-protect-your-data/" "Mozilla/5.0 (Macintosh; Intel Mac OS X 10_15_7) AppleWebKit/605.1.15 (KHTML, like Gecko) Version/18.3 Safari/605.1.15"
jomarlogistica.com.br:80 154.206.118.89 - - [22/Sep/2025:22:45:59 -0300] "GET /wp-includes/js/jquery/jquery-migrate.min.js?ver=3.3.2 HTTP/1.1" 200 4613 "https://jomarlogistica.com.br/2024/03/08/ccpa-non-disclosure-agreement-protect-your-data/" "Mozilla/5.0 (Macintosh; Intel Mac OS X 10_15_7) AppleWebKit/605.1.15 (KHTML, like Gecko) Version/18.3 Safari/605.1.15"
jomarlogistica.com.br:80 154.206.118.89 - - [22/Sep/2025:22:45:59 -0300] "GET /wp-content/plugins/case-theme-core/assets/js/main.js?ver=1.0.0 HTTP/1.1" 200 570 "https://jomarlogistica.com.br/2024/03/08/ccpa-non-disclosure-agreement-protect-your-data/" "Mozilla/5.0 (Macintosh; Intel Mac OS X 10_15_7) AppleWebKit/605.1.15 (KHTML, like Gecko) Version/18.3 Safari/605.1.15"
jomarlogistica.com.br:80 154.206.118.89 - - [22/Sep/2025:22:45:59 -0300] "GET /wp-content/themes/consultio/elementor/js/ct-inline-css.js?ver=2.8.0 HTTP/1.1" 200 864 "https://jomarlogistica.com.br/2024/03/08/ccpa-non-disclosure-agreement-protect-your-data/" "Mozilla/5.0 (Macintosh; Intel Mac OS X 10_15_7) AppleWebKit/605.1.15 (KHTML, like Gecko) Version/18.3 Safari/605.1.15"
jomarlogistica.com.br:80 154.206.118.89 - - [22/Sep/2025:22:46:00 -0300] "GET /wp-content/plugins/revslider/public/assets/css/rs6.css?ver=6.5.11 HTTP/1.1" 200 13321 "https://jomarlogistica.com.br/2024/03/08/ccpa-non-disclosure-agreement-protect-your-data/" "Mozilla/5.0 (Macintosh; Intel Mac OS X 10_15_7) AppleWebKit/605.1.15 (KHTML, like Gecko) Version/18.3 Safari/605.1.15"
jomarlogistica.com.br:80 154.206.118.89 - - [22/Sep/2025:22:46:00 -0300] "GET /wp-includes/js/jquery/ui/core.min.js?ver=1.12.1 HTTP/1.1" 200 7418 "https://jomarlogistica.com.br/2024/03/08/ccpa-non-disclosure-agreement-protect-your-data/" "Mozilla/5.0 (Macintosh; Intel Mac OS X 10_15_7) AppleWebKit/605.1.15 (KHTML, like Gecko) Version/18.3 Safari/605.1.15"
jomarlogistica.com.br:80 154.206.118.89 - - [22/Sep/2025:22:46:00 -0300] "GET /wp-includes/js/jquery/ui/datepicker.min.js?ver=1.12.1 HTTP/1.1" 200 11555 "https://jomarlogistica.com.br/2024/03/08/ccpa-non-disclosure-agreement-protect-your-data/" "Mozilla/5.0 (Macintosh; Intel Mac OS X 10_15_7) AppleWebKit/605.1.15 (KHTML, like Gecko) Version/18.3 Safari/605.1.15"
jomarlogistica.com.br:80 154.206.118.89 - - [22/Sep/2025:22:46:00 -0300] "GET /wp-content/plugins/booked/assets/js/spin.min.js?ver=2.0.1 HTTP/1.1" 200 2463 "https://jomarlogistica.com.br/2024/03/08/ccpa-non-disclosure-agreement-protect-your-data/" "Mozilla/5.0 (Macintosh; Intel Mac OS X 10_15_7) AppleWebKit/605.1.15 (KHTML, like Gecko) Version/18.3 Safari/605.1.15"
jomarlogistica.com.br:80 154.206.118.89 - - [22/Sep/2025:22:46:00 -0300] "GET /wp-content/plugins/booked/assets/js/spin.jquery.js?ver=2.0.1 HTTP/1.1" 200 1167 "https://jomarlogistica.com.br/2024/03/08/ccpa-non-disclosure-agreement-protect-your-data/" "Mozilla/5.0 (Macintosh; Intel Mac OS X 10_15_7) AppleWebKit/605.1.15 (KHTML, like Gecko) Version/18.3 Safari/605.1.15"
jomarlogistica.com.br:80 154.206.118.89 - - [22/Sep/2025:22:46:00 -0300] "GET /wp-content/plugins/booked/assets/js/tooltipster/js/jquery.tooltipster.min.js?ver=3.3.0 HTTP/1.1" 200 5373 "https://jomarlogistica.com.br/2024/03/08/ccpa-non-disclosure-agreement-protect-your-data/" "Mozilla/5.0 (Macintosh; Intel Mac OS X 10_15_7) AppleWebKit/605.1.15 (KHTML, like Gecko) Version/18.3 Safari/605.1.15"
jomarlogistica.com.br:80 154.206.118.89 - - [22/Sep/2025:22:46:00 -0300] "GET /wp-content/plugins/case-theme-user/acess/js/notify.min.js?ver=1.0.0 HTTP/1.1" 200 7826 "https://jomarlogistica.com.br/2024/03/08/ccpa-non-disclosure-agreement-protect-your-data/" "Mozilla/5.0 (Macintosh; Intel Mac OS X 10_15_7) AppleWebKit/605.1.15 (KHTML, like Gecko) Version/18.3 Safari/605.1.15"
jomarlogistica.com.br:80 154.206.118.89 - - [22/Sep/2025:22:46:00 -0300] "GET /wp-content/plugins/booked/assets/js/functions.js?ver=2.3.5 HTTP/1.1" 200 10029 "https://jomarlogistica.com.br/2024/03/08/ccpa-non-disclosure-agreement-protect-your-data/" "Mozilla/5.0 (Macintosh; Intel Mac OS X 10_15_7) AppleWebKit/605.1.15 (KHTML, like Gecko) Version/18.3 Safari/605.1.15"
jomarlogistica.com.br:80 154.206.118.89 - - [22/Sep/2025:22:46:00 -0300] "GET /wp-content/plugins/case-theme-user/acess/js/remodal.min.js?ver=1.0.0 HTTP/1.1" 200 3045 "https://jomarlogistica.com.br/2024/03/08/ccpa-non-disclosure-agreement-protect-your-data/" "Mozilla/5.0 (Macintosh; Intel Mac OS X 10_15_7) AppleWebKit/605.1.15 (KHTML, like Gecko) Version/18.3 Safari/605.1.15"
jomarlogistica.com.br:80 154.206.118.89 - - [22/Sep/2025:22:46:00 -0300] "GET /wp-content/plugins/case-theme-user/acess/js/ct-user-form.js?ver=1.0.0 HTTP/1.1" 200 2307 "https://jomarlogistica.com.br/2024/03/08/ccpa-non-disclosure-agreement-protect-your-data/" "Mozilla/5.0 (Macintosh; Intel Mac OS X 10_15_7) AppleWebKit/605.1.15 (KHTML, like Gecko) Version/18.3 Safari/605.1.15"
jomarlogistica.com.br:80 154.206.118.89 - - [22/Sep/2025:22:46:00 -0300] "GET /wp-content/plugins/contact-form-7-multi-step/assets/frontend/js/cf7mls.js?ver=2.5.4 HTTP/1.1" 200 7286 "https://jomarlogistica.com.br/2024/03/08/ccpa-non-disclosure-agreement-protect-your-data/" "Mozilla/5.0 (Macintosh; Intel Mac OS X 10_15_7) AppleWebKit/605.1.15 (KHTML, like Gecko) Version/18.3 Safari/605.1.15"
jomarlogistica.com.br:80 154.206.118.89 - - [22/Sep/2025:22:46:00 -0300] "GET /wp-includes/js/dist/vendor/regenerator-runtime.min.js?ver=0.13.7 HTTP/1.1" 200 2798 "https://jomarlogistica.com.br/2024/03/08/ccpa-non-disclosure-agreement-protect-your-data/" "Mozilla/5.0 (Macintosh; Intel Mac OS X 10_15_7) AppleWebKit/605.1.15 (KHTML, like Gecko) Version/18.3 Safari/605.1.15"
jomarlogistica.com.br:80 154.206.118.89 - - [22/Sep/2025:22:46:00 -0300] "GET /wp-content/plugins/contact-form-7/includes/js/index.js?ver=5.5.3 HTTP/1.1" 200 4245 "https://jomarlogistica.com.br/2024/03/08/ccpa-non-disclosure-agreement-protect-your-data/" "Mozilla/5.0 (Macintosh; Intel Mac OS X 10_15_7) AppleWebKit/605.1.15 (KHTML, like Gecko) Version/18.3 Safari/605.1.15"
jomarlogistica.com.br:80 154.206.118.89 - - [22/Sep/2025:22:46:00 -0300] "GET /wp-includes/js/dist/vendor/wp-polyfill.min.js?ver=3.15.0 HTTP/1.1" 200 6572 "https://jomarlogistica.com.br/2024/03/08/ccpa-non-disclosure-agreement-protect-your-data/" "Mozilla/5.0 (Macintosh; Intel Mac OS X 10_15_7) AppleWebKit/605.1.15 (KHTML, like Gecko) Version/18.3 Safari/605.1.15"
jomarlogistica.com.br:80 154.206.118.89 - - [22/Sep/2025:22:46:00 -0300] "GET /wp-content/plugins/revslider/public/assets/js/rbtools.min.js?ver=6.5.11 HTTP/1.1" 200 48787 "https://jomarlogistica.com.br/2024/03/08/ccpa-non-disclosure-agreement-protect-your-data/" "Mozilla/5.0 (Macintosh; Intel Mac OS X 10_15_7) AppleWebKit/605.1.15 (KHTML, like Gecko) Version/18.3 Safari/605.1.15"
jomarlogistica.com.br:80 154.206.118.89 - - [22/Sep/2025:22:46:00 -0300] "GET /wp-content/plugins/booked/includes/add-ons/frontend-agents/js/functions.js?ver=2.3.5 HTTP/1.1" 200 1592 "https://jomarlogistica.com.br/2024/03/08/ccpa-non-disclosure-agreement-protect-your-data/" "Mozilla/5.0 (Macintosh; Intel Mac OS X 10_15_7) AppleWebKit/605.1.15 (KHTML, like Gecko) Version/18.3 Safari/605.1.15"
jomarlogistica.com.br:80 154.206.118.89 - - [22/Sep/2025:22:46:00 -0300] "GET /wp-content/themes/consultio/assets/js/bootstrap.min.js?ver=4.0.0 HTTP/1.1" 200 14168 "https://jomarlogistica.com.br/2024/03/08/ccpa-non-disclosure-agreement-protect-your-data/" "Mozilla/5.0 (Macintosh; Intel Mac OS X 10_15_7) AppleWebKit/605.1.15 (KHTML, like Gecko) Version/18.3 Safari/605.1.15"
jomarlogistica.com.br:80 154.206.118.89 - - [22/Sep/2025:22:46:00 -0300] "GET /wp-content/themes/consultio/assets/js/nice-select.min.js?ver=all HTTP/1.1" 200 1420 "https://jomarlogistica.com.br/2024/03/08/ccpa-non-disclosure-agreement-protect-your-data/" "Mozilla/5.0 (Macintosh; Intel Mac OS X 10_15_7) AppleWebKit/605.1.15 (KHTML, like Gecko) Version/18.3 Safari/605.1.15"
jomarlogistica.com.br:80 154.206.118.89 - - [22/Sep/2025:22:46:00 -0300] "GET /wp-content/themes/consultio/assets/js/progressbar.min.js?ver=1.0.0 HTTP/1.1" 200 1327 "https://jomarlogistica.com.br/2024/03/08/ccpa-non-disclosure-agreement-protect-your-data/" "Mozilla/5.0 (Macintosh; Intel Mac OS X 10_15_7) AppleWebKit/605.1.15 (KHTML, like Gecko) Version/18.3 Safari/605.1.15"
jomarlogistica.com.br:80 154.206.118.89 - - [22/Sep/2025:22:46:00 -0300] "GET /wp-content/themes/consultio/assets/js/wow.min.js?ver=1.0.0 HTTP/1.1" 200 3260 "https://jomarlogistica.com.br/2024/03/08/ccpa-non-disclosure-agreement-protect-your-data/" "Mozilla/5.0 (Macintosh; Intel Mac OS X 10_15_7) AppleWebKit/605.1.15 (KHTML, like Gecko) Version/18.3 Safari/605.1.15"
jomarlogistica.com.br:80 154.206.118.89 - - [22/Sep/2025:22:46:00 -0300] "GET /wp-content/plugins/revslider/public/assets/js/rs6.min.js?ver=6.5.11 HTTP/1.1" 200 104993 "https://jomarlogistica.com.br/2024/03/08/ccpa-non-disclosure-agreement-protect-your-data/" "Mozilla/5.0 (Macintosh; Intel Mac OS X 10_15_7) AppleWebKit/605.1.15 (KHTML, like Gecko) Version/18.3 Safari/605.1.15"
jomarlogistica.com.br:80 154.206.118.89 - - [22/Sep/2025:22:46:00 -0300] "GET /wp-includes/js/jquery/ui/mouse.min.js?ver=1.12.1 HTTP/1.1" 200 1479 "https://jomarlogistica.com.br/2024/03/08/ccpa-non-disclosure-agreement-protect-your-data/" "Mozilla/5.0 (Macintosh; Intel Mac OS X 10_15_7) AppleWebKit/605.1.15 (KHTML, like Gecko) Version/18.3 Safari/605.1.15"
jomarlogistica.com.br:80 154.206.118.89 - - [22/Sep/2025:22:46:00 -0300] "GET /wp-includes/js/jquery/ui/slider.min.js?ver=1.12.1 HTTP/1.1" 200 3602 "https://jomarlogistica.com.br/2024/03/08/ccpa-non-disclosure-agreement-protect-your-data/" "Mozilla/5.0 (Macintosh; Intel Mac OS X 10_15_7) AppleWebKit/605.1.15 (KHTML, like Gecko) Version/18.3 Safari/605.1.15"
jomarlogistica.com.br:80 154.206.118.89 - - [22/Sep/2025:22:46:00 -0300] "GET /wp-content/themes/consultio/assets/js/main.js?ver=2.8.0 HTTP/1.1" 200 6455 "https://jomarlogistica.com.br/2024/03/08/ccpa-non-disclosure-agreement-protect-your-data/" "Mozilla/5.0 (Macintosh; Intel Mac OS X 10_15_7) AppleWebKit/605.1.15 (KHTML, like Gecko) Version/18.3 Safari/605.1.15"
jomarlogistica.com.br:80 154.206.118.89 - - [22/Sep/2025:22:46:00 -0300] "GET /wp-includes/js/wp-embed.min.js?ver=5.8.10 HTTP/1.1" 200 1177 "https://jomarlogistica.com.br/2024/03/08/ccpa-non-disclosure-agreement-protect-your-data/" "Mozilla/5.0 (Macintosh; Intel Mac OS X 10_15_7) AppleWebKit/605.1.15 (KHTML, like Gecko) Version/18.3 Safari/605.1.15"
jomarlogistica.com.br:80 154.206.118.89 - - [22/Sep/2025:22:46:00 -0300] "GET /wp-content/themes/consultio/assets/fonts/fontawesome/fa-brands-400.woff2 HTTP/1.1" 200 75110 "https://jomarlogistica.com.br/2024/03/08/ccpa-non-disclosure-agreement-protect-your-data/" "Mozilla/5.0 (Macintosh; Intel Mac OS X 10_15_7) AppleWebKit/605.1.15 (KHTML, like Gecko) Version/18.3 Safari/605.1.15"
jomarlogistica.com.br:80 154.206.118.89 - - [22/Sep/2025:22:46:00 -0300] "GET /wp-content/themes/consultio/assets/fonts/Flaticon-v3.svg HTTP/1.1" 200 30604 "https://jomarlogistica.com.br/2024/03/08/ccpa-non-disclosure-agreement-protect-your-data/" "Mozilla/5.0 (Macintosh; Intel Mac OS X 10_15_7) AppleWebKit/605.1.15 (KHTML, like Gecko) Version/18.3 Safari/605.1.15"
