jomarlogistica.com.br:80 103.133.143.229 - - [22/Sep/2025:18:15:19 -0300] "GET /404.php HTTP/1.1" 404 448 "-" "Mozilla/5.0 (Linux; Android 7.0; SM-G892A Build/NRD90M; wv) AppleWebKit/537.36 (KHTML, like Gecko) Version/4.0 Chrome/60.0.3112.107 Mobile Safari/537.36"
jomarlogistica.com.br:80 103.133.143.229 - - [22/Sep/2025:18:15:21 -0300] "GET /wp-content/plugins/upgrade.php HTTP/1.1" 404 448 "-" "Mozilla/5.0 (Linux; Android 7.0; SM-G892A Build/NRD90M; wv) AppleWebKit/537.36 (KHTML, like Gecko) Version/4.0 Chrome/60.0.3112.107 Mobile Safari/537.36"
jomarlogistica.com.br:80 103.133.143.229 - - [22/Sep/2025:18:15:24 -0300] "GET /wp.php HTTP/1.1" 404 448 "-" "Mozilla/5.0 (Linux; Android 7.0; SM-G892A Build/NRD90M; wv) AppleWebKit/537.36 (KHTML, like Gecko) Version/4.0 Chrome/60.0.3112.107 Mobile Safari/537.36"
jomarlogistica.com.br:80 127.0.0.1 - - [22/Sep/2025:18:15:28 -0300] "OPTIONS * HTTP/1.0" 200 110 "-" "Apache/2.4.65 (Ubuntu) (internal dummy connection)"
jomarlogistica.com.br:80 103.133.143.229 - - [22/Sep/2025:18:15:29 -0300] "GET /small.php HTTP/1.1" 404 448 "-" "Mozilla/5.0 (Linux; Android 7.0; SM-G892A Build/NRD90M; wv) AppleWebKit/537.36 (KHTML, like Gecko) Version/4.0 Chrome/60.0.3112.107 Mobile Safari/537.36"
jomarlogistica.com.br:80 103.133.143.229 - - [22/Sep/2025:18:15:37 -0300] "GET /file5.php HTTP/1.1" 404 448 "-" "Mozilla/5.0 (Linux; Android 7.0; SM-G892A Build/NRD90M; wv) AppleWebKit/537.36 (KHTML, like Gecko) Version/4.0 Chrome/60.0.3112.107 Mobile Safari/537.36"
jomarlogistica.com.br:80 103.133.143.229 - - [22/Sep/2025:18:15:41 -0300] "GET /uploader.php HTTP/1.1" 404 448 "-" "Mozilla/5.0 (Linux; Android 7.0; SM-G892A Build/NRD90M; wv) AppleWebKit/537.36 (KHTML, like Gecko) Version/4.0 Chrome/60.0.3112.107 Mobile Safari/537.36"
jomarlogistica.com.br:80 103.133.143.229 - - [22/Sep/2025:18:15:46 -0300] "GET /akc.php?kece=akukece@451 HTTP/1.1" 404 448 "-" "Mozilla/5.0 (Linux; Android 7.0; SM-G892A Build/NRD90M; wv) AppleWebKit/537.36 (KHTML, like Gecko) Version/4.0 Chrome/60.0.3112.107 Mobile Safari/537.36"
jomarlogistica.com.br:80 103.133.143.229 - - [22/Sep/2025:18:15:50 -0300] "GET /wp-content/403.php HTTP/1.1" 404 448 "-" "Mozilla/5.0 (Linux; Android 7.0; SM-G892A Build/NRD90M; wv) AppleWebKit/537.36 (KHTML, like Gecko) Version/4.0 Chrome/60.0.3112.107 Mobile Safari/537.36"
jomarlogistica.com.br:80 103.133.143.229 - - [22/Sep/2025:18:15:53 -0300] "GET /403.php HTTP/1.1" 404 448 "-" "Mozilla/5.0 (Linux; Android 7.0; SM-G892A Build/NRD90M; wv) AppleWebKit/537.36 (KHTML, like Gecko) Version/4.0 Chrome/60.0.3112.107 Mobile Safari/537.36"
jomarlogistica.com.br:80 103.133.143.229 - - [22/Sep/2025:18:15:57 -0300] "GET /marijuana.php HTTP/1.1" 404 448 "-" "Mozilla/5.0 (Linux; Android 7.0; SM-G892A Build/NRD90M; wv) AppleWebKit/537.36 (KHTML, like Gecko) Version/4.0 Chrome/60.0.3112.107 Mobile Safari/537.36"
jomarlogistica.com.br:80 103.133.143.229 - - [22/Sep/2025:18:16:01 -0300] "GET /wp-head.php HTTP/1.1" 404 448 "-" "Mozilla/5.0 (Linux; Android 7.0; SM-G892A Build/NRD90M; wv) AppleWebKit/537.36 (KHTML, like Gecko) Version/4.0 Chrome/60.0.3112.107 Mobile Safari/537.36"
jomarlogistica.com.br:80 103.133.143.229 - - [22/Sep/2025:18:16:04 -0300] "GET /wp-content/languages/index.php HTTP/1.1" 301 471 "-" "Mozilla/5.0 (Linux; Android 7.0; SM-G892A Build/NRD90M; wv) AppleWebKit/537.36 (KHTML, like Gecko) Version/4.0 Chrome/60.0.3112.107 Mobile Safari/537.36"
jomarlogistica.com.br:80 103.133.143.229 - - [22/Sep/2025:18:16:05 -0300] "GET /wp-content/languages/ HTTP/1.1" 403 2493 "-" "Mozilla/5.0 (Linux; Android 7.0; SM-G892A Build/NRD90M; wv) AppleWebKit/537.36 (KHTML, like Gecko) Version/4.0 Chrome/60.0.3112.107 Mobile Safari/537.36"
jomarlogistica.com.br:80 103.133.143.229 - - [22/Sep/2025:18:16:07 -0300] "GET /wp-includes/wp-class.php HTTP/1.1" 404 448 "-" "Mozilla/5.0 (Linux; Android 7.0; SM-G892A Build/NRD90M; wv) AppleWebKit/537.36 (KHTML, like Gecko) Version/4.0 Chrome/60.0.3112.107 Mobile Safari/537.36"
jomarlogistica.com.br:80 103.133.143.229 - - [22/Sep/2025:18:16:10 -0300] "GET /wp-content/plugins/google-seo-rank/module.php HTTP/1.1" 404 467 "-" "Mozilla/5.0 (Linux; Android 7.0; SM-G892A Build/NRD90M; wv) AppleWebKit/537.36 (KHTML, like Gecko) Version/4.0 Chrome/60.0.3112.107 Mobile Safari/537.36"
jomarlogistica.com.br:80 103.133.143.229 - - [22/Sep/2025:18:16:18 -0300] "GET /wp-content/themes/twenty/twenty.php HTTP/1.1" 404 448 "-" "Mozilla/5.0 (Linux; Android 7.0; SM-G892A Build/NRD90M; wv) AppleWebKit/537.36 (KHTML, like Gecko) Version/4.0 Chrome/60.0.3112.107 Mobile Safari/537.36"
jomarlogistica.com.br:80 103.133.143.229 - - [22/Sep/2025:18:16:20 -0300] "GET /wp-content/plugins/press/wp-class.php HTTP/1.1" 404 448 "-" "Mozilla/5.0 (Linux; Android 7.0; SM-G892A Build/NRD90M; wv) AppleWebKit/537.36 (KHTML, like Gecko) Version/4.0 Chrome/60.0.3112.107 Mobile Safari/537.36"
jomarlogistica.com.br:80 103.133.143.229 - - [22/Sep/2025:18:16:23 -0300] "GET /fm1.php HTTP/1.1" 404 448 "-" "Mozilla/5.0 (Linux; Android 7.0; SM-G892A Build/NRD90M; wv) AppleWebKit/537.36 (KHTML, like Gecko) Version/4.0 Chrome/60.0.3112.107 Mobile Safari/537.36"
jomarlogistica.com.br:80 103.133.143.229 - - [22/Sep/2025:18:16:27 -0300] "GET /baxa1.phP8 HTTP/1.1" 404 448 "-" "Mozilla/5.0 (Linux; Android 7.0; SM-G892A Build/NRD90M; wv) AppleWebKit/537.36 (KHTML, like Gecko) Version/4.0 Chrome/60.0.3112.107 Mobile Safari/537.36"
jomarlogistica.com.br:80 103.133.143.229 - - [22/Sep/2025:18:16:30 -0300] "GET /wp-admin/network/index.php?p= HTTP/1.1" 302 547 "-" "Mozilla/5.0 (Linux; Android 7.0; SM-G892A Build/NRD90M; wv) AppleWebKit/537.36 (KHTML, like Gecko) Version/4.0 Chrome/60.0.3112.107 Mobile Safari/537.36"
jomarlogistica.com.br:80 103.133.143.229 - - [22/Sep/2025:18:16:31 -0300] "GET /wp-login.php?redirect_to=https%3A%2F%2Fjomarlogistica.com.br%2Fwp-admin%2Fnetwork%2Findex.php%3Fp%3D&reauth=1 HTTP/1.1" 200 5007 "-" "Mozilla/5.0 (Linux; Android 7.0; SM-G892A Build/NRD90M; wv) AppleWebKit/537.36 (KHTML, like Gecko) Version/4.0 Chrome/60.0.3112.107 Mobile Safari/537.36"
jomarlogistica.com.br:80 103.133.143.229 - - [22/Sep/2025:18:16:35 -0300] "GET /wp-file.php?p= HTTP/1.1" 301 461 "-" "Mozilla/5.0 (Linux; Android 7.0; SM-G892A Build/NRD90M; wv) AppleWebKit/537.36 (KHTML, like Gecko) Version/4.0 Chrome/60.0.3112.107 Mobile Safari/537.36"
jomarlogistica.com.br:80 103.133.143.229 - - [22/Sep/2025:18:16:35 -0300] "GET /wp-file.php HTTP/1.1" 404 409 "-" "Mozilla/5.0 (Linux; Android 7.0; SM-G892A Build/NRD90M; wv) AppleWebKit/537.36 (KHTML, like Gecko) Version/4.0 Chrome/60.0.3112.107 Mobile Safari/537.36"
jomarlogistica.com.br:80 127.0.0.1 - - [22/Sep/2025:18:16:37 -0300] "OPTIONS * HTTP/1.0" 200 110 "-" "Apache/2.4.65 (Ubuntu) (internal dummy connection)"
jomarlogistica.com.br:80 103.133.143.229 - - [22/Sep/2025:18:16:40 -0300] "GET /admin.php HTTP/1.1" 404 448 "-" "Mozilla/5.0 (Linux; Android 7.0; SM-G892A Build/NRD90M; wv) AppleWebKit/537.36 (KHTML, like Gecko) Version/4.0 Chrome/60.0.3112.107 Mobile Safari/537.36"
jomarlogistica.com.br:80 103.133.143.229 - - [22/Sep/2025:18:16:42 -0300] "GET /wp-content/plugins/WordPressCore/include.php HTTP/1.1" 404 448 "-" "Mozilla/5.0 (Linux; Android 7.0; SM-G892A Build/NRD90M; wv) AppleWebKit/537.36 (KHTML, like Gecko) Version/4.0 Chrome/60.0.3112.107 Mobile Safari/537.36"
jomarlogistica.com.br:80 103.133.143.229 - - [22/Sep/2025:18:16:45 -0300] "GET /wp-admin/images/admin.php HTTP/1.1" 404 448 "-" "Mozilla/5.0 (Linux; Android 7.0; SM-G892A Build/NRD90M; wv) AppleWebKit/537.36 (KHTML, like Gecko) Version/4.0 Chrome/60.0.3112.107 Mobile Safari/537.36"
jomarlogistica.com.br:80 103.133.143.229 - - [22/Sep/2025:18:16:49 -0300] "GET /wp-content/themes/fremo/mobile.php HTTP/1.1" 404 448 "-" "Mozilla/5.0 (Linux; Android 7.0; SM-G892A Build/NRD90M; wv) AppleWebKit/537.36 (KHTML, like Gecko) Version/4.0 Chrome/60.0.3112.107 Mobile Safari/537.36"
jomarlogistica.com.br:80 103.133.143.229 - - [22/Sep/2025:18:16:52 -0300] "GET /wp-content/themes/suntech/css_blocks.php HTTP/1.1" 404 448 "-" "Mozilla/5.0 (Linux; Android 7.0; SM-G892A Build/NRD90M; wv) AppleWebKit/537.36 (KHTML, like Gecko) Version/4.0 Chrome/60.0.3112.107 Mobile Safari/537.36"
jomarlogistica.com.br:80 103.133.143.229 - - [22/Sep/2025:18:16:54 -0300] "GET /alfanew.php7 HTTP/1.1" 404 448 "-" "Mozilla/5.0 (Linux; Android 7.0; SM-G892A Build/NRD90M; wv) AppleWebKit/537.36 (KHTML, like Gecko) Version/4.0 Chrome/60.0.3112.107 Mobile Safari/537.36"
jomarlogistica.com.br:80 103.133.143.229 - - [22/Sep/2025:18:16:59 -0300] "GET /nc4.php HTTP/1.1" 404 448 "-" "Mozilla/5.0 (Linux; Android 7.0; SM-G892A Build/NRD90M; wv) AppleWebKit/537.36 (KHTML, like Gecko) Version/4.0 Chrome/60.0.3112.107 Mobile Safari/537.36"
jomarlogistica.com.br:80 103.133.143.229 - - [22/Sep/2025:18:17:01 -0300] "GET /.well-known/wso112233.php HTTP/1.1" 404 467 "-" "Mozilla/5.0 (Linux; Android 7.0; SM-G892A Build/NRD90M; wv) AppleWebKit/537.36 (KHTML, like Gecko) Version/4.0 Chrome/60.0.3112.107 Mobile Safari/537.36"
jomarlogistica.com.br:80 103.133.143.229 - - [22/Sep/2025:18:17:04 -0300] "GET /about.php HTTP/1.1" 404 448 "-" "Mozilla/5.0 (Linux; Android 7.0; SM-G892A Build/NRD90M; wv) AppleWebKit/537.36 (KHTML, like Gecko) Version/4.0 Chrome/60.0.3112.107 Mobile Safari/537.36"
jomarlogistica.com.br:80 103.133.143.229 - - [22/Sep/2025:18:17:08 -0300] "GET /wp-content/shell20211028.php HTTP/1.1" 404 448 "-" "Mozilla/5.0 (Linux; Android 7.0; SM-G892A Build/NRD90M; wv) AppleWebKit/537.36 (KHTML, like Gecko) Version/4.0 Chrome/60.0.3112.107 Mobile Safari/537.36"
jomarlogistica.com.br:80 103.133.143.229 - - [22/Sep/2025:18:17:11 -0300] "GET /repeater.php HTTP/1.1" 404 448 "-" "Mozilla/5.0 (Linux; Android 7.0; SM-G892A Build/NRD90M; wv) AppleWebKit/537.36 (KHTML, like Gecko) Version/4.0 Chrome/60.0.3112.107 Mobile Safari/537.36"
jomarlogistica.com.br:80 172.20.1.117 - - [22/Sep/2025:18:17:14 -0300] "POST /wp-cron.php?doing_wp_cron=1758575834.5689680576324462890625 HTTP/1.1" 200 389 "https://jomarlogistica.com.br/wp-cron.php?doing_wp_cron=1758575834.5689680576324462890625" "WordPress/5.8.10; https://jomarlogistica.com.br"
jomarlogistica.com.br:80 103.133.143.229 - - [22/Sep/2025:18:17:14 -0300] "GET /wp-content/themes/finley/min.php HTTP/1.1" 404 448 "-" "Mozilla/5.0 (Linux; Android 7.0; SM-G892A Build/NRD90M; wv) AppleWebKit/537.36 (KHTML, like Gecko) Version/4.0 Chrome/60.0.3112.107 Mobile Safari/537.36"
jomarlogistica.com.br:80 103.133.143.229 - - [22/Sep/2025:18:17:17 -0300] "GET /wso112233.php HTTP/1.1" 404 448 "-" "Mozilla/5.0 (Linux; Android 7.0; SM-G892A Build/NRD90M; wv) AppleWebKit/537.36 (KHTML, like Gecko) Version/4.0 Chrome/60.0.3112.107 Mobile Safari/537.36"
jomarlogistica.com.br:80 127.0.0.1 - - [22/Sep/2025:18:17:19 -0300] "OPTIONS * HTTP/1.0" 200 110 "-" "Apache/2.4.65 (Ubuntu) (internal dummy connection)"
jomarlogistica.com.br:80 103.133.143.229 - - [22/Sep/2025:18:17:19 -0300] "GET /dropdown.php HTTP/1.1" 404 448 "-" "Mozilla/5.0 (Linux; Android 7.0; SM-G892A Build/NRD90M; wv) AppleWebKit/537.36 (KHTML, like Gecko) Version/4.0 Chrome/60.0.3112.107 Mobile Safari/537.36"
jomarlogistica.com.br:80 103.133.143.229 - - [22/Sep/2025:18:17:22 -0300] "GET /wp-admin/dropdown.php HTTP/1.1" 404 448 "-" "Mozilla/5.0 (Linux; Android 7.0; SM-G892A Build/NRD90M; wv) AppleWebKit/537.36 (KHTML, like Gecko) Version/4.0 Chrome/60.0.3112.107 Mobile Safari/537.36"
jomarlogistica.com.br:80 103.133.143.229 - - [22/Sep/2025:18:17:25 -0300] "GET /shell20211028.php HTTP/1.1" 404 448 "-" "Mozilla/5.0 (Linux; Android 7.0; SM-G892A Build/NRD90M; wv) AppleWebKit/537.36 (KHTML, like Gecko) Version/4.0 Chrome/60.0.3112.107 Mobile Safari/537.36"
jomarlogistica.com.br:80 103.133.143.229 - - [22/Sep/2025:18:17:28 -0300] "GET /wp-admin/css/colors/index.php?p= HTTP/1.1" 301 470 "-" "Mozilla/5.0 (Linux; Android 7.0; SM-G892A Build/NRD90M; wv) AppleWebKit/537.36 (KHTML, like Gecko) Version/4.0 Chrome/60.0.3112.107 Mobile Safari/537.36"
jomarlogistica.com.br:80 103.133.143.229 - - [22/Sep/2025:18:17:28 -0300] "GET /wp-admin/css/colors/ HTTP/1.1" 403 2512 "-" "Mozilla/5.0 (Linux; Android 7.0; SM-G892A Build/NRD90M; wv) AppleWebKit/537.36 (KHTML, like Gecko) Version/4.0 Chrome/60.0.3112.107 Mobile Safari/537.36"
jomarlogistica.com.br:80 127.0.0.1 - - [22/Sep/2025:18:17:29 -0300] "OPTIONS * HTTP/1.0" 200 110 "-" "Apache/2.4.65 (Ubuntu) (internal dummy connection)"
jomarlogistica.com.br:80 103.133.143.229 - - [22/Sep/2025:18:17:31 -0300] "GET /wp-content/plugins/Cache/Cache.php HTTP/1.1" 404 448 "-" "Mozilla/5.0 (Linux; Android 7.0; SM-G892A Build/NRD90M; wv) AppleWebKit/537.36 (KHTML, like Gecko) Version/4.0 Chrome/60.0.3112.107 Mobile Safari/537.36"
jomarlogistica.com.br:80 103.133.143.229 - - [22/Sep/2025:18:17:33 -0300] "GET /makeasmtp.php?p= HTTP/1.1" 301 463 "-" "Mozilla/5.0 (Linux; Android 7.0; SM-G892A Build/NRD90M; wv) AppleWebKit/537.36 (KHTML, like Gecko) Version/4.0 Chrome/60.0.3112.107 Mobile Safari/537.36"
jomarlogistica.com.br:80 103.133.143.229 - - [22/Sep/2025:18:17:34 -0300] "GET /makeasmtp.php HTTP/1.1" 404 390 "-" "Mozilla/5.0 (Linux; Android 7.0; SM-G892A Build/NRD90M; wv) AppleWebKit/537.36 (KHTML, like Gecko) Version/4.0 Chrome/60.0.3112.107 Mobile Safari/537.36"
jomarlogistica.com.br:80 103.133.143.229 - - [22/Sep/2025:18:17:38 -0300] "GET /wp-includes/IXR/themes.php HTTP/1.1" 404 448 "-" "Mozilla/5.0 (Linux; Android 7.0; SM-G892A Build/NRD90M; wv) AppleWebKit/537.36 (KHTML, like Gecko) Version/4.0 Chrome/60.0.3112.107 Mobile Safari/537.36"
jomarlogistica.com.br:80 103.133.143.229 - - [22/Sep/2025:18:17:41 -0300] "GET /wp-content/plugins/core-stab/alogs.php HTTP/1.1" 404 467 "-" "Mozilla/5.0 (Linux; Android 7.0; SM-G892A Build/NRD90M; wv) AppleWebKit/537.36 (KHTML, like Gecko) Version/4.0 Chrome/60.0.3112.107 Mobile Safari/537.36"
jomarlogistica.com.br:80 103.133.143.229 - - [22/Sep/2025:18:17:41 -0300] "GET /wp-admin/network/login.php HTTP/1.1" 404 448 "-" "Go-http-client/2.0"
jomarlogistica.com.br:80 103.133.143.229 - - [22/Sep/2025:18:17:42 -0300] "GET /fck.php HTTP/1.1" 404 448 "-" "Go-http-client/2.0"
jomarlogistica.com.br:80 103.133.143.229 - - [22/Sep/2025:18:17:43 -0300] "GET /wp-includes/css/about.php HTTP/1.1" 404 448 "-" "Go-http-client/2.0"
jomarlogistica.com.br:80 103.133.143.229 - - [22/Sep/2025:18:17:43 -0300] "GET /writeable.php HTTP/1.1" 404 448 "-" "Go-http-client/2.0"
jomarlogistica.com.br:80 103.133.143.229 - - [22/Sep/2025:18:17:44 -0300] "GET /admin/function.php HTTP/1.1" 404 467 "-" "Go-http-client/2.0"
jomarlogistica.com.br:80 103.133.143.229 - - [22/Sep/2025:18:17:45 -0300] "GET /wp-content/themes/deeto/login.php HTTP/1.1" 404 448 "-" "Go-http-client/2.0"
jomarlogistica.com.br:80 103.133.143.229 - - [22/Sep/2025:18:17:45 -0300] "GET /.well-known/pki-validation/about.php HTTP/1.1" 404 448 "-" "Mozilla/5.0 (Linux; Android 7.0; SM-G892A Build/NRD90M; wv) AppleWebKit/537.36 (KHTML, like Gecko) Version/4.0 Chrome/60.0.3112.107 Mobile Safari/537.36"
jomarlogistica.com.br:80 103.133.143.229 - - [22/Sep/2025:18:17:45 -0300] "GET /wp-includes/IXR/wp-login.php HTTP/1.1" 404 448 "-" "Go-http-client/2.0"
jomarlogistica.com.br:80 103.133.143.229 - - [22/Sep/2025:18:17:46 -0300] "GET /ans.php HTTP/1.1" 404 448 "-" "Go-http-client/2.0"
jomarlogistica.com.br:80 103.133.143.229 - - [22/Sep/2025:18:17:47 -0300] "GET /upload.php?mr=exe3 HTTP/1.1" 404 448 "-" "Go-http-client/2.0"
jomarlogistica.com.br:80 103.133.143.229 - - [22/Sep/2025:18:17:48 -0300] "GET /wp-content/themes/newsfeed-theme/bbh.php HTTP/1.1" 404 467 "-" "Go-http-client/2.0"
jomarlogistica.com.br:80 103.133.143.229 - - [22/Sep/2025:18:17:48 -0300] "GET /wp-content/themes/aahana/json.php HTTP/1.1" 404 448 "-" "Mozilla/5.0 (Linux; Android 7.0; SM-G892A Build/NRD90M; wv) AppleWebKit/537.36 (KHTML, like Gecko) Version/4.0 Chrome/60.0.3112.107 Mobile Safari/537.36"
jomarlogistica.com.br:80 103.133.143.229 - - [22/Sep/2025:18:17:48 -0300] "GET /wp-content/plugins/helloapx/wp-apxupx.php?apx=upx HTTP/1.1" 404 448 "-" "Go-http-client/2.0"
jomarlogistica.com.br:80 103.133.143.229 - - [22/Sep/2025:18:17:49 -0300] "GET /wp-content/themes/about.php HTTP/1.1" 404 448 "-" "Go-http-client/2.0"
jomarlogistica.com.br:80 103.133.143.229 - - [22/Sep/2025:18:17:50 -0300] "GET /shell20211028.php HTTP/1.1" 404 448 "-" "Go-http-client/2.0"
jomarlogistica.com.br:80 103.133.143.229 - - [22/Sep/2025:18:17:50 -0300] "GET /wp-includes/images/about.php HTTP/1.1" 404 448 "-" "Go-http-client/2.0"
jomarlogistica.com.br:80 103.133.143.229 - - [22/Sep/2025:18:17:51 -0300] "GET /edit.php HTTP/1.1" 404 448 "-" "Mozilla/5.0 (Linux; Android 7.0; SM-G892A Build/NRD90M; wv) AppleWebKit/537.36 (KHTML, like Gecko) Version/4.0 Chrome/60.0.3112.107 Mobile Safari/537.36"
jomarlogistica.com.br:80 103.133.143.229 - - [22/Sep/2025:18:17:51 -0300] "GET /makeasmtp.php HTTP/1.1" 404 448 "-" "Go-http-client/2.0"
jomarlogistica.com.br:80 127.0.0.1 - - [22/Sep/2025:18:17:56 -0300] "OPTIONS * HTTP/1.0" 200 110 "-" "Apache/2.4.65 (Ubuntu) (internal dummy connection)"
jomarlogistica.com.br:80 172.20.1.117 - - [22/Sep/2025:18:23:54 -0300] "POST /wp-cron.php?doing_wp_cron=1758576234.3632159233093261718750 HTTP/1.1" 200 389 "https://jomarlogistica.com.br/wp-cron.php?doing_wp_cron=1758576234.3632159233093261718750" "WordPress/5.8.10; https://jomarlogistica.com.br"
jomarlogistica.com.br:80 185.191.171.14 - - [22/Sep/2025:18:23:53 -0300] "GET /robots.txt HTTP/1.1" 200 584 "-" "Mozilla/5.0 (compatible; SemrushBot/7~bl; +http://www.semrush.com/bot.html)"
jomarlogistica.com.br:80 185.191.171.9 - - [22/Sep/2025:18:23:56 -0300] "GET /2023/page/10/ HTTP/1.1" 200 18529 "-" "Mozilla/5.0 (compatible; SemrushBot/7~bl; +http://www.semrush.com/bot.html)"
jomarlogistica.com.br:80 127.0.0.1 - - [22/Sep/2025:18:23:59 -0300] "OPTIONS * HTTP/1.0" 200 110 "-" "Apache/2.4.65 (Ubuntu) (internal dummy connection)"
jomarlogistica.com.br:80 127.0.0.1 - - [22/Sep/2025:18:24:02 -0300] "OPTIONS * HTTP/1.0" 200 110 "-" "Apache/2.4.65 (Ubuntu) (internal dummy connection)"
jomarlogistica.com.br:80 172.20.1.117 - - [22/Sep/2025:18:27:12 -0300] "POST /wp-cron.php?doing_wp_cron=1758576432.8256909847259521484375 HTTP/1.1" 200 389 "https://jomarlogistica.com.br/wp-cron.php?doing_wp_cron=1758576432.8256909847259521484375" "WordPress/5.8.10; https://jomarlogistica.com.br"
jomarlogistica.com.br:80 185.191.171.3 - - [22/Sep/2025:18:27:12 -0300] "GET /author/jomar/page/55/ HTTP/1.1" 200 18658 "-" "Mozilla/5.0 (compatible; SemrushBot/7~bl; +http://www.semrush.com/bot.html)"
jomarlogistica.com.br:80 127.0.0.1 - - [22/Sep/2025:18:27:18 -0300] "OPTIONS * HTTP/1.0" 200 110 "-" "Apache/2.4.65 (Ubuntu) (internal dummy connection)"
jomarlogistica.com.br:80 172.20.1.117 - - [22/Sep/2025:18:37:29 -0300] "POST /wp-cron.php?doing_wp_cron=1758577049.4463250637054443359375 HTTP/1.1" 200 389 "https://jomarlogistica.com.br/wp-cron.php?doing_wp_cron=1758577049.4463250637054443359375" "WordPress/5.8.10; https://jomarlogistica.com.br"
jomarlogistica.com.br:80 66.249.66.39 - - [22/Sep/2025:18:37:29 -0300] "GET /robots.txt HTTP/1.1" 200 584 "-" "Mozilla/5.0 (compatible; Googlebot/2.1; +http://www.google.com/bot.html)"
jomarlogistica.com.br:80 66.249.66.38 - - [22/Sep/2025:18:37:30 -0300] "GET / HTTP/1.1" 200 23931 "-" "Mozilla/5.0 (compatible; Googlebot/2.1; +http://www.google.com/bot.html)"
jomarlogistica.com.br:80 127.0.0.1 - - [22/Sep/2025:18:37:36 -0300] "OPTIONS * HTTP/1.0" 200 110 "-" "Apache/2.4.65 (Ubuntu) (internal dummy connection)"
jomarlogistica.com.br:80 66.249.66.38 - - [22/Sep/2025:18:37:38 -0300] "GET /wp-content/plugins/booked/assets/js/tooltipster/css/tooltipster.css?ver=3.3.0 HTTP/1.1" 200 2174 "https://jomarlogistica.com.br/" "Mozilla/5.0 AppleWebKit/537.36 (KHTML, like Gecko; compatible; Googlebot/2.1; +http://www.google.com/bot.html) Chrome/139.0.7258.127 Safari/537.36"
jomarlogistica.com.br:80 104.248.154.105 - - [22/Sep/2025:18:37:39 -0300] "POST /wp-login.php HTTP/1.1" 403 2493 "-" "Mozilla/5.0"
jomarlogistica.com.br:80 104.248.154.105 - - [22/Sep/2025:18:37:39 -0300] "POST /wp-login.php HTTP/1.1" 403 2493 "-" "Mozilla/5.0"
jomarlogistica.com.br:80 66.249.66.37 - - [22/Sep/2025:18:37:40 -0300] "GET /wp-content/plugins/booked/assets/css/icons.css?ver=2.3.5 HTTP/1.1" 200 6985 "https://jomarlogistica.com.br/" "Mozilla/5.0 AppleWebKit/537.36 (KHTML, like Gecko; compatible; Googlebot/2.1; +http://www.google.com/bot.html) Chrome/139.0.7258.127 Safari/537.36"
jomarlogistica.com.br:80 66.249.66.38 - - [22/Sep/2025:18:37:40 -0300] "GET /wp-content/plugins/case-theme-core/assets/css/lib/progressbar.min.css?ver=0.7.1 HTTP/1.1" 200 1103 "https://jomarlogistica.com.br/" "Mozilla/5.0 AppleWebKit/537.36 (KHTML, like Gecko; compatible; Googlebot/2.1; +http://www.google.com/bot.html) Chrome/139.0.7258.127 Safari/537.36"
jomarlogistica.com.br:80 66.249.66.38 - - [22/Sep/2025:18:37:42 -0300] "GET /wp-includes/js/wp-emoji-release.min.js?ver=5.8.10 HTTP/1.1" 200 5596 "https://jomarlogistica.com.br/" "Mozilla/5.0 AppleWebKit/537.36 (KHTML, like Gecko; compatible; Googlebot/2.1; +http://www.google.com/bot.html) Chrome/139.0.7258.127 Safari/537.36"
jomarlogistica.com.br:80 66.249.66.37 - - [22/Sep/2025:18:37:42 -0300] "GET /wp-content/plugins/booked/assets/css/animations.css?ver=2.3.5 HTTP/1.1" 200 905 "https://jomarlogistica.com.br/" "Mozilla/5.0 AppleWebKit/537.36 (KHTML, like Gecko; compatible; Googlebot/2.1; +http://www.google.com/bot.html) Chrome/139.0.7258.127 Safari/537.36"
jomarlogistica.com.br:80 66.249.66.37 - - [22/Sep/2025:18:37:43 -0300] "GET /wp-content/plugins/case-theme-user/acess/css/remodal-default-theme.css?ver=5.8.10 HTTP/1.1" 200 1733 "https://jomarlogistica.com.br/" "Mozilla/5.0 AppleWebKit/537.36 (KHTML, like Gecko; compatible; Googlebot/2.1; +http://www.google.com/bot.html) Chrome/139.0.7258.127 Safari/537.36"
jomarlogistica.com.br:80 127.0.0.1 - - [22/Sep/2025:18:37:48 -0300] "OPTIONS * HTTP/1.0" 200 110 "-" "Apache/2.4.65 (Ubuntu) (internal dummy connection)"
jomarlogistica.com.br:80 66.249.66.37 - - [22/Sep/2025:18:37:48 -0300] "GET /wp-content/plugins/booked/includes/add-ons/frontend-agents/js/functions.js?ver=2.3.5 HTTP/1.1" 200 1592 "https://jomarlogistica.com.br/" "Mozilla/5.0 AppleWebKit/537.36 (KHTML, like Gecko; compatible; Googlebot/2.1; +http://www.google.com/bot.html) Chrome/139.0.7258.127 Safari/537.36"
jomarlogistica.com.br:80 66.249.66.37 - - [22/Sep/2025:18:37:49 -0300] "GET /wp-content/plugins/elementor/assets/lib/waypoints/waypoints.min.js?ver=4.0.2 HTTP/1.1" 200 3464 "https://jomarlogistica.com.br/" "Mozilla/5.0 AppleWebKit/537.36 (KHTML, like Gecko; compatible; Googlebot/2.1; +http://www.google.com/bot.html) Chrome/139.0.7258.127 Safari/537.36"
jomarlogistica.com.br:80 66.249.66.37 - - [22/Sep/2025:18:37:50 -0300] "GET /wp-content/themes/consultio/assets/js/magnific-popup.min.js?ver=1.0.0 HTTP/1.1" 200 14895 "https://jomarlogistica.com.br/" "Mozilla/5.0 AppleWebKit/537.36 (KHTML, like Gecko; compatible; Googlebot/2.1; +http://www.google.com/bot.html) Chrome/139.0.7258.127 Safari/537.36"
jomarlogistica.com.br:80 66.249.66.37 - - [22/Sep/2025:18:37:51 -0300] "GET /wp-content/plugins/booked/assets/js/functions.js?ver=2.3.5 HTTP/1.1" 200 10029 "https://jomarlogistica.com.br/" "Mozilla/5.0 AppleWebKit/537.36 (KHTML, like Gecko; compatible; Googlebot/2.1; +http://www.google.com/bot.html) Chrome/139.0.7258.127 Safari/537.36"
jomarlogistica.com.br:80 66.249.66.37 - - [22/Sep/2025:18:37:52 -0300] "GET /wp-content/plugins/booked/assets/js/spin.jquery.js?ver=2.0.1 HTTP/1.1" 200 1186 "https://jomarlogistica.com.br/" "Mozilla/5.0 AppleWebKit/537.36 (KHTML, like Gecko; compatible; Googlebot/2.1; +http://www.google.com/bot.html) Chrome/139.0.7258.127 Safari/537.36"
jomarlogistica.com.br:80 66.249.66.37 - - [22/Sep/2025:18:37:53 -0300] "GET /wp-includes/js/jquery/ui/datepicker.min.js?ver=1.12.1 HTTP/1.1" 200 11555 "https://jomarlogistica.com.br/" "Mozilla/5.0 AppleWebKit/537.36 (KHTML, like Gecko; compatible; Googlebot/2.1; +http://www.google.com/bot.html) Chrome/139.0.7258.127 Safari/537.36"
jomarlogistica.com.br:80 66.249.66.37 - - [22/Sep/2025:18:37:54 -0300] "GET /wp-content/themes/consultio/elementor/js/ct-post-masonry-widget.js?ver=2.8.0 HTTP/1.1" 200 1706 "https://jomarlogistica.com.br/" "Mozilla/5.0 AppleWebKit/537.36 (KHTML, like Gecko; compatible; Googlebot/2.1; +http://www.google.com/bot.html) Chrome/139.0.7258.127 Safari/537.36"
jomarlogistica.com.br:80 66.249.66.37 - - [22/Sep/2025:18:37:55 -0300] "GET /wp-content/plugins/revslider/public/assets/js/rbtools.min.js?ver=6.5.11 HTTP/1.1" 200 48787 "https://jomarlogistica.com.br/" "Mozilla/5.0 AppleWebKit/537.36 (KHTML, like Gecko; compatible; Googlebot/2.1; +http://www.google.com/bot.html) Chrome/139.0.7258.127 Safari/537.36"
jomarlogistica.com.br:80 66.249.66.37 - - [22/Sep/2025:18:37:55 -0300] "GET /wp-content/plugins/booked/assets/js/spin.min.js?ver=2.0.1 HTTP/1.1" 200 2463 "https://jomarlogistica.com.br/" "Mozilla/5.0 AppleWebKit/537.36 (KHTML, like Gecko; compatible; Googlebot/2.1; +http://www.google.com/bot.html) Chrome/139.0.7258.127 Safari/537.36"
jomarlogistica.com.br:80 65.108.110.26 - - [22/Sep/2025:18:42:09 -0300] "GET /robots.txt HTTP/1.1" 200 565 "-" "Mozilla/5.0 (compatible; MJ12bot/v1.4.8; http://mj12bot.com/)"
jomarlogistica.com.br:80 172.20.1.117 - - [22/Sep/2025:18:42:12 -0300] "POST /wp-cron.php?doing_wp_cron=1758577332.4510290622711181640625 HTTP/1.1" 200 389 "https://jomarlogistica.com.br/wp-cron.php?doing_wp_cron=1758577332.4510290622711181640625" "WordPress/5.8.10; https://jomarlogistica.com.br"
jomarlogistica.com.br:80 65.108.110.26 - - [22/Sep/2025:18:42:12 -0300] "GET /2023/04/25/the-puma-corporation-%E8%A8%BB%E5%86%8A-ditt-%E5%9F%9F%E5%90%8D%EF%BC%8Ctwitter-%E8%B3%AC%E8%99%9F%E6%9B%B4%E5%90%8D%E7%82%BA-puma-eth/ HTTP/1.1" 200 19287 "-" "Mozilla/5.0 (compatible; MJ12bot/v1.4.8; http://mj12bot.com/)"
jomarlogistica.com.br:80 127.0.0.1 - - [22/Sep/2025:18:42:18 -0300] "OPTIONS * HTTP/1.0" 200 110 "-" "Apache/2.4.65 (Ubuntu) (internal dummy connection)"
jomarlogistica.com.br:80 13.79.87.25 - - [22/Sep/2025:18:43:24 -0300] "GET /wp-content/plugins/hellopress/wp_filemanager.php HTTP/1.1" 404 448 "-" "-"
jomarlogistica.com.br:80 13.79.87.25 - - [22/Sep/2025:18:43:24 -0300] "GET /365.php HTTP/1.1" 404 390 "-" "-"
jomarlogistica.com.br:80 13.79.87.25 - - [22/Sep/2025:18:43:25 -0300] "GET /wp-admin/maint/index.php HTTP/1.1" 301 407 "-" "-"
jomarlogistica.com.br:80 13.79.87.25 - - [22/Sep/2025:18:43:26 -0300] "GET /wp-admin/maint/ HTTP/1.1" 403 2493 "-" "-"
jomarlogistica.com.br:80 13.79.87.25 - - [22/Sep/2025:18:43:26 -0300] "GET /rjv.php HTTP/1.1" 404 409 "-" "-"
jomarlogistica.com.br:80 13.79.87.25 - - [22/Sep/2025:18:43:27 -0300] "GET /thh.php HTTP/1.1" 404 390 "-" "-"
jomarlogistica.com.br:80 13.79.87.25 - - [22/Sep/2025:18:43:28 -0300] "GET /2k.php HTTP/1.1" 404 390 "-" "-"
jomarlogistica.com.br:80 13.79.87.25 - - [22/Sep/2025:18:43:29 -0300] "GET /ico.php HTTP/1.1" 404 390 "-" "-"
jomarlogistica.com.br:80 13.79.87.25 - - [22/Sep/2025:18:43:29 -0300] "GET /hk.php HTTP/1.1" 404 390 "-" "-"
jomarlogistica.com.br:80 13.79.87.25 - - [22/Sep/2025:18:43:34 -0300] "GET /file21.php HTTP/1.1" 404 409 "-" "-"
jomarlogistica.com.br:80 13.79.87.25 - - [22/Sep/2025:18:43:35 -0300] "GET /333.php HTTP/1.1" 404 390 "-" "-"
jomarlogistica.com.br:80 13.79.87.25 - - [22/Sep/2025:18:43:35 -0300] "GET /gifclass4.php HTTP/1.1" 404 390 "-" "-"
jomarlogistica.com.br:80 13.79.87.25 - - [22/Sep/2025:18:43:36 -0300] "GET /wp-aaa.php HTTP/1.1" 404 390 "-" "-"
jomarlogistica.com.br:80 13.79.87.25 - - [22/Sep/2025:18:43:37 -0300] "GET /ff2.php HTTP/1.1" 404 390 "-" "-"
jomarlogistica.com.br:80 13.79.87.25 - - [22/Sep/2025:18:43:38 -0300] "GET /--.php HTTP/1.1" 404 409 "-" "-"
jomarlogistica.com.br:80 13.79.87.25 - - [22/Sep/2025:18:43:38 -0300] "GET /cabs.php HTTP/1.1" 404 390 "-" "-"
jomarlogistica.com.br:80 13.79.87.25 - - [22/Sep/2025:18:43:39 -0300] "GET /fv.php HTTP/1.1" 404 390 "-" "-"
jomarlogistica.com.br:80 13.79.87.25 - - [22/Sep/2025:18:43:40 -0300] "GET /ioxi-o2.php HTTP/1.1" 404 390 "-" "-"
jomarlogistica.com.br:80 13.79.87.25 - - [22/Sep/2025:18:43:41 -0300] "GET /file88.php HTTP/1.1" 404 390 "-" "-"
jomarlogistica.com.br:80 13.79.87.25 - - [22/Sep/2025:18:43:42 -0300] "GET /akses.php HTTP/1.1" 404 409 "-" "-"
jomarlogistica.com.br:80 13.79.87.25 - - [22/Sep/2025:18:43:42 -0300] "GET /nc4.php HTTP/1.1" 404 390 "-" "-"
jomarlogistica.com.br:80 13.79.87.25 - - [22/Sep/2025:18:43:43 -0300] "GET /vee.php HTTP/1.1" 404 390 "-" "-"
jomarlogistica.com.br:80 13.79.87.25 - - [22/Sep/2025:18:43:44 -0300] "GET /classgoto24.php HTTP/1.1" 404 390 "-" "-"
jomarlogistica.com.br:80 13.79.87.25 - - [22/Sep/2025:18:43:45 -0300] "GET /klex.php HTTP/1.1" 404 390 "-" "-"
jomarlogistica.com.br:80 13.79.87.25 - - [22/Sep/2025:18:43:45 -0300] "GET /sh3ll.php HTTP/1.1" 404 409 "-" "-"
jomarlogistica.com.br:80 13.79.87.25 - - [22/Sep/2025:18:43:46 -0300] "GET /about3.php HTTP/1.1" 404 390 "-" "-"
jomarlogistica.com.br:80 13.79.87.25 - - [22/Sep/2025:18:43:47 -0300] "GET /te.php HTTP/1.1" 404 390 "-" "-"
jomarlogistica.com.br:80 13.79.87.25 - - [22/Sep/2025:18:43:48 -0300] "GET /wp-freya.php HTTP/1.1" 404 390 "-" "-"
jomarlogistica.com.br:80 13.79.87.25 - - [22/Sep/2025:18:43:48 -0300] "GET /gmo.php HTTP/1.1" 404 390 "-" "-"
jomarlogistica.com.br:80 13.79.87.25 - - [22/Sep/2025:18:43:49 -0300] "GET /hook.php HTTP/1.1" 404 409 "-" "-"
jomarlogistica.com.br:80 13.79.87.25 - - [22/Sep/2025:18:43:50 -0300] "GET /222.php HTTP/1.1" 404 390 "-" "-"
jomarlogistica.com.br:80 13.79.87.25 - - [22/Sep/2025:18:43:51 -0300] "GET /bp.php HTTP/1.1" 404 390 "-" "-"
jomarlogistica.com.br:80 13.79.87.25 - - [22/Sep/2025:18:43:52 -0300] "GET /mlex.php HTTP/1.1" 404 390 "-" "-"
jomarlogistica.com.br:80 13.79.87.25 - - [22/Sep/2025:18:43:53 -0300] "GET /inde.php HTTP/1.1" 404 390 "-" "-"
jomarlogistica.com.br:80 13.79.87.25 - - [22/Sep/2025:18:43:53 -0300] "GET /ilex.php HTTP/1.1" 404 409 "-" "-"
jomarlogistica.com.br:80 13.79.87.25 - - [22/Sep/2025:18:43:55 -0300] "GET /vanta-1.php HTTP/1.1" 404 390 "-" "-"
jomarlogistica.com.br:80 13.79.87.25 - - [22/Sep/2025:18:43:56 -0300] "GET /ut.php HTTP/1.1" 404 390 "-" "-"
jomarlogistica.com.br:80 13.79.87.25 - - [22/Sep/2025:18:43:56 -0300] "GET /akk.php HTTP/1.1" 404 390 "-" "-"
jomarlogistica.com.br:80 13.79.87.25 - - [22/Sep/2025:18:43:57 -0300] "GET /031.php HTTP/1.1" 404 390 "-" "-"
jomarlogistica.com.br:80 13.79.87.25 - - [22/Sep/2025:18:43:58 -0300] "GET /shellb.php HTTP/1.1" 404 409 "-" "-"
jomarlogistica.com.br:80 13.79.87.25 - - [22/Sep/2025:18:43:59 -0300] "GET /3406.php HTTP/1.1" 404 390 "-" "-"
jomarlogistica.com.br:80 13.79.87.25 - - [22/Sep/2025:18:43:59 -0300] "GET /wp-aaa.php HTTP/1.1" 404 390 "-" "-"
jomarlogistica.com.br:80 13.79.87.25 - - [22/Sep/2025:18:44:00 -0300] "GET /class-wp.php HTTP/1.1" 404 390 "-" "-"
jomarlogistica.com.br:80 13.79.87.25 - - [22/Sep/2025:18:44:01 -0300] "GET /wp-admin/install.php HTTP/1.1" 200 1651 "-" "-"
jomarlogistica.com.br:80 13.79.87.25 - - [22/Sep/2025:18:44:01 -0300] "GET /MF.php HTTP/1.1" 404 409 "-" "-"
jomarlogistica.com.br:80 13.79.87.25 - - [22/Sep/2025:18:44:02 -0300] "GET /anskrit.php HTTP/1.1" 404 390 "-" "-"
jomarlogistica.com.br:80 13.79.87.25 - - [22/Sep/2025:18:44:03 -0300] "GET /gelap.php HTTP/1.1" 404 390 "-" "-"
jomarlogistica.com.br:80 13.79.87.25 - - [22/Sep/2025:18:44:04 -0300] "GET /gif.php HTTP/1.1" 404 390 "-" "-"
jomarlogistica.com.br:80 13.79.87.25 - - [22/Sep/2025:18:44:04 -0300] "GET /file15.php HTTP/1.1" 404 390 "-" "-"
jomarlogistica.com.br:80 13.79.87.25 - - [22/Sep/2025:18:44:05 -0300] "GET /wpls.php HTTP/1.1" 404 409 "-" "-"
jomarlogistica.com.br:80 13.79.87.25 - - [22/Sep/2025:18:44:06 -0300] "GET /lala.php HTTP/1.1" 404 390 "-" "-"
jomarlogistica.com.br:80 13.79.87.25 - - [22/Sep/2025:18:44:06 -0300] "GET /2clas.php HTTP/1.1" 404 390 "-" "-"
jomarlogistica.com.br:80 13.79.87.25 - - [22/Sep/2025:18:44:07 -0300] "GET /lv.php HTTP/1.1" 404 390 "-" "-"
jomarlogistica.com.br:80 13.79.87.25 - - [22/Sep/2025:18:44:08 -0300] "GET /as.php HTTP/1.1" 404 390 "-" "-"
jomarlogistica.com.br:80 13.79.87.25 - - [22/Sep/2025:18:44:09 -0300] "GET /te.php HTTP/1.1" 404 409 "-" "-"
jomarlogistica.com.br:80 13.79.87.25 - - [22/Sep/2025:18:44:09 -0300] "GET /com.php HTTP/1.1" 404 390 "-" "-"
jomarlogistica.com.br:80 13.79.87.25 - - [22/Sep/2025:18:44:10 -0300] "GET /g.php HTTP/1.1" 404 390 "-" "-"
jomarlogistica.com.br:80 13.79.87.25 - - [22/Sep/2025:18:44:11 -0300] "GET /yes.php HTTP/1.1" 404 390 "-" "-"
jomarlogistica.com.br:80 13.79.87.25 - - [22/Sep/2025:18:44:12 -0300] "GET /finny.php HTTP/1.1" 404 390 "-" "-"
jomarlogistica.com.br:80 13.79.87.25 - - [22/Sep/2025:18:44:12 -0300] "GET /we.php HTTP/1.1" 404 409 "-" "-"
jomarlogistica.com.br:80 13.79.87.25 - - [22/Sep/2025:18:44:13 -0300] "GET /vee.php HTTP/1.1" 404 390 "-" "-"
jomarlogistica.com.br:80 13.79.87.25 - - [22/Sep/2025:18:44:14 -0300] "GET /cjfuns.php HTTP/1.1" 404 390 "-" "-"
jomarlogistica.com.br:80 13.79.87.25 - - [22/Sep/2025:18:44:15 -0300] "GET /aa18.php HTTP/1.1" 404 390 "-" "-"
jomarlogistica.com.br:80 13.79.87.25 - - [22/Sep/2025:18:44:15 -0300] "GET /img/dot.php HTTP/1.1" 404 390 "-" "-"
jomarlogistica.com.br:80 13.79.87.25 - - [22/Sep/2025:18:44:16 -0300] "GET /ahtrew.php HTTP/1.1" 404 409 "-" "-"
jomarlogistica.com.br:80 13.79.87.25 - - [22/Sep/2025:18:44:17 -0300] "GET /030.php HTTP/1.1" 404 390 "-" "-"
jomarlogistica.com.br:80 13.79.87.25 - - [22/Sep/2025:18:44:18 -0300] "GET /push.php HTTP/1.1" 404 390 "-" "-"
jomarlogistica.com.br:80 13.79.87.25 - - [22/Sep/2025:18:44:18 -0300] "GET /itil.php HTTP/1.1" 404 390 "-" "-"
jomarlogistica.com.br:80 13.79.87.25 - - [22/Sep/2025:18:44:19 -0300] "GET /2.php HTTP/1.1" 404 390 "-" "-"
jomarlogistica.com.br:80 13.79.87.25 - - [22/Sep/2025:18:44:20 -0300] "GET /00.php HTTP/1.1" 404 409 "-" "-"
jomarlogistica.com.br:80 13.79.87.25 - - [22/Sep/2025:18:44:21 -0300] "GET /simp.php HTTP/1.1" 404 390 "-" "-"
jomarlogistica.com.br:80 13.79.87.25 - - [22/Sep/2025:18:44:22 -0300] "GET /ioxi-o2.php HTTP/1.1" 404 390 "-" "-"
jomarlogistica.com.br:80 13.79.87.25 - - [22/Sep/2025:18:44:22 -0300] "GET /broken.php HTTP/1.1" 404 390 "-" "-"
jomarlogistica.com.br:80 13.79.87.25 - - [22/Sep/2025:18:44:24 -0300] "GET /thai.php HTTP/1.1" 404 390 "-" "-"
jomarlogistica.com.br:80 13.79.87.25 - - [22/Sep/2025:18:44:24 -0300] "GET /shellb.php HTTP/1.1" 404 409 "-" "-"
jomarlogistica.com.br:80 13.79.87.25 - - [22/Sep/2025:18:44:25 -0300] "GET /wag.php HTTP/1.1" 404 390 "-" "-"
jomarlogistica.com.br:80 13.79.87.25 - - [22/Sep/2025:18:44:28 -0300] "GET /tiny.php HTTP/1.1" 404 390 "-" "-"
jomarlogistica.com.br:80 13.79.87.25 - - [22/Sep/2025:18:44:29 -0300] "GET /build.php HTTP/1.1" 404 390 "-" "-"
jomarlogistica.com.br:80 13.79.87.25 - - [22/Sep/2025:18:44:29 -0300] "GET /pp.php HTTP/1.1" 404 390 "-" "-"
jomarlogistica.com.br:80 13.79.87.25 - - [22/Sep/2025:18:44:30 -0300] "GET /13.php HTTP/1.1" 404 409 "-" "-"
jomarlogistica.com.br:80 13.79.87.25 - - [22/Sep/2025:18:44:31 -0300] "GET /alpa.php HTTP/1.1" 404 390 "-" "-"
jomarlogistica.com.br:80 13.79.87.25 - - [22/Sep/2025:18:44:31 -0300] "GET /rrr.php HTTP/1.1" 404 390 "-" "-"
jomarlogistica.com.br:80 13.79.87.25 - - [22/Sep/2025:18:44:32 -0300] "GET /520.php HTTP/1.1" 404 390 "-" "-"
jomarlogistica.com.br:80 13.79.87.25 - - [22/Sep/2025:18:44:33 -0300] "GET /lock360.php HTTP/1.1" 404 390 "-" "-"
jomarlogistica.com.br:80 13.79.87.25 - - [22/Sep/2025:18:44:34 -0300] "GET /keu.php HTTP/1.1" 404 409 "-" "-"
jomarlogistica.com.br:80 13.79.87.25 - - [22/Sep/2025:18:44:35 -0300] "GET /CLA.php HTTP/1.1" 404 390 "-" "-"
jomarlogistica.com.br:80 13.79.87.25 - - [22/Sep/2025:18:44:35 -0300] "GET /shell1.php HTTP/1.1" 404 390 "-" "-"
jomarlogistica.com.br:80 13.79.87.25 - - [22/Sep/2025:18:44:36 -0300] "GET /cccc.php HTTP/1.1" 404 390 "-" "-"
jomarlogistica.com.br:80 121.4.97.180 - - [22/Sep/2025:18:44:50 -0300] "GET / HTTP/1.1" 200 23931 "http://jomarlogistica.com.br" "Mozilla/5.0 (iPhone; CPU iPhone OS 13_2_3 like Mac OS X) AppleWebKit/605.1.15 (KHTML, like Gecko) Version/13.0.3 Mobile/15E148 Safari/604.1"
jomarlogistica.com.br:80 172.20.1.117 - - [22/Sep/2025:18:47:56 -0300] "POST /wp-cron.php?doing_wp_cron=1758577676.6008040904998779296875 HTTP/1.1" 200 389 "https://jomarlogistica.com.br/wp-cron.php?doing_wp_cron=1758577676.6008040904998779296875" "WordPress/5.8.10; https://jomarlogistica.com.br"
jomarlogistica.com.br:80 52.159.227.45 - - [22/Sep/2025:18:47:56 -0300] "GET /2024/01/16/is-owning-pet-squirrels-legal-in-florida-laws-regulations/ HTTP/1.1" 200 13815 "-" "Mozilla/5.0 AppleWebKit/537.36 (KHTML, like Gecko); compatible; ChatGPT-User/1.0; +https://openai.com/bot"
jomarlogistica.com.br:80 127.0.0.1 - - [22/Sep/2025:18:48:01 -0300] "OPTIONS * HTTP/1.0" 200 110 "-" "Apache/2.4.65 (Ubuntu) (internal dummy connection)"
jomarlogistica.com.br:80 20.215.214.19 - - [22/Sep/2025:18:51:40 -0300] "GET /2022/06/23/are-cherry-bomb-mufflers-legal-legal-information-and-regulations/ HTTP/1.1" 200 14188 "-" "Mozilla/5.0 AppleWebKit/537.36 (KHTML, like Gecko); compatible; ChatGPT-User/1.0; +https://openai.com/bot"
jomarlogistica.com.br:80 172.20.1.117 - - [22/Sep/2025:19:08:40 -0300] "POST /wp-cron.php?doing_wp_cron=1758578920.6639420986175537109375 HTTP/1.1" 200 389 "https://jomarlogistica.com.br/wp-cron.php?doing_wp_cron=1758578920.6639420986175537109375" "WordPress/5.8.10; https://jomarlogistica.com.br"
jomarlogistica.com.br:80 4.227.36.97 - - [22/Sep/2025:19:08:40 -0300] "GET /robots.txt HTTP/1.1" 200 584 "http://jomarlogistica.com.br/robots.txt" "Mozilla/5.0 AppleWebKit/537.36 (KHTML, like Gecko; compatible; GPTBot/1.2; +https://openai.com/gptbot)"
jomarlogistica.com.br:80 127.0.0.1 - - [22/Sep/2025:19:08:45 -0300] "OPTIONS * HTTP/1.0" 200 110 "-" "Apache/2.4.65 (Ubuntu) (internal dummy connection)"
jomarlogistica.com.br:80 20.171.207.156 - - [22/Sep/2025:19:08:55 -0300] "GET / HTTP/1.1" 200 23931 "-" "Mozilla/5.0 AppleWebKit/537.36 (KHTML, like Gecko; compatible; GPTBot/1.2; +https://openai.com/gptbot)"
jomarlogistica.com.br:80 3.224.215.150 - - [22/Sep/2025:19:09:20 -0300] "GET /2023/04/09/eleven-finest-hookup-sites-in-2023-top-web-sites-for-hook-ups/ HTTP/1.1" 200 17511 "-" "Mozilla/5.0 AppleWebKit/537.36 (KHTML, like Gecko; compatible; Amazonbot/0.1; +https://developer.amazon.com/support/amazonbot) Chrome/119.0.6045.214 Safari/537.36"
jomarlogistica.com.br:80 172.20.1.117 - - [22/Sep/2025:19:13:43 -0300] "POST /wp-cron.php?doing_wp_cron=1758579223.1588320732116699218750 HTTP/1.1" 200 389 "https://jomarlogistica.com.br/wp-cron.php?doing_wp_cron=1758579223.1588320732116699218750" "WordPress/5.8.10; https://jomarlogistica.com.br"
jomarlogistica.com.br:80 216.73.216.35 - - [22/Sep/2025:19:13:42 -0300] "GET /robots.txt HTTP/1.1" 200 584 "-" "Mozilla/5.0 AppleWebKit/537.36 (KHTML, like Gecko; compatible; ClaudeBot/1.0; +claudebot@anthropic.com)"
jomarlogistica.com.br:80 216.73.216.35 - - [22/Sep/2025:19:13:43 -0300] "GET /wp-sitemap.xml HTTP/1.1" 200 585 "-" "Mozilla/5.0 AppleWebKit/537.36 (KHTML, like Gecko; compatible; ClaudeBot/1.0; +claudebot@anthropic.com)"
jomarlogistica.com.br:80 127.0.0.1 - - [22/Sep/2025:19:13:48 -0300] "OPTIONS * HTTP/1.0" 200 110 "-" "Apache/2.4.65 (Ubuntu) (internal dummy connection)"
jomarlogistica.com.br:80 104.248.154.105 - - [22/Sep/2025:19:16:56 -0300] "POST /wp-login.php HTTP/1.1" 403 2493 "-" "Mozilla/5.0"
jomarlogistica.com.br:80 104.248.154.105 - - [22/Sep/2025:19:16:56 -0300] "POST /wp-login.php HTTP/1.1" 403 2493 "-" "Mozilla/5.0"
jomarlogistica.com.br:80 127.0.0.1 - - [22/Sep/2025:19:17:01 -0300] "OPTIONS * HTTP/1.0" 200 110 "-" "Apache/2.4.65 (Ubuntu) (internal dummy connection)"
jomarlogistica.com.br:80 172.20.1.117 - - [22/Sep/2025:19:18:16 -0300] "POST /wp-cron.php?doing_wp_cron=1758579496.5923259258270263671875 HTTP/1.1" 200 389 "https://jomarlogistica.com.br/wp-cron.php?doing_wp_cron=1758579496.5923259258270263671875" "WordPress/5.8.10; https://jomarlogistica.com.br"
jomarlogistica.com.br:80 94.23.188.205 - - [22/Sep/2025:19:18:16 -0300] "GET /2022/10/28/social-websites-red-flags-in-relationships/ HTTP/1.1" 200 18056 "-" "Mozilla/5.0 (compatible; AhrefsBot/7.0; +http://ahrefs.com/robot/)"
jomarlogistica.com.br:80 127.0.0.1 - - [22/Sep/2025:19:18:21 -0300] "OPTIONS * HTTP/1.0" 200 110 "-" "Apache/2.4.65 (Ubuntu) (internal dummy connection)"
jomarlogistica.com.br:80 167.172.77.159 - - [22/Sep/2025:19:21:41 -0300] "GET /about.php?action=p&api=p&path=p&token= HTTP/1.1" 404 448 "www.google.com" "Mozlila/5.0 (Linux; Android 7.0; SM-G892A Bulid/NRD90M; wv) AppleWebKit/537.36 (KHTML, like Gecko) Version/4.0 Chrome/60.0.3112.107 Moblie Safari/537.36"
jomarlogistica.com.br:80 177.116.184.250 - - [22/Sep/2025:19:22:06 -0300] "POST /autodiscover/autodiscover.xml HTTP/1.1" 404 448 "-" "AppleExchangeWebServices/833 accountsd/113"
jomarlogistica.com.br:80 172.20.1.117 - - [22/Sep/2025:19:31:42 -0300] "POST /wp-cron.php?doing_wp_cron=1758580302.4760351181030273437500 HTTP/1.1" 200 389 "https://jomarlogistica.com.br/wp-cron.php?doing_wp_cron=1758580302.4760351181030273437500" "WordPress/5.8.10; https://jomarlogistica.com.br"
jomarlogistica.com.br:80 85.208.96.193 - - [22/Sep/2025:19:31:42 -0300] "GET /robots.txt HTTP/1.1" 200 584 "-" "Mozilla/5.0 (compatible; SemrushBot/7~bl; +http://www.semrush.com/bot.html)"
jomarlogistica.com.br:80 185.191.171.3 - - [22/Sep/2025:19:31:44 -0300] "GET /2022/09/02/can-a-minor-sue-their-parent-legal-rights-explained/ HTTP/1.1" 200 14035 "-" "Mozilla/5.0 (compatible; SemrushBot/7~bl; +http://www.semrush.com/bot.html)"
jomarlogistica.com.br:80 127.0.0.1 - - [22/Sep/2025:19:31:49 -0300] "OPTIONS * HTTP/1.0" 200 110 "-" "Apache/2.4.65 (Ubuntu) (internal dummy connection)"
jomarlogistica.com.br:80 172.20.1.117 - - [22/Sep/2025:19:40:08 -0300] "POST /wp-cron.php?doing_wp_cron=1758580808.1536951065063476562500 HTTP/1.1" 200 389 "https://jomarlogistica.com.br/wp-cron.php?doing_wp_cron=1758580808.1536951065063476562500" "WordPress/5.8.10; https://jomarlogistica.com.br"
jomarlogistica.com.br:80 177.116.184.250 - - [22/Sep/2025:19:40:07 -0300] "POST /autodiscover/autodiscover.xml HTTP/1.1" 404 448 "-" "AppleExchangeWebServices/833 accountsd/113"
jomarlogistica.com.br:80 127.0.0.1 - - [22/Sep/2025:19:40:13 -0300] "OPTIONS * HTTP/1.0" 200 110 "-" "Apache/2.4.65 (Ubuntu) (internal dummy connection)"
jomarlogistica.com.br:80 172.20.1.117 - - [22/Sep/2025:19:45:04 -0300] "POST /wp-cron.php?doing_wp_cron=1758581104.8638470172882080078125 HTTP/1.1" 200 389 "https://jomarlogistica.com.br/wp-cron.php?doing_wp_cron=1758581104.8638470172882080078125" "WordPress/5.8.10; https://jomarlogistica.com.br"
jomarlogistica.com.br:80 188.166.253.221 - - [22/Sep/2025:19:45:04 -0300] "GET /administrator/index.php HTTP/1.1" 301 464 "http://jomarlogistica.com.br" "Mozilla/5.0 (Windows NT 10.0; Win64; x64) AppleWebKit/537.36 (KHTML, like Gecko) Chrome/124.0.0.0 Safari/537.36"
jomarlogistica.com.br:80 188.166.253.221 - - [22/Sep/2025:19:45:05 -0300] "GET /administrator/ HTTP/1.1" 404 390 "http://jomarlogistica.com.br" "Mozilla/5.0 (Windows NT 10.0; Win64; x64) AppleWebKit/537.36 (KHTML, like Gecko) Chrome/124.0.0.0 Safari/537.36"
jomarlogistica.com.br:80 188.166.253.221 - - [22/Sep/2025:19:45:07 -0300] "POST /wp-login.php HTTP/1.1" 200 3116 "https://jomarlogistica.com.br/wp-admin/" "Mozilla/5.0 (Windows NT 10.0; Win64; x64) AppleWebKit/537.36 (KHTML, like Gecko) Chrome/90.0.4430.85 Safari/537.36"
jomarlogistica.com.br:80 188.166.253.221 - - [22/Sep/2025:19:45:07 -0300] "GET /wp-admin/ HTTP/1.1" 302 463 "www.google.com" "Mozilla/5.0 (Windows NT 10.0; Win64; x64) AppleWebKit/537.36 (KHTML, like Gecko) Chrome/90.0.4430.85 Safari/537.36"
jomarlogistica.com.br:80 188.166.253.221 - - [22/Sep/2025:19:45:08 -0300] "GET /wp-login.php?redirect_to=https%3A%2F%2Fjomarlogistica.com.br%2Fwp-admin%2F&reauth=1 HTTP/1.1" 200 5013 "www.google.com" "Mozilla/5.0 (Windows NT 10.0; Win64; x64) AppleWebKit/537.36 (KHTML, like Gecko) Chrome/90.0.4430.85 Safari/537.36"
jomarlogistica.com.br:80 127.0.0.1 - - [22/Sep/2025:19:45:09 -0300] "OPTIONS * HTTP/1.0" 200 110 "-" "Apache/2.4.65 (Ubuntu) (internal dummy connection)"
jomarlogistica.com.br:80 188.166.253.221 - - [22/Sep/2025:19:45:09 -0300] "POST /admin/index.php?route=common/login HTTP/1.1" 404 448 "https://jomarlogistica.com.br/admin/index.php?route=common/login" "Mozilla/5.0 (Windows NT 10.0; Win64; x64) AppleWebKit/537.36 (KHTML, like Gecko) Chrome/129.0.0.0 Safari/537.36"
jomarlogistica.com.br:80 188.166.253.221 - - [22/Sep/2025:19:45:12 -0300] "GET /user/login HTTP/1.1" 404 448 "https://jomarlogistica.com.br/user/login" "Mozilla/5.0 (Windows NT 10.0; Win64; x64) AppleWebKit/537.36 (KHTML, like Gecko) Chrome/129.0.0.0 Safari/537.36"
jomarlogistica.com.br:80 127.0.0.1 - - [22/Sep/2025:19:45:17 -0300] "OPTIONS * HTTP/1.0" 200 110 "-" "Apache/2.4.65 (Ubuntu) (internal dummy connection)"
jomarlogistica.com.br:80 172.20.1.117 - - [22/Sep/2025:19:52:12 -0300] "POST /wp-cron.php?doing_wp_cron=1758581531.9816648960113525390625 HTTP/1.1" 200 389 "https://jomarlogistica.com.br/wp-cron.php?doing_wp_cron=1758581531.9816648960113525390625" "WordPress/5.8.10; https://jomarlogistica.com.br"
jomarlogistica.com.br:80 74.7.36.106 - - [22/Sep/2025:19:52:11 -0300] "GET /2024/01/16/is-owning-pet-squirrels-legal-in-florida-laws-regulations/ HTTP/1.1" 200 13815 "-" "Mozilla/5.0 AppleWebKit/537.36 (KHTML, like Gecko); compatible; ChatGPT-User/1.0; +https://openai.com/bot"
jomarlogistica.com.br:80 127.0.0.1 - - [22/Sep/2025:19:52:16 -0300] "OPTIONS * HTTP/1.0" 200 110 "-" "Apache/2.4.65 (Ubuntu) (internal dummy connection)"
jomarlogistica.com.br:80 47.128.98.212 - - [22/Sep/2025:19:53:57 -0300] "GET /robots.txt HTTP/1.1" 200 584 "-" "Mozilla/5.0 (Linux; Android 5.0) AppleWebKit/537.36 (KHTML, like Gecko) Mobile Safari/537.36 (compatible; Bytespider; spider-feedback@bytedance.com)"
jomarlogistica.com.br:80 114.119.128.158 - - [22/Sep/2025:19:54:12 -0300] "GET /category/jomar/page/20/ HTTP/1.1" 200 19245 "https://jomarlogistica.com.br/category/jomar/page/21/" "Mozilla/5.0 (Linux; Android 7.0;) AppleWebKit/537.36 (KHTML, like Gecko) Mobile Safari/537.36 (compatible; PetalBot;+https://webmaster.petalsearch.com/site/petalbot)"
jomarlogistica.com.br:80 104.248.154.105 - - [22/Sep/2025:19:54:25 -0300] "POST /wp-login.php HTTP/1.1" 403 2493 "-" "Mozilla/5.0"
jomarlogistica.com.br:80 104.248.154.105 - - [22/Sep/2025:19:54:25 -0300] "POST /wp-login.php HTTP/1.1" 403 2493 "-" "Mozilla/5.0"
jomarlogistica.com.br:80 127.0.0.1 - - [22/Sep/2025:19:54:30 -0300] "OPTIONS * HTTP/1.0" 200 110 "-" "Apache/2.4.65 (Ubuntu) (internal dummy connection)"
jomarlogistica.com.br:80 167.172.77.159 - - [22/Sep/2025:19:55:22 -0300] "GET /admin.php?action=p&api=p&path=p&token= HTTP/1.1" 404 448 "www.google.com" "Mozlila/5.0 (Linux; Android 7.0; SM-G892A Bulid/NRD90M; wv) AppleWebKit/537.36 (KHTML, like Gecko) Version/4.0 Chrome/60.0.3112.107 Moblie Safari/537.36"
jomarlogistica.com.br:80 167.172.77.159 - - [22/Sep/2025:19:55:30 -0300] "GET /admin.php?action=p&api=p&path=p&token= HTTP/1.1" 404 448 "www.google.com" "Mozlila/5.0 (Linux; Android 7.0; SM-G892A Bulid/NRD90M; wv) AppleWebKit/537.36 (KHTML, like Gecko) Version/4.0 Chrome/60.0.3112.107 Moblie Safari/537.36"
jomarlogistica.com.br:80 131.117.135.97 - - [22/Sep/2025:20:02:18 -0300] "POST /wp-login.php HTTP/1.1" 403 2493 "-" "Mozilla/5.0 (Windows NT 10.0; Win64; x64) AppleWebKit/537.36"
jomarlogistica.com.br:80 113.16.18.118 - - [22/Sep/2025:20:05:26 -0300] "POST /wp-comments-post.php HTTP/1.1" 403 2493 "-" "Mozilla/5.0 (Windows NT 10.0; Win64; x64) AppleWebKit/537.36 (KHTML, like Gecko) Chrome/108.0.0.0 Safari/537.36 Edg/108.0.1462.46"
jomarlogistica.com.br:80 172.20.1.117 - - [22/Sep/2025:20:12:50 -0300] "POST /wp-cron.php?doing_wp_cron=1758582770.7222859859466552734375 HTTP/1.1" 200 389 "https://jomarlogistica.com.br/wp-cron.php?doing_wp_cron=1758582770.7222859859466552734375" "WordPress/5.8.10; https://jomarlogistica.com.br"
jomarlogistica.com.br:80 177.116.184.250 - - [22/Sep/2025:20:12:50 -0300] "POST /autodiscover/autodiscover.xml HTTP/1.1" 404 448 "-" "AppleExchangeWebServices/833 accountsd/113"
jomarlogistica.com.br:80 127.0.0.1 - - [22/Sep/2025:20:12:55 -0300] "OPTIONS * HTTP/1.0" 200 110 "-" "Apache/2.4.65 (Ubuntu) (internal dummy connection)"
jomarlogistica.com.br:80 172.20.1.117 - - [22/Sep/2025:20:18:25 -0300] "POST /wp-cron.php?doing_wp_cron=1758583105.2244060039520263671875 HTTP/1.1" 200 389 "https://jomarlogistica.com.br/wp-cron.php?doing_wp_cron=1758583105.2244060039520263671875" "WordPress/5.8.10; https://jomarlogistica.com.br"
jomarlogistica.com.br:80 20.97.189.108 - - [22/Sep/2025:20:18:24 -0300] "GET /2024/01/23/checkpoint-firewall-rules-export-best-practices-and-guidelines/ HTTP/1.1" 200 14455 "-" "Mozilla/5.0 AppleWebKit/537.36 (KHTML, like Gecko); compatible; ChatGPT-User/1.0; +https://openai.com/bot"
jomarlogistica.com.br:80 127.0.0.1 - - [22/Sep/2025:20:18:30 -0300] "OPTIONS * HTTP/1.0" 200 110 "-" "Apache/2.4.65 (Ubuntu) (internal dummy connection)"
jomarlogistica.com.br:80 172.20.1.117 - - [22/Sep/2025:20:24:59 -0300] "POST /wp-cron.php?doing_wp_cron=1758583499.8408150672912597656250 HTTP/1.1" 200 389 "https://jomarlogistica.com.br/wp-cron.php?doing_wp_cron=1758583499.8408150672912597656250" "WordPress/5.8.10; https://jomarlogistica.com.br"
jomarlogistica.com.br:80 85.208.96.195 - - [22/Sep/2025:20:24:59 -0300] "GET /2023/06/15/online-dating-websites-critiques/ HTTP/1.1" 200 19337 "-" "Mozilla/5.0 (compatible; SemrushBot/7~bl; +http://www.semrush.com/bot.html)"
jomarlogistica.com.br:80 127.0.0.1 - - [22/Sep/2025:20:25:05 -0300] "OPTIONS * HTTP/1.0" 200 110 "-" "Apache/2.4.65 (Ubuntu) (internal dummy connection)"
