jomarlogistica.com.br:80 156.226.17.138 - - [22/Sep/2025:00:33:39 -0300] "GET /wp-content/plugins/case-theme-core/assets/plugin/iconpicker/ct-iconpicker.js?ver=5.8.10 HTTP/1.1" 200 514 "https://jomarlogistica.com.br/wp-admin/?admin_email_remind_later=1" "Mozilla/5.0 (Windows NT 10.0; Win64; x64) AppleWebKit/537.36 (KHTML, like Gecko) Chrome/109.0.0.0 Safari/537.36"
jomarlogistica.com.br:80 156.226.17.138 - - [22/Sep/2025:00:33:39 -0300] "GET /wp-content/plugins/meks-simple-flickr-widget/js/admin.js?ver=1.2 HTTP/1.1" 200 584 "https://jomarlogistica.com.br/wp-admin/?admin_email_remind_later=1" "Mozilla/5.0 (Windows NT 10.0; Win64; x64) AppleWebKit/537.36 (KHTML, like Gecko) Chrome/109.0.0.0 Safari/537.36"
jomarlogistica.com.br:80 156.226.17.138 - - [22/Sep/2025:00:33:40 -0300] "GET /wp-content/plugins/redux-framework/redux-core/inc/welcome/js/redux-banner-admin.js HTTP/1.1" 200 770 "https://jomarlogistica.com.br/wp-admin/?admin_email_remind_later=1" "Mozilla/5.0 (Windows NT 10.0; Win64; x64) AppleWebKit/537.36 (KHTML, like Gecko) Chrome/109.0.0.0 Safari/537.36"
jomarlogistica.com.br:80 156.226.17.138 - - [22/Sep/2025:00:33:40 -0300] "GET /wp-admin/load-scripts.php?c=1&load%5Bchunk_0%5D=hoverIntent,regenerator-runtime,wp-polyfill,wp-hooks&ver=5.8.10 HTTP/1.1" 200 10847 "https://jomarlogistica.com.br/wp-admin/?admin_email_remind_later=1" "Mozilla/5.0 (Windows NT 10.0; Win64; x64) AppleWebKit/537.36 (KHTML, like Gecko) Chrome/109.0.0.0 Safari/537.36"
jomarlogistica.com.br:80 156.226.17.138 - - [22/Sep/2025:00:33:40 -0300] "GET /wp-includes/js/dist/i18n.min.js?ver=5f1269854226b4dd90450db411a12b79 HTTP/1.1" 200 4269 "https://jomarlogistica.com.br/wp-admin/?admin_email_remind_later=1" "Mozilla/5.0 (Windows NT 10.0; Win64; x64) AppleWebKit/537.36 (KHTML, like Gecko) Chrome/109.0.0.0 Safari/537.36"
jomarlogistica.com.br:80 156.226.17.138 - - [22/Sep/2025:00:33:40 -0300] "GET /wp-admin/js/common.min.js?ver=5.8.10 HTTP/1.1" 200 7079 "https://jomarlogistica.com.br/wp-admin/?admin_email_remind_later=1" "Mozilla/5.0 (Windows NT 10.0; Win64; x64) AppleWebKit/537.36 (KHTML, like Gecko) Chrome/109.0.0.0 Safari/537.36"
jomarlogistica.com.br:80 156.226.17.138 - - [22/Sep/2025:00:33:40 -0300] "GET /wp-includes/js/hoverintent-js.min.js?ver=2.2.1 HTTP/1.1" 200 1095 "https://jomarlogistica.com.br/wp-admin/?admin_email_remind_later=1" "Mozilla/5.0 (Windows NT 10.0; Win64; x64) AppleWebKit/537.36 (KHTML, like Gecko) Chrome/109.0.0.0 Safari/537.36"
jomarlogistica.com.br:80 156.226.17.138 - - [22/Sep/2025:00:33:40 -0300] "GET /wp-includes/js/admin-bar.min.js?ver=5.8.10 HTTP/1.1" 200 1797 "https://jomarlogistica.com.br/wp-admin/?admin_email_remind_later=1" "Mozilla/5.0 (Windows NT 10.0; Win64; x64) AppleWebKit/537.36 (KHTML, like Gecko) Chrome/109.0.0.0 Safari/537.36"
jomarlogistica.com.br:80 156.226.17.138 - - [22/Sep/2025:00:33:40 -0300] "GET /wp-includes/js/clipboard.min.js?ver=5.8.10 HTTP/1.1" 200 3798 "https://jomarlogistica.com.br/wp-admin/?admin_email_remind_later=1" "Mozilla/5.0 (Windows NT 10.0; Win64; x64) AppleWebKit/537.36 (KHTML, like Gecko) Chrome/109.0.0.0 Safari/537.36"
jomarlogistica.com.br:80 156.226.17.138 - - [22/Sep/2025:00:33:41 -0300] "GET /wp-includes/js/underscore.min.js?ver=1.13.1 HTTP/1.1" 200 7860 "https://jomarlogistica.com.br/wp-admin/?admin_email_remind_later=1" "Mozilla/5.0 (Windows NT 10.0; Win64; x64) AppleWebKit/537.36 (KHTML, like Gecko) Chrome/109.0.0.0 Safari/537.36"
jomarlogistica.com.br:80 156.226.17.138 - - [22/Sep/2025:00:33:41 -0300] "GET /wp-includes/js/wp-util.min.js?ver=5.8.10 HTTP/1.1" 200 1081 "https://jomarlogistica.com.br/wp-admin/?admin_email_remind_later=1" "Mozilla/5.0 (Windows NT 10.0; Win64; x64) AppleWebKit/537.36 (KHTML, like Gecko) Chrome/109.0.0.0 Safari/537.36"
jomarlogistica.com.br:80 156.226.17.138 - - [22/Sep/2025:00:33:41 -0300] "GET /wp-includes/js/dist/dom-ready.min.js?ver=71883072590656bf22c74c7b887df3dd HTTP/1.1" 200 979 "https://jomarlogistica.com.br/wp-admin/?admin_email_remind_later=1" "Mozilla/5.0 (Windows NT 10.0; Win64; x64) AppleWebKit/537.36 (KHTML, like Gecko) Chrome/109.0.0.0 Safari/537.36"
jomarlogistica.com.br:80 156.226.17.138 - - [22/Sep/2025:00:33:41 -0300] "GET /wp-includes/js/dist/a11y.min.js?ver=0ac8327cc1c40dcfdf29716affd7ac63 HTTP/1.1" 200 1557 "https://jomarlogistica.com.br/wp-admin/?admin_email_remind_later=1" "Mozilla/5.0 (Windows NT 10.0; Win64; x64) AppleWebKit/537.36 (KHTML, like Gecko) Chrome/109.0.0.0 Safari/537.36"
jomarlogistica.com.br:80 156.226.17.138 - - [22/Sep/2025:00:33:41 -0300] "GET /wp-includes/js/api-request.min.js?ver=5.8.10 HTTP/1.1" 200 962 "https://jomarlogistica.com.br/wp-admin/?admin_email_remind_later=1" "Mozilla/5.0 (Windows NT 10.0; Win64; x64) AppleWebKit/537.36 (KHTML, like Gecko) Chrome/109.0.0.0 Safari/537.36"
jomarlogistica.com.br:80 156.226.17.138 - - [22/Sep/2025:00:33:41 -0300] "GET /wp-includes/js/dist/vendor/lodash.min.js?ver=4.17.19 HTTP/1.1" 200 27281 "https://jomarlogistica.com.br/wp-admin/?admin_email_remind_later=1" "Mozilla/5.0 (Windows NT 10.0; Win64; x64) AppleWebKit/537.36 (KHTML, like Gecko) Chrome/109.0.0.0 Safari/537.36"
jomarlogistica.com.br:80 156.226.17.138 - - [22/Sep/2025:00:33:41 -0300] "GET /wp-includes/js/dist/url.min.js?ver=9e623834b7667b522230408f099fc05f HTTP/1.1" 200 2420 "https://jomarlogistica.com.br/wp-admin/?admin_email_remind_later=1" "Mozilla/5.0 (Windows NT 10.0; Win64; x64) AppleWebKit/537.36 (KHTML, like Gecko) Chrome/109.0.0.0 Safari/537.36"
jomarlogistica.com.br:80 156.226.17.138 - - [22/Sep/2025:00:33:41 -0300] "GET /wp-admin/js/site-health.min.js?ver=5.8.10 HTTP/1.1" 200 2535 "https://jomarlogistica.com.br/wp-admin/?admin_email_remind_later=1" "Mozilla/5.0 (Windows NT 10.0; Win64; x64) AppleWebKit/537.36 (KHTML, like Gecko) Chrome/109.0.0.0 Safari/537.36"
jomarlogistica.com.br:80 156.226.17.138 - - [22/Sep/2025:00:33:41 -0300] "GET /wp-includes/js/wp-ajax-response.min.js?ver=5.8.10 HTTP/1.1" 200 1370 "https://jomarlogistica.com.br/wp-admin/?admin_email_remind_later=1" "Mozilla/5.0 (Windows NT 10.0; Win64; x64) AppleWebKit/537.36 (KHTML, like Gecko) Chrome/109.0.0.0 Safari/537.36"
jomarlogistica.com.br:80 127.0.0.1 - - [22/Sep/2025:00:33:41 -0300] "OPTIONS * HTTP/1.0" 200 110 "-" "Apache/2.4.65 (Ubuntu) (internal dummy connection)"
jomarlogistica.com.br:80 156.226.17.138 - - [22/Sep/2025:00:33:42 -0300] "GET /wp-includes/js/jquery/jquery.color.min.js?ver=2.1.2 HTTP/1.1" 200 4354 "https://jomarlogistica.com.br/wp-admin/?admin_email_remind_later=1" "Mozilla/5.0 (Windows NT 10.0; Win64; x64) AppleWebKit/537.36 (KHTML, like Gecko) Chrome/109.0.0.0 Safari/537.36"
jomarlogistica.com.br:80 156.226.17.138 - - [22/Sep/2025:00:33:42 -0300] "GET /wp-includes/js/wp-lists.min.js?ver=5.8.10 HTTP/1.1" 200 2934 "https://jomarlogistica.com.br/wp-admin/?admin_email_remind_later=1" "Mozilla/5.0 (Windows NT 10.0; Win64; x64) AppleWebKit/537.36 (KHTML, like Gecko) Chrome/109.0.0.0 Safari/537.36"
jomarlogistica.com.br:80 156.226.17.138 - - [22/Sep/2025:00:33:42 -0300] "GET /wp-includes/js/quicktags.min.js?ver=5.8.10 HTTP/1.1" 200 3943 "https://jomarlogistica.com.br/wp-admin/?admin_email_remind_later=1" "Mozilla/5.0 (Windows NT 10.0; Win64; x64) AppleWebKit/537.36 (KHTML, like Gecko) Chrome/109.0.0.0 Safari/537.36"
jomarlogistica.com.br:80 156.226.17.138 - - [22/Sep/2025:00:33:42 -0300] "GET /wp-includes/js/jquery/jquery.query.js?ver=2.2.3 HTTP/1.1" 200 2015 "https://jomarlogistica.com.br/wp-admin/?admin_email_remind_later=1" "Mozilla/5.0 (Windows NT 10.0; Win64; x64) AppleWebKit/537.36 (KHTML, like Gecko) Chrome/109.0.0.0 Safari/537.36"
jomarlogistica.com.br:80 156.226.17.138 - - [22/Sep/2025:00:33:42 -0300] "GET /wp-admin/js/edit-comments.min.js?ver=5.8.10 HTTP/1.1" 200 5595 "https://jomarlogistica.com.br/wp-admin/?admin_email_remind_later=1" "Mozilla/5.0 (Windows NT 10.0; Win64; x64) AppleWebKit/537.36 (KHTML, like Gecko) Chrome/109.0.0.0 Safari/537.36"
jomarlogistica.com.br:80 156.226.17.138 - - [22/Sep/2025:00:33:42 -0300] "GET /wp-includes/js/jquery/ui/core.min.js?ver=1.12.1 HTTP/1.1" 200 7418 "https://jomarlogistica.com.br/wp-admin/?admin_email_remind_later=1" "Mozilla/5.0 (Windows NT 10.0; Win64; x64) AppleWebKit/537.36 (KHTML, like Gecko) Chrome/109.0.0.0 Safari/537.36"
jomarlogistica.com.br:80 156.226.17.138 - - [22/Sep/2025:00:33:42 -0300] "GET /wp-includes/js/jquery/ui/mouse.min.js?ver=1.12.1 HTTP/1.1" 200 1479 "https://jomarlogistica.com.br/wp-admin/?admin_email_remind_later=1" "Mozilla/5.0 (Windows NT 10.0; Win64; x64) AppleWebKit/537.36 (KHTML, like Gecko) Chrome/109.0.0.0 Safari/537.36"
jomarlogistica.com.br:80 156.226.17.138 - - [22/Sep/2025:00:33:42 -0300] "GET /wp-includes/js/jquery/ui/sortable.min.js?ver=1.12.1 HTTP/1.1" 200 7140 "https://jomarlogistica.com.br/wp-admin/?admin_email_remind_later=1" "Mozilla/5.0 (Windows NT 10.0; Win64; x64) AppleWebKit/537.36 (KHTML, like Gecko) Chrome/109.0.0.0 Safari/537.36"
jomarlogistica.com.br:80 156.226.17.138 - - [22/Sep/2025:00:33:42 -0300] "GET /wp-admin/js/postbox.min.js?ver=5.8.10 HTTP/1.1" 200 2639 "https://jomarlogistica.com.br/wp-admin/?admin_email_remind_later=1" "Mozilla/5.0 (Windows NT 10.0; Win64; x64) AppleWebKit/537.36 (KHTML, like Gecko) Chrome/109.0.0.0 Safari/537.36"
jomarlogistica.com.br:80 156.226.17.138 - - [22/Sep/2025:00:33:43 -0300] "GET /wp-includes/js/dist/vendor/moment.min.js?ver=2.29.1 HTTP/1.1" 200 19491 "https://jomarlogistica.com.br/wp-admin/?admin_email_remind_later=1" "Mozilla/5.0 (Windows NT 10.0; Win64; x64) AppleWebKit/537.36 (KHTML, like Gecko) Chrome/109.0.0.0 Safari/537.36"
jomarlogistica.com.br:80 156.226.17.138 - - [22/Sep/2025:00:33:43 -0300] "GET /wp-admin/js/dashboard.min.js?ver=5.8.10 HTTP/1.1" 200 3486 "https://jomarlogistica.com.br/wp-admin/?admin_email_remind_later=1" "Mozilla/5.0 (Windows NT 10.0; Win64; x64) AppleWebKit/537.36 (KHTML, like Gecko) Chrome/109.0.0.0 Safari/537.36"
jomarlogistica.com.br:80 156.226.17.138 - - [22/Sep/2025:00:33:43 -0300] "GET /wp-includes/js/dist/date.min.js?ver=061439ac4325ef057b8f9c142c82a823 HTTP/1.1" 200 37278 "https://jomarlogistica.com.br/wp-admin/?admin_email_remind_later=1" "Mozilla/5.0 (Windows NT 10.0; Win64; x64) AppleWebKit/537.36 (KHTML, like Gecko) Chrome/109.0.0.0 Safari/537.36"
jomarlogistica.com.br:80 156.226.17.138 - - [22/Sep/2025:00:33:43 -0300] "GET /wp-admin/js/plugin-install.min.js?ver=5.8.10 HTTP/1.1" 200 1404 "https://jomarlogistica.com.br/wp-admin/?admin_email_remind_later=1" "Mozilla/5.0 (Windows NT 10.0; Win64; x64) AppleWebKit/537.36 (KHTML, like Gecko) Chrome/109.0.0.0 Safari/537.36"
jomarlogistica.com.br:80 156.226.17.138 - - [22/Sep/2025:00:33:43 -0300] "GET /wp-includes/js/thickbox/thickbox.js?ver=3.1-20121105 HTTP/1.1" 200 4460 "https://jomarlogistica.com.br/wp-admin/?admin_email_remind_later=1" "Mozilla/5.0 (Windows NT 10.0; Win64; x64) AppleWebKit/537.36 (KHTML, like Gecko) Chrome/109.0.0.0 Safari/537.36"
jomarlogistica.com.br:80 156.226.17.138 - - [22/Sep/2025:00:33:43 -0300] "GET /wp-includes/js/wp-sanitize.min.js?ver=5.8.10 HTTP/1.1" 200 655 "https://jomarlogistica.com.br/wp-admin/?admin_email_remind_later=1" "Mozilla/5.0 (Windows NT 10.0; Win64; x64) AppleWebKit/537.36 (KHTML, like Gecko) Chrome/109.0.0.0 Safari/537.36"
jomarlogistica.com.br:80 156.226.17.138 - - [22/Sep/2025:00:33:44 -0300] "GET /wp-admin/js/updates.min.js?ver=5.8.10 HTTP/1.1" 200 9912 "https://jomarlogistica.com.br/wp-admin/?admin_email_remind_later=1" "Mozilla/5.0 (Windows NT 10.0; Win64; x64) AppleWebKit/537.36 (KHTML, like Gecko) Chrome/109.0.0.0 Safari/537.36"
jomarlogistica.com.br:80 156.226.17.138 - - [22/Sep/2025:00:33:44 -0300] "GET /wp-includes/js/shortcode.min.js?ver=5.8.10 HTTP/1.1" 200 1543 "https://jomarlogistica.com.br/wp-admin/?admin_email_remind_later=1" "Mozilla/5.0 (Windows NT 10.0; Win64; x64) AppleWebKit/537.36 (KHTML, like Gecko) Chrome/109.0.0.0 Safari/537.36"
jomarlogistica.com.br:80 156.226.17.138 - - [22/Sep/2025:00:33:44 -0300] "GET /wp-admin/js/media-upload.min.js?ver=5.8.10 HTTP/1.1" 200 987 "https://jomarlogistica.com.br/wp-admin/?admin_email_remind_later=1" "Mozilla/5.0 (Windows NT 10.0; Win64; x64) AppleWebKit/537.36 (KHTML, like Gecko) Chrome/109.0.0.0 Safari/537.36"
jomarlogistica.com.br:80 156.226.17.138 - - [22/Sep/2025:00:33:44 -0300] "GET /wp-admin/js/svg-painter.js?ver=5.8.10 HTTP/1.1" 200 2532 "https://jomarlogistica.com.br/wp-admin/?admin_email_remind_later=1" "Mozilla/5.0 (Windows NT 10.0; Win64; x64) AppleWebKit/537.36 (KHTML, like Gecko) Chrome/109.0.0.0 Safari/537.36"
jomarlogistica.com.br:80 156.226.17.138 - - [22/Sep/2025:00:33:44 -0300] "GET /wp-includes/js/heartbeat.min.js?ver=5.8.10 HTTP/1.1" 200 2443 "https://jomarlogistica.com.br/wp-admin/?admin_email_remind_later=1" "Mozilla/5.0 (Windows NT 10.0; Win64; x64) AppleWebKit/537.36 (KHTML, like Gecko) Chrome/109.0.0.0 Safari/537.36"
jomarlogistica.com.br:80 156.226.17.138 - - [22/Sep/2025:00:33:44 -0300] "GET /wp-includes/js/wp-auth-check.min.js?ver=5.8.10 HTTP/1.1" 200 1148 "https://jomarlogistica.com.br/wp-admin/?admin_email_remind_later=1" "Mozilla/5.0 (Windows NT 10.0; Win64; x64) AppleWebKit/537.36 (KHTML, like Gecko) Chrome/109.0.0.0 Safari/537.36"
jomarlogistica.com.br:80 156.226.17.138 - - [22/Sep/2025:00:33:44 -0300] "GET /wp-includes/js/backbone.min.js?ver=1.4.0 HTTP/1.1" 200 8507 "https://jomarlogistica.com.br/wp-admin/?admin_email_remind_later=1" "Mozilla/5.0 (Windows NT 10.0; Win64; x64) AppleWebKit/537.36 (KHTML, like Gecko) Chrome/109.0.0.0 Safari/537.36"
jomarlogistica.com.br:80 156.226.17.138 - - [22/Sep/2025:00:33:44 -0300] "GET /wp-includes/js/wp-backbone.min.js?ver=5.8.10 HTTP/1.1" 200 1566 "https://jomarlogistica.com.br/wp-admin/?admin_email_remind_later=1" "Mozilla/5.0 (Windows NT 10.0; Win64; x64) AppleWebKit/537.36 (KHTML, like Gecko) Chrome/109.0.0.0 Safari/537.36"
jomarlogistica.com.br:80 156.226.17.138 - - [22/Sep/2025:00:33:44 -0300] "GET /wp-includes/js/media-models.min.js?ver=5.8.10 HTTP/1.1" 200 4927 "https://jomarlogistica.com.br/wp-admin/?admin_email_remind_later=1" "Mozilla/5.0 (Windows NT 10.0; Win64; x64) AppleWebKit/537.36 (KHTML, like Gecko) Chrome/109.0.0.0 Safari/537.36"
jomarlogistica.com.br:80 156.226.17.138 - - [22/Sep/2025:00:33:45 -0300] "GET /wp-includes/js/plupload/wp-plupload.min.js?ver=5.8.10 HTTP/1.1" 200 2760 "https://jomarlogistica.com.br/wp-admin/?admin_email_remind_later=1" "Mozilla/5.0 (Windows NT 10.0; Win64; x64) AppleWebKit/537.36 (KHTML, like Gecko) Chrome/109.0.0.0 Safari/537.36"
jomarlogistica.com.br:80 156.226.17.138 - - [22/Sep/2025:00:33:45 -0300] "GET /wp-includes/js/mediaelement/mediaelement-and-player.min.js?ver=4.2.16 HTTP/1.1" 200 41144 "https://jomarlogistica.com.br/wp-admin/?admin_email_remind_later=1" "Mozilla/5.0 (Windows NT 10.0; Win64; x64) AppleWebKit/537.36 (KHTML, like Gecko) Chrome/109.0.0.0 Safari/537.36"
jomarlogistica.com.br:80 156.226.17.138 - - [22/Sep/2025:00:33:45 -0300] "GET /wp-includes/js/mediaelement/mediaelement-migrate.min.js?ver=5.8.10 HTTP/1.1" 200 921 "https://jomarlogistica.com.br/wp-admin/?admin_email_remind_later=1" "Mozilla/5.0 (Windows NT 10.0; Win64; x64) AppleWebKit/537.36 (KHTML, like Gecko) Chrome/109.0.0.0 Safari/537.36"
jomarlogistica.com.br:80 156.226.17.138 - - [22/Sep/2025:00:33:45 -0300] "GET /wp-includes/js/mediaelement/wp-mediaelement.min.js?ver=5.8.10 HTTP/1.1" 200 848 "https://jomarlogistica.com.br/wp-admin/?admin_email_remind_later=1" "Mozilla/5.0 (Windows NT 10.0; Win64; x64) AppleWebKit/537.36 (KHTML, like Gecko) Chrome/109.0.0.0 Safari/537.36"
jomarlogistica.com.br:80 156.226.17.138 - - [22/Sep/2025:00:33:45 -0300] "GET /wp-includes/js/media-views.min.js?ver=5.8.10 HTTP/1.1" 200 28940 "https://jomarlogistica.com.br/wp-admin/?admin_email_remind_later=1" "Mozilla/5.0 (Windows NT 10.0; Win64; x64) AppleWebKit/537.36 (KHTML, like Gecko) Chrome/109.0.0.0 Safari/537.36"
jomarlogistica.com.br:80 156.226.17.138 - - [22/Sep/2025:00:33:45 -0300] "GET /wp-content/plugins/elementor/assets/lib/eicons/fonts/eicons.woff2?5.13.0 HTTP/1.1" 200 91901 "https://jomarlogistica.com.br/wp-content/plugins/elementor/assets/lib/eicons/css/elementor-icons.min.css?ver=5.13.0" "Mozilla/5.0 (Windows NT 10.0; Win64; x64) AppleWebKit/537.36 (KHTML, like Gecko) Chrome/109.0.0.0 Safari/537.36"
jomarlogistica.com.br:80 127.0.0.1 - - [22/Sep/2025:00:33:45 -0300] "OPTIONS * HTTP/1.0" 200 110 "-" "Apache/2.4.65 (Ubuntu) (internal dummy connection)"
jomarlogistica.com.br:80 156.226.17.138 - - [22/Sep/2025:00:33:45 -0300] "GET /wp-includes/js/media-editor.min.js?ver=5.8.10 HTTP/1.1" 200 4059 "https://jomarlogistica.com.br/wp-admin/?admin_email_remind_later=1" "Mozilla/5.0 (Windows NT 10.0; Win64; x64) AppleWebKit/537.36 (KHTML, like Gecko) Chrome/109.0.0.0 Safari/537.36"
jomarlogistica.com.br:80 156.226.17.138 - - [22/Sep/2025:00:33:46 -0300] "GET /wp-includes/js/media-audiovideo.min.js?ver=5.8.10 HTTP/1.1" 200 4173 "https://jomarlogistica.com.br/wp-admin/?admin_email_remind_later=1" "Mozilla/5.0 (Windows NT 10.0; Win64; x64) AppleWebKit/537.36 (KHTML, like Gecko) Chrome/109.0.0.0 Safari/537.36"
jomarlogistica.com.br:80 156.226.17.138 - - [22/Sep/2025:00:33:46 -0300] "GET /wp-includes/js/mce-view.min.js?ver=5.8.10 HTTP/1.1" 200 4209 "https://jomarlogistica.com.br/wp-admin/?admin_email_remind_later=1" "Mozilla/5.0 (Windows NT 10.0; Win64; x64) AppleWebKit/537.36 (KHTML, like Gecko) Chrome/109.0.0.0 Safari/537.36"
jomarlogistica.com.br:80 156.226.17.138 - - [22/Sep/2025:00:33:46 -0300] "GET /wp-includes/js/imgareaselect/jquery.imgareaselect.min.js?ver=5.8.10 HTTP/1.1" 200 4136 "https://jomarlogistica.com.br/wp-admin/?admin_email_remind_later=1" "Mozilla/5.0 (Windows NT 10.0; Win64; x64) AppleWebKit/537.36 (KHTML, like Gecko) Chrome/109.0.0.0 Safari/537.36"
jomarlogistica.com.br:80 156.226.17.138 - - [22/Sep/2025:00:33:46 -0300] "GET /wp-admin/js/image-edit.min.js?ver=5.8.10 HTTP/1.1" 200 4274 "https://jomarlogistica.com.br/wp-admin/?admin_email_remind_later=1" "Mozilla/5.0 (Windows NT 10.0; Win64; x64) AppleWebKit/537.36 (KHTML, like Gecko) Chrome/109.0.0.0 Safari/537.36"
jomarlogistica.com.br:80 156.226.17.138 - - [22/Sep/2025:00:33:46 -0300] "GET /wp-includes/js/jquery/ui/draggable.min.js?ver=1.12.1 HTTP/1.1" 200 5386 "https://jomarlogistica.com.br/wp-admin/?admin_email_remind_later=1" "Mozilla/5.0 (Windows NT 10.0; Win64; x64) AppleWebKit/537.36 (KHTML, like Gecko) Chrome/109.0.0.0 Safari/537.36"
jomarlogistica.com.br:80 156.226.17.138 - - [22/Sep/2025:00:33:47 -0300] "GET /wp-includes/js/jquery/ui/slider.min.js?ver=1.12.1 HTTP/1.1" 200 3602 "https://jomarlogistica.com.br/wp-admin/?admin_email_remind_later=1" "Mozilla/5.0 (Windows NT 10.0; Win64; x64) AppleWebKit/537.36 (KHTML, like Gecko) Chrome/109.0.0.0 Safari/537.36"
jomarlogistica.com.br:80 156.226.17.138 - - [22/Sep/2025:00:33:47 -0300] "GET /wp-includes/js/jquery/jquery.ui.touch-punch.js?ver=0.2.2 HTTP/1.1" 200 958 "https://jomarlogistica.com.br/wp-admin/?admin_email_remind_later=1" "Mozilla/5.0 (Windows NT 10.0; Win64; x64) AppleWebKit/537.36 (KHTML, like Gecko) Chrome/109.0.0.0 Safari/537.36"
jomarlogistica.com.br:80 156.226.17.138 - - [22/Sep/2025:00:33:47 -0300] "GET /wp-admin/js/iris.min.js?ver=1.0.7 HTTP/1.1" 200 8630 "https://jomarlogistica.com.br/wp-admin/?admin_email_remind_later=1" "Mozilla/5.0 (Windows NT 10.0; Win64; x64) AppleWebKit/537.36 (KHTML, like Gecko) Chrome/109.0.0.0 Safari/537.36"
jomarlogistica.com.br:80 156.226.17.138 - - [22/Sep/2025:00:33:47 -0300] "GET /wp-admin/js/color-picker.min.js?ver=5.8.10 HTTP/1.1" 200 1579 "https://jomarlogistica.com.br/wp-admin/?admin_email_remind_later=1" "Mozilla/5.0 (Windows NT 10.0; Win64; x64) AppleWebKit/537.36 (KHTML, like Gecko) Chrome/109.0.0.0 Safari/537.36"
jomarlogistica.com.br:80 156.226.17.138 - - [22/Sep/2025:00:33:47 -0300] "GET /wp-includes/js/jquery/ui/datepicker.min.js?ver=1.12.1 HTTP/1.1" 200 11555 "https://jomarlogistica.com.br/wp-admin/?admin_email_remind_later=1" "Mozilla/5.0 (Windows NT 10.0; Win64; x64) AppleWebKit/537.36 (KHTML, like Gecko) Chrome/109.0.0.0 Safari/537.36"
jomarlogistica.com.br:80 156.226.17.138 - - [22/Sep/2025:00:33:47 -0300] "GET /wp-content/plugins/booked/assets/js/tooltipster/js/jquery.tooltipster.min.js?ver=3.3.0 HTTP/1.1" 200 5392 "https://jomarlogistica.com.br/wp-admin/?admin_email_remind_later=1" "Mozilla/5.0 (Windows NT 10.0; Win64; x64) AppleWebKit/537.36 (KHTML, like Gecko) Chrome/109.0.0.0 Safari/537.36"
jomarlogistica.com.br:80 156.226.17.138 - - [22/Sep/2025:00:33:47 -0300] "GET /wp-content/plugins/instagram-feed/js/sb-instagram-admin-2-2.js?ver=2.9.7 HTTP/1.1" 200 12917 "https://jomarlogistica.com.br/wp-admin/?admin_email_remind_later=1" "Mozilla/5.0 (Windows NT 10.0; Win64; x64) AppleWebKit/537.36 (KHTML, like Gecko) Chrome/109.0.0.0 Safari/537.36"
jomarlogistica.com.br:80 156.226.17.138 - - [22/Sep/2025:00:33:47 -0300] "GET /wp-content/plugins/instagram-feed/js/admin-notifications.js?ver=2.9.7 HTTP/1.1" 200 1599 "https://jomarlogistica.com.br/wp-admin/?admin_email_remind_later=1" "Mozilla/5.0 (Windows NT 10.0; Win64; x64) AppleWebKit/537.36 (KHTML, like Gecko) Chrome/109.0.0.0 Safari/537.36"
jomarlogistica.com.br:80 156.226.17.138 - - [22/Sep/2025:00:33:47 -0300] "GET /wp-content/plugins/redux-framework/redux-core/extendify-sdk/public/editorplus/editorplus.min.js?ver=1.0 HTTP/1.1" 200 722 "https://jomarlogistica.com.br/wp-admin/?admin_email_remind_later=1" "Mozilla/5.0 (Windows NT 10.0; Win64; x64) AppleWebKit/537.36 (KHTML, like Gecko) Chrome/109.0.0.0 Safari/537.36"
jomarlogistica.com.br:80 156.226.17.138 - - [22/Sep/2025:00:33:48 -0300] "GET /wp-content/plugins/elementor/assets/lib/backbone/backbone.marionette.min.js?ver=2.4.5.e1 HTTP/1.1" 200 12518 "https://jomarlogistica.com.br/wp-admin/?admin_email_remind_later=1" "Mozilla/5.0 (Windows NT 10.0; Win64; x64) AppleWebKit/537.36 (KHTML, like Gecko) Chrome/109.0.0.0 Safari/537.36"
jomarlogistica.com.br:80 156.226.17.138 - - [22/Sep/2025:00:33:48 -0300] "GET /wp-content/plugins/elementor/assets/lib/backbone/backbone.radio.min.js?ver=1.0.4 HTTP/1.1" 200 1957 "https://jomarlogistica.com.br/wp-admin/?admin_email_remind_later=1" "Mozilla/5.0 (Windows NT 10.0; Win64; x64) AppleWebKit/537.36 (KHTML, like Gecko) Chrome/109.0.0.0 Safari/537.36"
jomarlogistica.com.br:80 156.226.17.138 - - [22/Sep/2025:00:33:48 -0300] "GET /wp-content/plugins/elementor/assets/js/common-modules.min.js?ver=3.4.8 HTTP/1.1" 200 31989 "https://jomarlogistica.com.br/wp-admin/?admin_email_remind_later=1" "Mozilla/5.0 (Windows NT 10.0; Win64; x64) AppleWebKit/537.36 (KHTML, like Gecko) Chrome/109.0.0.0 Safari/537.36"
jomarlogistica.com.br:80 156.226.17.138 - - [22/Sep/2025:00:33:48 -0300] "GET /wp-content/plugins/elementor/assets/lib/dialog/dialog.min.js?ver=4.8.1 HTTP/1.1" 200 3967 "https://jomarlogistica.com.br/wp-admin/?admin_email_remind_later=1" "Mozilla/5.0 (Windows NT 10.0; Win64; x64) AppleWebKit/537.36 (KHTML, like Gecko) Chrome/109.0.0.0 Safari/537.36"
jomarlogistica.com.br:80 156.226.17.138 - - [22/Sep/2025:00:33:48 -0300] "GET /wp-content/plugins/elementor/assets/js/common.min.js?ver=3.4.8 HTTP/1.1" 200 48028 "https://jomarlogistica.com.br/wp-admin/?admin_email_remind_later=1" "Mozilla/5.0 (Windows NT 10.0; Win64; x64) AppleWebKit/537.36 (KHTML, like Gecko) Chrome/109.0.0.0 Safari/537.36"
jomarlogistica.com.br:80 156.226.17.138 - - [22/Sep/2025:00:33:48 -0300] "GET /wp-includes/js/dist/vendor/react.min.js?ver=16.13.1 HTTP/1.1" 200 5358 "https://jomarlogistica.com.br/wp-admin/?admin_email_remind_later=1" "Mozilla/5.0 (Windows NT 10.0; Win64; x64) AppleWebKit/537.36 (KHTML, like Gecko) Chrome/109.0.0.0 Safari/537.36"
jomarlogistica.com.br:80 156.226.17.138 - - [22/Sep/2025:00:33:49 -0300] "GET /wp-includes/js/dist/vendor/react-dom.min.js?ver=16.13.1 HTTP/1.1" 200 40032 "https://jomarlogistica.com.br/wp-admin/?admin_email_remind_later=1" "Mozilla/5.0 (Windows NT 10.0; Win64; x64) AppleWebKit/537.36 (KHTML, like Gecko) Chrome/109.0.0.0 Safari/537.36"
jomarlogistica.com.br:80 156.226.17.138 - - [22/Sep/2025:00:33:49 -0300] "GET /wp-content/plugins/elementor/assets/js/admin-top-bar.min.js?ver=3.4.8 HTTP/1.1" 200 14154 "https://jomarlogistica.com.br/wp-admin/?admin_email_remind_later=1" "Mozilla/5.0 (Windows NT 10.0; Win64; x64) AppleWebKit/537.36 (KHTML, like Gecko) Chrome/109.0.0.0 Safari/537.36"
jomarlogistica.com.br:80 156.226.17.138 - - [22/Sep/2025:00:33:49 -0300] "GET /wp-content/plugins/elementor/assets/lib/tipsy/tipsy.min.js?ver=1.0.0 HTTP/1.1" 200 2115 "https://jomarlogistica.com.br/wp-admin/?admin_email_remind_later=1" "Mozilla/5.0 (Windows NT 10.0; Win64; x64) AppleWebKit/537.36 (KHTML, like Gecko) Chrome/109.0.0.0 Safari/537.36"
jomarlogistica.com.br:80 156.226.17.138 - - [22/Sep/2025:00:33:49 -0300] "GET /wp-content/plugins/elementor/assets/js/app-loader.min.js?ver=3.4.8 HTTP/1.1" 200 26961 "https://jomarlogistica.com.br/wp-admin/?admin_email_remind_later=1" "Mozilla/5.0 (Windows NT 10.0; Win64; x64) AppleWebKit/537.36 (KHTML, like Gecko) Chrome/109.0.0.0 Safari/537.36"
jomarlogistica.com.br:80 156.226.17.138 - - [22/Sep/2025:00:33:49 -0300] "GET /wp-content/plugins/elementor/assets/js/admin.min.js?ver=3.4.8 HTTP/1.1" 200 20333 "https://jomarlogistica.com.br/wp-admin/?admin_email_remind_later=1" "Mozilla/5.0 (Windows NT 10.0; Win64; x64) AppleWebKit/537.36 (KHTML, like Gecko) Chrome/109.0.0.0 Safari/537.36"
jomarlogistica.com.br:80 156.226.17.138 - - [22/Sep/2025:00:33:49 -0300] "GET /wp-content/plugins/newsletter/admin/images/menu-icon.png HTTP/1.1" 200 665 "https://jomarlogistica.com.br/wp-admin/?admin_email_remind_later=1" "Mozilla/5.0 (Windows NT 10.0; Win64; x64) AppleWebKit/537.36 (KHTML, like Gecko) Chrome/109.0.0.0 Safari/537.36"
jomarlogistica.com.br:80 156.226.17.138 - - [22/Sep/2025:00:33:50 -0300] "GET /wp-content/plugins/instagram-feed/img/sbi-icon.png HTTP/1.1" 200 9587 "https://jomarlogistica.com.br/wp-admin/?admin_email_remind_later=1" "Mozilla/5.0 (Windows NT 10.0; Win64; x64) AppleWebKit/537.36 (KHTML, like Gecko) Chrome/109.0.0.0 Safari/537.36"
jomarlogistica.com.br:80 156.226.17.138 - - [22/Sep/2025:00:33:50 -0300] "GET /wp-content/plugins/redux-framework/redux-core/assets/img/logo--color.svg HTTP/1.1" 200 934 "https://jomarlogistica.com.br/wp-admin/?admin_email_remind_later=1" "Mozilla/5.0 (Windows NT 10.0; Win64; x64) AppleWebKit/537.36 (KHTML, like Gecko) Chrome/109.0.0.0 Safari/537.36"
jomarlogistica.com.br:80 156.226.17.138 - - [22/Sep/2025:00:33:50 -0300] "GET /wp-content/plugins/redux-framework/redux-core/assets/img/redux-powering-up.svg HTTP/1.1" 200 22665 "https://jomarlogistica.com.br/wp-admin/?admin_email_remind_later=1" "Mozilla/5.0 (Windows NT 10.0; Win64; x64) AppleWebKit/537.36 (KHTML, like Gecko) Chrome/109.0.0.0 Safari/537.36"
jomarlogistica.com.br:80 156.226.17.138 - - [22/Sep/2025:00:33:51 -0300] "GET /wp-includes/js/thickbox/loadingAnimation.gif HTTP/1.1" 200 15556 "https://jomarlogistica.com.br/wp-admin/" "Mozilla/5.0 (Windows NT 10.0; Win64; x64) AppleWebKit/537.36 (KHTML, like Gecko) Chrome/109.0.0.0 Safari/537.36"
jomarlogistica.com.br:80 156.226.17.138 - - [22/Sep/2025:00:33:51 -0300] "GET /wp-includes/js/wp-emoji-release.min.js?ver=5.8.10 HTTP/1.1" 200 5577 "https://jomarlogistica.com.br/wp-admin/?admin_email_remind_later=1" "Mozilla/5.0 (Windows NT 10.0; Win64; x64) AppleWebKit/537.36 (KHTML, like Gecko) Chrome/109.0.0.0 Safari/537.36"
jomarlogistica.com.br:80 156.226.17.138 - - [22/Sep/2025:00:33:50 -0300] "GET /wp-admin/admin-ajax.php?action=dashboard-widgets&widget=dashboard_primary&pagenow=dashboard HTTP/1.1" 200 847 "https://jomarlogistica.com.br/wp-admin/" "Mozilla/5.0 (Windows NT 10.0; Win64; x64) AppleWebKit/537.36 (KHTML, like Gecko) Chrome/109.0.0.0 Safari/537.36"
jomarlogistica.com.br:80 156.226.17.138 - - [22/Sep/2025:00:33:50 -0300] "POST /wp-admin/admin-ajax.php HTTP/1.1" 200 954 "https://jomarlogistica.com.br/wp-admin/" "Mozilla/5.0 (Windows NT 10.0; Win64; x64) AppleWebKit/537.36 (KHTML, like Gecko) Chrome/109.0.0.0 Safari/537.36"
jomarlogistica.com.br:80 127.0.0.1 - - [22/Sep/2025:00:33:53 -0300] "OPTIONS * HTTP/1.0" 200 110 "-" "Apache/2.4.65 (Ubuntu) (internal dummy connection)"
jomarlogistica.com.br:80 127.0.0.1 - - [22/Sep/2025:00:33:57 -0300] "OPTIONS * HTTP/1.0" 200 110 "-" "Apache/2.4.65 (Ubuntu) (internal dummy connection)"
jomarlogistica.com.br:80 127.0.0.1 - - [22/Sep/2025:00:33:58 -0300] "OPTIONS * HTTP/1.0" 200 110 "-" "Apache/2.4.65 (Ubuntu) (internal dummy connection)"
jomarlogistica.com.br:80 156.226.17.138 - - [22/Sep/2025:00:35:52 -0300] "POST /wp-admin/admin-ajax.php HTTP/1.1" 200 625 "https://jomarlogistica.com.br/wp-admin/" "Mozilla/5.0 (Windows NT 10.0; Win64; x64) AppleWebKit/537.36 (KHTML, like Gecko) Chrome/109.0.0.0 Safari/537.36"
jomarlogistica.com.br:80 172.20.1.117 - - [22/Sep/2025:00:37:13 -0300] "POST /wp-cron.php?doing_wp_cron=1758512233.5737929344177246093750 HTTP/1.1" 200 389 "https://jomarlogistica.com.br/wp-cron.php?doing_wp_cron=1758512233.5737929344177246093750" "WordPress/5.8.10; https://jomarlogistica.com.br"
jomarlogistica.com.br:80 156.226.17.138 - - [22/Sep/2025:00:37:11 -0300] "POST /wp-admin/admin-ajax.php HTTP/1.1" 200 625 "https://jomarlogistica.com.br/wp-admin/" "Mozilla/5.0 (Windows NT 10.0; Win64; x64) AppleWebKit/537.36 (KHTML, like Gecko) Chrome/109.0.0.0 Safari/537.36"
jomarlogistica.com.br:80 172.20.1.117 - - [22/Sep/2025:00:37:14 -0300] "POST /wp-cron.php?doing_wp_cron=1758512234.0789809226989746093750 HTTP/1.1" 200 389 "https://jomarlogistica.com.br/wp-cron.php?doing_wp_cron=1758512234.0789809226989746093750" "WordPress/5.8.10; https://jomarlogistica.com.br"
jomarlogistica.com.br:80 156.226.17.138 - - [22/Sep/2025:00:37:11 -0300] "GET /wp-admin/plugin-install.php HTTP/1.1" 200 33230 "https://jomarlogistica.com.br/wp-admin/" "Mozilla/5.0 (Windows NT 10.0; Win64; x64) AppleWebKit/537.36 (KHTML, like Gecko) Chrome/109.0.0.0 Safari/537.36"
jomarlogistica.com.br:80 127.0.0.1 - - [22/Sep/2025:00:37:19 -0300] "OPTIONS * HTTP/1.0" 200 110 "-" "Apache/2.4.65 (Ubuntu) (internal dummy connection)"
jomarlogistica.com.br:80 127.0.0.1 - - [22/Sep/2025:00:37:20 -0300] "OPTIONS * HTTP/1.0" 200 110 "-" "Apache/2.4.65 (Ubuntu) (internal dummy connection)"
jomarlogistica.com.br:80 216.244.66.226 - - [22/Sep/2025:00:37:43 -0300] "GET /2022/11/17/free-of-charge-dating-and-chatting-sites-for-lonely-women/ HTTP/1.1" 200 79858 "-" "Mozilla/5.0 (compatible; DotBot/1.2; +https://opensiteexplorer.org/dotbot; help@moz.com)"
jomarlogistica.com.br:80 156.226.17.138 - - [22/Sep/2025:00:38:04 -0300] "GET /wp-admin/plugin-install.php HTTP/1.1" 200 33230 "https://jomarlogistica.com.br/wp-admin/" "Mozilla/5.0 (Windows NT 10.0; Win64; x64) AppleWebKit/537.36 (KHTML, like Gecko) Chrome/109.0.0.0 Safari/537.36"
jomarlogistica.com.br:80 156.226.17.138 - - [22/Sep/2025:00:38:05 -0300] "GET /wp-admin/ HTTP/1.1" 200 52806 "https://jomarlogistica.com.br/wp-login.php?redirect_to=https%3A%2F%2Fjomarlogistica.com.br%2Fwp-admin%2F&action=confirm_admin_email&wp_lang=pt_BR" "Mozilla/5.0 (Windows NT 10.0; Win64; x64) AppleWebKit/537.36 (KHTML, like Gecko) Chrome/109.0.0.0 Safari/537.36"
jomarlogistica.com.br:80 156.226.17.138 - - [22/Sep/2025:00:38:27 -0300] "GET /wp-admin/plugins.php HTTP/1.1" 200 38516 "https://jomarlogistica.com.br/wp-admin/" "Mozilla/5.0 (Windows NT 10.0; Win64; x64) AppleWebKit/537.36 (KHTML, like Gecko) Chrome/109.0.0.0 Safari/537.36"
jomarlogistica.com.br:80 156.226.17.138 - - [22/Sep/2025:00:38:28 -0300] "GET /wp-admin/plugin-install.php HTTP/1.1" 200 33252 "https://jomarlogistica.com.br/wp-admin/" "Mozilla/5.0 (Windows NT 10.0; Win64; x64) AppleWebKit/537.36 (KHTML, like Gecko) Chrome/109.0.0.0 Safari/537.36"
jomarlogistica.com.br:80 156.226.17.138 - - [22/Sep/2025:00:38:31 -0300] "GET /wp-admin/load-styles.php?c=1&dir=ltr&load%5Bchunk_0%5D=dashicons,admin-bar,common,forms,admin-menu,dashboard,list-tables,edit,revisions,media,themes,about,nav-menus,wp-pointer,widgets&load%5Bchunk_1%5D=,site-icon,l10n,buttons,wp-auth-check,wp-color-picker&ver=5.8.10 HTTP/1.1" 200 104629 "https://jomarlogistica.com.br/wp-admin/plugin-install.php" "Mozilla/5.0 (Windows NT 10.0; Win64; x64) AppleWebKit/537.36 (KHTML, like Gecko) Chrome/109.0.0.0 Safari/537.36"
jomarlogistica.com.br:80 156.226.17.138 - - [22/Sep/2025:00:38:31 -0300] "GET /wp-admin/load-scripts.php?c=1&load%5Bchunk_0%5D=jquery-core,jquery-migrate,utils&ver=5.8.10 HTTP/1.1" 200 36540 "https://jomarlogistica.com.br/wp-admin/plugin-install.php" "Mozilla/5.0 (Windows NT 10.0; Win64; x64) AppleWebKit/537.36 (KHTML, like Gecko) Chrome/109.0.0.0 Safari/537.36"
jomarlogistica.com.br:80 156.226.17.138 - - [22/Sep/2025:00:38:32 -0300] "GET /wp-admin/images/spinner.gif HTTP/1.1" 200 3973 "https://jomarlogistica.com.br/wp-admin/load-styles.php?c=1&dir=ltr&load%5Bchunk_0%5D=dashicons,admin-bar,common,forms,admin-menu,dashboard,list-tables,edit,revisions,media,themes,about,nav-menus,wp-pointer,widgets&load%5Bchunk_1%5D=,site-icon,l10n,buttons,wp-auth-check,wp-color-picker&ver=5.8.10" "Mozilla/5.0 (Windows NT 10.0; Win64; x64) AppleWebKit/537.36 (KHTML, like Gecko) Chrome/109.0.0.0 Safari/537.36"
jomarlogistica.com.br:80 156.226.17.138 - - [22/Sep/2025:00:38:37 -0300] "POST /wp-admin/admin-ajax.php HTTP/1.1" 200 10886 "https://jomarlogistica.com.br/wp-admin/plugin-install.php?s=file&tab=search&type=term" "Mozilla/5.0 (Windows NT 10.0; Win64; x64) AppleWebKit/537.36 (KHTML, like Gecko) Chrome/109.0.0.0 Safari/537.36"
jomarlogistica.com.br:80 127.0.0.1 - - [22/Sep/2025:00:38:43 -0300] "OPTIONS * HTTP/1.0" 200 110 "-" "Apache/2.4.65 (Ubuntu) (internal dummy connection)"
jomarlogistica.com.br:80 216.73.216.35 - - [22/Sep/2025:00:41:20 -0300] "GET /wp-sitemap.xml HTTP/1.1" 200 643 "-" "Mozilla/5.0 AppleWebKit/537.36 (KHTML, like Gecko; compatible; ClaudeBot/1.0; +claudebot@anthropic.com)"
jomarlogistica.com.br:80 172.20.1.117 - - [22/Sep/2025:00:45:35 -0300] "POST /wp-cron.php?doing_wp_cron=1758512735.3270049095153808593750 HTTP/1.1" 200 389 "https://jomarlogistica.com.br/wp-cron.php?doing_wp_cron=1758512735.3270049095153808593750" "WordPress/5.8.10; https://jomarlogistica.com.br"
jomarlogistica.com.br:80 209.141.32.143 - - [22/Sep/2025:00:45:34 -0300] "GET /wp-content/plugins/wp-meta-data-filter-and-taxonomy-filter/readme.txt HTTP/1.1" 404 448 "-" "Mozilla/5.0 (Windows NT 10.0; Win64; x64) AppleWebKit/537.36 (KHTML, like Gecko) Chrome/120.1.2.3 Safari/537.36 Edg/121.0.623.86"
jomarlogistica.com.br:80 127.0.0.1 - - [22/Sep/2025:00:45:40 -0300] "OPTIONS * HTTP/1.0" 200 110 "-" "Apache/2.4.65 (Ubuntu) (internal dummy connection)"
jomarlogistica.com.br:80 172.20.1.117 - - [22/Sep/2025:00:48:50 -0300] "POST /wp-cron.php?doing_wp_cron=1758512930.7061970233917236328125 HTTP/1.1" 200 389 "https://jomarlogistica.com.br/wp-cron.php?doing_wp_cron=1758512930.7061970233917236328125" "WordPress/5.8.10; https://jomarlogistica.com.br"
jomarlogistica.com.br:80 114.119.128.158 - - [22/Sep/2025:00:48:50 -0300] "GET /2023/page/9/ HTTP/1.1" 200 18626 "https://jomarlogistica.com.br/2023/page/8/" "Mozilla/5.0 (Linux; Android 7.0;) AppleWebKit/537.36 (KHTML, like Gecko) Mobile Safari/537.36 (compatible; PetalBot;+https://webmaster.petalsearch.com/site/petalbot)"
jomarlogistica.com.br:80 127.0.0.1 - - [22/Sep/2025:00:48:55 -0300] "OPTIONS * HTTP/1.0" 200 110 "-" "Apache/2.4.65 (Ubuntu) (internal dummy connection)"
jomarlogistica.com.br:80 114.119.136.72 - - [22/Sep/2025:00:50:18 -0300] "GET /2023/07/25/what-is-web-panic/ HTTP/1.1" 200 17322 "https://jomarlogistica.com.br/2023/07/25/what-is-web-panic/" "Mozilla/5.0 (Linux; Android 7.0;) AppleWebKit/537.36 (KHTML, like Gecko) Mobile Safari/537.36 (compatible; PetalBot;+https://webmaster.petalsearch.com/site/petalbot)"
jomarlogistica.com.br:80 114.119.158.0 - - [22/Sep/2025:00:51:46 -0300] "GET /2022/05/page/2/ HTTP/1.1" 200 11990 "https://jomarlogistica.com.br/2022/05/page/2/" "Mozilla/5.0 (Linux; Android 7.0;) AppleWebKit/537.36 (KHTML, like Gecko) Mobile Safari/537.36 (compatible; PetalBot;+https://webmaster.petalsearch.com/site/petalbot)"
jomarlogistica.com.br:80 172.20.1.117 - - [22/Sep/2025:00:55:22 -0300] "POST /wp-cron.php?doing_wp_cron=1758513322.7949109077453613281250 HTTP/1.1" 200 389 "https://jomarlogistica.com.br/wp-cron.php?doing_wp_cron=1758513322.7949109077453613281250" "WordPress/5.8.10; https://jomarlogistica.com.br"
jomarlogistica.com.br:80 2.57.215.181 - - [22/Sep/2025:00:55:22 -0300] "GET /wp-admin/plugins.php/wp-login.php HTTP/1.1" 302 547 "-" "python-requests/2.32.3"
jomarlogistica.com.br:80 2.57.215.181 - - [22/Sep/2025:00:55:23 -0300] "GET /wp-login.php?redirect_to=https%3A%2F%2Fjomarlogistica.com.br%2Fwp-admin%2Fplugins.php%2Fwp-login.php&reauth=1 HTTP/1.1" 200 5005 "-" "python-requests/2.32.3"
jomarlogistica.com.br:80 2.57.215.181 - - [22/Sep/2025:00:55:23 -0300] "POST /wp-admin/plugins.php/wp-login.php HTTP/1.1" 403 2493 "-" "python-requests/2.32.3"
jomarlogistica.com.br:80 127.0.0.1 - - [22/Sep/2025:00:55:28 -0300] "OPTIONS * HTTP/1.0" 200 110 "-" "Apache/2.4.65 (Ubuntu) (internal dummy connection)"
jomarlogistica.com.br:80 172.20.1.117 - - [22/Sep/2025:01:00:29 -0300] "POST /wp-cron.php?doing_wp_cron=1758513629.0271968841552734375000 HTTP/1.1" 200 389 "https://jomarlogistica.com.br/wp-cron.php?doing_wp_cron=1758513629.0271968841552734375000" "WordPress/5.8.10; https://jomarlogistica.com.br"
jomarlogistica.com.br:80 2.57.215.181 - - [22/Sep/2025:01:00:28 -0300] "GET /wp-admin/plugins.php HTTP/1.1" 302 532 "-" "python-requests/2.32.3"
jomarlogistica.com.br:80 2.57.215.181 - - [22/Sep/2025:01:00:29 -0300] "GET /wp-login.php?redirect_to=https%3A%2F%2Fjomarlogistica.com.br%2Fwp-admin%2Fplugins.php&reauth=1 HTTP/1.1" 200 5002 "-" "python-requests/2.32.3"
jomarlogistica.com.br:80 2.57.215.181 - - [22/Sep/2025:01:00:30 -0300] "POST /wp-admin/plugins.php HTTP/1.1" 302 474 "-" "Mozilla/5.0 (X11; Linux x86_64) AppleWebKit/537.36 (KHTML, like Gecko) Chrome/83.0.4103.101 Safari/537.36"
jomarlogistica.com.br:80 2.57.215.181 - - [22/Sep/2025:01:00:30 -0300] "GET /wp-login.php?redirect_to=https%3A%2F%2Fjomarlogistica.com.br%2Fwp-admin%2Fplugins.php&reauth=1 HTTP/1.1" 200 5002 "-" "Mozilla/5.0 (X11; Linux x86_64) AppleWebKit/537.36 (KHTML, like Gecko) Chrome/83.0.4103.101 Safari/537.36"
jomarlogistica.com.br:80 127.0.0.1 - - [22/Sep/2025:01:00:35 -0300] "OPTIONS * HTTP/1.0" 200 110 "-" "Apache/2.4.65 (Ubuntu) (internal dummy connection)"
jomarlogistica.com.br:80 172.20.1.117 - - [22/Sep/2025:01:05:34 -0300] "POST /wp-cron.php?doing_wp_cron=1758513934.1567540168762207031250 HTTP/1.1" 200 389 "https://jomarlogistica.com.br/wp-cron.php?doing_wp_cron=1758513934.1567540168762207031250" "WordPress/5.8.10; https://jomarlogistica.com.br"
jomarlogistica.com.br:80 114.119.159.76 - - [22/Sep/2025:01:05:33 -0300] "GET /2022/04/11/legal-and-business-studies-expert-courses-training/ HTTP/1.1" 200 14319 "https://jomarlogistica.com.br/2022/04/13/addendum-huurcontract-betekenis-alles-wat-u-moet-weten/" "Mozilla/5.0 (Linux; Android 7.0;) AppleWebKit/537.36 (KHTML, like Gecko) Mobile Safari/537.36 (compatible; PetalBot;+https://webmaster.petalsearch.com/site/petalbot)"
jomarlogistica.com.br:80 127.0.0.1 - - [22/Sep/2025:01:05:39 -0300] "OPTIONS * HTTP/1.0" 200 110 "-" "Apache/2.4.65 (Ubuntu) (internal dummy connection)"
jomarlogistica.com.br:80 172.20.1.117 - - [22/Sep/2025:01:12:11 -0300] "POST /wp-cron.php?doing_wp_cron=1758514331.3277089595794677734375 HTTP/1.1" 200 389 "https://jomarlogistica.com.br/wp-cron.php?doing_wp_cron=1758514331.3277089595794677734375" "WordPress/5.8.10; https://jomarlogistica.com.br"
jomarlogistica.com.br:80 216.244.66.226 - - [22/Sep/2025:01:12:10 -0300] "GET /robots.txt HTTP/1.1" 200 565 "-" "Mozilla/5.0 (compatible; DotBot/1.2; +https://opensiteexplorer.org/dotbot; help@moz.com)"
jomarlogistica.com.br:80 127.0.0.1 - - [22/Sep/2025:01:12:16 -0300] "OPTIONS * HTTP/1.0" 200 110 "-" "Apache/2.4.65 (Ubuntu) (internal dummy connection)"
jomarlogistica.com.br:80 172.20.1.117 - - [22/Sep/2025:01:21:42 -0300] "POST /wp-cron.php?doing_wp_cron=1758514902.7098538875579833984375 HTTP/1.1" 200 389 "https://jomarlogistica.com.br/wp-cron.php?doing_wp_cron=1758514902.7098538875579833984375" "WordPress/5.8.10; https://jomarlogistica.com.br"
jomarlogistica.com.br:80 216.73.216.35 - - [22/Sep/2025:01:21:42 -0300] "GET /robots.txt HTTP/1.1" 200 584 "-" "Mozilla/5.0 AppleWebKit/537.36 (KHTML, like Gecko; compatible; ClaudeBot/1.0; +claudebot@anthropic.com)"
jomarlogistica.com.br:80 216.73.216.35 - - [22/Sep/2025:01:21:43 -0300] "GET /wp-sitemap.xml HTTP/1.1" 200 585 "-" "Mozilla/5.0 AppleWebKit/537.36 (KHTML, like Gecko; compatible; ClaudeBot/1.0; +claudebot@anthropic.com)"
jomarlogistica.com.br:80 127.0.0.1 - - [22/Sep/2025:01:21:47 -0300] "OPTIONS * HTTP/1.0" 200 110 "-" "Apache/2.4.65 (Ubuntu) (internal dummy connection)"
jomarlogistica.com.br:80 172.20.1.117 - - [22/Sep/2025:01:23:33 -0300] "POST /wp-cron.php?doing_wp_cron=1758515013.0031409263610839843750 HTTP/1.1" 200 389 "https://jomarlogistica.com.br/wp-cron.php?doing_wp_cron=1758515013.0031409263610839843750" "WordPress/5.8.10; https://jomarlogistica.com.br"
jomarlogistica.com.br:80 114.119.158.0 - - [22/Sep/2025:01:23:32 -0300] "GET /2023/10/02/the-best-data-rooms-review/ HTTP/1.1" 200 17084 "https://jomarlogistica.com.br/author/jomar/page/6/" "Mozilla/5.0 (Linux; Android 7.0;) AppleWebKit/537.36 (KHTML, like Gecko) Mobile Safari/537.36 (compatible; PetalBot;+https://webmaster.petalsearch.com/site/petalbot)"
jomarlogistica.com.br:80 127.0.0.1 - - [22/Sep/2025:01:23:38 -0300] "OPTIONS * HTTP/1.0" 200 110 "-" "Apache/2.4.65 (Ubuntu) (internal dummy connection)"
jomarlogistica.com.br:80 114.119.128.158 - - [22/Sep/2025:01:24:52 -0300] "GET /2023/05/02/dating-chat-for-those-looking-for-hooking-up-or-settling-down/ HTTP/1.1" 200 17651 "https://jomarlogistica.com.br/author/jomar/page/29/" "Mozilla/5.0 (Linux; Android 7.0;) AppleWebKit/537.36 (KHTML, like Gecko) Mobile Safari/537.36 (compatible; PetalBot;+https://webmaster.petalsearch.com/site/petalbot)"
jomarlogistica.com.br:80 114.119.135.84 - - [22/Sep/2025:01:26:15 -0300] "GET /2023/04/19/passionate-ideas-for-her/ HTTP/1.1" 200 19083 "https://jomarlogistica.com.br/2023/page/32/" "Mozilla/5.0 (Linux; Android 7.0;) AppleWebKit/537.36 (KHTML, like Gecko) Mobile Safari/537.36 (compatible; PetalBot;+https://webmaster.petalsearch.com/site/petalbot)"
jomarlogistica.com.br:80 172.20.1.117 - - [22/Sep/2025:01:27:33 -0300] "POST /wp-cron.php?doing_wp_cron=1758515253.8185329437255859375000 HTTP/1.1" 200 389 "https://jomarlogistica.com.br/wp-cron.php?doing_wp_cron=1758515253.8185329437255859375000" "WordPress/5.8.10; https://jomarlogistica.com.br"
jomarlogistica.com.br:80 114.119.159.76 - - [22/Sep/2025:01:27:33 -0300] "GET /2023/04/17/seeing-a-guy-right-from-another-nation/ HTTP/1.1" 200 17235 "https://jomarlogistica.com.br/2023/page/32/" "Mozilla/5.0 (Linux; Android 7.0;) AppleWebKit/537.36 (KHTML, like Gecko) Mobile Safari/537.36 (compatible; PetalBot;+https://webmaster.petalsearch.com/site/petalbot)"
jomarlogistica.com.br:80 127.0.0.1 - - [22/Sep/2025:01:27:39 -0300] "OPTIONS * HTTP/1.0" 200 110 "-" "Apache/2.4.65 (Ubuntu) (internal dummy connection)"
jomarlogistica.com.br:80 216.244.66.226 - - [22/Sep/2025:01:28:10 -0300] "GET /2023/03/29/ways-to-navigate-the-world-of-online-dating/ HTTP/1.1" 200 81589 "-" "Mozilla/5.0 (compatible; DotBot/1.2; +https://opensiteexplorer.org/dotbot; help@moz.com)"
jomarlogistica.com.br:80 2.57.215.181 - - [22/Sep/2025:01:31:43 -0300] "GET /wp-admin/plugins./wp-login.php HTTP/1.1" 404 448 "-" "python-requests/2.32.3"
jomarlogistica.com.br:80 2.57.215.181 - - [22/Sep/2025:01:31:44 -0300] "POST /wp-admin/plugins./wp-login.php HTTP/1.1" 403 2493 "-" "python-requests/2.32.3"
jomarlogistica.com.br:80 172.20.1.117 - - [22/Sep/2025:01:33:55 -0300] "POST /wp-cron.php?doing_wp_cron=1758515635.1966800689697265625000 HTTP/1.1" 200 389 "https://jomarlogistica.com.br/wp-cron.php?doing_wp_cron=1758515635.1966800689697265625000" "WordPress/5.8.10; https://jomarlogistica.com.br"
jomarlogistica.com.br:80 152.42.205.226 - - [22/Sep/2025:01:33:54 -0300] "GET /wp-admin/plugins.php HTTP/1.1" 302 532 "-" "Mozilla/5.0 (Linux; Android 12; Redmi Note 9 Pro Build/SKQ1.211019.001; wv) AppleWebKit/537.36 (KHTML, like Gecko) Version/4.0 Chrome/126.0.6478.71 Mobile Safari/537.36"
jomarlogistica.com.br:80 152.42.205.226 - - [22/Sep/2025:01:34:00 -0300] "GET /wp-login.php?redirect_to=https%3A%2F%2Fjomarlogistica.com.br%2Fwp-admin%2Fplugins.php&reauth=1 HTTP/1.1" 200 5002 "-" "Mozilla/5.0 (Linux; Android 12; Redmi Note 9 Pro Build/SKQ1.211019.001; wv) AppleWebKit/537.36 (KHTML, like Gecko) Version/4.0 Chrome/126.0.6478.71 Mobile Safari/537.36"
jomarlogistica.com.br:80 152.42.205.226 - - [22/Sep/2025:01:34:01 -0300] "POST /wp-admin/plugins.phpwp-login.php HTTP/1.1" 403 2493 "-" "Mozilla/5.0 (Linux; Android 12; Redmi Note 9 Pro Build/SKQ1.211019.001; wv) AppleWebKit/537.36 (KHTML, like Gecko) Version/4.0 Chrome/126.0.6478.71 Mobile Safari/537.36"
jomarlogistica.com.br:80 152.42.205.226 - - [22/Sep/2025:01:34:01 -0300] "GET /wp-admin/plugins.phpwp-admin/plugin-install.php HTTP/1.1" 404 390 "-" "Mozilla/5.0 (Linux; Android 12; Redmi Note 9 Pro Build/SKQ1.211019.001; wv) AppleWebKit/537.36 (KHTML, like Gecko) Version/4.0 Chrome/126.0.6478.71 Mobile Safari/537.36"
jomarlogistica.com.br:80 127.0.0.1 - - [22/Sep/2025:01:34:06 -0300] "OPTIONS * HTTP/1.0" 200 110 "-" "Apache/2.4.65 (Ubuntu) (internal dummy connection)"
jomarlogistica.com.br:80 107.189.6.63 - - [22/Sep/2025:01:35:04 -0300] "GET /wp-content/plugins/story-chief/readme.txt HTTP/1.1" 404 448 "-" "Mozilla/5.0 (Windows NT 10.0; Win64; x64) AppleWebKit/537.36 (KHTML, like Gecko) Chrome/120.1.2.3 Safari/537.36 Edg/121.0.623.86"
jomarlogistica.com.br:80 185.191.171.11 - - [22/Sep/2025:01:36:29 -0300] "GET /robots.txt HTTP/1.1" 200 584 "-" "Mozilla/5.0 (compatible; SemrushBot/7~bl; +http://www.semrush.com/bot.html)"
jomarlogistica.com.br:80 185.191.171.2 - - [22/Sep/2025:01:36:30 -0300] "GET /2023/10/31/how-you-can-calculate-intrinsic-value-2/ HTTP/1.1" 200 17326 "-" "Mozilla/5.0 (compatible; SemrushBot/7~bl; +http://www.semrush.com/bot.html)"
jomarlogistica.com.br:80 172.20.1.117 - - [22/Sep/2025:01:38:27 -0300] "POST /wp-cron.php?doing_wp_cron=1758515907.1954219341278076171875 HTTP/1.1" 200 389 "https://jomarlogistica.com.br/wp-cron.php?doing_wp_cron=1758515907.1954219341278076171875" "WordPress/5.8.10; https://jomarlogistica.com.br"
jomarlogistica.com.br:80 2.57.215.181 - - [22/Sep/2025:01:38:26 -0300] "GET /wp-admin/install./wp-login.php HTTP/1.1" 404 448 "-" "python-requests/2.32.3"
jomarlogistica.com.br:80 2.57.215.181 - - [22/Sep/2025:01:38:27 -0300] "POST /wp-admin/install./wp-login.php HTTP/1.1" 403 2493 "-" "python-requests/2.32.3"
jomarlogistica.com.br:80 127.0.0.1 - - [22/Sep/2025:01:38:32 -0300] "OPTIONS * HTTP/1.0" 200 110 "-" "Apache/2.4.65 (Ubuntu) (internal dummy connection)"
jomarlogistica.com.br:80 114.119.159.76 - - [22/Sep/2025:01:39:51 -0300] "GET /2023/page/5/ HTTP/1.1" 200 18406 "https://jomarlogistica.com.br/2023/page/5/" "Mozilla/5.0 (Linux; Android 7.0;) AppleWebKit/537.36 (KHTML, like Gecko) Mobile Safari/537.36 (compatible; PetalBot;+https://webmaster.petalsearch.com/site/petalbot)"
jomarlogistica.com.br:80 114.119.138.207 - - [22/Sep/2025:01:41:21 -0300] "GET /2022/12/05/mixte-relationships-stars/ HTTP/1.1" 200 17418 "https://jomarlogistica.com.br/2022/page/5/" "Mozilla/5.0 (Linux; Android 7.0;) AppleWebKit/537.36 (KHTML, like Gecko) Mobile Safari/537.36 (compatible; PetalBot;+https://webmaster.petalsearch.com/site/petalbot)"
jomarlogistica.com.br:80 172.20.1.117 - - [22/Sep/2025:01:42:38 -0300] "POST /wp-cron.php?doing_wp_cron=1758516158.2512829303741455078125 HTTP/1.1" 200 389 "https://jomarlogistica.com.br/wp-cron.php?doing_wp_cron=1758516158.2512829303741455078125" "WordPress/5.8.10; https://jomarlogistica.com.br"
jomarlogistica.com.br:80 114.119.138.207 - - [22/Sep/2025:01:42:37 -0300] "GET /2022/09/02/how-you-can-date-uk-women-on-the-net/ HTTP/1.1" 200 18220 "https://jomarlogistica.com.br/2022/page/15/" "Mozilla/5.0 (Linux; Android 7.0;) AppleWebKit/537.36 (KHTML, like Gecko) Mobile Safari/537.36 (compatible; PetalBot;+https://webmaster.petalsearch.com/site/petalbot)"
jomarlogistica.com.br:80 127.0.0.1 - - [22/Sep/2025:01:42:44 -0300] "OPTIONS * HTTP/1.0" 200 110 "-" "Apache/2.4.65 (Ubuntu) (internal dummy connection)"
jomarlogistica.com.br:80 216.73.216.35 - - [22/Sep/2025:01:45:55 -0300] "GET /wp-sitemap.xml HTTP/1.1" 200 643 "-" "Mozilla/5.0 AppleWebKit/537.36 (KHTML, like Gecko; compatible; ClaudeBot/1.0; +claudebot@anthropic.com)"
jomarlogistica.com.br:80 172.20.1.117 - - [22/Sep/2025:01:54:53 -0300] "POST /wp-cron.php?doing_wp_cron=1758516893.3708600997924804687500 HTTP/1.1" 200 389 "https://jomarlogistica.com.br/wp-cron.php?doing_wp_cron=1758516893.3708600997924804687500" "WordPress/5.8.10; https://jomarlogistica.com.br"
jomarlogistica.com.br:80 185.191.171.14 - - [22/Sep/2025:01:54:52 -0300] "GET /2023/10/31/top-5-data-analytics-blogs/ HTTP/1.1" 200 17364 "-" "Mozilla/5.0 (compatible; SemrushBot/7~bl; +http://www.semrush.com/bot.html)"
jomarlogistica.com.br:80 127.0.0.1 - - [22/Sep/2025:01:54:58 -0300] "OPTIONS * HTTP/1.0" 200 110 "-" "Apache/2.4.65 (Ubuntu) (internal dummy connection)"
jomarlogistica.com.br:80 135.181.79.90 - - [22/Sep/2025:01:55:18 -0300] "GET /2023/05/02/test-title/ HTTP/1.1" 200 77241 "https://jomarlogistica.com.br/2023/05/02/test-title/" "Mozilla/5.0 (Windows NT 10.0; Win64; x64) AppleWebKit/537.36 (KHTML, like Gecko) Chrome/130.0.0.0 Safari/537.36"
jomarlogistica.com.br:80 135.181.79.90 - - [22/Sep/2025:01:55:20 -0300] "GET /2023/11/15/how-to-organise-the-board-records-with-boardpro/ HTTP/1.1" 200 79592 "https://jomarlogistica.com.br/2023/11/15/how-to-organise-the-board-records-with-boardpro/" "Mozilla/5.0 (Windows NT 10.0; Win64; x64) AppleWebKit/537.36 (KHTML, like Gecko) Chrome/130.0.0.0 Safari/537.36"
