jomarlogistica.com.br:80 202.166.137.95 - - [22/Sep/2025:12:43:15 -0300] "GET /wp-content/themes/consultio/assets/js/bootstrap.min.js?ver=4.0.0 HTTP/1.1" 200 14168 "https://jomarlogistica.com.br/2023/06/23/backdated-agreement-singapore-legal-implications-process/" "Mozilla/5.0 (Windows NT 10.0; Win64; x64) AppleWebKit/537.36 (KHTML, like Gecko) Chrome/140.0.0.0 Safari/537.36"
jomarlogistica.com.br:80 202.166.137.95 - - [22/Sep/2025:12:43:15 -0300] "GET /wp-content/themes/consultio/assets/js/nice-select.min.js?ver=all HTTP/1.1" 200 1420 "https://jomarlogistica.com.br/2023/06/23/backdated-agreement-singapore-legal-implications-process/" "Mozilla/5.0 (Windows NT 10.0; Win64; x64) AppleWebKit/537.36 (KHTML, like Gecko) Chrome/140.0.0.0 Safari/537.36"
jomarlogistica.com.br:80 202.166.137.95 - - [22/Sep/2025:12:43:16 -0300] "GET /wp-content/themes/consultio/assets/js/match-height-min.js?ver=1.0.0 HTTP/1.1" 200 3557 "https://jomarlogistica.com.br/2023/06/23/backdated-agreement-singapore-legal-implications-process/" "Mozilla/5.0 (Windows NT 10.0; Win64; x64) AppleWebKit/537.36 (KHTML, like Gecko) Chrome/140.0.0.0 Safari/537.36"
jomarlogistica.com.br:80 202.166.137.95 - - [22/Sep/2025:12:43:16 -0300] "GET /wp-content/themes/consultio/assets/js/magnific-popup.min.js?ver=1.0.0 HTTP/1.1" 200 14895 "https://jomarlogistica.com.br/2023/06/23/backdated-agreement-singapore-legal-implications-process/" "Mozilla/5.0 (Windows NT 10.0; Win64; x64) AppleWebKit/537.36 (KHTML, like Gecko) Chrome/140.0.0.0 Safari/537.36"
jomarlogistica.com.br:80 202.166.137.95 - - [22/Sep/2025:12:43:16 -0300] "GET /wp-content/themes/consultio/assets/js/progressbar.min.js?ver=1.0.0 HTTP/1.1" 200 1327 "https://jomarlogistica.com.br/2023/06/23/backdated-agreement-singapore-legal-implications-process/" "Mozilla/5.0 (Windows NT 10.0; Win64; x64) AppleWebKit/537.36 (KHTML, like Gecko) Chrome/140.0.0.0 Safari/537.36"
jomarlogistica.com.br:80 202.166.137.95 - - [22/Sep/2025:12:43:16 -0300] "GET /wp-content/themes/consultio/assets/js/wow.min.js?ver=1.0.0 HTTP/1.1" 200 3260 "https://jomarlogistica.com.br/2023/06/23/backdated-agreement-singapore-legal-implications-process/" "Mozilla/5.0 (Windows NT 10.0; Win64; x64) AppleWebKit/537.36 (KHTML, like Gecko) Chrome/140.0.0.0 Safari/537.36"
jomarlogistica.com.br:80 202.166.137.95 - - [22/Sep/2025:12:43:16 -0300] "GET /wp-includes/js/jquery/ui/mouse.min.js?ver=1.12.1 HTTP/1.1" 200 1479 "https://jomarlogistica.com.br/2023/06/23/backdated-agreement-singapore-legal-implications-process/" "Mozilla/5.0 (Windows NT 10.0; Win64; x64) AppleWebKit/537.36 (KHTML, like Gecko) Chrome/140.0.0.0 Safari/537.36"
jomarlogistica.com.br:80 202.166.137.95 - - [22/Sep/2025:12:43:17 -0300] "GET /wp-includes/js/jquery/ui/slider.min.js?ver=1.12.1 HTTP/1.1" 200 3621 "https://jomarlogistica.com.br/2023/06/23/backdated-agreement-singapore-legal-implications-process/" "Mozilla/5.0 (Windows NT 10.0; Win64; x64) AppleWebKit/537.36 (KHTML, like Gecko) Chrome/140.0.0.0 Safari/537.36"
jomarlogistica.com.br:80 202.166.137.95 - - [22/Sep/2025:12:43:17 -0300] "GET /wp-content/themes/consultio/assets/js/main.js?ver=2.8.0 HTTP/1.1" 200 6455 "https://jomarlogistica.com.br/2023/06/23/backdated-agreement-singapore-legal-implications-process/" "Mozilla/5.0 (Windows NT 10.0; Win64; x64) AppleWebKit/537.36 (KHTML, like Gecko) Chrome/140.0.0.0 Safari/537.36"
jomarlogistica.com.br:80 202.166.137.95 - - [22/Sep/2025:12:43:17 -0300] "GET /wp-includes/js/wp-embed.min.js?ver=5.8.10 HTTP/1.1" 200 1177 "https://jomarlogistica.com.br/2023/06/23/backdated-agreement-singapore-legal-implications-process/" "Mozilla/5.0 (Windows NT 10.0; Win64; x64) AppleWebKit/537.36 (KHTML, like Gecko) Chrome/140.0.0.0 Safari/537.36"
jomarlogistica.com.br:80 202.166.137.95 - - [22/Sep/2025:12:43:17 -0300] "GET /wp-content/plugins/revslider/public/assets/js/rbtools.min.js?ver=6.5.11 HTTP/1.1" 200 48787 "https://jomarlogistica.com.br/2023/06/23/backdated-agreement-singapore-legal-implications-process/" "Mozilla/5.0 (Windows NT 10.0; Win64; x64) AppleWebKit/537.36 (KHTML, like Gecko) Chrome/140.0.0.0 Safari/537.36"
jomarlogistica.com.br:80 202.166.137.95 - - [22/Sep/2025:12:43:18 -0300] "GET /wp-content/plugins/revslider/public/assets/js/rs6.min.js?ver=6.5.11 HTTP/1.1" 200 104993 "https://jomarlogistica.com.br/2023/06/23/backdated-agreement-singapore-legal-implications-process/" "Mozilla/5.0 (Windows NT 10.0; Win64; x64) AppleWebKit/537.36 (KHTML, like Gecko) Chrome/140.0.0.0 Safari/537.36"
jomarlogistica.com.br:80 202.166.137.95 - - [22/Sep/2025:12:43:19 -0300] "GET /wp-includes/js/wp-emoji-release.min.js?ver=5.8.10 HTTP/1.1" 200 5577 "https://jomarlogistica.com.br/2023/06/23/backdated-agreement-singapore-legal-implications-process/" "Mozilla/5.0 (Windows NT 10.0; Win64; x64) AppleWebKit/537.36 (KHTML, like Gecko) Chrome/140.0.0.0 Safari/537.36"
jomarlogistica.com.br:80 202.166.137.95 - - [22/Sep/2025:12:43:09 -0300] "GET /?a7b529c=7251004 HTTP/1.1" 200 287 "https://jomarlogistica.com.br/2023/06/23/backdated-agreement-singapore-legal-implications-process/" "Mozilla/5.0 (Windows NT 10.0; Win64; x64) AppleWebKit/537.36 (KHTML, like Gecko) Chrome/140.0.0.0 Safari/537.36"
jomarlogistica.com.br:80 202.166.137.95 - - [22/Sep/2025:12:43:20 -0300] "GET /wp-content/uploads/2020/05/bg-page-title-u.jpg HTTP/1.1" 200 88326 "https://jomarlogistica.com.br/2023/06/23/backdated-agreement-singapore-legal-implications-process/" "Mozilla/5.0 (Windows NT 10.0; Win64; x64) AppleWebKit/537.36 (KHTML, like Gecko) Chrome/140.0.0.0 Safari/537.36"
jomarlogistica.com.br:80 202.166.137.95 - - [22/Sep/2025:12:43:20 -0300] "GET /wp-content/themes/consultio/assets/fonts/fontawesome/fa-brands-400.woff2 HTTP/1.1" 200 75129 "https://jomarlogistica.com.br/wp-content/themes/consultio/assets/css/font-awesome5.min.css?ver=5.8.0" "Mozilla/5.0 (Windows NT 10.0; Win64; x64) AppleWebKit/537.36 (KHTML, like Gecko) Chrome/140.0.0.0 Safari/537.36"
jomarlogistica.com.br:80 202.166.137.95 - - [22/Sep/2025:12:43:20 -0300] "GET /wp-content/themes/consultio/assets/fonts/Flaticon.woff2 HTTP/1.1" 200 12814 "https://jomarlogistica.com.br/wp-content/themes/consultio/assets/css/flaticon.css?ver=2.8.0" "Mozilla/5.0 (Windows NT 10.0; Win64; x64) AppleWebKit/537.36 (KHTML, like Gecko) Chrome/140.0.0.0 Safari/537.36"
jomarlogistica.com.br:80 202.166.137.95 - - [22/Sep/2025:12:43:21 -0300] "GET /wp-content/themes/consultio/assets/fonts/Flaticon-v3.woff2 HTTP/1.1" 200 8049 "https://jomarlogistica.com.br/wp-content/themes/consultio/assets/css/flaticon-v3.css?ver=2.8.0" "Mozilla/5.0 (Windows NT 10.0; Win64; x64) AppleWebKit/537.36 (KHTML, like Gecko) Chrome/140.0.0.0 Safari/537.36"
jomarlogistica.com.br:80 202.166.137.95 - - [22/Sep/2025:12:43:21 -0300] "GET /wp-content/themes/consultio/assets/fonts/fontawesome/fa-solid-900.woff2 HTTP/1.1" 200 117654 "https://jomarlogistica.com.br/wp-content/themes/consultio/assets/css/font-awesome5.min.css?ver=5.8.0" "Mozilla/5.0 (Windows NT 10.0; Win64; x64) AppleWebKit/537.36 (KHTML, like Gecko) Chrome/140.0.0.0 Safari/537.36"
jomarlogistica.com.br:80 202.166.137.95 - - [22/Sep/2025:12:43:21 -0300] "GET /wp-content/themes/consultio/assets/fonts/fontawesome/fa-regular-400.woff2 HTTP/1.1" 200 145394 "https://jomarlogistica.com.br/wp-content/themes/consultio/assets/css/font-awesome5.min.css?ver=5.8.0" "Mozilla/5.0 (Windows NT 10.0; Win64; x64) AppleWebKit/537.36 (KHTML, like Gecko) Chrome/140.0.0.0 Safari/537.36"
jomarlogistica.com.br:80 127.0.0.1 - - [22/Sep/2025:12:43:21 -0300] "OPTIONS * HTTP/1.0" 200 110 "-" "Apache/2.4.65 (Ubuntu) (internal dummy connection)"
jomarlogistica.com.br:80 202.166.137.95 - - [22/Sep/2025:12:43:21 -0300] "GET /wp-content/plugins/elementor/assets/lib/font-awesome/fonts/fontawesome-webfont.woff2?v=4.7.0 HTTP/1.1" 200 77541 "https://jomarlogistica.com.br/wp-content/plugins/elementor/assets/lib/font-awesome/css/font-awesome.min.css?ver=4.7.0" "Mozilla/5.0 (Windows NT 10.0; Win64; x64) AppleWebKit/537.36 (KHTML, like Gecko) Chrome/140.0.0.0 Safari/537.36"
jomarlogistica.com.br:80 202.166.137.95 - - [22/Sep/2025:12:43:21 -0300] "GET /wp-content/themes/consultio/assets/fonts/Material-Design-Iconic-Font.woff2?v=2.2.0 HTTP/1.1" 200 38405 "https://jomarlogistica.com.br/wp-content/themes/consultio/assets/css/material-design-iconic-font.min.css?ver=2.2.0" "Mozilla/5.0 (Windows NT 10.0; Win64; x64) AppleWebKit/537.36 (KHTML, like Gecko) Chrome/140.0.0.0 Safari/537.36"
jomarlogistica.com.br:80 202.166.137.95 - - [22/Sep/2025:12:43:22 -0300] "GET /wp-content/themes/consultio/assets/images/pointer.png HTTP/1.1" 200 998 "https://jomarlogistica.com.br/wp-content/themes/consultio/assets/css/theme.css?ver=2.8.0" "Mozilla/5.0 (Windows NT 10.0; Win64; x64) AppleWebKit/537.36 (KHTML, like Gecko) Chrome/140.0.0.0 Safari/537.36"
jomarlogistica.com.br:80 202.166.137.95 - - [22/Sep/2025:12:43:22 -0300] "GET /favicon.ico HTTP/1.1" 302 489 "-" "Mozilla/5.0 (Windows NT 10.0; Win64; x64) AppleWebKit/537.36 (KHTML, like Gecko) Chrome/140.0.0.0 Safari/537.36"
jomarlogistica.com.br:80 202.166.137.95 - - [22/Sep/2025:12:43:23 -0300] "GET /wp-content/uploads/2021/12/icone.jpg HTTP/1.1" 200 2920 "-" "Mozilla/5.0 (Windows NT 10.0; Win64; x64) AppleWebKit/537.36 (KHTML, like Gecko) Chrome/140.0.0.0 Safari/537.36"
jomarlogistica.com.br:80 127.0.0.1 - - [22/Sep/2025:12:43:23 -0300] "OPTIONS * HTTP/1.0" 200 110 "-" "Apache/2.4.65 (Ubuntu) (internal dummy connection)"
jomarlogistica.com.br:80 127.0.0.1 - - [22/Sep/2025:12:43:24 -0300] "OPTIONS * HTTP/1.0" 200 110 "-" "Apache/2.4.65 (Ubuntu) (internal dummy connection)"
jomarlogistica.com.br:80 104.248.154.105 - - [22/Sep/2025:12:44:06 -0300] "POST /wp-login.php HTTP/1.1" 403 2493 "-" "Mozilla/5.0"
jomarlogistica.com.br:80 104.248.154.105 - - [22/Sep/2025:12:44:07 -0300] "POST /wp-login.php HTTP/1.1" 403 2493 "-" "Mozilla/5.0"
jomarlogistica.com.br:80 172.20.1.117 - - [22/Sep/2025:12:55:19 -0300] "POST /wp-cron.php?doing_wp_cron=1758556519.1960210800170898437500 HTTP/1.1" 200 389 "https://jomarlogistica.com.br/wp-cron.php?doing_wp_cron=1758556519.1960210800170898437500" "WordPress/5.8.10; https://jomarlogistica.com.br"
jomarlogistica.com.br:80 191.5.39.161 - - [22/Sep/2025:12:55:18 -0300] "POST /autodiscover/autodiscover.xml HTTP/1.1" 404 448 "-" "AppleExchangeWebServices/833 accountsd/113"
jomarlogistica.com.br:80 127.0.0.1 - - [22/Sep/2025:12:55:24 -0300] "OPTIONS * HTTP/1.0" 200 110 "-" "Apache/2.4.65 (Ubuntu) (internal dummy connection)"
jomarlogistica.com.br:80 172.20.1.117 - - [22/Sep/2025:12:58:46 -0300] "POST /wp-cron.php?doing_wp_cron=1758556726.6967000961303710937500 HTTP/1.1" 200 389 "https://jomarlogistica.com.br/wp-cron.php?doing_wp_cron=1758556726.6967000961303710937500" "WordPress/5.8.10; https://jomarlogistica.com.br"
jomarlogistica.com.br:80 91.224.92.127 - - [22/Sep/2025:12:58:46 -0300] "GET /wp-login.php HTTP/1.1" 200 2993 "https://www.google.com/" "Mozilla/5.0 (Windows NT 10.0; Win64; x64) AppleWebKit/537.36 (KHTML, like Gecko) Chrome/120.0.0.0 Safari/537.36"
jomarlogistica.com.br:80 91.224.92.127 - - [22/Sep/2025:12:58:47 -0300] "GET /?author=1 HTTP/1.1" 301 404 "https://duckduckgo.com/" "Mozilla/5.0 (Windows NT 10.0; Win64; x64) AppleWebKit/537.36 (KHTML, like Gecko) Chrome/119.0.0.0 Safari/537.36"
jomarlogistica.com.br:80 91.224.92.127 - - [22/Sep/2025:12:58:47 -0300] "GET /author/jomar/ HTTP/1.1" 200 17124 "https://duckduckgo.com/" "Mozilla/5.0 (Windows NT 10.0; Win64; x64) AppleWebKit/537.36 (KHTML, like Gecko) Chrome/119.0.0.0 Safari/537.36"
jomarlogistica.com.br:80 91.224.92.127 - - [22/Sep/2025:12:58:49 -0300] "GET /?author=2 HTTP/1.1" 301 406 "https://www.google.com/search?q=wordpress" "Mozilla/5.0 (Windows NT 10.0; Win64; x64) AppleWebKit/537.36 (KHTML, like Gecko) Chrome/119.0.0.0 Safari/537.36"
jomarlogistica.com.br:80 91.224.92.127 - - [22/Sep/2025:12:58:49 -0300] "GET /author/wadminw/ HTTP/1.1" 200 14409 "https://www.google.com/search?q=wordpress" "Mozilla/5.0 (Windows NT 10.0; Win64; x64) AppleWebKit/537.36 (KHTML, like Gecko) Chrome/119.0.0.0 Safari/537.36"
jomarlogistica.com.br:80 91.224.92.127 - - [22/Sep/2025:12:58:51 -0300] "GET /?author=3 HTTP/1.1" 404 390 "https://www.bing.com/" "Mozilla/5.0 (Windows NT 11.0; Win64; x64; rv:120.0) Gecko/20100101 Firefox/120.0"
jomarlogistica.com.br:80 91.224.92.127 - - [22/Sep/2025:12:58:51 -0300] "GET /?author=4 HTTP/1.1" 404 390 "https://www.google.com/" "Mozilla/5.0 (Macintosh; Intel Mac OS X 13_6_1) AppleWebKit/605.1.15 (KHTML, like Gecko) Version/17.2 Safari/605.1.15"
jomarlogistica.com.br:80 91.224.92.127 - - [22/Sep/2025:12:58:52 -0300] "GET /?author=5 HTTP/1.1" 404 390 "-" "Mozilla/5.0 (Windows NT 10.0; Win64; x64; rv:118.0) Gecko/20100101 Firefox/118.0"
jomarlogistica.com.br:80 91.224.92.127 - - [22/Sep/2025:12:58:53 -0300] "GET /?author=6 HTTP/1.1" 404 390 "https://www.google.com/" "Mozilla/5.0 (Windows NT 11.0; Win64; x64) AppleWebKit/537.36 (KHTML, like Gecko) Chrome/119.0.0.0 Safari/537.36"
jomarlogistica.com.br:80 91.224.92.127 - - [22/Sep/2025:12:58:53 -0300] "GET /?author=7 HTTP/1.1" 404 409 "-" "Mozilla/5.0 (Macintosh; Intel Mac OS X 13_6_1) AppleWebKit/537.36 (KHTML, like Gecko) Chrome/120.0.0.0 Safari/537.36"
jomarlogistica.com.br:80 91.224.92.127 - - [22/Sep/2025:12:58:54 -0300] "GET /?author=8 HTTP/1.1" 404 390 "-" "Mozilla/5.0 (Macintosh; Intel Mac OS X 10_15_7; rv:121.0) Gecko/20100101 Firefox/121.0"
jomarlogistica.com.br:80 91.224.92.127 - - [22/Sep/2025:12:58:54 -0300] "GET /?author=9 HTTP/1.1" 404 390 "https://www.google.com/" "Mozilla/5.0 (Macintosh; Intel Mac OS X 10_15_7) AppleWebKit/605.1.15 (KHTML, like Gecko) Version/16.6 Safari/605.1.15"
jomarlogistica.com.br:80 91.224.92.127 - - [22/Sep/2025:12:58:55 -0300] "GET /wp-json/wp/v2/users HTTP/1.1" 200 1037 "-" "Mozilla/5.0 (X11; Linux x86_64) AppleWebKit/537.36 (KHTML, like Gecko) Chrome/121.0.0.0 Safari/537.36"
jomarlogistica.com.br:80 91.224.92.127 - - [22/Sep/2025:12:58:55 -0300] "GET / HTTP/1.1" 200 22354 "-" "Mozilla/5.0 (Macintosh; Intel Mac OS X 13_6_1) AppleWebKit/605.1.15 (KHTML, like Gecko) Version/16.6 Safari/605.1.15"
jomarlogistica.com.br:80 91.224.92.127 - - [22/Sep/2025:12:58:57 -0300] "POST /wp-login.php HTTP/1.1" 200 3107 "https://jomarlogistica.com.br/wp-login.php" "Mozilla/5.0 (Windows NT 10.0; Win64; x64) AppleWebKit/537.36 (KHTML, like Gecko) Chrome/119.0.0.0 Safari/537.36"
jomarlogistica.com.br:80 91.224.92.127 - - [22/Sep/2025:12:58:57 -0300] "GET /wp-admin/index.php HTTP/1.1" 302 472 "https://jomarlogistica.com.br/wp-login.php" "Mozilla/5.0 (Windows NT 10.0; Win64; x64; rv:119.0) Gecko/20100101 Firefox/119.0"
jomarlogistica.com.br:80 91.224.92.127 - - [22/Sep/2025:12:58:58 -0300] "GET /wp-login.php?redirect_to=https%3A%2F%2Fjomarlogistica.com.br%2Fwp-admin%2Findex.php&reauth=1 HTTP/1.1" 200 4999 "https://jomarlogistica.com.br/wp-login.php" "Mozilla/5.0 (Windows NT 10.0; Win64; x64; rv:119.0) Gecko/20100101 Firefox/119.0"
jomarlogistica.com.br:80 91.224.92.127 - - [22/Sep/2025:12:58:59 -0300] "POST /wp-login.php HTTP/1.1" 200 3089 "https://jomarlogistica.com.br/wp-login.php" "Mozilla/5.0 (Macintosh; Intel Mac OS X 10_15_7; rv:118.0) Gecko/20100101 Firefox/118.0"
jomarlogistica.com.br:80 91.224.92.127 - - [22/Sep/2025:12:58:59 -0300] "GET /wp-admin/index.php HTTP/1.1" 302 472 "https://jomarlogistica.com.br/wp-login.php" "Mozilla/5.0 (Macintosh; Intel Mac OS X 10_15_7) AppleWebKit/537.36 (KHTML, like Gecko) Chrome/119.0.0.0 Safari/537.36"
jomarlogistica.com.br:80 91.224.92.127 - - [22/Sep/2025:12:59:00 -0300] "GET /wp-login.php?redirect_to=https%3A%2F%2Fjomarlogistica.com.br%2Fwp-admin%2Findex.php&reauth=1 HTTP/1.1" 200 5018 "https://jomarlogistica.com.br/wp-login.php" "Mozilla/5.0 (Macintosh; Intel Mac OS X 10_15_7) AppleWebKit/537.36 (KHTML, like Gecko) Chrome/119.0.0.0 Safari/537.36"
jomarlogistica.com.br:80 127.0.0.1 - - [22/Sep/2025:12:59:00 -0300] "OPTIONS * HTTP/1.0" 200 110 "-" "Apache/2.4.65 (Ubuntu) (internal dummy connection)"
jomarlogistica.com.br:80 91.224.92.127 - - [22/Sep/2025:12:59:00 -0300] "POST /wp-login.php HTTP/1.1" 200 3026 "https://jomarlogistica.com.br/wp-login.php" "Mozilla/5.0 (Windows NT 10.0; Win64; x64; rv:121.0) Gecko/20100101 Firefox/121.0"
jomarlogistica.com.br:80 91.224.92.127 - - [22/Sep/2025:12:59:01 -0300] "GET /wp-admin/index.php HTTP/1.1" 302 472 "https://jomarlogistica.com.br/wp-login.php" "Mozilla/5.0 (Macintosh; Intel Mac OS X 13_6_1) AppleWebKit/605.1.15 (KHTML, like Gecko) Version/16.6 Safari/605.1.15"
jomarlogistica.com.br:80 91.224.92.127 - - [22/Sep/2025:12:59:02 -0300] "GET /wp-login.php?redirect_to=https%3A%2F%2Fjomarlogistica.com.br%2Fwp-admin%2Findex.php&reauth=1 HTTP/1.1" 200 4999 "https://jomarlogistica.com.br/wp-login.php" "Mozilla/5.0 (Macintosh; Intel Mac OS X 13_6_1) AppleWebKit/605.1.15 (KHTML, like Gecko) Version/16.6 Safari/605.1.15"
jomarlogistica.com.br:80 91.224.92.127 - - [22/Sep/2025:12:59:02 -0300] "POST /wp-login.php HTTP/1.1" 200 3026 "https://jomarlogistica.com.br/wp-login.php" "Mozilla/5.0 (Macintosh; Intel Mac OS X 10_15_7) AppleWebKit/605.1.15 (KHTML, like Gecko) Version/17.0 Safari/605.1.15"
jomarlogistica.com.br:80 91.224.92.127 - - [22/Sep/2025:12:59:03 -0300] "GET /wp-admin/index.php HTTP/1.1" 302 491 "https://jomarlogistica.com.br/wp-login.php" "Mozilla/5.0 (X11; Ubuntu; Linux x86_64) AppleWebKit/537.36 (KHTML, like Gecko) Chrome/120.0.0.0 Safari/537.36"
jomarlogistica.com.br:80 91.224.92.127 - - [22/Sep/2025:12:59:04 -0300] "GET /wp-login.php?redirect_to=https%3A%2F%2Fjomarlogistica.com.br%2Fwp-admin%2Findex.php&reauth=1 HTTP/1.1" 200 4999 "https://jomarlogistica.com.br/wp-login.php" "Mozilla/5.0 (X11; Ubuntu; Linux x86_64) AppleWebKit/537.36 (KHTML, like Gecko) Chrome/120.0.0.0 Safari/537.36"
jomarlogistica.com.br:80 91.224.92.127 - - [22/Sep/2025:12:59:07 -0300] "POST /wp-login.php HTTP/1.1" 200 3092 "https://jomarlogistica.com.br/wp-login.php" "Mozilla/5.0 (Windows NT 11.0; Win64; x64; rv:120.0) Gecko/20100101 Firefox/120.0"
jomarlogistica.com.br:80 91.224.92.127 - - [22/Sep/2025:12:59:07 -0300] "GET /wp-admin/index.php HTTP/1.1" 302 472 "https://jomarlogistica.com.br/wp-login.php" "Mozilla/5.0 (Windows NT 11.0; Win64; x64) AppleWebKit/537.36 (KHTML, like Gecko) Chrome/118.0.0.0 Safari/537.36"
jomarlogistica.com.br:80 91.224.92.127 - - [22/Sep/2025:12:59:09 -0300] "GET /wp-login.php?redirect_to=https%3A%2F%2Fjomarlogistica.com.br%2Fwp-admin%2Findex.php&reauth=1 HTTP/1.1" 200 4999 "https://jomarlogistica.com.br/wp-login.php" "Mozilla/5.0 (Windows NT 11.0; Win64; x64) AppleWebKit/537.36 (KHTML, like Gecko) Chrome/118.0.0.0 Safari/537.36"
jomarlogistica.com.br:80 91.224.92.127 - - [22/Sep/2025:12:59:12 -0300] "POST /wp-login.php HTTP/1.1" 200 3110 "https://jomarlogistica.com.br/wp-login.php" "Mozilla/5.0 (Windows NT 11.0; Win64; x64) AppleWebKit/537.36 (KHTML, like Gecko) Chrome/119.0.0.0 Safari/537.36"
jomarlogistica.com.br:80 91.224.92.127 - - [22/Sep/2025:12:59:12 -0300] "GET /wp-admin/index.php HTTP/1.1" 302 472 "https://jomarlogistica.com.br/wp-login.php" "Mozilla/5.0 (Windows NT 10.0; Win64; x64; rv:119.0) Gecko/20100101 Firefox/119.0"
jomarlogistica.com.br:80 91.224.92.127 - - [22/Sep/2025:12:59:14 -0300] "GET /wp-login.php?redirect_to=https%3A%2F%2Fjomarlogistica.com.br%2Fwp-admin%2Findex.php&reauth=1 HTTP/1.1" 200 4999 "https://jomarlogistica.com.br/wp-login.php" "Mozilla/5.0 (Windows NT 10.0; Win64; x64; rv:119.0) Gecko/20100101 Firefox/119.0"
jomarlogistica.com.br:80 91.224.92.127 - - [22/Sep/2025:12:59:17 -0300] "POST /wp-login.php HTTP/1.1" 200 3090 "https://jomarlogistica.com.br/wp-login.php" "Mozilla/5.0 (Macintosh; Intel Mac OS X 10_15_7) AppleWebKit/537.36 (KHTML, like Gecko) Chrome/120.0.0.0 Safari/537.36"
jomarlogistica.com.br:80 91.224.92.127 - - [22/Sep/2025:12:59:17 -0300] "GET /wp-admin/index.php HTTP/1.1" 302 472 "https://jomarlogistica.com.br/wp-login.php" "Mozilla/5.0 (Windows NT 11.0; Win64; x64; rv:119.0) Gecko/20100101 Firefox/119.0"
jomarlogistica.com.br:80 91.224.92.127 - - [22/Sep/2025:12:59:19 -0300] "GET /wp-login.php?redirect_to=https%3A%2F%2Fjomarlogistica.com.br%2Fwp-admin%2Findex.php&reauth=1 HTTP/1.1" 200 4999 "https://jomarlogistica.com.br/wp-login.php" "Mozilla/5.0 (Windows NT 11.0; Win64; x64; rv:119.0) Gecko/20100101 Firefox/119.0"
jomarlogistica.com.br:80 91.224.92.127 - - [22/Sep/2025:12:59:22 -0300] "POST /wp-login.php HTTP/1.1" 200 3094 "https://jomarlogistica.com.br/wp-login.php" "Mozilla/5.0 (Macintosh; Intel Mac OS X 13_6_1) AppleWebKit/537.36 (KHTML, like Gecko) Chrome/121.0.0.0 Safari/537.36"
jomarlogistica.com.br:80 127.0.0.1 - - [22/Sep/2025:12:59:26 -0300] "OPTIONS * HTTP/1.0" 200 110 "-" "Apache/2.4.65 (Ubuntu) (internal dummy connection)"
jomarlogistica.com.br:80 199.45.155.80 - - [22/Sep/2025:13:00:54 -0300] "GET / HTTP/1.1" 301 449 "-" "Mozilla/5.0 (compatible; CensysInspect/1.1; +https://about.censys.io/)"
jomarlogistica.com.br:80 199.45.155.80 - - [22/Sep/2025:13:01:32 -0300] "GET / HTTP/1.1" 200 23931 "-" "Mozilla/5.0 (compatible; CensysInspect/1.1; +https://about.censys.io/)"
jomarlogistica.com.br:80 199.45.155.80 - - [22/Sep/2025:13:01:39 -0300] "GET /wp-content/uploads/2021/12/icone.jpg HTTP/1.1" 200 2901 "-" "Mozilla/5.0 (compatible; CensysInspect/1.1; +https://about.censys.io/)"
jomarlogistica.com.br:80 199.45.155.80 - - [22/Sep/2025:13:01:44 -0300] "GET /favicon.ico HTTP/1.1" 302 547 "-" "Mozilla/5.0 (compatible; CensysInspect/1.1; +https://about.censys.io/)"
jomarlogistica.com.br:80 199.45.155.80 - - [22/Sep/2025:13:01:47 -0300] "GET /wp-content/uploads/2021/12/icone.jpg HTTP/1.1" 200 2901 "https://jomarlogistica.com.br/favicon.ico" "Mozilla/5.0 (compatible; CensysInspect/1.1; +https://about.censys.io/)"
jomarlogistica.com.br:80 172.20.1.117 - - [22/Sep/2025:13:19:24 -0300] "POST /wp-cron.php?doing_wp_cron=1758557964.1697409152984619140625 HTTP/1.1" 200 389 "https://jomarlogistica.com.br/wp-cron.php?doing_wp_cron=1758557964.1697409152984619140625" "WordPress/5.8.10; https://jomarlogistica.com.br"
jomarlogistica.com.br:80 91.224.92.127 - - [22/Sep/2025:13:19:23 -0300] "POST /wp-login.php HTTP/1.1" 200 3089 "https://jomarlogistica.com.br/wp-login.php" "Mozilla/5.0 (Macintosh; Intel Mac OS X 13_6_1; rv:118.0) Gecko/20100101 Firefox/118.0"
jomarlogistica.com.br:80 91.224.92.127 - - [22/Sep/2025:13:19:24 -0300] "GET /wp-admin/index.php HTTP/1.1" 302 472 "https://jomarlogistica.com.br/wp-login.php" "Mozilla/5.0 (Windows NT 11.0; Win64; x64) AppleWebKit/537.36 (KHTML, like Gecko) Chrome/119.0.0.0 Safari/537.36"
jomarlogistica.com.br:80 91.224.92.127 - - [22/Sep/2025:13:19:25 -0300] "GET /wp-login.php?redirect_to=https%3A%2F%2Fjomarlogistica.com.br%2Fwp-admin%2Findex.php&reauth=1 HTTP/1.1" 200 4999 "https://jomarlogistica.com.br/wp-login.php" "Mozilla/5.0 (Windows NT 11.0; Win64; x64) AppleWebKit/537.36 (KHTML, like Gecko) Chrome/119.0.0.0 Safari/537.36"
jomarlogistica.com.br:80 91.224.92.127 - - [22/Sep/2025:13:19:26 -0300] "POST /wp-login.php HTTP/1.1" 200 3089 "https://jomarlogistica.com.br/wp-login.php" "Mozilla/5.0 (Macintosh; Intel Mac OS X 13_6_1) AppleWebKit/605.1.15 (KHTML, like Gecko) Version/17.2 Safari/605.1.15"
jomarlogistica.com.br:80 91.224.92.127 - - [22/Sep/2025:13:19:26 -0300] "GET /wp-admin/index.php HTTP/1.1" 302 491 "https://jomarlogistica.com.br/wp-login.php" "Mozilla/5.0 (Macintosh; Intel Mac OS X 10_15_7) AppleWebKit/605.1.15 (KHTML, like Gecko) Version/17.2 Safari/605.1.15"
jomarlogistica.com.br:80 91.224.92.127 - - [22/Sep/2025:13:19:27 -0300] "GET /wp-login.php?redirect_to=https%3A%2F%2Fjomarlogistica.com.br%2Fwp-admin%2Findex.php&reauth=1 HTTP/1.1" 200 4999 "https://jomarlogistica.com.br/wp-login.php" "Mozilla/5.0 (Macintosh; Intel Mac OS X 10_15_7) AppleWebKit/605.1.15 (KHTML, like Gecko) Version/17.2 Safari/605.1.15"
jomarlogistica.com.br:80 91.224.92.127 - - [22/Sep/2025:13:19:28 -0300] "POST /wp-login.php HTTP/1.1" 200 3088 "https://jomarlogistica.com.br/wp-login.php" "Mozilla/5.0 (Macintosh; Intel Mac OS X 10_15_7) AppleWebKit/537.36 (KHTML, like Gecko) Chrome/120.0.0.0 Safari/537.36"
jomarlogistica.com.br:80 91.224.92.127 - - [22/Sep/2025:13:19:28 -0300] "GET /wp-admin/index.php HTTP/1.1" 302 472 "https://jomarlogistica.com.br/wp-login.php" "Mozilla/5.0 (Macintosh; Intel Mac OS X 13_6_1) AppleWebKit/605.1.15 (KHTML, like Gecko) Version/16.6 Safari/605.1.15"
jomarlogistica.com.br:80 91.224.92.127 - - [22/Sep/2025:13:19:29 -0300] "GET /wp-login.php?redirect_to=https%3A%2F%2Fjomarlogistica.com.br%2Fwp-admin%2Findex.php&reauth=1 HTTP/1.1" 200 4999 "https://jomarlogistica.com.br/wp-login.php" "Mozilla/5.0 (Macintosh; Intel Mac OS X 13_6_1) AppleWebKit/605.1.15 (KHTML, like Gecko) Version/16.6 Safari/605.1.15"
jomarlogistica.com.br:80 91.224.92.127 - - [22/Sep/2025:13:19:30 -0300] "POST /wp-login.php HTTP/1.1" 200 3109 "https://jomarlogistica.com.br/wp-login.php" "Mozilla/5.0 (Windows NT 10.0; Win64; x64; rv:119.0) Gecko/20100101 Firefox/119.0"
jomarlogistica.com.br:80 91.224.92.127 - - [22/Sep/2025:13:19:30 -0300] "GET /wp-admin/index.php HTTP/1.1" 302 472 "https://jomarlogistica.com.br/wp-login.php" "Mozilla/5.0 (Windows NT 10.0; Win64; x64) AppleWebKit/537.36 (KHTML, like Gecko) Chrome/118.0.0.0 Safari/537.36"
jomarlogistica.com.br:80 91.224.92.127 - - [22/Sep/2025:13:19:31 -0300] "GET /wp-login.php?redirect_to=https%3A%2F%2Fjomarlogistica.com.br%2Fwp-admin%2Findex.php&reauth=1 HTTP/1.1" 200 4999 "https://jomarlogistica.com.br/wp-login.php" "Mozilla/5.0 (Windows NT 10.0; Win64; x64) AppleWebKit/537.36 (KHTML, like Gecko) Chrome/118.0.0.0 Safari/537.36"
jomarlogistica.com.br:80 91.224.92.127 - - [22/Sep/2025:13:19:33 -0300] "POST /wp-login.php HTTP/1.1" 200 3091 "https://jomarlogistica.com.br/wp-login.php" "Mozilla/5.0 (Macintosh; Intel Mac OS X 10_15_7) AppleWebKit/605.1.15 (KHTML, like Gecko) Version/17.0 Safari/605.1.15"
jomarlogistica.com.br:80 91.224.92.127 - - [22/Sep/2025:13:19:34 -0300] "GET /wp-admin/index.php HTTP/1.1" 302 472 "https://jomarlogistica.com.br/wp-login.php" "Mozilla/5.0 (Windows NT 10.0; Win64; x64; rv:120.0) Gecko/20100101 Firefox/120.0"
jomarlogistica.com.br:80 91.224.92.127 - - [22/Sep/2025:13:19:36 -0300] "GET /wp-login.php?redirect_to=https%3A%2F%2Fjomarlogistica.com.br%2Fwp-admin%2Findex.php&reauth=1 HTTP/1.1" 200 5018 "https://jomarlogistica.com.br/wp-login.php" "Mozilla/5.0 (Windows NT 10.0; Win64; x64; rv:120.0) Gecko/20100101 Firefox/120.0"
jomarlogistica.com.br:80 127.0.0.1 - - [22/Sep/2025:13:19:37 -0300] "OPTIONS * HTTP/1.0" 200 110 "-" "Apache/2.4.65 (Ubuntu) (internal dummy connection)"
jomarlogistica.com.br:80 91.224.92.127 - - [22/Sep/2025:13:19:38 -0300] "POST /wp-login.php HTTP/1.1" 200 3089 "https://jomarlogistica.com.br/wp-login.php" "Mozilla/5.0 (Macintosh; Intel Mac OS X 13_6_1; rv:121.0) Gecko/20100101 Firefox/121.0"
jomarlogistica.com.br:80 91.224.92.127 - - [22/Sep/2025:13:19:39 -0300] "GET /wp-admin/index.php HTTP/1.1" 302 472 "https://jomarlogistica.com.br/wp-login.php" "Mozilla/5.0 (Macintosh; Intel Mac OS X 13_6_1) AppleWebKit/605.1.15 (KHTML, like Gecko) Version/17.1 Safari/605.1.15"
jomarlogistica.com.br:80 91.224.92.127 - - [22/Sep/2025:13:19:41 -0300] "GET /wp-login.php?redirect_to=https%3A%2F%2Fjomarlogistica.com.br%2Fwp-admin%2Findex.php&reauth=1 HTTP/1.1" 200 4999 "https://jomarlogistica.com.br/wp-login.php" "Mozilla/5.0 (Macintosh; Intel Mac OS X 13_6_1) AppleWebKit/605.1.15 (KHTML, like Gecko) Version/17.1 Safari/605.1.15"
jomarlogistica.com.br:80 91.224.92.127 - - [22/Sep/2025:13:19:43 -0300] "POST /wp-login.php HTTP/1.1" 200 3090 "https://jomarlogistica.com.br/wp-login.php" "Mozilla/5.0 (Macintosh; Intel Mac OS X 10_15_7) AppleWebKit/605.1.15 (KHTML, like Gecko) Version/17.0 Safari/605.1.15"
jomarlogistica.com.br:80 91.224.92.127 - - [22/Sep/2025:13:19:44 -0300] "GET /wp-admin/index.php HTTP/1.1" 302 491 "https://jomarlogistica.com.br/wp-login.php" "Mozilla/5.0 (Macintosh; Intel Mac OS X 13_6_1; rv:119.0) Gecko/20100101 Firefox/119.0"
jomarlogistica.com.br:80 91.224.92.127 - - [22/Sep/2025:13:19:46 -0300] "GET /wp-login.php?redirect_to=https%3A%2F%2Fjomarlogistica.com.br%2Fwp-admin%2Findex.php&reauth=1 HTTP/1.1" 200 4999 "https://jomarlogistica.com.br/wp-login.php" "Mozilla/5.0 (Macintosh; Intel Mac OS X 13_6_1; rv:119.0) Gecko/20100101 Firefox/119.0"
jomarlogistica.com.br:80 91.224.92.127 - - [22/Sep/2025:13:19:48 -0300] "POST /wp-login.php HTTP/1.1" 200 3089 "https://jomarlogistica.com.br/wp-login.php" "Mozilla/5.0 (Macintosh; Intel Mac OS X 10_15_7) AppleWebKit/537.36 (KHTML, like Gecko) Chrome/119.0.0.0 Safari/537.36"
jomarlogistica.com.br:80 91.224.92.127 - - [22/Sep/2025:13:19:49 -0300] "GET /wp-admin/index.php HTTP/1.1" 302 472 "https://jomarlogistica.com.br/wp-login.php" "Mozilla/5.0 (Macintosh; Intel Mac OS X 13_6_1) AppleWebKit/537.36 (KHTML, like Gecko) Chrome/120.0.0.0 Safari/537.36"
jomarlogistica.com.br:80 104.248.154.105 - - [22/Sep/2025:13:25:30 -0300] "POST /wp-login.php HTTP/1.1" 403 2493 "-" "Mozilla/5.0"
jomarlogistica.com.br:80 104.248.154.105 - - [22/Sep/2025:13:25:31 -0300] "POST /wp-login.php HTTP/1.1" 403 2493 "-" "Mozilla/5.0"
jomarlogistica.com.br:80 124.226.225.18 - - [22/Sep/2025:13:26:35 -0300] "POST /wp-comments-post.php HTTP/1.1" 403 2493 "-" "Mozilla/5.0 (Windows NT 10.0; Win64; x64) AppleWebKit/537.36 (KHTML, like Gecko) Chrome/108.0.0.0 Safari/537.36 Edg/108.0.1462.46"
jomarlogistica.com.br:80 172.20.1.117 - - [22/Sep/2025:13:26:45 -0300] "POST /wp-cron.php?doing_wp_cron=1758558405.2384750843048095703125 HTTP/1.1" 200 389 "https://jomarlogistica.com.br/wp-cron.php?doing_wp_cron=1758558405.2384750843048095703125" "WordPress/5.8.10; https://jomarlogistica.com.br"
jomarlogistica.com.br:80 114.119.138.130 - - [22/Sep/2025:13:26:44 -0300] "GET /2023/01/25/understanding-ambiguous-requirements-example-scenarios/ HTTP/1.1" 200 15110 "https://jomarlogistica.com.br/2023/01/25/understanding-ambiguous-requirements-example-scenarios/" "Mozilla/5.0 (Linux; Android 7.0;) AppleWebKit/537.36 (KHTML, like Gecko) Mobile Safari/537.36 (compatible; PetalBot;+https://webmaster.petalsearch.com/site/petalbot)"
jomarlogistica.com.br:80 127.0.0.1 - - [22/Sep/2025:13:26:50 -0300] "OPTIONS * HTTP/1.0" 200 110 "-" "Apache/2.4.65 (Ubuntu) (internal dummy connection)"
jomarlogistica.com.br:80 172.20.1.117 - - [22/Sep/2025:13:27:59 -0300] "POST /wp-cron.php?doing_wp_cron=1758558479.8960039615631103515625 HTTP/1.1" 200 389 "https://jomarlogistica.com.br/wp-cron.php?doing_wp_cron=1758558479.8960039615631103515625" "WordPress/5.8.10; https://jomarlogistica.com.br"
jomarlogistica.com.br:80 114.119.136.72 - - [22/Sep/2025:13:27:59 -0300] "GET /2023/04/02/which-usually-dating-internet-site-is-totally-cost-free/ HTTP/1.1" 200 18987 "https://jomarlogistica.com.br/2023/03/31/different-online-dating-taglines/" "Mozilla/5.0 (Linux; Android 7.0;) AppleWebKit/537.36 (KHTML, like Gecko) Mobile Safari/537.36 (compatible; PetalBot;+https://webmaster.petalsearch.com/site/petalbot)"
jomarlogistica.com.br:80 127.0.0.1 - - [22/Sep/2025:13:28:05 -0300] "OPTIONS * HTTP/1.0" 200 110 "-" "Apache/2.4.65 (Ubuntu) (internal dummy connection)"
jomarlogistica.com.br:80 114.119.128.158 - - [22/Sep/2025:13:29:25 -0300] "GET /2022/page/4/ HTTP/1.1" 200 18473 "https://jomarlogistica.com.br/2022/page/5/" "Mozilla/5.0 (Linux; Android 7.0;) AppleWebKit/537.36 (KHTML, like Gecko) Mobile Safari/537.36 (compatible; PetalBot;+https://webmaster.petalsearch.com/site/petalbot)"
jomarlogistica.com.br:80 114.119.158.0 - - [22/Sep/2025:13:30:49 -0300] "GET /2022/06/23/are-cherry-bomb-mufflers-legal-legal-information-and-regulations/ HTTP/1.1" 200 14188 "https://jomarlogistica.com.br/2022/06/24/eavesdropping-laws-in-georgia-what-you-need-to-know/" "Mozilla/5.0 (Linux; Android 7.0;) AppleWebKit/537.36 (KHTML, like Gecko) Mobile Safari/537.36 (compatible; PetalBot;+https://webmaster.petalsearch.com/site/petalbot)"
jomarlogistica.com.br:80 114.119.138.130 - - [22/Sep/2025:13:32:09 -0300] "GET /2022/04/19/understanding-the-key-elements-of-an-agreement-legal-contract-basics/ HTTP/1.1" 200 14972 "https://jomarlogistica.com.br/2022/04/17/are-jamaican-marriages-legal-in-the-us-everything-you-need-to-know/" "Mozilla/5.0 (Linux; Android 7.0;) AppleWebKit/537.36 (KHTML, like Gecko) Mobile Safari/537.36 (compatible; PetalBot;+https://webmaster.petalsearch.com/site/petalbot)"
jomarlogistica.com.br:80 172.20.1.117 - - [22/Sep/2025:13:35:51 -0300] "POST /wp-cron.php?doing_wp_cron=1758558951.8813540935516357421875 HTTP/1.1" 200 389 "https://jomarlogistica.com.br/wp-cron.php?doing_wp_cron=1758558951.8813540935516357421875" "WordPress/5.8.10; https://jomarlogistica.com.br"
jomarlogistica.com.br:80 185.191.171.2 - - [22/Sep/2025:13:35:51 -0300] "GET /robots.txt HTTP/1.1" 200 584 "-" "Mozilla/5.0 (compatible; SemrushBot/7~bl; +http://www.semrush.com/bot.html)"
jomarlogistica.com.br:80 85.208.96.212 - - [22/Sep/2025:13:35:53 -0300] "GET /careers/ HTTP/1.1" 200 16660 "-" "Mozilla/5.0 (compatible; SemrushBot/7~bl; +http://www.semrush.com/bot.html)"
jomarlogistica.com.br:80 127.0.0.1 - - [22/Sep/2025:13:35:58 -0300] "OPTIONS * HTTP/1.0" 200 110 "-" "Apache/2.4.65 (Ubuntu) (internal dummy connection)"
jomarlogistica.com.br:80 172.20.1.117 - - [22/Sep/2025:13:39:52 -0300] "POST /wp-cron.php?doing_wp_cron=1758559192.2121961116790771484375 HTTP/1.1" 200 389 "https://jomarlogistica.com.br/wp-cron.php?doing_wp_cron=1758559192.2121961116790771484375" "WordPress/5.8.10; https://jomarlogistica.com.br"
jomarlogistica.com.br:80 91.224.92.127 - - [22/Sep/2025:13:39:51 -0300] "POST /wp-login.php HTTP/1.1" 200 3059 "https://jomarlogistica.com.br/wp-login.php" "Mozilla/5.0 (X11; Ubuntu; Linux x86_64) AppleWebKit/537.36 (KHTML, like Gecko) Chrome/120.0.0.0 Safari/537.36"
jomarlogistica.com.br:80 91.224.92.127 - - [22/Sep/2025:13:39:52 -0300] "GET /wp-admin/index.php HTTP/1.1" 302 472 "https://jomarlogistica.com.br/wp-login.php" "Mozilla/5.0 (Windows NT 10.0; Win64; x64) AppleWebKit/537.36 (KHTML, like Gecko) Chrome/120.0.0.0 Safari/537.36"
jomarlogistica.com.br:80 91.224.92.127 - - [22/Sep/2025:13:39:53 -0300] "GET /wp-login.php?redirect_to=https%3A%2F%2Fjomarlogistica.com.br%2Fwp-admin%2Findex.php&reauth=1 HTTP/1.1" 200 4999 "https://jomarlogistica.com.br/wp-login.php" "Mozilla/5.0 (Windows NT 10.0; Win64; x64) AppleWebKit/537.36 (KHTML, like Gecko) Chrome/120.0.0.0 Safari/537.36"
jomarlogistica.com.br:80 91.224.92.127 - - [22/Sep/2025:13:39:54 -0300] "POST /wp-login.php HTTP/1.1" 200 3089 "https://jomarlogistica.com.br/wp-login.php" "Mozilla/5.0 (Windows NT 11.0; Win64; x64; rv:118.0) Gecko/20100101 Firefox/118.0"
jomarlogistica.com.br:80 91.224.92.127 - - [22/Sep/2025:13:39:54 -0300] "GET /wp-admin/index.php HTTP/1.1" 302 491 "https://jomarlogistica.com.br/wp-login.php" "Mozilla/5.0 (X11; Ubuntu; Linux x86_64) AppleWebKit/537.36 (KHTML, like Gecko) Chrome/118.0.0.0 Safari/537.36"
jomarlogistica.com.br:80 91.224.92.127 - - [22/Sep/2025:13:39:55 -0300] "GET /wp-login.php?redirect_to=https%3A%2F%2Fjomarlogistica.com.br%2Fwp-admin%2Findex.php&reauth=1 HTTP/1.1" 200 4999 "https://jomarlogistica.com.br/wp-login.php" "Mozilla/5.0 (X11; Ubuntu; Linux x86_64) AppleWebKit/537.36 (KHTML, like Gecko) Chrome/118.0.0.0 Safari/537.36"
jomarlogistica.com.br:80 91.224.92.127 - - [22/Sep/2025:13:39:55 -0300] "POST /wp-login.php HTTP/1.1" 200 3092 "https://jomarlogistica.com.br/wp-login.php" "Mozilla/5.0 (Windows NT 10.0; Win64; x64; rv:121.0) Gecko/20100101 Firefox/121.0"
jomarlogistica.com.br:80 91.224.92.127 - - [22/Sep/2025:13:39:56 -0300] "GET /wp-admin/index.php HTTP/1.1" 302 472 "https://jomarlogistica.com.br/wp-login.php" "Mozilla/5.0 (Macintosh; Intel Mac OS X 13_6_1) AppleWebKit/605.1.15 (KHTML, like Gecko) Version/17.0 Safari/605.1.15"
jomarlogistica.com.br:80 91.224.92.127 - - [22/Sep/2025:13:39:56 -0300] "GET /wp-login.php?redirect_to=https%3A%2F%2Fjomarlogistica.com.br%2Fwp-admin%2Findex.php&reauth=1 HTTP/1.1" 200 5018 "https://jomarlogistica.com.br/wp-login.php" "Mozilla/5.0 (Macintosh; Intel Mac OS X 13_6_1) AppleWebKit/605.1.15 (KHTML, like Gecko) Version/17.0 Safari/605.1.15"
jomarlogistica.com.br:80 91.224.92.127 - - [22/Sep/2025:13:39:57 -0300] "POST /wp-login.php HTTP/1.1" 200 3058 "https://jomarlogistica.com.br/wp-login.php" "Mozilla/5.0 (Macintosh; Intel Mac OS X 13_6_1) AppleWebKit/537.36 (KHTML, like Gecko) Chrome/118.0.0.0 Safari/537.36"
jomarlogistica.com.br:80 91.224.92.127 - - [22/Sep/2025:13:39:58 -0300] "GET /wp-admin/index.php HTTP/1.1" 302 472 "https://jomarlogistica.com.br/wp-login.php" "Mozilla/5.0 (Macintosh; Intel Mac OS X 13_6_1) AppleWebKit/537.36 (KHTML, like Gecko) Chrome/118.0.0.0 Safari/537.36"
jomarlogistica.com.br:80 91.224.92.127 - - [22/Sep/2025:13:39:59 -0300] "GET /wp-login.php?redirect_to=https%3A%2F%2Fjomarlogistica.com.br%2Fwp-admin%2Findex.php&reauth=1 HTTP/1.1" 200 4999 "https://jomarlogistica.com.br/wp-login.php" "Mozilla/5.0 (Macintosh; Intel Mac OS X 13_6_1) AppleWebKit/537.36 (KHTML, like Gecko) Chrome/118.0.0.0 Safari/537.36"
jomarlogistica.com.br:80 91.224.92.127 - - [22/Sep/2025:13:40:01 -0300] "POST /wp-login.php HTTP/1.1" 200 3059 "https://jomarlogistica.com.br/wp-login.php" "Mozilla/5.0 (Windows NT 10.0; Win64; x64) AppleWebKit/537.36 (KHTML, like Gecko) Chrome/120.0.0.0 Safari/537.36"
jomarlogistica.com.br:80 91.224.92.127 - - [22/Sep/2025:13:40:02 -0300] "GET /wp-admin/index.php HTTP/1.1" 302 491 "https://jomarlogistica.com.br/wp-login.php" "Mozilla/5.0 (Macintosh; Intel Mac OS X 10_15_7) AppleWebKit/537.36 (KHTML, like Gecko) Chrome/118.0.0.0 Safari/537.36"
jomarlogistica.com.br:80 127.0.0.1 - - [22/Sep/2025:13:40:03 -0300] "OPTIONS * HTTP/1.0" 200 110 "-" "Apache/2.4.65 (Ubuntu) (internal dummy connection)"
jomarlogistica.com.br:80 91.224.92.127 - - [22/Sep/2025:13:40:04 -0300] "GET /wp-login.php?redirect_to=https%3A%2F%2Fjomarlogistica.com.br%2Fwp-admin%2Findex.php&reauth=1 HTTP/1.1" 200 4999 "https://jomarlogistica.com.br/wp-login.php" "Mozilla/5.0 (Macintosh; Intel Mac OS X 10_15_7) AppleWebKit/537.36 (KHTML, like Gecko) Chrome/118.0.0.0 Safari/537.36"
jomarlogistica.com.br:80 91.224.92.127 - - [22/Sep/2025:13:40:06 -0300] "POST /wp-login.php HTTP/1.1" 200 3089 "https://jomarlogistica.com.br/wp-login.php" "Mozilla/5.0 (Macintosh; Intel Mac OS X 10_15_7; rv:121.0) Gecko/20100101 Firefox/121.0"
jomarlogistica.com.br:80 91.224.92.127 - - [22/Sep/2025:13:40:07 -0300] "GET /wp-admin/index.php HTTP/1.1" 302 472 "https://jomarlogistica.com.br/wp-login.php" "Mozilla/5.0 (Windows NT 11.0; Win64; x64; rv:121.0) Gecko/20100101 Firefox/121.0"
jomarlogistica.com.br:80 91.224.92.127 - - [22/Sep/2025:13:40:09 -0300] "GET /wp-login.php?redirect_to=https%3A%2F%2Fjomarlogistica.com.br%2Fwp-admin%2Findex.php&reauth=1 HTTP/1.1" 200 4999 "https://jomarlogistica.com.br/wp-login.php" "Mozilla/5.0 (Windows NT 11.0; Win64; x64; rv:121.0) Gecko/20100101 Firefox/121.0"
jomarlogistica.com.br:80 91.224.92.127 - - [22/Sep/2025:13:40:11 -0300] "POST /wp-login.php HTTP/1.1" 200 3111 "https://jomarlogistica.com.br/wp-login.php" "Mozilla/5.0 (Windows NT 11.0; Win64; x64) AppleWebKit/537.36 (KHTML, like Gecko) Chrome/119.0.0.0 Safari/537.36"
jomarlogistica.com.br:80 91.224.92.127 - - [22/Sep/2025:13:40:12 -0300] "GET /wp-admin/index.php HTTP/1.1" 302 472 "https://jomarlogistica.com.br/wp-login.php" "Mozilla/5.0 (Macintosh; Intel Mac OS X 10_15_7) AppleWebKit/537.36 (KHTML, like Gecko) Chrome/119.0.0.0 Safari/537.36"
jomarlogistica.com.br:80 91.224.92.127 - - [22/Sep/2025:13:40:14 -0300] "GET /wp-login.php?redirect_to=https%3A%2F%2Fjomarlogistica.com.br%2Fwp-admin%2Findex.php&reauth=1 HTTP/1.1" 200 4999 "https://jomarlogistica.com.br/wp-login.php" "Mozilla/5.0 (Macintosh; Intel Mac OS X 10_15_7) AppleWebKit/537.36 (KHTML, like Gecko) Chrome/119.0.0.0 Safari/537.36"
jomarlogistica.com.br:80 91.224.92.127 - - [22/Sep/2025:13:40:16 -0300] "POST /wp-login.php HTTP/1.1" 200 3089 "https://jomarlogistica.com.br/wp-login.php" "Mozilla/5.0 (X11; Linux x86_64) AppleWebKit/537.36 (KHTML, like Gecko) Chrome/120.0.0.0 Safari/537.36"
jomarlogistica.com.br:80 91.224.92.127 - - [22/Sep/2025:13:40:17 -0300] "GET /wp-admin/index.php HTTP/1.1" 302 472 "https://jomarlogistica.com.br/wp-login.php" "Mozilla/5.0 (Macintosh; Intel Mac OS X 13_6_1; rv:121.0) Gecko/20100101 Firefox/121.0"
jomarlogistica.com.br:80 172.20.1.117 - - [22/Sep/2025:13:43:08 -0300] "POST /wp-cron.php?doing_wp_cron=1758559388.4579029083251953125000 HTTP/1.1" 200 389 "https://jomarlogistica.com.br/wp-cron.php?doing_wp_cron=1758559388.4579029083251953125000" "WordPress/5.8.10; https://jomarlogistica.com.br"
jomarlogistica.com.br:80 114.119.138.130 - - [22/Sep/2025:13:43:08 -0300] "GET /author/jomar/page/25/ HTTP/1.1" 200 18953 "https://jomarlogistica.com.br/author/jomar/page/25/" "Mozilla/5.0 (Linux; Android 7.0;) AppleWebKit/537.36 (KHTML, like Gecko) Mobile Safari/537.36 (compatible; PetalBot;+https://webmaster.petalsearch.com/site/petalbot)"
jomarlogistica.com.br:80 127.0.0.1 - - [22/Sep/2025:13:43:14 -0300] "OPTIONS * HTTP/1.0" 200 110 "-" "Apache/2.4.65 (Ubuntu) (internal dummy connection)"
jomarlogistica.com.br:80 114.119.138.207 - - [22/Sep/2025:13:44:43 -0300] "GET /2023/01/23/trusted-amicus-law-solicitors-in-yeovil-expert-legal-services/ HTTP/1.1" 200 14213 "https://jomarlogistica.com.br/2023/01/22/understanding-the-difference-agreement-vs-annex-in-legal-documents/" "Mozilla/5.0 (Linux; Android 7.0;) AppleWebKit/537.36 (KHTML, like Gecko) Mobile Safari/537.36 (compatible; PetalBot;+https://webmaster.petalsearch.com/site/petalbot)"
jomarlogistica.com.br:80 172.20.1.117 - - [22/Sep/2025:13:52:58 -0300] "POST /wp-cron.php?doing_wp_cron=1758559978.9046349525451660156250 HTTP/1.1" 200 389 "https://jomarlogistica.com.br/wp-cron.php?doing_wp_cron=1758559978.9046349525451660156250" "WordPress/5.8.10; https://jomarlogistica.com.br"
jomarlogistica.com.br:80 18.211.39.188 - - [22/Sep/2025:13:52:58 -0300] "GET /2023/04/12/tips-on-how-to-keep-long-distance-marriage-going-solid/ HTTP/1.1" 200 18030 "-" "Mozilla/5.0 AppleWebKit/537.36 (KHTML, like Gecko; compatible; Amazonbot/0.1; +https://developer.amazon.com/support/amazonbot) Chrome/119.0.6045.214 Safari/537.36"
jomarlogistica.com.br:80 3.208.146.193 - - [22/Sep/2025:13:53:02 -0300] "GET /2023/10/10/free-cause-marketing-agreement-sample-legal-templates-downloads/ HTTP/1.1" 200 14416 "-" "Mozilla/5.0 AppleWebKit/537.36 (KHTML, like Gecko; compatible; Amazonbot/0.1; +https://developer.amazon.com/support/amazonbot) Chrome/119.0.6045.214 Safari/537.36"
jomarlogistica.com.br:80 35.174.253.85 - - [22/Sep/2025:13:53:06 -0300] "GET /2022/12/08/the-right-way-to-be-a-better-husband-psychologically/ HTTP/1.1" 200 17359 "-" "Mozilla/5.0 AppleWebKit/537.36 (KHTML, like Gecko; compatible; Amazonbot/0.1; +https://developer.amazon.com/support/amazonbot) Chrome/119.0.6045.214 Safari/537.36"
jomarlogistica.com.br:80 98.83.178.66 - - [22/Sep/2025:13:53:10 -0300] "GET /2023/09/27/why-do-you-need-a-data-room/ HTTP/1.1" 200 17137 "-" "Mozilla/5.0 AppleWebKit/537.36 (KHTML, like Gecko; compatible; Amazonbot/0.1; +https://developer.amazon.com/support/amazonbot) Chrome/119.0.6045.214 Safari/537.36"
jomarlogistica.com.br:80 3.226.34.98 - - [22/Sep/2025:13:53:14 -0300] "GET /2022/11/15/manifesting-love-signs-you-are-in-love-3/ HTTP/1.1" 200 17393 "-" "Mozilla/5.0 AppleWebKit/537.36 (KHTML, like Gecko; compatible; Amazonbot/0.1; +https://developer.amazon.com/support/amazonbot) Chrome/119.0.6045.214 Safari/537.36"
jomarlogistica.com.br:80 54.152.163.42 - - [22/Sep/2025:13:53:18 -0300] "GET /2022/09/28/how-to-meet-overseas-women-over-the-internet/ HTTP/1.1" 200 18282 "-" "Mozilla/5.0 AppleWebKit/537.36 (KHTML, like Gecko; compatible; Amazonbot/0.1; +https://developer.amazon.com/support/amazonbot) Chrome/119.0.6045.214 Safari/537.36"
jomarlogistica.com.br:80 54.87.62.248 - - [22/Sep/2025:13:53:22 -0300] "GET /2023/05/13/by-using-a-data-bedroom-for-expenditure-due-diligence/ HTTP/1.1" 200 17263 "-" "Mozilla/5.0 AppleWebKit/537.36 (KHTML, like Gecko; compatible; Amazonbot/0.1; +https://developer.amazon.com/support/amazonbot) Chrome/119.0.6045.214 Safari/537.36"
jomarlogistica.com.br:80 3.220.70.171 - - [22/Sep/2025:13:53:26 -0300] "GET /2023/02/02/how-you-can-meet-a-rich-gentleman-online/ HTTP/1.1" 200 18188 "-" "Mozilla/5.0 AppleWebKit/537.36 (KHTML, like Gecko; compatible; Amazonbot/0.1; +https://developer.amazon.com/support/amazonbot) Chrome/119.0.6045.214 Safari/537.36"
jomarlogistica.com.br:80 127.0.0.1 - - [22/Sep/2025:13:53:28 -0300] "OPTIONS * HTTP/1.0" 200 110 "-" "Apache/2.4.65 (Ubuntu) (internal dummy connection)"
jomarlogistica.com.br:80 52.201.155.215 - - [22/Sep/2025:13:53:30 -0300] "GET /2023/01/25/how-to-locate-russian-women-of-all-ages-dating-in-foreign-countries/ HTTP/1.1" 200 18217 "-" "Mozilla/5.0 AppleWebKit/537.36 (KHTML, like Gecko; compatible; Amazonbot/0.1; +https://developer.amazon.com/support/amazonbot) Chrome/119.0.6045.214 Safari/537.36"
jomarlogistica.com.br:80 52.22.64.232 - - [22/Sep/2025:13:53:34 -0300] "GET /ct-mega-menu/elements/ HTTP/1.1" 200 15019 "-" "Mozilla/5.0 AppleWebKit/537.36 (KHTML, like Gecko; compatible; Amazonbot/0.1; +https://developer.amazon.com/support/amazonbot) Chrome/119.0.6045.214 Safari/537.36"
jomarlogistica.com.br:80 3.224.104.67 - - [22/Sep/2025:13:53:38 -0300] "GET /2023/09/04/how-to-configure-the-best-avast-settings-for-performance/ HTTP/1.1" 200 17238 "-" "Mozilla/5.0 AppleWebKit/537.36 (KHTML, like Gecko; compatible; Amazonbot/0.1; +https://developer.amazon.com/support/amazonbot) Chrome/119.0.6045.214 Safari/537.36"
jomarlogistica.com.br:80 54.204.12.115 - - [22/Sep/2025:13:53:42 -0300] "GET /2023/05/13/indications-of-a-healthy-relationship/ HTTP/1.1" 200 17365 "-" "Mozilla/5.0 AppleWebKit/537.36 (KHTML, like Gecko; compatible; Amazonbot/0.1; +https://developer.amazon.com/support/amazonbot) Chrome/119.0.6045.214 Safari/537.36"
jomarlogistica.com.br:80 172.20.1.117 - - [22/Sep/2025:14:03:13 -0300] "POST /wp-cron.php?doing_wp_cron=1758560592.9929699897766113281250 HTTP/1.1" 200 389 "https://jomarlogistica.com.br/wp-cron.php?doing_wp_cron=1758560592.9929699897766113281250" "WordPress/5.8.10; https://jomarlogistica.com.br"
jomarlogistica.com.br:80 114.119.158.0 - - [22/Sep/2025:14:03:12 -0300] "GET /author/jomar/page/19/ HTTP/1.1" 200 18941 "https://jomarlogistica.com.br/author/jomar/page/20/" "Mozilla/5.0 (Linux; Android 7.0;) AppleWebKit/537.36 (KHTML, like Gecko) Mobile Safari/537.36 (compatible; PetalBot;+https://webmaster.petalsearch.com/site/petalbot)"
jomarlogistica.com.br:80 127.0.0.1 - - [22/Sep/2025:14:03:18 -0300] "OPTIONS * HTTP/1.0" 200 110 "-" "Apache/2.4.65 (Ubuntu) (internal dummy connection)"
jomarlogistica.com.br:80 104.248.154.105 - - [22/Sep/2025:14:03:20 -0300] "POST /wp-login.php HTTP/1.1" 403 2493 "-" "Mozilla/5.0"
jomarlogistica.com.br:80 104.248.154.105 - - [22/Sep/2025:14:03:21 -0300] "POST /wp-login.php HTTP/1.1" 403 2493 "-" "Mozilla/5.0"
jomarlogistica.com.br:80 23.21.179.120 - - [22/Sep/2025:14:03:38 -0300] "GET /2022/11/02/interracial-relationships-celebs/ HTTP/1.1" 200 17518 "-" "Mozilla/5.0 AppleWebKit/537.36 (KHTML, like Gecko; compatible; Amazonbot/0.1; +https://developer.amazon.com/support/amazonbot) Chrome/119.0.6045.214 Safari/537.36"
jomarlogistica.com.br:80 172.20.1.117 - - [22/Sep/2025:14:06:02 -0300] "POST /wp-cron.php?doing_wp_cron=1758560762.1926820278167724609375 HTTP/1.1" 200 389 "https://jomarlogistica.com.br/wp-cron.php?doing_wp_cron=1758560762.1926820278167724609375" "WordPress/5.8.10; https://jomarlogistica.com.br"
jomarlogistica.com.br:80 114.119.158.0 - - [22/Sep/2025:14:06:01 -0300] "GET /2023/05/01/what-is-a-soulmate-5-various-signs-you-met-your-soulmate/ HTTP/1.1" 200 17884 "https://jomarlogistica.com.br/2023/05/page/10/" "Mozilla/5.0 (Linux; Android 7.0;) AppleWebKit/537.36 (KHTML, like Gecko) Mobile Safari/537.36 (compatible; PetalBot;+https://webmaster.petalsearch.com/site/petalbot)"
jomarlogistica.com.br:80 127.0.0.1 - - [22/Sep/2025:14:06:07 -0300] "OPTIONS * HTTP/1.0" 200 110 "-" "Apache/2.4.65 (Ubuntu) (internal dummy connection)"
jomarlogistica.com.br:80 172.20.1.117 - - [22/Sep/2025:14:08:05 -0300] "POST /wp-cron.php?doing_wp_cron=1758560884.9874000549316406250000 HTTP/1.1" 200 389 "https://jomarlogistica.com.br/wp-cron.php?doing_wp_cron=1758560884.9874000549316406250000" "WordPress/5.8.10; https://jomarlogistica.com.br"
jomarlogistica.com.br:80 191.5.39.161 - - [22/Sep/2025:14:08:04 -0300] "POST /autodiscover/autodiscover.xml HTTP/1.1" 404 448 "-" "AppleExchangeWebServices/833 accountsd/113"
jomarlogistica.com.br:80 127.0.0.1 - - [22/Sep/2025:14:08:09 -0300] "OPTIONS * HTTP/1.0" 200 110 "-" "Apache/2.4.65 (Ubuntu) (internal dummy connection)"
jomarlogistica.com.br:80 157.100.140.67 - - [22/Sep/2025:14:08:32 -0300] "GET /wp-login.php HTTP/1.1" 200 8426 "-" "Mozilla/5.0 (Windows NT 10.0; Win64; x64) AppleWebKit/537.36 (KHTML, like Gecko) Chrome/131.0.0.0 Safari/537.36"
jomarlogistica.com.br:80 167.250.181.180 - - [22/Sep/2025:14:08:33 -0300] "GET /wp-login.php HTTP/1.1" 200 8426 "http://jomarlogistica.com.br/wp-login.php" "Mozilla/5.0 (Windows NT 10.0; Win64; x64) AppleWebKit/537.36 (KHTML, like Gecko) Chrome/131.0.0.0 Safari/537.36"
jomarlogistica.com.br:80 49.47.69.68 - - [22/Sep/2025:14:08:36 -0300] "GET /wp-login.php HTTP/1.1" 200 8426 "-" "Mozilla/5.0 (Windows NT 10.0; Win64; x64) AppleWebKit/537.36 (KHTML, like Gecko) Chrome/131.0.0.0 Safari/537.36"
jomarlogistica.com.br:80 113.168.147.36 - - [22/Sep/2025:14:08:37 -0300] "POST /wp-login.php HTTP/1.1" 403 2493 "-" "Mozilla/5.0 (Windows NT 10.0; Win64; x64) AppleWebKit/537.36 (KHTML, like Gecko) Chrome/131.0.0.0 Safari/537.36"
jomarlogistica.com.br:80 201.110.248.30 - - [22/Sep/2025:14:08:39 -0300] "POST /wp-login.php HTTP/1.1" 403 2512 "-" "Mozilla/5.0 (Windows NT 10.0; Win64; x64) AppleWebKit/537.36 (KHTML, like Gecko) Chrome/131.0.0.0 Safari/537.36"
