jomarlogistica.com.br:80 114.119.159.76 - - [22/Sep/2025:15:06:18 -0300] "GET /author/jomar/page/37/ HTTP/1.1" 200 18780 "https://jomarlogistica.com.br/author/jomar/page/38/" "Mozilla/5.0 (Linux; Android 7.0;) AppleWebKit/537.36 (KHTML, like Gecko) Mobile Safari/537.36 (compatible; PetalBot;+https://webmaster.petalsearch.com/site/petalbot)"
jomarlogistica.com.br:80 127.0.0.1 - - [22/Sep/2025:15:06:24 -0300] "OPTIONS * HTTP/1.0" 200 110 "-" "Apache/2.4.65 (Ubuntu) (internal dummy connection)"
jomarlogistica.com.br:80 172.20.1.117 - - [22/Sep/2025:15:07:50 -0300] "POST /wp-cron.php?doing_wp_cron=1758564470.7375860214233398437500 HTTP/1.1" 200 389 "https://jomarlogistica.com.br/wp-cron.php?doing_wp_cron=1758564470.7375860214233398437500" "WordPress/5.8.10; https://jomarlogistica.com.br"
jomarlogistica.com.br:80 114.119.136.72 - - [22/Sep/2025:15:07:50 -0300] "GET /2023/page/17/ HTTP/1.1" 200 18926 "https://jomarlogistica.com.br/2023/page/16/" "Mozilla/5.0 (Linux; Android 7.0;) AppleWebKit/537.36 (KHTML, like Gecko) Mobile Safari/537.36 (compatible; PetalBot;+https://webmaster.petalsearch.com/site/petalbot)"
jomarlogistica.com.br:80 127.0.0.1 - - [22/Sep/2025:15:07:56 -0300] "OPTIONS * HTTP/1.0" 200 110 "-" "Apache/2.4.65 (Ubuntu) (internal dummy connection)"
jomarlogistica.com.br:80 114.119.138.207 - - [22/Sep/2025:15:10:29 -0300] "GET /2023/page/12/ HTTP/1.1" 200 18540 "https://jomarlogistica.com.br/2023/page/11/" "Mozilla/5.0 (Linux; Android 7.0;) AppleWebKit/537.36 (KHTML, like Gecko) Mobile Safari/537.36 (compatible; PetalBot;+https://webmaster.petalsearch.com/site/petalbot)"
jomarlogistica.com.br:80 114.119.128.158 - - [22/Sep/2025:15:11:55 -0300] "GET /category/jomar/page/25/ HTTP/1.1" 200 18899 "https://jomarlogistica.com.br/category/jomar/page/26/" "Mozilla/5.0 (Linux; Android 7.0;) AppleWebKit/537.36 (KHTML, like Gecko) Mobile Safari/537.36 (compatible; PetalBot;+https://webmaster.petalsearch.com/site/petalbot)"
jomarlogistica.com.br:80 172.20.1.117 - - [22/Sep/2025:15:14:37 -0300] "POST /wp-cron.php?doing_wp_cron=1758564877.9572970867156982421875 HTTP/1.1" 200 389 "https://jomarlogistica.com.br/wp-cron.php?doing_wp_cron=1758564877.9572970867156982421875" "WordPress/5.8.10; https://jomarlogistica.com.br"
jomarlogistica.com.br:80 114.119.138.130 - - [22/Sep/2025:15:14:37 -0300] "GET /2024/page/3/ HTTP/1.1" 200 11659 "https://jomarlogistica.com.br/2024/page/2/" "Mozilla/5.0 (Linux; Android 7.0;) AppleWebKit/537.36 (KHTML, like Gecko) Mobile Safari/537.36 (compatible; PetalBot;+https://webmaster.petalsearch.com/site/petalbot)"
jomarlogistica.com.br:80 127.0.0.1 - - [22/Sep/2025:15:14:43 -0300] "OPTIONS * HTTP/1.0" 200 110 "-" "Apache/2.4.65 (Ubuntu) (internal dummy connection)"
jomarlogistica.com.br:80 31.220.76.35 - - [22/Sep/2025:15:15:47 -0300] "GET /robots.txt HTTP/1.1" 200 565 "-" "Mozilla/5.0 (compatible; MJ12bot/v1.4.8; http://mj12bot.com/)"
jomarlogistica.com.br:80 31.220.76.35 - - [22/Sep/2025:15:15:49 -0300] "GET /2023/05/21/slavic-brides-%EF%B8%8F-guide-to-carry-out-slavic-females-for-marriage/ HTTP/1.1" 200 19789 "-" "Mozilla/5.0 (compatible; MJ12bot/v1.4.8; http://mj12bot.com/)"
jomarlogistica.com.br:80 114.119.128.158 - - [22/Sep/2025:15:16:02 -0300] "GET /2023/page/31/ HTTP/1.1" 200 21278 "https://jomarlogistica.com.br/2023/page/32/" "Mozilla/5.0 (Linux; Android 7.0;) AppleWebKit/537.36 (KHTML, like Gecko) Mobile Safari/537.36 (compatible; PetalBot;+https://webmaster.petalsearch.com/site/petalbot)"
jomarlogistica.com.br:80 172.20.1.117 - - [22/Sep/2025:15:17:31 -0300] "POST /wp-cron.php?doing_wp_cron=1758565051.4732170104980468750000 HTTP/1.1" 200 389 "https://jomarlogistica.com.br/wp-cron.php?doing_wp_cron=1758565051.4732170104980468750000" "WordPress/5.8.10; https://jomarlogistica.com.br"
jomarlogistica.com.br:80 114.119.135.84 - - [22/Sep/2025:15:17:31 -0300] "GET /2023/09/27/uses-of-a-vdr-for-acquisition/ HTTP/1.1" 200 17137 "https://jomarlogistica.com.br/category/jomar/page/6/" "Mozilla/5.0 (Linux; Android 7.0;) AppleWebKit/537.36 (KHTML, like Gecko) Mobile Safari/537.36 (compatible; PetalBot;+https://webmaster.petalsearch.com/site/petalbot)"
jomarlogistica.com.br:80 127.0.0.1 - - [22/Sep/2025:15:17:37 -0300] "OPTIONS * HTTP/1.0" 200 110 "-" "Apache/2.4.65 (Ubuntu) (internal dummy connection)"
jomarlogistica.com.br:80 114.119.135.84 - - [22/Sep/2025:15:18:43 -0300] "GET /2023/09/04/a-review-of-windows-defender/ HTTP/1.1" 200 17219 "https://jomarlogistica.com.br/author/jomar/page/12/" "Mozilla/5.0 (Linux; Android 7.0;) AppleWebKit/537.36 (KHTML, like Gecko) Mobile Safari/537.36 (compatible; PetalBot;+https://webmaster.petalsearch.com/site/petalbot)"
jomarlogistica.com.br:80 104.248.154.105 - - [22/Sep/2025:15:20:08 -0300] "POST /wp-login.php HTTP/1.1" 403 2493 "-" "Mozilla/5.0"
jomarlogistica.com.br:80 104.248.154.105 - - [22/Sep/2025:15:20:09 -0300] "POST /wp-login.php HTTP/1.1" 403 2493 "-" "Mozilla/5.0"
jomarlogistica.com.br:80 114.119.138.207 - - [22/Sep/2025:15:20:12 -0300] "GET /2023/08/08/datarooms-india/ HTTP/1.1" 200 17031 "https://jomarlogistica.com.br/category/jomar/page/13/" "Mozilla/5.0 (Linux; Android 7.0;) AppleWebKit/537.36 (KHTML, like Gecko) Mobile Safari/537.36 (compatible; PetalBot;+https://webmaster.petalsearch.com/site/petalbot)"
jomarlogistica.com.br:80 114.119.128.158 - - [22/Sep/2025:15:21:34 -0300] "GET /2023/07/22/how-to-take-assembly-notes-efficiently/ HTTP/1.1" 200 17318 "https://jomarlogistica.com.br/2023/07/" "Mozilla/5.0 (Linux; Android 7.0;) AppleWebKit/537.36 (KHTML, like Gecko) Mobile Safari/537.36 (compatible; PetalBot;+https://webmaster.petalsearch.com/site/petalbot)"
jomarlogistica.com.br:80 172.20.1.117 - - [22/Sep/2025:15:23:01 -0300] "POST /wp-cron.php?doing_wp_cron=1758565381.7864329814910888671875 HTTP/1.1" 200 389 "https://jomarlogistica.com.br/wp-cron.php?doing_wp_cron=1758565381.7864329814910888671875" "WordPress/5.8.10; https://jomarlogistica.com.br"
jomarlogistica.com.br:80 114.119.128.158 - - [22/Sep/2025:15:23:01 -0300] "GET /2023/06/26/korea-brides-ways-to-date-beautiful-philippines-young-women-for-matrimony/ HTTP/1.1" 200 48569 "https://jomarlogistica.com.br/author/jomar/page/17/" "Mozilla/5.0 (Linux; Android 7.0;) AppleWebKit/537.36 (KHTML, like Gecko) Mobile Safari/537.36 (compatible; PetalBot;+https://webmaster.petalsearch.com/site/petalbot)"
jomarlogistica.com.br:80 127.0.0.1 - - [22/Sep/2025:15:23:07 -0300] "OPTIONS * HTTP/1.0" 200 110 "-" "Apache/2.4.65 (Ubuntu) (internal dummy connection)"
jomarlogistica.com.br:80 114.119.138.207 - - [22/Sep/2025:15:24:18 -0300] "GET /2023/05/page/2/ HTTP/1.1" 200 19046 "https://jomarlogistica.com.br/2023/05/page/2/" "Mozilla/5.0 (Linux; Android 7.0;) AppleWebKit/537.36 (KHTML, like Gecko) Mobile Safari/537.36 (compatible; PetalBot;+https://webmaster.petalsearch.com/site/petalbot)"
jomarlogistica.com.br:80 114.119.136.72 - - [22/Sep/2025:15:25:44 -0300] "GET /2023/05/30/st-matthews-healthiness-center/ HTTP/1.1" 200 17339 "https://jomarlogistica.com.br/category/jomar/page/21/" "Mozilla/5.0 (Linux; Android 7.0;) AppleWebKit/537.36 (KHTML, like Gecko) Mobile Safari/537.36 (compatible; PetalBot;+https://webmaster.petalsearch.com/site/petalbot)"
jomarlogistica.com.br:80 114.119.136.72 - - [22/Sep/2025:15:27:02 -0300] "GET /2023/05/10/dating-chat-for-those-looking-for-hooking-up-or-settling-down-2/ HTTP/1.1" 200 17274 "https://jomarlogistica.com.br/2023/05/page/6/" "Mozilla/5.0 (Linux; Android 7.0;) AppleWebKit/537.36 (KHTML, like Gecko) Mobile Safari/537.36 (compatible; PetalBot;+https://webmaster.petalsearch.com/site/petalbot)"
jomarlogistica.com.br:80 172.20.1.117 - - [22/Sep/2025:15:28:29 -0300] "POST /wp-cron.php?doing_wp_cron=1758565709.2822489738464355468750 HTTP/1.1" 200 389 "https://jomarlogistica.com.br/wp-cron.php?doing_wp_cron=1758565709.2822489738464355468750" "WordPress/5.8.10; https://jomarlogistica.com.br"
jomarlogistica.com.br:80 114.119.136.72 - - [22/Sep/2025:15:28:28 -0300] "GET /2023/05/08/where-to-find-a-european-bride/ HTTP/1.1" 200 18492 "https://jomarlogistica.com.br/author/jomar/page/27/" "Mozilla/5.0 (Linux; Android 7.0;) AppleWebKit/537.36 (KHTML, like Gecko) Mobile Safari/537.36 (compatible; PetalBot;+https://webmaster.petalsearch.com/site/petalbot)"
jomarlogistica.com.br:80 127.0.0.1 - - [22/Sep/2025:15:28:34 -0300] "OPTIONS * HTTP/1.0" 200 110 "-" "Apache/2.4.65 (Ubuntu) (internal dummy connection)"
jomarlogistica.com.br:80 114.119.136.72 - - [22/Sep/2025:15:29:50 -0300] "GET /2023/05/01/what-is-a-soulmate-5-various-signs-you-met-your-soulmate/ HTTP/1.1" 200 17884 "https://jomarlogistica.com.br/2023/05/page/10/" "Mozilla/5.0 (Linux; Android 7.0;) AppleWebKit/537.36 (KHTML, like Gecko) Mobile Safari/537.36 (compatible; PetalBot;+https://webmaster.petalsearch.com/site/petalbot)"
jomarlogistica.com.br:80 114.119.136.72 - - [22/Sep/2025:15:31:17 -0300] "GET /2023/04/02/which-usually-dating-internet-site-is-totally-cost-free/ HTTP/1.1" 200 18987 "https://jomarlogistica.com.br/2023/03/31/different-online-dating-taglines/" "Mozilla/5.0 (Linux; Android 7.0;) AppleWebKit/537.36 (KHTML, like Gecko) Mobile Safari/537.36 (compatible; PetalBot;+https://webmaster.petalsearch.com/site/petalbot)"
jomarlogistica.com.br:80 172.20.1.117 - - [22/Sep/2025:15:32:36 -0300] "POST /wp-cron.php?doing_wp_cron=1758565956.6758298873901367187500 HTTP/1.1" 200 389 "https://jomarlogistica.com.br/wp-cron.php?doing_wp_cron=1758565956.6758298873901367187500" "WordPress/5.8.10; https://jomarlogistica.com.br"
jomarlogistica.com.br:80 114.119.138.130 - - [22/Sep/2025:15:32:36 -0300] "GET /2023/03/08/nude-webcam-shows/ HTTP/1.1" 200 17782 "https://jomarlogistica.com.br/2023/03/page/2/" "Mozilla/5.0 (Linux; Android 7.0;) AppleWebKit/537.36 (KHTML, like Gecko) Mobile Safari/537.36 (compatible; PetalBot;+https://webmaster.petalsearch.com/site/petalbot)"
jomarlogistica.com.br:80 127.0.0.1 - - [22/Sep/2025:15:32:42 -0300] "OPTIONS * HTTP/1.0" 200 110 "-" "Apache/2.4.65 (Ubuntu) (internal dummy connection)"
jomarlogistica.com.br:80 114.119.138.207 - - [22/Sep/2025:15:34:07 -0300] "GET /2023/02/08/a-few-ways-to-deal-with-first-night-out-compliments/ HTTP/1.1" 200 17568 "https://jomarlogistica.com.br/2023/02/09/using-a-small-wedding-wedding/" "Mozilla/5.0 (Linux; Android 7.0;) AppleWebKit/537.36 (KHTML, like Gecko) Mobile Safari/537.36 (compatible; PetalBot;+https://webmaster.petalsearch.com/site/petalbot)"
jomarlogistica.com.br:80 114.119.135.84 - - [22/Sep/2025:15:35:26 -0300] "GET /2023/02/ HTTP/1.1" 200 18614 "https://jomarlogistica.com.br/2023/05/page/10/" "Mozilla/5.0 (Linux; Android 7.0;) AppleWebKit/537.36 (KHTML, like Gecko) Mobile Safari/537.36 (compatible; PetalBot;+https://webmaster.petalsearch.com/site/petalbot)"
jomarlogistica.com.br:80 114.119.136.72 - - [22/Sep/2025:15:36:50 -0300] "GET /2023/02/ HTTP/1.1" 200 18614 "https://jomarlogistica.com.br/2023/05/page/10/" "Mozilla/5.0 (Linux; Android 7.0;) AppleWebKit/537.36 (KHTML, like Gecko) Mobile Safari/537.36 (compatible; PetalBot;+https://webmaster.petalsearch.com/site/petalbot)"
jomarlogistica.com.br:80 172.20.1.117 - - [22/Sep/2025:15:38:20 -0300] "POST /wp-cron.php?doing_wp_cron=1758566300.5599160194396972656250 HTTP/1.1" 200 389 "https://jomarlogistica.com.br/wp-cron.php?doing_wp_cron=1758566300.5599160194396972656250" "WordPress/5.8.10; https://jomarlogistica.com.br"
jomarlogistica.com.br:80 114.119.136.72 - - [22/Sep/2025:15:38:20 -0300] "GET /2023/01/25/important-things-to-know-have-a-good-marry-another-girl/ HTTP/1.1" 200 17735 "https://jomarlogistica.com.br/category/jomar/page/40/" "Mozilla/5.0 (Linux; Android 7.0;) AppleWebKit/537.36 (KHTML, like Gecko) Mobile Safari/537.36 (compatible; PetalBot;+https://webmaster.petalsearch.com/site/petalbot)"
jomarlogistica.com.br:80 127.0.0.1 - - [22/Sep/2025:15:38:26 -0300] "OPTIONS * HTTP/1.0" 200 110 "-" "Apache/2.4.65 (Ubuntu) (internal dummy connection)"
jomarlogistica.com.br:80 114.119.138.130 - - [22/Sep/2025:15:39:35 -0300] "GET /2023/01/20/how-to-find-a-russian-chat-room/ HTTP/1.1" 200 18199 "https://jomarlogistica.com.br/category/jomar/page/40/" "Mozilla/5.0 (Linux; Android 7.0;) AppleWebKit/537.36 (KHTML, like Gecko) Mobile Safari/537.36 (compatible; PetalBot;+https://webmaster.petalsearch.com/site/petalbot)"
jomarlogistica.com.br:80 114.119.159.76 - - [22/Sep/2025:15:41:00 -0300] "GET /2023/01/14/what-is-a-mail-order-wife/ HTTP/1.1" 200 17432 "https://jomarlogistica.com.br/author/jomar/page/41/" "Mozilla/5.0 (Linux; Android 7.0;) AppleWebKit/537.36 (KHTML, like Gecko) Mobile Safari/537.36 (compatible; PetalBot;+https://webmaster.petalsearch.com/site/petalbot)"
jomarlogistica.com.br:80 172.20.1.117 - - [22/Sep/2025:15:42:24 -0300] "POST /wp-cron.php?doing_wp_cron=1758566544.7349650859832763671875 HTTP/1.1" 200 389 "https://jomarlogistica.com.br/wp-cron.php?doing_wp_cron=1758566544.7349650859832763671875" "WordPress/5.8.10; https://jomarlogistica.com.br"
jomarlogistica.com.br:80 114.119.128.158 - - [22/Sep/2025:15:42:24 -0300] "GET /2023/01/14/one-of-a-kind-wedding-tips-to-make-your-day-truly-yours/ HTTP/1.1" 200 18287 "https://jomarlogistica.com.br/author/jomar/page/41/" "Mozilla/5.0 (Linux; Android 7.0;) AppleWebKit/537.36 (KHTML, like Gecko) Mobile Safari/537.36 (compatible; PetalBot;+https://webmaster.petalsearch.com/site/petalbot)"
jomarlogistica.com.br:80 127.0.0.1 - - [22/Sep/2025:15:42:30 -0300] "OPTIONS * HTTP/1.0" 200 110 "-" "Apache/2.4.65 (Ubuntu) (internal dummy connection)"
jomarlogistica.com.br:80 114.119.138.207 - - [22/Sep/2025:15:43:53 -0300] "GET /2023/ HTTP/1.1" 200 18535 "https://jomarlogistica.com.br/2023/05/page/10/" "Mozilla/5.0 (Linux; Android 7.0;) AppleWebKit/537.36 (KHTML, like Gecko) Mobile Safari/537.36 (compatible; PetalBot;+https://webmaster.petalsearch.com/site/petalbot)"
jomarlogistica.com.br:80 114.119.128.158 - - [22/Sep/2025:15:46:37 -0300] "GET /2022/12/18/greatest-places-to-honeymoon/ HTTP/1.1" 200 18293 "https://jomarlogistica.com.br/2022/12/17/popular-cities-just-for-flirting-with-beautiful-women-of-all-ages/" "Mozilla/5.0 (Linux; Android 7.0;) AppleWebKit/537.36 (KHTML, like Gecko) Mobile Safari/537.36 (compatible; PetalBot;+https://webmaster.petalsearch.com/site/petalbot)"
jomarlogistica.com.br:80 172.20.1.117 - - [22/Sep/2025:15:48:03 -0300] "POST /wp-cron.php?doing_wp_cron=1758566883.0946319103240966796875 HTTP/1.1" 200 389 "https://jomarlogistica.com.br/wp-cron.php?doing_wp_cron=1758566883.0946319103240966796875" "WordPress/5.8.10; https://jomarlogistica.com.br"
jomarlogistica.com.br:80 114.119.128.158 - - [22/Sep/2025:15:48:02 -0300] "GET /2022/12/08/realizing-love-signs-you-are-in-love-3/ HTTP/1.1" 200 17419 "https://jomarlogistica.com.br/author/jomar/page/46/" "Mozilla/5.0 (Linux; Android 7.0;) AppleWebKit/537.36 (KHTML, like Gecko) Mobile Safari/537.36 (compatible; PetalBot;+https://webmaster.petalsearch.com/site/petalbot)"
jomarlogistica.com.br:80 127.0.0.1 - - [22/Sep/2025:15:48:09 -0300] "OPTIONS * HTTP/1.0" 200 110 "-" "Apache/2.4.65 (Ubuntu) (internal dummy connection)"
jomarlogistica.com.br:80 114.119.138.207 - - [22/Sep/2025:15:49:23 -0300] "GET /2022/09/06/the-actual-a-good-web-based-dater/ HTTP/1.1" 200 17558 "https://jomarlogistica.com.br/2022/09/08/mutually-beneficial-relationship-sugar-daddy/" "Mozilla/5.0 (Linux; Android 7.0;) AppleWebKit/537.36 (KHTML, like Gecko) Mobile Safari/537.36 (compatible; PetalBot;+https://webmaster.petalsearch.com/site/petalbot)"
jomarlogistica.com.br:80 114.119.128.158 - - [22/Sep/2025:15:50:41 -0300] "GET /2022/07/24/bet-tzedek-tax-clinic-free-legal-assistance-for-tax-issues/ HTTP/1.1" 200 13623 "https://jomarlogistica.com.br/2022/08/01/are-court-dates-being-delayed-understanding-the-impact-on-legal-proceedings/" "Mozilla/5.0 (Linux; Android 7.0;) AppleWebKit/537.36 (KHTML, like Gecko) Mobile Safari/537.36 (compatible; PetalBot;+https://webmaster.petalsearch.com/site/petalbot)"
jomarlogistica.com.br:80 172.20.1.117 - - [22/Sep/2025:15:52:20 -0300] "POST /wp-cron.php?doing_wp_cron=1758567140.3960309028625488281250 HTTP/1.1" 200 389 "https://jomarlogistica.com.br/wp-cron.php?doing_wp_cron=1758567140.3960309028625488281250" "WordPress/5.8.10; https://jomarlogistica.com.br"
jomarlogistica.com.br:80 114.119.136.72 - - [22/Sep/2025:15:52:20 -0300] "GET /2022/07/05/certifying-documents-for-family-members-legal-guidelines/ HTTP/1.1" 200 13911 "https://jomarlogistica.com.br/2022/06/24/eavesdropping-laws-in-georgia-what-you-need-to-know/" "Mozilla/5.0 (Linux; Android 7.0;) AppleWebKit/537.36 (KHTML, like Gecko) Mobile Safari/537.36 (compatible; PetalBot;+https://webmaster.petalsearch.com/site/petalbot)"
jomarlogistica.com.br:80 127.0.0.1 - - [22/Sep/2025:15:52:25 -0300] "OPTIONS * HTTP/1.0" 200 110 "-" "Apache/2.4.65 (Ubuntu) (internal dummy connection)"
jomarlogistica.com.br:80 104.248.154.105 - - [22/Sep/2025:16:00:02 -0300] "POST /wp-login.php HTTP/1.1" 403 2493 "-" "Mozilla/5.0"
jomarlogistica.com.br:80 104.248.154.105 - - [22/Sep/2025:16:00:02 -0300] "POST /wp-login.php HTTP/1.1" 403 2493 "-" "Mozilla/5.0"
jomarlogistica.com.br:80 127.0.0.1 - - [22/Sep/2025:16:00:06 -0300] "OPTIONS * HTTP/1.0" 200 110 "-" "Apache/2.4.65 (Ubuntu) (internal dummy connection)"
jomarlogistica.com.br:80 172.20.1.117 - - [22/Sep/2025:16:19:49 -0300] "POST /wp-cron.php?doing_wp_cron=1758568789.5184850692749023437500 HTTP/1.1" 200 389 "https://jomarlogistica.com.br/wp-cron.php?doing_wp_cron=1758568789.5184850692749023437500" "WordPress/5.8.10; https://jomarlogistica.com.br"
jomarlogistica.com.br:80 85.208.96.200 - - [22/Sep/2025:16:19:49 -0300] "GET /robots.txt HTTP/1.1" 200 584 "-" "Mozilla/5.0 (compatible; SemrushBot/7~bl; +http://www.semrush.com/bot.html)"
jomarlogistica.com.br:80 85.208.96.194 - - [22/Sep/2025:16:19:50 -0300] "GET /2023/01/21/your-five-dating-stereotypes-you-should-steer-clear-of/ HTTP/1.1" 200 18193 "-" "Mozilla/5.0 (compatible; SemrushBot/7~bl; +http://www.semrush.com/bot.html)"
jomarlogistica.com.br:80 127.0.0.1 - - [22/Sep/2025:16:19:56 -0300] "OPTIONS * HTTP/1.0" 200 110 "-" "Apache/2.4.65 (Ubuntu) (internal dummy connection)"
jomarlogistica.com.br:80 172.20.1.117 - - [22/Sep/2025:16:36:24 -0300] "POST /wp-cron.php?doing_wp_cron=1758569784.9183359146118164062500 HTTP/1.1" 200 389 "https://jomarlogistica.com.br/wp-cron.php?doing_wp_cron=1758569784.9183359146118164062500" "WordPress/5.8.10; https://jomarlogistica.com.br"
jomarlogistica.com.br:80 40.84.221.220 - - [22/Sep/2025:16:36:24 -0300] "GET /2024/03/09/are-50-caliber-guns-legal-in-canada-rules-and-regulations-explained/ HTTP/1.1" 200 14364 "-" "Mozilla/5.0 AppleWebKit/537.36 (KHTML, like Gecko); compatible; ChatGPT-User/1.0; +https://openai.com/bot"
jomarlogistica.com.br:80 127.0.0.1 - - [22/Sep/2025:16:36:30 -0300] "OPTIONS * HTTP/1.0" 200 110 "-" "Apache/2.4.65 (Ubuntu) (internal dummy connection)"
jomarlogistica.com.br:80 172.20.1.117 - - [22/Sep/2025:16:37:18 -0300] "POST /wp-cron.php?doing_wp_cron=1758569838.9694709777832031250000 HTTP/1.1" 200 389 "https://jomarlogistica.com.br/wp-cron.php?doing_wp_cron=1758569838.9694709777832031250000" "WordPress/5.8.10; https://jomarlogistica.com.br"
jomarlogistica.com.br:80 216.73.216.35 - - [22/Sep/2025:16:37:18 -0300] "GET /robots.txt HTTP/1.1" 200 584 "-" "Mozilla/5.0 AppleWebKit/537.36 (KHTML, like Gecko; compatible; ClaudeBot/1.0; +claudebot@anthropic.com)"
jomarlogistica.com.br:80 216.73.216.35 - - [22/Sep/2025:16:37:19 -0300] "GET /wp-sitemap.xml HTTP/1.1" 200 585 "-" "Mozilla/5.0 AppleWebKit/537.36 (KHTML, like Gecko; compatible; ClaudeBot/1.0; +claudebot@anthropic.com)"
jomarlogistica.com.br:80 127.0.0.1 - - [22/Sep/2025:16:37:24 -0300] "OPTIONS * HTTP/1.0" 200 110 "-" "Apache/2.4.65 (Ubuntu) (internal dummy connection)"
jomarlogistica.com.br:80 104.248.154.105 - - [22/Sep/2025:16:40:38 -0300] "POST /wp-login.php HTTP/1.1" 403 2493 "-" "Mozilla/5.0"
jomarlogistica.com.br:80 104.248.154.105 - - [22/Sep/2025:16:40:38 -0300] "POST /wp-login.php HTTP/1.1" 403 2493 "-" "Mozilla/5.0"
jomarlogistica.com.br:80 127.0.0.1 - - [22/Sep/2025:16:40:43 -0300] "OPTIONS * HTTP/1.0" 200 110 "-" "Apache/2.4.65 (Ubuntu) (internal dummy connection)"
jomarlogistica.com.br:80 172.20.1.117 - - [22/Sep/2025:16:50:43 -0300] "POST /wp-cron.php?doing_wp_cron=1758570643.4125299453735351562500 HTTP/1.1" 200 389 "https://jomarlogistica.com.br/wp-cron.php?doing_wp_cron=1758570643.4125299453735351562500" "WordPress/5.8.10; https://jomarlogistica.com.br"
jomarlogistica.com.br:80 52.1.157.90 - - [22/Sep/2025:16:50:43 -0300] "GET /blog-standard-left-sidebar/page/40/ HTTP/1.1" 200 19421 "-" "Mozilla/5.0 AppleWebKit/537.36 (KHTML, like Gecko; compatible; Amazonbot/0.1; +https://developer.amazon.com/support/amazonbot) Chrome/119.0.6045.214 Safari/537.36"
jomarlogistica.com.br:80 127.0.0.1 - - [22/Sep/2025:16:50:48 -0300] "OPTIONS * HTTP/1.0" 200 110 "-" "Apache/2.4.65 (Ubuntu) (internal dummy connection)"
jomarlogistica.com.br:80 172.20.1.117 - - [22/Sep/2025:17:00:26 -0300] "POST /wp-cron.php?doing_wp_cron=1758571226.0734369754791259765625 HTTP/1.1" 200 389 "https://jomarlogistica.com.br/wp-cron.php?doing_wp_cron=1758571226.0734369754791259765625" "WordPress/5.8.10; https://jomarlogistica.com.br"
jomarlogistica.com.br:80 135.181.79.90 - - [22/Sep/2025:17:00:25 -0300] "GET /2023/05/02/test-title/ HTTP/1.1" 200 77241 "https://jomarlogistica.com.br/2023/05/02/test-title/" "Mozilla/5.0 (Windows NT 10.0; Win64; x64) AppleWebKit/537.36 (KHTML, like Gecko) Chrome/129.0.0.0 Safari/537.36"
jomarlogistica.com.br:80 135.181.79.90 - - [22/Sep/2025:17:00:28 -0300] "GET /2023/11/15/how-to-organise-the-board-records-with-boardpro/ HTTP/1.1" 200 79592 "https://jomarlogistica.com.br/2023/11/15/how-to-organise-the-board-records-with-boardpro/" "Mozilla/5.0 (Windows NT 10.0; Win64; x64) AppleWebKit/537.36 (KHTML, like Gecko) Chrome/129.0.0.0 Safari/537.36"
jomarlogistica.com.br:80 135.181.79.90 - - [22/Sep/2025:17:00:30 -0300] "GET /contato/ HTTP/1.1" 200 79977 "https://jomarlogistica.com.br/contato/" "Mozilla/5.0 (Windows NT 10.0; Win64; x64) AppleWebKit/537.36 (KHTML, like Gecko) Chrome/129.0.0.0 Safari/537.36"
jomarlogistica.com.br:80 135.181.79.90 - - [22/Sep/2025:17:00:32 -0300] "POST /wp-json/contact-form-7/v1/contact-forms/5005/feedback HTTP/1.1" 200 865 "https://jomarlogistica.com.br/contato/" "Mozilla/5.0 (Windows NT 10.0; Win64; x64) AppleWebKit/537.36 (KHTML, like Gecko) Chrome/129.0.0.0 Safari/537.36"
jomarlogistica.com.br:80 127.0.0.1 - - [22/Sep/2025:17:00:42 -0300] "OPTIONS * HTTP/1.0" 200 110 "-" "Apache/2.4.65 (Ubuntu) (internal dummy connection)"
jomarlogistica.com.br:80 51.161.65.58 - - [22/Sep/2025:17:00:46 -0300] "GET /robots.txt HTTP/1.1" 200 584 "-" "Mozilla/5.0 (compatible; AhrefsBot/7.0; +http://ahrefs.com/robot/)"
jomarlogistica.com.br:80 5.39.1.246 - - [22/Sep/2025:17:00:48 -0300] "GET /2022/03/20/north-america-free-trade-agreement-everything-you-need-to-know/ HTTP/1.1" 200 13424 "-" "Mozilla/5.0 (compatible; AhrefsBot/7.0; +http://ahrefs.com/robot/)"
jomarlogistica.com.br:80 172.20.1.117 - - [22/Sep/2025:17:04:08 -0300] "POST /wp-cron.php?doing_wp_cron=1758571448.3666009902954101562500 HTTP/1.1" 200 389 "https://jomarlogistica.com.br/wp-cron.php?doing_wp_cron=1758571448.3666009902954101562500" "WordPress/5.8.10; https://jomarlogistica.com.br"
jomarlogistica.com.br:80 20.171.207.156 - - [22/Sep/2025:17:04:08 -0300] "GET /wp-sitemap.xml HTTP/1.1" 200 643 "-" "Mozilla/5.0 AppleWebKit/537.36 (KHTML, like Gecko; compatible; GPTBot/1.2; +https://openai.com/gptbot)"
jomarlogistica.com.br:80 127.0.0.1 - - [22/Sep/2025:17:04:13 -0300] "OPTIONS * HTTP/1.0" 200 110 "-" "Apache/2.4.65 (Ubuntu) (internal dummy connection)"
jomarlogistica.com.br:80 172.20.1.117 - - [22/Sep/2025:17:12:52 -0300] "POST /wp-cron.php?doing_wp_cron=1758571972.1079540252685546875000 HTTP/1.1" 200 389 "https://jomarlogistica.com.br/wp-cron.php?doing_wp_cron=1758571972.1079540252685546875000" "WordPress/5.8.10; https://jomarlogistica.com.br"
jomarlogistica.com.br:80 185.191.171.1 - - [22/Sep/2025:17:12:51 -0300] "GET /2023/04/23/the-challenges-of-dating-far-away/ HTTP/1.1" 200 17398 "-" "Mozilla/5.0 (compatible; SemrushBot/7~bl; +http://www.semrush.com/bot.html)"
jomarlogistica.com.br:80 127.0.0.1 - - [22/Sep/2025:17:12:57 -0300] "OPTIONS * HTTP/1.0" 200 110 "-" "Apache/2.4.65 (Ubuntu) (internal dummy connection)"
jomarlogistica.com.br:80 104.248.154.105 - - [22/Sep/2025:17:19:41 -0300] "POST /wp-login.php HTTP/1.1" 403 2493 "-" "Mozilla/5.0"
jomarlogistica.com.br:80 104.248.154.105 - - [22/Sep/2025:17:19:43 -0300] "POST /wp-login.php HTTP/1.1" 403 2493 "-" "Mozilla/5.0"
jomarlogistica.com.br:80 127.0.0.1 - - [22/Sep/2025:17:19:48 -0300] "OPTIONS * HTTP/1.0" 200 110 "-" "Apache/2.4.65 (Ubuntu) (internal dummy connection)"
jomarlogistica.com.br:80 172.20.1.117 - - [22/Sep/2025:17:45:53 -0300] "POST /wp-cron.php?doing_wp_cron=1758573953.4110980033874511718750 HTTP/1.1" 200 389 "https://jomarlogistica.com.br/wp-cron.php?doing_wp_cron=1758573953.4110980033874511718750" "WordPress/5.8.10; https://jomarlogistica.com.br"
jomarlogistica.com.br:80 159.223.84.229 - - [22/Sep/2025:17:45:52 -0300] "GET /wp-content/plugins/WordPressCore/include.php HTTP/1.1" 301 494 "-" "Mozlila/5.0 (Linux; Android 7.0; SM-G892A Bulid/NRD90M; wv) AppleWebKit/537.36 (KHTML, like Gecko) Version/4.0 Chrome/60.0.3112.107 Moblie Safari/537.36"
jomarlogistica.com.br:80 127.0.0.1 - - [22/Sep/2025:17:45:58 -0300] "OPTIONS * HTTP/1.0" 200 110 "-" "Apache/2.4.65 (Ubuntu) (internal dummy connection)"
jomarlogistica.com.br:80 159.223.84.229 - - [22/Sep/2025:17:46:12 -0300] "GET /wp-content/plugins/WordPressCore/include.php HTTP/1.1" 404 448 "-" "Mozlila/5.0 (Linux; Android 7.0; SM-G892A Bulid/NRD90M; wv) AppleWebKit/537.36 (KHTML, like Gecko) Version/4.0 Chrome/60.0.3112.107 Moblie Safari/537.36"
jomarlogistica.com.br:80 159.223.84.229 - - [22/Sep/2025:17:46:18 -0300] "GET /wp-content/plugins/WordPressCore/include.php HTTP/1.1" 301 494 "-" "Mozlila/5.0 (Linux; Android 7.0; SM-G892A Bulid/NRD90M; wv) AppleWebKit/537.36 (KHTML, like Gecko) Version/4.0 Chrome/60.0.3112.107 Moblie Safari/537.36"
jomarlogistica.com.br:80 159.223.84.229 - - [22/Sep/2025:17:46:24 -0300] "GET /wp-content/plugins/WordPressCore/include.php HTTP/1.1" 404 448 "-" "Mozlila/5.0 (Linux; Android 7.0; SM-G892A Bulid/NRD90M; wv) AppleWebKit/537.36 (KHTML, like Gecko) Version/4.0 Chrome/60.0.3112.107 Moblie Safari/537.36"
jomarlogistica.com.br:80 159.223.84.229 - - [22/Sep/2025:17:46:30 -0300] "GET /wp-content/themes/include.php HTTP/1.1" 301 479 "-" "Mozlila/5.0 (Linux; Android 7.0; SM-G892A Bulid/NRD90M; wv) AppleWebKit/537.36 (KHTML, like Gecko) Version/4.0 Chrome/60.0.3112.107 Moblie Safari/537.36"
jomarlogistica.com.br:80 159.223.84.229 - - [22/Sep/2025:17:46:38 -0300] "GET /wp-content/themes/include.php HTTP/1.1" 404 448 "-" "Mozlila/5.0 (Linux; Android 7.0; SM-G892A Bulid/NRD90M; wv) AppleWebKit/537.36 (KHTML, like Gecko) Version/4.0 Chrome/60.0.3112.107 Moblie Safari/537.36"
jomarlogistica.com.br:80 159.223.84.229 - - [22/Sep/2025:17:46:47 -0300] "GET /wp-content/themes/include.php HTTP/1.1" 301 479 "-" "Mozlila/5.0 (Linux; Android 7.0; SM-G892A Bulid/NRD90M; wv) AppleWebKit/537.36 (KHTML, like Gecko) Version/4.0 Chrome/60.0.3112.107 Moblie Safari/537.36"
jomarlogistica.com.br:80 159.223.84.229 - - [22/Sep/2025:17:46:54 -0300] "GET /wp-content/themes/include.php HTTP/1.1" 404 448 "-" "Mozlila/5.0 (Linux; Android 7.0; SM-G892A Bulid/NRD90M; wv) AppleWebKit/537.36 (KHTML, like Gecko) Version/4.0 Chrome/60.0.3112.107 Moblie Safari/537.36"
jomarlogistica.com.br:80 159.223.84.229 - - [22/Sep/2025:17:47:03 -0300] "GET /wp-content/plugins/include.php HTTP/1.1" 301 480 "-" "Mozlila/5.0 (Linux; Android 7.0; SM-G892A Bulid/NRD90M; wv) AppleWebKit/537.36 (KHTML, like Gecko) Version/4.0 Chrome/60.0.3112.107 Moblie Safari/537.36"
jomarlogistica.com.br:80 159.223.84.229 - - [22/Sep/2025:17:47:08 -0300] "GET /wp-content/plugins/include.php HTTP/1.1" 404 448 "-" "Mozlila/5.0 (Linux; Android 7.0; SM-G892A Bulid/NRD90M; wv) AppleWebKit/537.36 (KHTML, like Gecko) Version/4.0 Chrome/60.0.3112.107 Moblie Safari/537.36"
jomarlogistica.com.br:80 172.20.1.117 - - [22/Sep/2025:17:47:18 -0300] "POST /wp-cron.php?doing_wp_cron=1758574038.3716928958892822265625 HTTP/1.1" 200 389 "https://jomarlogistica.com.br/wp-cron.php?doing_wp_cron=1758574038.3716928958892822265625" "WordPress/5.8.10; https://jomarlogistica.com.br"
jomarlogistica.com.br:80 159.223.84.229 - - [22/Sep/2025:17:47:18 -0300] "GET /wp-content/plugins/include.php HTTP/1.1" 301 480 "-" "Mozlila/5.0 (Linux; Android 7.0; SM-G892A Bulid/NRD90M; wv) AppleWebKit/537.36 (KHTML, like Gecko) Version/4.0 Chrome/60.0.3112.107 Moblie Safari/537.36"
jomarlogistica.com.br:80 127.0.0.1 - - [22/Sep/2025:17:47:23 -0300] "OPTIONS * HTTP/1.0" 200 110 "-" "Apache/2.4.65 (Ubuntu) (internal dummy connection)"
jomarlogistica.com.br:80 159.223.84.229 - - [22/Sep/2025:17:47:28 -0300] "GET /wp-content/plugins/include.php HTTP/1.1" 404 448 "-" "Mozlila/5.0 (Linux; Android 7.0; SM-G892A Bulid/NRD90M; wv) AppleWebKit/537.36 (KHTML, like Gecko) Version/4.0 Chrome/60.0.3112.107 Moblie Safari/537.36"
jomarlogistica.com.br:80 3.224.104.67 - - [22/Sep/2025:17:50:55 -0300] "GET /author/jomar/page/8/ HTTP/1.1" 200 18600 "-" "Mozilla/5.0 AppleWebKit/537.36 (KHTML, like Gecko; compatible; Amazonbot/0.1; +https://developer.amazon.com/support/amazonbot) Chrome/119.0.6045.214 Safari/537.36"
jomarlogistica.com.br:80 172.20.1.117 - - [22/Sep/2025:17:58:08 -0300] "POST /wp-cron.php?doing_wp_cron=1758574688.6869080066680908203125 HTTP/1.1" 200 389 "https://jomarlogistica.com.br/wp-cron.php?doing_wp_cron=1758574688.6869080066680908203125" "WordPress/5.8.10; https://jomarlogistica.com.br"
jomarlogistica.com.br:80 216.244.66.226 - - [22/Sep/2025:17:58:08 -0300] "GET /robots.txt HTTP/1.1" 200 565 "-" "Mozilla/5.0 (compatible; DotBot/1.2; +https://opensiteexplorer.org/dotbot; help@moz.com)"
jomarlogistica.com.br:80 127.0.0.1 - - [22/Sep/2025:17:58:13 -0300] "OPTIONS * HTTP/1.0" 200 110 "-" "Apache/2.4.65 (Ubuntu) (internal dummy connection)"
jomarlogistica.com.br:80 104.248.154.105 - - [22/Sep/2025:17:59:16 -0300] "POST /wp-login.php HTTP/1.1" 403 2493 "-" "Mozilla/5.0"
jomarlogistica.com.br:80 104.248.154.105 - - [22/Sep/2025:17:59:18 -0300] "POST /wp-login.php HTTP/1.1" 403 2493 "-" "Mozilla/5.0"
jomarlogistica.com.br:80 172.20.1.117 - - [22/Sep/2025:18:09:28 -0300] "POST /wp-cron.php?doing_wp_cron=1758575368.4194209575653076171875 HTTP/1.1" 200 389 "https://jomarlogistica.com.br/wp-cron.php?doing_wp_cron=1758575368.4194209575653076171875" "WordPress/5.8.10; https://jomarlogistica.com.br"
jomarlogistica.com.br:80 157.230.253.5 - - [22/Sep/2025:18:09:27 -0300] "GET /wp-content/plugins/pwnd/pwnd.php HTTP/1.1" 404 448 "-" "Mozilla/5.0"
jomarlogistica.com.br:80 127.0.0.1 - - [22/Sep/2025:18:09:33 -0300] "OPTIONS * HTTP/1.0" 200 110 "-" "Apache/2.4.65 (Ubuntu) (internal dummy connection)"
jomarlogistica.com.br:80 172.20.1.117 - - [22/Sep/2025:18:12:06 -0300] "POST /wp-cron.php?doing_wp_cron=1758575526.4385299682617187500000 HTTP/1.1" 200 389 "https://jomarlogistica.com.br/wp-cron.php?doing_wp_cron=1758575526.4385299682617187500000" "WordPress/5.8.10; https://jomarlogistica.com.br"
jomarlogistica.com.br:80 103.133.143.229 - - [22/Sep/2025:18:12:06 -0300] "GET /about.php HTTP/1.1" 404 448 "-" "Mozilla/5.0 (Linux; Android 7.0; SM-G892A Build/NRD90M; wv) AppleWebKit/537.36 (KHTML, like Gecko) Version/4.0 Chrome/60.0.3112.107 Mobile Safari/537.36"
jomarlogistica.com.br:80 103.133.143.229 - - [22/Sep/2025:18:12:08 -0300] "GET /upload.php?mr=exe3 HTTP/1.1" 404 448 "-" "Mozilla/5.0 (Linux; Android 7.0; SM-G892A Build/NRD90M; wv) AppleWebKit/537.36 (KHTML, like Gecko) Version/4.0 Chrome/60.0.3112.107 Mobile Safari/537.36"
jomarlogistica.com.br:80 172.20.1.117 - - [22/Sep/2025:18:12:12 -0300] "POST /wp-cron.php?doing_wp_cron=1758575532.5423278808593750000000 HTTP/1.1" 200 389 "https://jomarlogistica.com.br/wp-cron.php?doing_wp_cron=1758575532.5423278808593750000000" "WordPress/5.8.10; https://jomarlogistica.com.br"
jomarlogistica.com.br:80 103.133.143.229 - - [22/Sep/2025:18:12:12 -0300] "GET /great1.php HTTP/1.1" 404 448 "-" "Mozilla/5.0 (Linux; Android 7.0; SM-G892A Build/NRD90M; wv) AppleWebKit/537.36 (KHTML, like Gecko) Version/4.0 Chrome/60.0.3112.107 Mobile Safari/537.36"
jomarlogistica.com.br:80 103.133.143.229 - - [22/Sep/2025:18:12:15 -0300] "GET /wp-configs.php?p= HTTP/1.1" 301 464 "-" "Mozilla/5.0 (Linux; Android 7.0; SM-G892A Build/NRD90M; wv) AppleWebKit/537.36 (KHTML, like Gecko) Version/4.0 Chrome/60.0.3112.107 Mobile Safari/537.36"
jomarlogistica.com.br:80 103.133.143.229 - - [22/Sep/2025:18:12:16 -0300] "GET /wp-configs.php HTTP/1.1" 404 409 "-" "Mozilla/5.0 (Linux; Android 7.0; SM-G892A Build/NRD90M; wv) AppleWebKit/537.36 (KHTML, like Gecko) Version/4.0 Chrome/60.0.3112.107 Mobile Safari/537.36"
jomarlogistica.com.br:80 127.0.0.1 - - [22/Sep/2025:18:12:17 -0300] "OPTIONS * HTTP/1.0" 200 110 "-" "Apache/2.4.65 (Ubuntu) (internal dummy connection)"
jomarlogistica.com.br:80 103.133.143.229 - - [22/Sep/2025:18:12:18 -0300] "GET /system_log.php HTTP/1.1" 404 448 "-" "Mozilla/5.0 (Linux; Android 7.0; SM-G892A Build/NRD90M; wv) AppleWebKit/537.36 (KHTML, like Gecko) Version/4.0 Chrome/60.0.3112.107 Mobile Safari/537.36"
jomarlogistica.com.br:80 172.20.1.117 - - [22/Sep/2025:18:12:23 -0300] "POST /wp-cron.php?doing_wp_cron=1758575543.1187539100646972656250 HTTP/1.1" 200 389 "https://jomarlogistica.com.br/wp-cron.php?doing_wp_cron=1758575543.1187539100646972656250" "WordPress/5.8.10; https://jomarlogistica.com.br"
jomarlogistica.com.br:80 103.133.143.229 - - [22/Sep/2025:18:12:22 -0300] "GET /01.php HTTP/1.1" 404 448 "-" "Mozilla/5.0 (Linux; Android 7.0; SM-G892A Build/NRD90M; wv) AppleWebKit/537.36 (KHTML, like Gecko) Version/4.0 Chrome/60.0.3112.107 Mobile Safari/537.36"
jomarlogistica.com.br:80 103.133.143.229 - - [22/Sep/2025:18:12:26 -0300] "GET /akp.php HTTP/1.1" 404 448 "-" "Mozilla/5.0 (Linux; Android 7.0; SM-G892A Build/NRD90M; wv) AppleWebKit/537.36 (KHTML, like Gecko) Version/4.0 Chrome/60.0.3112.107 Mobile Safari/537.36"
jomarlogistica.com.br:80 216.73.216.35 - - [22/Sep/2025:18:12:28 -0300] "GET /robots.txt HTTP/1.1" 200 584 "-" "Mozilla/5.0 AppleWebKit/537.36 (KHTML, like Gecko; compatible; ClaudeBot/1.0; +claudebot@anthropic.com)"
jomarlogistica.com.br:80 216.73.216.35 - - [22/Sep/2025:18:12:28 -0300] "GET /wp-sitemap.xml HTTP/1.1" 200 604 "-" "Mozilla/5.0 AppleWebKit/537.36 (KHTML, like Gecko; compatible; ClaudeBot/1.0; +claudebot@anthropic.com)"
jomarlogistica.com.br:80 103.133.143.229 - - [22/Sep/2025:18:12:29 -0300] "GET /wp-content/themes/autoload_classmap.php HTTP/1.1" 404 448 "-" "Mozilla/5.0 (Linux; Android 7.0; SM-G892A Build/NRD90M; wv) AppleWebKit/537.36 (KHTML, like Gecko) Version/4.0 Chrome/60.0.3112.107 Mobile Safari/537.36"
jomarlogistica.com.br:80 103.133.143.229 - - [22/Sep/2025:18:12:33 -0300] "GET /ty.php?p= HTTP/1.1" 301 456 "-" "Mozilla/5.0 (Linux; Android 7.0; SM-G892A Build/NRD90M; wv) AppleWebKit/537.36 (KHTML, like Gecko) Version/4.0 Chrome/60.0.3112.107 Mobile Safari/537.36"
jomarlogistica.com.br:80 103.133.143.229 - - [22/Sep/2025:18:12:33 -0300] "GET /ty.php HTTP/1.1" 404 390 "-" "Mozilla/5.0 (Linux; Android 7.0; SM-G892A Build/NRD90M; wv) AppleWebKit/537.36 (KHTML, like Gecko) Version/4.0 Chrome/60.0.3112.107 Mobile Safari/537.36"
jomarlogistica.com.br:80 127.0.0.1 - - [22/Sep/2025:18:12:38 -0300] "OPTIONS * HTTP/1.0" 200 110 "-" "Apache/2.4.65 (Ubuntu) (internal dummy connection)"
jomarlogistica.com.br:80 103.133.143.229 - - [22/Sep/2025:18:12:39 -0300] "GET /fw.php HTTP/1.1" 404 448 "-" "Mozilla/5.0 (Linux; Android 7.0; SM-G892A Build/NRD90M; wv) AppleWebKit/537.36 (KHTML, like Gecko) Version/4.0 Chrome/60.0.3112.107 Mobile Safari/537.36"
jomarlogistica.com.br:80 103.133.143.229 - - [22/Sep/2025:18:12:41 -0300] "GET /alfa.php HTTP/1.1" 404 448 "-" "Mozilla/5.0 (Linux; Android 7.0; SM-G892A Build/NRD90M; wv) AppleWebKit/537.36 (KHTML, like Gecko) Version/4.0 Chrome/60.0.3112.107 Mobile Safari/537.36"
jomarlogistica.com.br:80 103.133.143.229 - - [22/Sep/2025:18:12:44 -0300] "GET /mini.php HTTP/1.1" 404 448 "-" "Mozilla/5.0 (Linux; Android 7.0; SM-G892A Build/NRD90M; wv) AppleWebKit/537.36 (KHTML, like Gecko) Version/4.0 Chrome/60.0.3112.107 Mobile Safari/537.36"
jomarlogistica.com.br:80 103.133.143.229 - - [22/Sep/2025:18:12:48 -0300] "GET /x.php HTTP/1.1" 404 448 "-" "Mozilla/5.0 (Linux; Android 7.0; SM-G892A Build/NRD90M; wv) AppleWebKit/537.36 (KHTML, like Gecko) Version/4.0 Chrome/60.0.3112.107 Mobile Safari/537.36"
jomarlogistica.com.br:80 103.133.143.229 - - [22/Sep/2025:18:12:50 -0300] "GET /mail.php HTTP/1.1" 404 467 "-" "Mozilla/5.0 (Linux; Android 7.0; SM-G892A Build/NRD90M; wv) AppleWebKit/537.36 (KHTML, like Gecko) Version/4.0 Chrome/60.0.3112.107 Mobile Safari/537.36"
jomarlogistica.com.br:80 103.133.143.229 - - [22/Sep/2025:18:12:53 -0300] "GET /Geforce.php HTTP/1.1" 404 448 "-" "Mozilla/5.0 (Linux; Android 7.0; SM-G892A Build/NRD90M; wv) AppleWebKit/537.36 (KHTML, like Gecko) Version/4.0 Chrome/60.0.3112.107 Mobile Safari/537.36"
jomarlogistica.com.br:80 103.133.143.229 - - [22/Sep/2025:18:12:59 -0300] "GET /wp-includes/IXR/wp-login.php HTTP/1.1" 404 448 "-" "Mozilla/5.0 (Linux; Android 7.0; SM-G892A Build/NRD90M; wv) AppleWebKit/537.36 (KHTML, like Gecko) Version/4.0 Chrome/60.0.3112.107 Mobile Safari/537.36"
jomarlogistica.com.br:80 103.133.143.229 - - [22/Sep/2025:18:13:03 -0300] "GET /templates/hcapmaster_comps.php HTTP/1.1" 404 448 "-" "Mozilla/5.0 (Linux; Android 7.0; SM-G892A Build/NRD90M; wv) AppleWebKit/537.36 (KHTML, like Gecko) Version/4.0 Chrome/60.0.3112.107 Mobile Safari/537.36"
jomarlogistica.com.br:80 103.133.143.229 - - [22/Sep/2025:18:13:08 -0300] "GET /.well-known/pki-validation/xmrlpc.php?p= HTTP/1.1" 301 487 "-" "Mozilla/5.0 (Linux; Android 7.0; SM-G892A Build/NRD90M; wv) AppleWebKit/537.36 (KHTML, like Gecko) Version/4.0 Chrome/60.0.3112.107 Mobile Safari/537.36"
jomarlogistica.com.br:80 103.133.143.229 - - [22/Sep/2025:18:13:09 -0300] "GET /.well-known/pki-validation/xmrlpc.php HTTP/1.1" 404 390 "-" "Mozilla/5.0 (Linux; Android 7.0; SM-G892A Build/NRD90M; wv) AppleWebKit/537.36 (KHTML, like Gecko) Version/4.0 Chrome/60.0.3112.107 Mobile Safari/537.36"
jomarlogistica.com.br:80 103.133.143.229 - - [22/Sep/2025:18:13:18 -0300] "GET /past.php HTTP/1.1" 404 448 "-" "Mozilla/5.0 (Linux; Android 7.0; SM-G892A Build/NRD90M; wv) AppleWebKit/537.36 (KHTML, like Gecko) Version/4.0 Chrome/60.0.3112.107 Mobile Safari/537.36"
jomarlogistica.com.br:80 103.133.143.229 - - [22/Sep/2025:18:13:23 -0300] "GET /wp-admin/network/editor.php HTTP/1.1" 404 448 "-" "Mozilla/5.0 (Linux; Android 7.0; SM-G892A Build/NRD90M; wv) AppleWebKit/537.36 (KHTML, like Gecko) Version/4.0 Chrome/60.0.3112.107 Mobile Safari/537.36"
jomarlogistica.com.br:80 103.133.143.229 - - [22/Sep/2025:18:13:29 -0300] "GET /manager.php?p= HTTP/1.1" 301 461 "-" "Mozilla/5.0 (Linux; Android 7.0; SM-G892A Build/NRD90M; wv) AppleWebKit/537.36 (KHTML, like Gecko) Version/4.0 Chrome/60.0.3112.107 Mobile Safari/537.36"
jomarlogistica.com.br:80 103.133.143.229 - - [22/Sep/2025:18:13:30 -0300] "GET /manager.php HTTP/1.1" 404 390 "-" "Mozilla/5.0 (Linux; Android 7.0; SM-G892A Build/NRD90M; wv) AppleWebKit/537.36 (KHTML, like Gecko) Version/4.0 Chrome/60.0.3112.107 Mobile Safari/537.36"
jomarlogistica.com.br:80 103.133.143.229 - - [22/Sep/2025:18:13:34 -0300] "GET /wp-admin/maint/wp-mail.php HTTP/1.1" 404 448 "-" "Mozilla/5.0 (Linux; Android 7.0; SM-G892A Build/NRD90M; wv) AppleWebKit/537.36 (KHTML, like Gecko) Version/4.0 Chrome/60.0.3112.107 Mobile Safari/537.36"
jomarlogistica.com.br:80 103.133.143.229 - - [22/Sep/2025:18:13:38 -0300] "GET /wp-class.php?p= HTTP/1.1" 301 462 "-" "Mozilla/5.0 (Linux; Android 7.0; SM-G892A Build/NRD90M; wv) AppleWebKit/537.36 (KHTML, like Gecko) Version/4.0 Chrome/60.0.3112.107 Mobile Safari/537.36"
jomarlogistica.com.br:80 103.133.143.229 - - [22/Sep/2025:18:13:39 -0300] "GET /wp-class.php HTTP/1.1" 404 390 "-" "Mozilla/5.0 (Linux; Android 7.0; SM-G892A Build/NRD90M; wv) AppleWebKit/537.36 (KHTML, like Gecko) Version/4.0 Chrome/60.0.3112.107 Mobile Safari/537.36"
jomarlogistica.com.br:80 103.133.143.229 - - [22/Sep/2025:18:13:42 -0300] "GET /cjfuns.php HTTP/1.1" 404 448 "-" "Mozilla/5.0 (Linux; Android 7.0; SM-G892A Build/NRD90M; wv) AppleWebKit/537.36 (KHTML, like Gecko) Version/4.0 Chrome/60.0.3112.107 Mobile Safari/537.36"
jomarlogistica.com.br:80 103.133.143.229 - - [22/Sep/2025:18:13:44 -0300] "GET /akc.php HTTP/1.1" 404 448 "-" "Mozilla/5.0 (Linux; Android 7.0; SM-G892A Build/NRD90M; wv) AppleWebKit/537.36 (KHTML, like Gecko) Version/4.0 Chrome/60.0.3112.107 Mobile Safari/537.36"
jomarlogistica.com.br:80 103.133.143.229 - - [22/Sep/2025:18:13:47 -0300] "GET /wp-content/batm.php HTTP/1.1" 404 448 "-" "Mozilla/5.0 (Linux; Android 7.0; SM-G892A Build/NRD90M; wv) AppleWebKit/537.36 (KHTML, like Gecko) Version/4.0 Chrome/60.0.3112.107 Mobile Safari/537.36"
jomarlogistica.com.br:80 103.133.143.229 - - [22/Sep/2025:18:13:50 -0300] "GET /av.php HTTP/1.1" 404 448 "-" "Mozilla/5.0 (Linux; Android 7.0; SM-G892A Build/NRD90M; wv) AppleWebKit/537.36 (KHTML, like Gecko) Version/4.0 Chrome/60.0.3112.107 Mobile Safari/537.36"
jomarlogistica.com.br:80 103.133.143.229 - - [22/Sep/2025:18:13:53 -0300] "GET /wp-content/batm.php HTTP/1.1" 404 448 "-" "Mozilla/5.0 (Linux; Android 7.0; SM-G892A Build/NRD90M; wv) AppleWebKit/537.36 (KHTML, like Gecko) Version/4.0 Chrome/60.0.3112.107 Mobile Safari/537.36"
jomarlogistica.com.br:80 103.133.143.229 - - [22/Sep/2025:18:13:55 -0300] "GET /ioxi-o.php HTTP/1.1" 404 448 "-" "Mozilla/5.0 (Linux; Android 7.0; SM-G892A Build/NRD90M; wv) AppleWebKit/537.36 (KHTML, like Gecko) Version/4.0 Chrome/60.0.3112.107 Mobile Safari/537.36"
jomarlogistica.com.br:80 103.133.143.229 - - [22/Sep/2025:18:14:00 -0300] "GET /inputs.php HTTP/1.1" 404 448 "-" "Mozilla/5.0 (Linux; Android 7.0; SM-G892A Build/NRD90M; wv) AppleWebKit/537.36 (KHTML, like Gecko) Version/4.0 Chrome/60.0.3112.107 Mobile Safari/537.36"
jomarlogistica.com.br:80 103.133.143.229 - - [22/Sep/2025:18:14:03 -0300] "GET /wp-admin/maint/index.php HTTP/1.1" 301 465 "-" "Mozilla/5.0 (Linux; Android 7.0; SM-G892A Build/NRD90M; wv) AppleWebKit/537.36 (KHTML, like Gecko) Version/4.0 Chrome/60.0.3112.107 Mobile Safari/537.36"
jomarlogistica.com.br:80 103.133.143.229 - - [22/Sep/2025:18:14:05 -0300] "GET /wp-admin/maint/ HTTP/1.1" 403 2493 "-" "Mozilla/5.0 (Linux; Android 7.0; SM-G892A Build/NRD90M; wv) AppleWebKit/537.36 (KHTML, like Gecko) Version/4.0 Chrome/60.0.3112.107 Mobile Safari/537.36"
jomarlogistica.com.br:80 103.133.143.229 - - [22/Sep/2025:18:14:07 -0300] "GET /alfa-rex.php7 HTTP/1.1" 404 448 "-" "Mozilla/5.0 (Linux; Android 7.0; SM-G892A Build/NRD90M; wv) AppleWebKit/537.36 (KHTML, like Gecko) Version/4.0 Chrome/60.0.3112.107 Mobile Safari/537.36"
jomarlogistica.com.br:80 103.133.143.229 - - [22/Sep/2025:18:14:10 -0300] "GET /mah.php?p= HTTP/1.1" 301 457 "-" "Mozilla/5.0 (Linux; Android 7.0; SM-G892A Build/NRD90M; wv) AppleWebKit/537.36 (KHTML, like Gecko) Version/4.0 Chrome/60.0.3112.107 Mobile Safari/537.36"
jomarlogistica.com.br:80 103.133.143.229 - - [22/Sep/2025:18:14:10 -0300] "GET /mah.php HTTP/1.1" 404 409 "-" "Mozilla/5.0 (Linux; Android 7.0; SM-G892A Build/NRD90M; wv) AppleWebKit/537.36 (KHTML, like Gecko) Version/4.0 Chrome/60.0.3112.107 Mobile Safari/537.36"
jomarlogistica.com.br:80 127.0.0.1 - - [22/Sep/2025:18:14:11 -0300] "OPTIONS * HTTP/1.0" 200 110 "-" "Apache/2.4.65 (Ubuntu) (internal dummy connection)"
jomarlogistica.com.br:80 103.133.143.229 - - [22/Sep/2025:18:14:16 -0300] "GET /about.php HTTP/1.1" 404 448 "-" "Mozilla/5.0 (Linux; Android 7.0; SM-G892A Build/NRD90M; wv) AppleWebKit/537.36 (KHTML, like Gecko) Version/4.0 Chrome/60.0.3112.107 Mobile Safari/537.36"
jomarlogistica.com.br:80 103.133.143.229 - - [22/Sep/2025:18:14:21 -0300] "GET /wso.php HTTP/1.1" 404 448 "-" "Mozilla/5.0 (Linux; Android 7.0; SM-G892A Build/NRD90M; wv) AppleWebKit/537.36 (KHTML, like Gecko) Version/4.0 Chrome/60.0.3112.107 Mobile Safari/537.36"
jomarlogistica.com.br:80 103.133.143.229 - - [22/Sep/2025:18:14:25 -0300] "GET /wp-content/plugins/core-plugin/include.php HTTP/1.1" 404 448 "-" "Mozilla/5.0 (Linux; Android 7.0; SM-G892A Build/NRD90M; wv) AppleWebKit/537.36 (KHTML, like Gecko) Version/4.0 Chrome/60.0.3112.107 Mobile Safari/537.36"
jomarlogistica.com.br:80 103.133.143.229 - - [22/Sep/2025:18:14:28 -0300] "GET /upload.php HTTP/1.1" 404 448 "-" "Mozilla/5.0 (Linux; Android 7.0; SM-G892A Build/NRD90M; wv) AppleWebKit/537.36 (KHTML, like Gecko) Version/4.0 Chrome/60.0.3112.107 Mobile Safari/537.36"
jomarlogistica.com.br:80 103.133.143.229 - - [22/Sep/2025:18:14:31 -0300] "GET /lock360.php HTTP/1.1" 404 448 "-" "Mozilla/5.0 (Linux; Android 7.0; SM-G892A Build/NRD90M; wv) AppleWebKit/537.36 (KHTML, like Gecko) Version/4.0 Chrome/60.0.3112.107 Mobile Safari/537.36"
jomarlogistica.com.br:80 103.133.143.229 - - [22/Sep/2025:18:14:35 -0300] "GET /lock.php HTTP/1.1" 404 448 "-" "Mozilla/5.0 (Linux; Android 7.0; SM-G892A Build/NRD90M; wv) AppleWebKit/537.36 (KHTML, like Gecko) Version/4.0 Chrome/60.0.3112.107 Mobile Safari/537.36"
jomarlogistica.com.br:80 103.133.143.229 - - [22/Sep/2025:18:14:37 -0300] "GET /.well-known/pki-validation/?p= HTTP/1.1" 301 477 "-" "Mozilla/5.0 (Linux; Android 7.0; SM-G892A Build/NRD90M; wv) AppleWebKit/537.36 (KHTML, like Gecko) Version/4.0 Chrome/60.0.3112.107 Mobile Safari/537.36"
jomarlogistica.com.br:80 216.244.66.226 - - [22/Sep/2025:18:14:37 -0300] "GET /2022/08/25/what-exactly-is-mutually-effective-arrangement/ HTTP/1.1" 200 81452 "-" "Mozilla/5.0 (compatible; DotBot/1.2; +https://opensiteexplorer.org/dotbot; help@moz.com)"
jomarlogistica.com.br:80 103.133.143.229 - - [22/Sep/2025:18:14:38 -0300] "GET /.well-known/pki-validation/ HTTP/1.1" 404 390 "-" "Mozilla/5.0 (Linux; Android 7.0; SM-G892A Build/NRD90M; wv) AppleWebKit/537.36 (KHTML, like Gecko) Version/4.0 Chrome/60.0.3112.107 Mobile Safari/537.36"
jomarlogistica.com.br:80 103.133.143.229 - - [22/Sep/2025:18:14:41 -0300] "GET /wp-admin/wp-login.php HTTP/1.1" 404 448 "-" "Mozilla/5.0 (Linux; Android 7.0; SM-G892A Build/NRD90M; wv) AppleWebKit/537.36 (KHTML, like Gecko) Version/4.0 Chrome/60.0.3112.107 Mobile Safari/537.36"
jomarlogistica.com.br:80 103.133.143.229 - - [22/Sep/2025:18:14:45 -0300] "GET /asasx.php?p= HTTP/1.1" 301 459 "-" "Mozilla/5.0 (Linux; Android 7.0; SM-G892A Build/NRD90M; wv) AppleWebKit/537.36 (KHTML, like Gecko) Version/4.0 Chrome/60.0.3112.107 Mobile Safari/537.36"
jomarlogistica.com.br:80 103.133.143.229 - - [22/Sep/2025:18:14:46 -0300] "GET /asasx.php HTTP/1.1" 404 390 "-" "Mozilla/5.0 (Linux; Android 7.0; SM-G892A Build/NRD90M; wv) AppleWebKit/537.36 (KHTML, like Gecko) Version/4.0 Chrome/60.0.3112.107 Mobile Safari/537.36"
jomarlogistica.com.br:80 103.133.143.229 - - [22/Sep/2025:18:14:50 -0300] "GET /ova-wso.php HTTP/1.1" 404 448 "-" "Mozilla/5.0 (Linux; Android 7.0; SM-G892A Build/NRD90M; wv) AppleWebKit/537.36 (KHTML, like Gecko) Version/4.0 Chrome/60.0.3112.107 Mobile Safari/537.36"
jomarlogistica.com.br:80 127.0.0.1 - - [22/Sep/2025:18:14:54 -0300] "OPTIONS * HTTP/1.0" 200 110 "-" "Apache/2.4.65 (Ubuntu) (internal dummy connection)"
jomarlogistica.com.br:80 103.133.143.229 - - [22/Sep/2025:18:14:55 -0300] "GET /av.php HTTP/1.1" 404 448 "-" "Mozilla/5.0 (Linux; Android 7.0; SM-G892A Build/NRD90M; wv) AppleWebKit/537.36 (KHTML, like Gecko) Version/4.0 Chrome/60.0.3112.107 Mobile Safari/537.36"
jomarlogistica.com.br:80 103.133.143.229 - - [22/Sep/2025:18:14:58 -0300] "GET /xml.php HTTP/1.1" 404 448 "-" "Mozilla/5.0 (Linux; Android 7.0; SM-G892A Build/NRD90M; wv) AppleWebKit/537.36 (KHTML, like Gecko) Version/4.0 Chrome/60.0.3112.107 Mobile Safari/537.36"
jomarlogistica.com.br:80 103.133.143.229 - - [22/Sep/2025:18:15:01 -0300] "GET /1.php?p= HTTP/1.1" 301 455 "-" "Mozilla/5.0 (Linux; Android 7.0; SM-G892A Build/NRD90M; wv) AppleWebKit/537.36 (KHTML, like Gecko) Version/4.0 Chrome/60.0.3112.107 Mobile Safari/537.36"
jomarlogistica.com.br:80 103.133.143.229 - - [22/Sep/2025:18:15:02 -0300] "GET /1.php HTTP/1.1" 404 390 "-" "Mozilla/5.0 (Linux; Android 7.0; SM-G892A Build/NRD90M; wv) AppleWebKit/537.36 (KHTML, like Gecko) Version/4.0 Chrome/60.0.3112.107 Mobile Safari/537.36"
jomarlogistica.com.br:80 103.133.143.229 - - [22/Sep/2025:18:15:04 -0300] "GET /.well-known/pki-validation/index.php?p= HTTP/1.1" 301 496 "-" "Mozilla/5.0 (Linux; Android 7.0; SM-G892A Build/NRD90M; wv) AppleWebKit/537.36 (KHTML, like Gecko) Version/4.0 Chrome/60.0.3112.107 Mobile Safari/537.36"
jomarlogistica.com.br:80 103.133.143.229 - - [22/Sep/2025:18:15:05 -0300] "GET /.well-known/pki-validation/ HTTP/1.1" 404 390 "-" "Mozilla/5.0 (Linux; Android 7.0; SM-G892A Build/NRD90M; wv) AppleWebKit/537.36 (KHTML, like Gecko) Version/4.0 Chrome/60.0.3112.107 Mobile Safari/537.36"
jomarlogistica.com.br:80 103.133.143.229 - - [22/Sep/2025:18:15:08 -0300] "GET /wp-includes/class-wp-user-wp.php HTTP/1.1" 404 448 "-" "Mozilla/5.0 (Linux; Android 7.0; SM-G892A Build/NRD90M; wv) AppleWebKit/537.36 (KHTML, like Gecko) Version/4.0 Chrome/60.0.3112.107 Mobile Safari/537.36"
jomarlogistica.com.br:80 103.133.143.229 - - [22/Sep/2025:18:15:11 -0300] "GET /buy.php HTTP/1.1" 404 448 "-" "Mozilla/5.0 (Linux; Android 7.0; SM-G892A Build/NRD90M; wv) AppleWebKit/537.36 (KHTML, like Gecko) Version/4.0 Chrome/60.0.3112.107 Mobile Safari/537.36"
jomarlogistica.com.br:80 103.133.143.229 - - [22/Sep/2025:18:15:16 -0300] "GET /ws.php HTTP/1.1" 404 448 "-" "Mozilla/5.0 (Linux; Android 7.0; SM-G892A Build/NRD90M; wv) AppleWebKit/537.36 (KHTML, like Gecko) Version/4.0 Chrome/60.0.3112.107 Mobile Safari/537.36"
