File: /var/www/vhosts/jomarlogistica.com.br/statistics/logs/access.log.2
jomarlogistica.com.br:80 172.20.1.198 - - [09/Oct/2025:00:34:27 -0300] "POST /wp-cron.php?doing_wp_cron=1759980867.1180789470672607421875 HTTP/1.1" 200 389 "https://jomarlogistica.com.br/wp-cron.php?doing_wp_cron=1759980867.1180789470672607421875" "WordPress/5.8.10; https://jomarlogistica.com.br"
jomarlogistica.com.br:80 124.221.245.78 - - [09/Oct/2025:00:34:22 -0300] "GET / HTTP/1.1" 301 449 "http://www.jomarlogistica.com.br" "Mozilla/5.0 (iPhone; CPU iPhone OS 13_2_3 like Mac OS X) AppleWebKit/605.1.15 (KHTML, like Gecko) Version/13.0.3 Mobile/15E148 Safari/604.1"
jomarlogistica.com.br:80 127.0.0.1 - - [09/Oct/2025:00:34:32 -0300] "OPTIONS * HTTP/1.0" 200 110 "-" "Apache/2.4.65 (Ubuntu) (internal dummy connection)"
jomarlogistica.com.br:80 124.221.245.78 - - [09/Oct/2025:00:34:32 -0300] "GET / HTTP/1.1" 200 23928 "https://www.jomarlogistica.com.br/" "Mozilla/5.0 (iPhone; CPU iPhone OS 13_2_3 like Mac OS X) AppleWebKit/605.1.15 (KHTML, like Gecko) Version/13.0.3 Mobile/15E148 Safari/604.1"
jomarlogistica.com.br:80 142.44.220.50 - - [09/Oct/2025:00:36:03 -0300] "GET /2022/12/25/can-a-doctor-be-an-independent-contractor-legal-implications-explained/feed/ HTTP/1.1" 200 1004 "-" "Mozilla/5.0 (compatible; AhrefsBot/7.0; +http://ahrefs.com/robot/)"
jomarlogistica.com.br:80 172.20.1.198 - - [09/Oct/2025:00:37:47 -0300] "POST /wp-cron.php?doing_wp_cron=1759981067.9673171043395996093750 HTTP/1.1" 200 389 "https://jomarlogistica.com.br/wp-cron.php?doing_wp_cron=1759981067.9673171043395996093750" "WordPress/5.8.10; https://jomarlogistica.com.br"
jomarlogistica.com.br:80 184.73.47.24 - - [09/Oct/2025:00:37:47 -0300] "GET /2023/01/18/what-exactly-mutually-useful-relationship/ HTTP/1.1" 200 18093 "-" "Mozilla/5.0 AppleWebKit/537.36 (KHTML, like Gecko; compatible; Amazonbot/0.1; +https://developer.amazon.com/support/amazonbot) Chrome/119.0.6045.214 Safari/537.36"
jomarlogistica.com.br:80 18.211.39.188 - - [09/Oct/2025:00:37:51 -0300] "GET /2023/09/09/legal-solutions-designed-for-small-businesses/ HTTP/1.1" 200 17384 "-" "Mozilla/5.0 AppleWebKit/537.36 (KHTML, like Gecko; compatible; Amazonbot/0.1; +https://developer.amazon.com/support/amazonbot) Chrome/119.0.6045.214 Safari/537.36"
jomarlogistica.com.br:80 34.204.150.196 - - [09/Oct/2025:00:37:55 -0300] "GET /2022/10/08/methods-to-ask-sugardaddy-for-money/ HTTP/1.1" 200 17286 "-" "Mozilla/5.0 AppleWebKit/537.36 (KHTML, like Gecko; compatible; Amazonbot/0.1; +https://developer.amazon.com/support/amazonbot) Chrome/119.0.6045.214 Safari/537.36"
jomarlogistica.com.br:80 18.210.58.238 - - [09/Oct/2025:00:38:00 -0300] "GET /2023/11/15/how-to-organise-the-board-records-with-boardpro/ HTTP/1.1" 200 17186 "-" "Mozilla/5.0 AppleWebKit/537.36 (KHTML, like Gecko; compatible; Amazonbot/0.1; +https://developer.amazon.com/support/amazonbot) Chrome/119.0.6045.214 Safari/537.36"
jomarlogistica.com.br:80 52.203.65.83 - - [09/Oct/2025:00:38:04 -0300] "GET /2023/02/11/in-the-event-you-kiss-your-date-on-the-first-night-out/ HTTP/1.1" 200 17438 "-" "Mozilla/5.0 AppleWebKit/537.36 (KHTML, like Gecko; compatible; Amazonbot/0.1; +https://developer.amazon.com/support/amazonbot) Chrome/119.0.6045.214 Safari/537.36"
jomarlogistica.com.br:80 127.0.0.1 - - [09/Oct/2025:00:38:10 -0300] "OPTIONS * HTTP/1.0" 200 110 "-" "Apache/2.4.65 (Ubuntu) (internal dummy connection)"
jomarlogistica.com.br:80 34.225.138.57 - - [09/Oct/2025:00:38:11 -0300] "GET /2023/11/22/burrows-finn-and-todd-law-of-contract-in-new-zealand/ HTTP/1.1" 200 13849 "-" "Mozilla/5.0 AppleWebKit/537.36 (KHTML, like Gecko; compatible; Amazonbot/0.1; +https://developer.amazon.com/support/amazonbot) Chrome/119.0.6045.214 Safari/537.36"
jomarlogistica.com.br:80 54.147.182.90 - - [09/Oct/2025:00:38:11 -0300] "GET /2023/06/20/the-main-advantages-of-board-webpages-software/ HTTP/1.1" 200 17378 "-" "Mozilla/5.0 AppleWebKit/537.36 (KHTML, like Gecko; compatible; Amazonbot/0.1; +https://developer.amazon.com/support/amazonbot) Chrome/119.0.6045.214 Safari/537.36"
jomarlogistica.com.br:80 54.243.63.52 - - [09/Oct/2025:00:38:15 -0300] "GET /2022/05/24/are-bump-stocks-legal-in-washington-state-laws-and-regulations/ HTTP/1.1" 200 13832 "-" "Mozilla/5.0 AppleWebKit/537.36 (KHTML, like Gecko; compatible; Amazonbot/0.1; +https://developer.amazon.com/support/amazonbot) Chrome/119.0.6045.214 Safari/537.36"
jomarlogistica.com.br:80 52.6.232.201 - - [09/Oct/2025:00:38:19 -0300] "GET /2023/01/30/what-to-anticipate-from-a-latina-relationship-agency/ HTTP/1.1" 200 18058 "-" "Mozilla/5.0 AppleWebKit/537.36 (KHTML, like Gecko; compatible; Amazonbot/0.1; +https://developer.amazon.com/support/amazonbot) Chrome/119.0.6045.214 Safari/537.36"
jomarlogistica.com.br:80 98.82.66.172 - - [09/Oct/2025:00:38:23 -0300] "GET /2023/09/16/how-collaborative-software-benefits-your-business/ HTTP/1.1" 200 17278 "-" "Mozilla/5.0 AppleWebKit/537.36 (KHTML, like Gecko; compatible; Amazonbot/0.1; +https://developer.amazon.com/support/amazonbot) Chrome/119.0.6045.214 Safari/537.36"
jomarlogistica.com.br:80 18.235.81.246 - - [09/Oct/2025:00:38:28 -0300] "GET /2022/09/27/bank-legal-department-expert-guidance-on-financial-law/ HTTP/1.1" 200 14372 "-" "Mozilla/5.0 AppleWebKit/537.36 (KHTML, like Gecko; compatible; Amazonbot/0.1; +https://developer.amazon.com/support/amazonbot) Chrome/119.0.6045.214 Safari/537.36"
jomarlogistica.com.br:80 127.0.0.1 - - [09/Oct/2025:00:38:29 -0300] "OPTIONS * HTTP/1.0" 200 110 "-" "Apache/2.4.65 (Ubuntu) (internal dummy connection)"
jomarlogistica.com.br:80 52.200.251.20 - - [09/Oct/2025:00:38:32 -0300] "GET /2023/04/16/how-to-handle-first-night-out-nerves/ HTTP/1.1" 200 17480 "-" "Mozilla/5.0 AppleWebKit/537.36 (KHTML, like Gecko; compatible; Amazonbot/0.1; +https://developer.amazon.com/support/amazonbot) Chrome/119.0.6045.214 Safari/537.36"
jomarlogistica.com.br:80 54.197.114.76 - - [09/Oct/2025:00:38:35 -0300] "GET /2023/08/01/the-very-best-lego-models/ HTTP/1.1" 200 17261 "-" "Mozilla/5.0 AppleWebKit/537.36 (KHTML, like Gecko; compatible; Amazonbot/0.1; +https://developer.amazon.com/support/amazonbot) Chrome/119.0.6045.214 Safari/537.36"
jomarlogistica.com.br:80 44.212.145.46 - - [09/Oct/2025:00:38:39 -0300] "GET /2023/09/20/universal-life-church-marriages-in-ohio-legal-status-explained/ HTTP/1.1" 200 13675 "-" "Mozilla/5.0 AppleWebKit/537.36 (KHTML, like Gecko; compatible; Amazonbot/0.1; +https://developer.amazon.com/support/amazonbot) Chrome/119.0.6045.214 Safari/537.36"
jomarlogistica.com.br:80 3.93.253.174 - - [09/Oct/2025:00:38:44 -0300] "GET /2022/06/02/breaking-good-friday-agreement-implications-and-consequences-explained/ HTTP/1.1" 200 14274 "-" "Mozilla/5.0 AppleWebKit/537.36 (KHTML, like Gecko; compatible; Amazonbot/0.1; +https://developer.amazon.com/support/amazonbot) Chrome/119.0.6045.214 Safari/537.36"
jomarlogistica.com.br:80 54.80.73.122 - - [09/Oct/2025:00:38:47 -0300] "GET /2022/11/21/what-european-female-wants-from-a-man-within-a-relationship/ HTTP/1.1" 200 18323 "-" "Mozilla/5.0 AppleWebKit/537.36 (KHTML, like Gecko; compatible; Amazonbot/0.1; +https://developer.amazon.com/support/amazonbot) Chrome/119.0.6045.214 Safari/537.36"
jomarlogistica.com.br:80 52.202.52.82 - - [09/Oct/2025:00:38:52 -0300] "GET /2023/02/26/so-why-do-persons-rely-on-dating-over-internet/ HTTP/1.1" 200 17535 "-" "Mozilla/5.0 AppleWebKit/537.36 (KHTML, like Gecko; compatible; Amazonbot/0.1; +https://developer.amazon.com/support/amazonbot) Chrome/119.0.6045.214 Safari/537.36"
jomarlogistica.com.br:80 172.20.1.198 - - [09/Oct/2025:00:44:26 -0300] "POST /wp-cron.php?doing_wp_cron=1759981466.4101800918579101562500 HTTP/1.1" 200 389 "https://jomarlogistica.com.br/wp-cron.php?doing_wp_cron=1759981466.4101800918579101562500" "WordPress/5.8.10; https://jomarlogistica.com.br"
jomarlogistica.com.br:80 51.75.116.202 - - [09/Oct/2025:00:44:26 -0300] "GET /robots.txt HTTP/1.1" 200 565 "-" "Mozilla/5.0 (compatible; MJ12bot/v1.4.8; http://mj12bot.com/)"
jomarlogistica.com.br:80 51.75.116.202 - - [09/Oct/2025:00:44:28 -0300] "GET /2023/04/25/the-puma-corporation-%E8%A8%BB%E5%86%8A-ditt-%E5%9F%9F%E5%90%8D%EF%BC%8Ctwitter-%E8%B3%AC%E8%99%9F%E6%9B%B4%E5%90%8D%E7%82%BA-puma-eth/ HTTP/1.1" 200 19285 "-" "Mozilla/5.0 (compatible; MJ12bot/v1.4.8; http://mj12bot.com/)"
jomarlogistica.com.br:80 127.0.0.1 - - [09/Oct/2025:00:44:33 -0300] "OPTIONS * HTTP/1.0" 200 110 "-" "Apache/2.4.65 (Ubuntu) (internal dummy connection)"
jomarlogistica.com.br:80 54.39.6.239 - - [09/Oct/2025:00:44:48 -0300] "GET /2023/02/14/can-an-independent-contractor-open-a-roth-ira-legal-guide/feed/ HTTP/1.1" 200 1001 "-" "Mozilla/5.0 (compatible; AhrefsBot/7.0; +http://ahrefs.com/robot/)"
jomarlogistica.com.br:80 177.116.190.244 - - [09/Oct/2025:00:46:46 -0300] "POST /autodiscover/autodiscover.xml HTTP/1.1" 404 448 "-" "AppleExchangeWebServices/833 accountsd/113"
jomarlogistica.com.br:80 172.20.1.198 - - [09/Oct/2025:00:52:53 -0300] "POST /wp-cron.php?doing_wp_cron=1759981973.1674420833587646484375 HTTP/1.1" 200 389 "https://jomarlogistica.com.br/wp-cron.php?doing_wp_cron=1759981973.1674420833587646484375" "WordPress/5.8.10; https://jomarlogistica.com.br"
jomarlogistica.com.br:80 54.39.136.59 - - [09/Oct/2025:00:52:52 -0300] "GET /2023/11/30/bill-cannot-become-law-until-it-is-passed-legal-insights/feed/ HTTP/1.1" 200 1000 "-" "Mozilla/5.0 (compatible; AhrefsBot/7.0; +http://ahrefs.com/robot/)"
jomarlogistica.com.br:80 127.0.0.1 - - [09/Oct/2025:00:52:58 -0300] "OPTIONS * HTTP/1.0" 200 110 "-" "Apache/2.4.65 (Ubuntu) (internal dummy connection)"
jomarlogistica.com.br:80 85.208.96.196 - - [09/Oct/2025:00:57:06 -0300] "GET /robots.txt HTTP/1.1" 200 584 "-" "Mozilla/5.0 (compatible; SemrushBot/7~bl; +http://www.semrush.com/bot.html)"
jomarlogistica.com.br:80 185.191.171.16 - - [09/Oct/2025:00:57:07 -0300] "GET /2022/page/3/ HTTP/1.1" 200 18639 "-" "Mozilla/5.0 (compatible; SemrushBot/7~bl; +http://www.semrush.com/bot.html)"
jomarlogistica.com.br:80 172.20.1.198 - - [09/Oct/2025:01:00:40 -0300] "POST /wp-cron.php?doing_wp_cron=1759982440.8301150798797607421875 HTTP/1.1" 200 389 "https://jomarlogistica.com.br/wp-cron.php?doing_wp_cron=1759982440.8301150798797607421875" "WordPress/5.8.10; https://jomarlogistica.com.br"
jomarlogistica.com.br:80 66.249.88.1 - - [09/Oct/2025:01:00:40 -0300] "GET /.well-known/traffic-advice HTTP/1.1" 404 448 "-" "Chrome Privacy Preserving Prefetch Proxy"
jomarlogistica.com.br:80 72.14.201.233 - - [09/Oct/2025:01:00:40 -0300] "GET /2022/06/23/are-cherry-bomb-mufflers-legal-legal-information-and-regulations/ HTTP/1.1" 200 14186 "https://www.google.com/" "Mozilla/5.0 (Linux; Android 10; K) AppleWebKit/537.36 (KHTML, like Gecko) Chrome/141.0.0.0 Mobile Safari/537.36"
jomarlogistica.com.br:80 127.0.0.1 - - [09/Oct/2025:01:00:45 -0300] "OPTIONS * HTTP/1.0" 200 110 "-" "Apache/2.4.65 (Ubuntu) (internal dummy connection)"
jomarlogistica.com.br:80 167.114.139.33 - - [09/Oct/2025:01:02:04 -0300] "GET /2022/08/03/bhs-loan-agreement-template-free-legal-document-download/feed/ HTTP/1.1" 200 998 "-" "Mozilla/5.0 (compatible; AhrefsBot/7.0; +http://ahrefs.com/robot/)"
jomarlogistica.com.br:80 172.20.1.198 - - [09/Oct/2025:01:03:49 -0300] "POST /wp-cron.php?doing_wp_cron=1759982629.0969610214233398437500 HTTP/1.1" 200 389 "https://jomarlogistica.com.br/wp-cron.php?doing_wp_cron=1759982629.0969610214233398437500" "WordPress/5.8.10; https://jomarlogistica.com.br"
jomarlogistica.com.br:80 85.208.96.211 - - [09/Oct/2025:01:03:48 -0300] "GET /category/jomar/page/36/ HTTP/1.1" 200 19022 "-" "Mozilla/5.0 (compatible; SemrushBot/7~bl; +http://www.semrush.com/bot.html)"
jomarlogistica.com.br:80 127.0.0.1 - - [09/Oct/2025:01:03:54 -0300] "OPTIONS * HTTP/1.0" 200 110 "-" "Apache/2.4.65 (Ubuntu) (internal dummy connection)"
jomarlogistica.com.br:80 177.116.190.244 - - [09/Oct/2025:01:04:43 -0300] "POST /autodiscover/autodiscover.xml HTTP/1.1" 404 448 "-" "AppleExchangeWebServices/833 accountsd/113"
jomarlogistica.com.br:80 172.20.1.198 - - [09/Oct/2025:01:10:49 -0300] "POST /wp-cron.php?doing_wp_cron=1759983049.6838450431823730468750 HTTP/1.1" 200 389 "https://jomarlogistica.com.br/wp-cron.php?doing_wp_cron=1759983049.6838450431823730468750" "WordPress/5.8.10; https://jomarlogistica.com.br"
jomarlogistica.com.br:80 54.39.6.17 - - [09/Oct/2025:01:10:49 -0300] "GET /2023/06/18/relationship-site-to-fulfill-singles-discover-actual-love/ HTTP/1.1" 200 17415 "-" "Mozilla/5.0 (compatible; AhrefsBot/7.0; +http://ahrefs.com/robot/)"
jomarlogistica.com.br:80 127.0.0.1 - - [09/Oct/2025:01:10:55 -0300] "OPTIONS * HTTP/1.0" 200 110 "-" "Apache/2.4.65 (Ubuntu) (internal dummy connection)"
jomarlogistica.com.br:80 172.20.1.198 - - [09/Oct/2025:01:18:18 -0300] "POST /wp-cron.php?doing_wp_cron=1759983498.5260701179504394531250 HTTP/1.1" 200 389 "https://jomarlogistica.com.br/wp-cron.php?doing_wp_cron=1759983498.5260701179504394531250" "WordPress/5.8.10; https://jomarlogistica.com.br"
jomarlogistica.com.br:80 23.23.137.202 - - [09/Oct/2025:01:18:18 -0300] "GET /blog-standard-left-sidebar/page/23/ HTTP/1.1" 200 19534 "-" "Mozilla/5.0 AppleWebKit/537.36 (KHTML, like Gecko; compatible; Amazonbot/0.1; +https://developer.amazon.com/support/amazonbot) Chrome/119.0.6045.214 Safari/537.36"
jomarlogistica.com.br:80 127.0.0.1 - - [09/Oct/2025:01:18:24 -0300] "OPTIONS * HTTP/1.0" 200 110 "-" "Apache/2.4.65 (Ubuntu) (internal dummy connection)"
jomarlogistica.com.br:80 51.161.65.243 - - [09/Oct/2025:01:20:17 -0300] "GET /feed/ HTTP/1.1" 200 12127 "-" "Mozilla/5.0 (compatible; AhrefsBot/7.0; +http://ahrefs.com/robot/)"
jomarlogistica.com.br:80 177.116.190.244 - - [09/Oct/2025:01:20:39 -0300] "POST /autodiscover/autodiscover.xml HTTP/1.1" 404 448 "-" "AppleExchangeWebServices/833 accountsd/113"
jomarlogistica.com.br:80 172.20.1.198 - - [09/Oct/2025:01:23:51 -0300] "POST /wp-cron.php?doing_wp_cron=1759983831.8206799030303955078125 HTTP/1.1" 200 389 "https://jomarlogistica.com.br/wp-cron.php?doing_wp_cron=1759983831.8206799030303955078125" "WordPress/5.8.10; https://jomarlogistica.com.br"
jomarlogistica.com.br:80 185.191.171.2 - - [09/Oct/2025:01:23:51 -0300] "GET /2023/06/04/info-safety-for-people-who-do-buiness/ HTTP/1.1" 200 17501 "-" "Mozilla/5.0 (compatible; SemrushBot/7~bl; +http://www.semrush.com/bot.html)"
jomarlogistica.com.br:80 127.0.0.1 - - [09/Oct/2025:01:23:57 -0300] "OPTIONS * HTTP/1.0" 200 110 "-" "Apache/2.4.65 (Ubuntu) (internal dummy connection)"
jomarlogistica.com.br:80 172.20.1.198 - - [09/Oct/2025:01:28:59 -0300] "POST /wp-cron.php?doing_wp_cron=1759984139.5249660015106201171875 HTTP/1.1" 200 389 "https://jomarlogistica.com.br/wp-cron.php?doing_wp_cron=1759984139.5249660015106201171875" "WordPress/5.8.10; https://jomarlogistica.com.br"
jomarlogistica.com.br:80 8.217.210.220 - - [09/Oct/2025:01:28:59 -0300] "GET /robots.txt HTTP/1.1" 200 584 "-" "AliyunSecBot/Aliyun (AliyunSecBot@service.alibaba.com)"
jomarlogistica.com.br:80 8.217.179.180 - - [09/Oct/2025:01:29:01 -0300] "GET /wp-content/plugins/revslider/public/assets/js/rbtools.min.js?ver=6.5.11 HTTP/1.1" 200 48787 "-" "AliyunSecBot/Aliyun (AliyunSecBot@service.alibaba.com)"
jomarlogistica.com.br:80 127.0.0.1 - - [09/Oct/2025:01:29:05 -0300] "OPTIONS * HTTP/1.0" 200 110 "-" "Apache/2.4.65 (Ubuntu) (internal dummy connection)"
jomarlogistica.com.br:80 54.39.89.133 - - [09/Oct/2025:01:29:36 -0300] "GET /2022/09/13/what-european-woman-wants-by-a-man-in-a-relationship/ HTTP/1.1" 200 18359 "-" "Mozilla/5.0 (compatible; AhrefsBot/7.0; +http://ahrefs.com/robot/)"
jomarlogistica.com.br:80 172.20.1.198 - - [09/Oct/2025:01:35:48 -0300] "POST /wp-cron.php?doing_wp_cron=1759984548.5749781131744384765625 HTTP/1.1" 200 389 "https://jomarlogistica.com.br/wp-cron.php?doing_wp_cron=1759984548.5749781131744384765625" "WordPress/5.8.10; https://jomarlogistica.com.br"
jomarlogistica.com.br:80 216.244.66.226 - - [09/Oct/2025:01:35:48 -0300] "GET /robots.txt HTTP/1.1" 200 565 "-" "Mozilla/5.0 (compatible; DotBot/1.2; +https://opensiteexplorer.org/dotbot; help@moz.com)"
jomarlogistica.com.br:80 127.0.0.1 - - [09/Oct/2025:01:35:53 -0300] "OPTIONS * HTTP/1.0" 200 110 "-" "Apache/2.4.65 (Ubuntu) (internal dummy connection)"
jomarlogistica.com.br:80 172.20.1.198 - - [09/Oct/2025:01:38:55 -0300] "POST /wp-cron.php?doing_wp_cron=1759984735.9564039707183837890625 HTTP/1.1" 200 389 "https://jomarlogistica.com.br/wp-cron.php?doing_wp_cron=1759984735.9564039707183837890625" "WordPress/5.8.10; https://jomarlogistica.com.br"
jomarlogistica.com.br:80 54.39.210.240 - - [09/Oct/2025:01:38:55 -0300] "GET /2023/07/05/types-of-organization-software/ HTTP/1.1" 200 17260 "-" "Mozilla/5.0 (compatible; AhrefsBot/7.0; +http://ahrefs.com/robot/)"
jomarlogistica.com.br:80 127.0.0.1 - - [09/Oct/2025:01:39:02 -0300] "OPTIONS * HTTP/1.0" 200 110 "-" "Apache/2.4.65 (Ubuntu) (internal dummy connection)"
jomarlogistica.com.br:80 172.20.1.198 - - [09/Oct/2025:01:43:21 -0300] "POST /wp-cron.php?doing_wp_cron=1759985001.5073089599609375000000 HTTP/1.1" 200 389 "https://jomarlogistica.com.br/wp-cron.php?doing_wp_cron=1759985001.5073089599609375000000" "WordPress/5.8.10; https://jomarlogistica.com.br"
jomarlogistica.com.br:80 104.210.140.139 - - [09/Oct/2025:01:43:21 -0300] "GET /robots.txt HTTP/1.1" 200 584 "-" "Mozilla/5.0 (Macintosh; Intel Mac OS X 10_15_7) AppleWebKit/537.36 (KHTML, like Gecko) Chrome/131.0.0.0 Safari/537.36; compatible; OAI-SearchBot/1.0; +https://openai.com/searchbot"
jomarlogistica.com.br:80 127.0.0.1 - - [09/Oct/2025:01:43:26 -0300] "OPTIONS * HTTP/1.0" 200 110 "-" "Apache/2.4.65 (Ubuntu) (internal dummy connection)"
jomarlogistica.com.br:80 177.116.190.244 - - [09/Oct/2025:01:46:19 -0300] "POST /autodiscover/autodiscover.xml HTTP/1.1" 404 448 "-" "AppleExchangeWebServices/833 accountsd/113"
jomarlogistica.com.br:80 172.20.1.198 - - [09/Oct/2025:01:49:26 -0300] "POST /wp-cron.php?doing_wp_cron=1759985366.5235168933868408203125 HTTP/1.1" 200 389 "https://jomarlogistica.com.br/wp-cron.php?doing_wp_cron=1759985366.5235168933868408203125" "WordPress/5.8.10; https://jomarlogistica.com.br"
jomarlogistica.com.br:80 51.222.168.55 - - [09/Oct/2025:01:49:26 -0300] "GET /2023/11/23/advocates-account-rules-1988-sarawak-guidelines-for-legal-professionals/feed/ HTTP/1.1" 200 1009 "-" "Mozilla/5.0 (compatible; AhrefsBot/7.0; +http://ahrefs.com/robot/)"
jomarlogistica.com.br:80 127.0.0.1 - - [09/Oct/2025:01:49:31 -0300] "OPTIONS * HTTP/1.0" 200 110 "-" "Apache/2.4.65 (Ubuntu) (internal dummy connection)"
jomarlogistica.com.br:80 172.20.1.198 - - [09/Oct/2025:01:59:08 -0300] "POST /wp-cron.php?doing_wp_cron=1759985948.2381570339202880859375 HTTP/1.1" 200 389 "https://jomarlogistica.com.br/wp-cron.php?doing_wp_cron=1759985948.2381570339202880859375" "WordPress/5.8.10; https://jomarlogistica.com.br"
jomarlogistica.com.br:80 54.39.136.17 - - [09/Oct/2025:01:59:07 -0300] "GET /2022/08/07/airtime-agreement-everything-you-need-to-know-legal-insights/feed/ HTTP/1.1" 200 1003 "-" "Mozilla/5.0 (compatible; AhrefsBot/7.0; +http://ahrefs.com/robot/)"
jomarlogistica.com.br:80 127.0.0.1 - - [09/Oct/2025:01:59:13 -0300] "OPTIONS * HTTP/1.0" 200 110 "-" "Apache/2.4.65 (Ubuntu) (internal dummy connection)"
jomarlogistica.com.br:80 172.20.1.198 - - [09/Oct/2025:02:03:43 -0300] "POST /wp-cron.php?doing_wp_cron=1759986223.0075180530548095703125 HTTP/1.1" 200 389 "https://jomarlogistica.com.br/wp-cron.php?doing_wp_cron=1759986223.0075180530548095703125" "WordPress/5.8.10; https://jomarlogistica.com.br"
jomarlogistica.com.br:80 177.116.190.244 - - [09/Oct/2025:02:03:42 -0300] "POST /autodiscover/autodiscover.xml HTTP/1.1" 404 448 "-" "AppleExchangeWebServices/833 accountsd/113"
jomarlogistica.com.br:80 127.0.0.1 - - [09/Oct/2025:02:03:47 -0300] "OPTIONS * HTTP/1.0" 200 110 "-" "Apache/2.4.65 (Ubuntu) (internal dummy connection)"
jomarlogistica.com.br:80 216.244.66.226 - - [09/Oct/2025:02:04:58 -0300] "GET /2022/06/02/breaking-good-friday-agreement-implications-and-consequences-explained/ HTTP/1.1" 200 61769 "-" "Mozilla/5.0 (compatible; DotBot/1.2; +https://opensiteexplorer.org/dotbot; help@moz.com)"
jomarlogistica.com.br:80 216.244.66.226 - - [09/Oct/2025:02:05:08 -0300] "GET /2022/11/page/3/ HTTP/1.1" 200 93988 "-" "Mozilla/5.0 (compatible; DotBot/1.2; +https://opensiteexplorer.org/dotbot; help@moz.com)"
jomarlogistica.com.br:80 172.20.1.198 - - [09/Oct/2025:02:08:12 -0300] "POST /wp-cron.php?doing_wp_cron=1759986492.6996328830718994140625 HTTP/1.1" 200 389 "https://jomarlogistica.com.br/wp-cron.php?doing_wp_cron=1759986492.6996328830718994140625" "WordPress/5.8.10; https://jomarlogistica.com.br"
jomarlogistica.com.br:80 142.44.233.127 - - [09/Oct/2025:02:08:12 -0300] "GET /2025/07/02/cool-kids-toys-youngsters-of-everyone/ HTTP/1.1" 200 19049 "-" "Mozilla/5.0 (compatible; AhrefsBot/7.0; +http://ahrefs.com/robot/)"
jomarlogistica.com.br:80 127.0.0.1 - - [09/Oct/2025:02:08:17 -0300] "OPTIONS * HTTP/1.0" 200 110 "-" "Apache/2.4.65 (Ubuntu) (internal dummy connection)"
jomarlogistica.com.br:80 172.20.1.198 - - [09/Oct/2025:02:13:08 -0300] "POST /wp-cron.php?doing_wp_cron=1759986788.8001720905303955078125 HTTP/1.1" 200 389 "https://jomarlogistica.com.br/wp-cron.php?doing_wp_cron=1759986788.8001720905303955078125" "WordPress/5.8.10; https://jomarlogistica.com.br"
jomarlogistica.com.br:80 216.244.66.226 - - [09/Oct/2025:02:13:08 -0300] "GET /2022/05/12/baguette-laws-in-france-understanding-the-regulations/ HTTP/1.1" 200 62814 "-" "Mozilla/5.0 (compatible; DotBot/1.2; +https://opensiteexplorer.org/dotbot; help@moz.com)"
jomarlogistica.com.br:80 127.0.0.1 - - [09/Oct/2025:02:13:14 -0300] "OPTIONS * HTTP/1.0" 200 110 "-" "Apache/2.4.65 (Ubuntu) (internal dummy connection)"
jomarlogistica.com.br:80 185.191.171.1 - - [09/Oct/2025:02:15:51 -0300] "GET /robots.txt HTTP/1.1" 200 584 "-" "Mozilla/5.0 (compatible; SemrushBot/7~bl; +http://www.semrush.com/bot.html)"
jomarlogistica.com.br:80 85.208.96.194 - - [09/Oct/2025:02:15:52 -0300] "GET /2023/05/30/impair-services-the-advantages-of-virtualization/ HTTP/1.1" 200 17382 "-" "Mozilla/5.0 (compatible; SemrushBot/7~bl; +http://www.semrush.com/bot.html)"
jomarlogistica.com.br:80 172.20.1.198 - - [09/Oct/2025:02:17:38 -0300] "POST /wp-cron.php?doing_wp_cron=1759987058.4986929893493652343750 HTTP/1.1" 200 389 "https://jomarlogistica.com.br/wp-cron.php?doing_wp_cron=1759987058.4986929893493652343750" "WordPress/5.8.10; https://jomarlogistica.com.br"
jomarlogistica.com.br:80 51.222.168.7 - - [09/Oct/2025:02:17:38 -0300] "GET /2022/08/12/humanitarian-agreement-legal-insights-resources/feed/ HTTP/1.1" 200 994 "-" "Mozilla/5.0 (compatible; AhrefsBot/7.0; +http://ahrefs.com/robot/)"
jomarlogistica.com.br:80 127.0.0.1 - - [09/Oct/2025:02:17:43 -0300] "OPTIONS * HTTP/1.0" 200 110 "-" "Apache/2.4.65 (Ubuntu) (internal dummy connection)"
jomarlogistica.com.br:80 85.208.96.193 - - [09/Oct/2025:02:18:47 -0300] "GET /author/jomar/page/36/ HTTP/1.1" 200 18937 "-" "Mozilla/5.0 (compatible; SemrushBot/7~bl; +http://www.semrush.com/bot.html)"
jomarlogistica.com.br:80 177.116.190.244 - - [09/Oct/2025:02:20:30 -0300] "POST /autodiscover/autodiscover.xml HTTP/1.1" 404 448 "-" "AppleExchangeWebServices/833 accountsd/113"
jomarlogistica.com.br:80 172.20.1.198 - - [09/Oct/2025:02:26:56 -0300] "POST /wp-cron.php?doing_wp_cron=1759987616.7763900756835937500000 HTTP/1.1" 200 389 "https://jomarlogistica.com.br/wp-cron.php?doing_wp_cron=1759987616.7763900756835937500000" "WordPress/5.8.10; https://jomarlogistica.com.br"
jomarlogistica.com.br:80 51.222.168.196 - - [09/Oct/2025:02:26:56 -0300] "GET /2023/11/22/burrows-finn-and-todd-law-of-contract-in-new-zealand/feed/ HTTP/1.1" 200 1000 "-" "Mozilla/5.0 (compatible; AhrefsBot/7.0; +http://ahrefs.com/robot/)"
jomarlogistica.com.br:80 127.0.0.1 - - [09/Oct/2025:02:27:01 -0300] "OPTIONS * HTTP/1.0" 200 110 "-" "Apache/2.4.65 (Ubuntu) (internal dummy connection)"
jomarlogistica.com.br:80 172.20.1.198 - - [09/Oct/2025:02:30:03 -0300] "POST /wp-cron.php?doing_wp_cron=1759987803.7014288902282714843750 HTTP/1.1" 200 389 "https://jomarlogistica.com.br/wp-cron.php?doing_wp_cron=1759987803.7014288902282714843750" "WordPress/5.8.10; https://jomarlogistica.com.br"
jomarlogistica.com.br:80 216.244.66.226 - - [09/Oct/2025:02:30:03 -0300] "GET /robots.txt HTTP/1.1" 200 565 "-" "Mozilla/5.0 (compatible; DotBot/1.2; +https://opensiteexplorer.org/dotbot; help@moz.com)"
jomarlogistica.com.br:80 127.0.0.1 - - [09/Oct/2025:02:30:08 -0300] "OPTIONS * HTTP/1.0" 200 110 "-" "Apache/2.4.65 (Ubuntu) (internal dummy connection)"
jomarlogistica.com.br:80 172.20.1.198 - - [09/Oct/2025:02:34:07 -0300] "POST /wp-cron.php?doing_wp_cron=1759988047.1996650695800781250000 HTTP/1.1" 200 389 "https://jomarlogistica.com.br/wp-cron.php?doing_wp_cron=1759988047.1996650695800781250000" "WordPress/5.8.10; https://jomarlogistica.com.br"
jomarlogistica.com.br:80 185.191.171.15 - - [09/Oct/2025:02:34:06 -0300] "GET /2023/05/13/top20-countries-to-identify-a-foreign-partner-and-so-why/ HTTP/1.1" 200 36804 "-" "Mozilla/5.0 (compatible; SemrushBot/7~bl; +http://www.semrush.com/bot.html)"
jomarlogistica.com.br:80 127.0.0.1 - - [09/Oct/2025:02:34:12 -0300] "OPTIONS * HTTP/1.0" 200 110 "-" "Apache/2.4.65 (Ubuntu) (internal dummy connection)"
jomarlogistica.com.br:80 142.44.225.222 - - [09/Oct/2025:02:36:06 -0300] "GET /2023/08/ HTTP/1.1" 200 18417 "-" "Mozilla/5.0 (compatible; AhrefsBot/7.0; +http://ahrefs.com/robot/)"
jomarlogistica.com.br:80 185.191.171.11 - - [09/Oct/2025:02:37:04 -0300] "GET /2023/11/04/get-paid-faster-considering-the-best-invoicing-software/ HTTP/1.1" 200 17383 "-" "Mozilla/5.0 (compatible; SemrushBot/7~bl; +http://www.semrush.com/bot.html)"
jomarlogistica.com.br:80 172.20.1.198 - - [09/Oct/2025:02:38:35 -0300] "POST /wp-cron.php?doing_wp_cron=1759988314.9844799041748046875000 HTTP/1.1" 200 389 "https://jomarlogistica.com.br/wp-cron.php?doing_wp_cron=1759988314.9844799041748046875000" "WordPress/5.8.10; https://jomarlogistica.com.br"
jomarlogistica.com.br:80 177.116.190.244 - - [09/Oct/2025:02:38:34 -0300] "POST /autodiscover/autodiscover.xml HTTP/1.1" 404 448 "-" "AppleExchangeWebServices/833 accountsd/113"
jomarlogistica.com.br:80 127.0.0.1 - - [09/Oct/2025:02:38:39 -0300] "OPTIONS * HTTP/1.0" 200 110 "-" "Apache/2.4.65 (Ubuntu) (internal dummy connection)"
jomarlogistica.com.br:80 172.20.1.198 - - [09/Oct/2025:02:44:28 -0300] "POST /wp-cron.php?doing_wp_cron=1759988668.5390689373016357421875 HTTP/1.1" 200 389 "https://jomarlogistica.com.br/wp-cron.php?doing_wp_cron=1759988668.5390689373016357421875" "WordPress/5.8.10; https://jomarlogistica.com.br"
jomarlogistica.com.br:80 148.113.128.64 - - [09/Oct/2025:02:44:28 -0300] "GET /2023/11/16/awaiting-your-agreement-legal-tips-for-negotiating-contracts/feed/ HTTP/1.1" 200 1001 "-" "Mozilla/5.0 (compatible; AhrefsBot/7.0; +http://ahrefs.com/robot/)"
jomarlogistica.com.br:80 127.0.0.1 - - [09/Oct/2025:02:44:32 -0300] "OPTIONS * HTTP/1.0" 200 110 "-" "Apache/2.4.65 (Ubuntu) (internal dummy connection)"
jomarlogistica.com.br:80 172.20.1.198 - - [09/Oct/2025:02:47:12 -0300] "POST /wp-cron.php?doing_wp_cron=1759988832.2444679737091064453125 HTTP/1.1" 200 389 "https://jomarlogistica.com.br/wp-cron.php?doing_wp_cron=1759988832.2444679737091064453125" "WordPress/5.8.10; https://jomarlogistica.com.br"
jomarlogistica.com.br:80 20.27.94.133 - - [09/Oct/2025:02:47:11 -0300] "GET /2023/06/23/backdated-agreement-singapore-legal-implications-process/ HTTP/1.1" 200 14912 "-" "Mozilla/5.0 AppleWebKit/537.36 (KHTML, like Gecko); compatible; ChatGPT-User/1.0; +https://openai.com/bot"
jomarlogistica.com.br:80 127.0.0.1 - - [09/Oct/2025:02:47:17 -0300] "OPTIONS * HTTP/1.0" 200 110 "-" "Apache/2.4.65 (Ubuntu) (internal dummy connection)"
jomarlogistica.com.br:80 216.244.66.226 - - [09/Oct/2025:02:51:13 -0300] "GET /2023/09/page/3/ HTTP/1.1" 200 94094 "-" "Mozilla/5.0 (compatible; DotBot/1.2; +https://opensiteexplorer.org/dotbot; help@moz.com)"
jomarlogistica.com.br:80 172.20.1.198 - - [09/Oct/2025:02:52:59 -0300] "POST /wp-cron.php?doing_wp_cron=1759989179.4621579647064208984375 HTTP/1.1" 200 389 "https://jomarlogistica.com.br/wp-cron.php?doing_wp_cron=1759989179.4621579647064208984375" "WordPress/5.8.10; https://jomarlogistica.com.br"
jomarlogistica.com.br:80 167.114.139.29 - - [09/Oct/2025:02:52:59 -0300] "GET /2022/08/17/bargain-agreement-vertaling-services-professional-legal-translations/feed/ HTTP/1.1" 200 1005 "-" "Mozilla/5.0 (compatible; AhrefsBot/7.0; +http://ahrefs.com/robot/)"
jomarlogistica.com.br:80 127.0.0.1 - - [09/Oct/2025:02:53:04 -0300] "OPTIONS * HTTP/1.0" 200 110 "-" "Apache/2.4.65 (Ubuntu) (internal dummy connection)"
jomarlogistica.com.br:80 177.116.190.244 - - [09/Oct/2025:02:54:17 -0300] "POST /autodiscover/autodiscover.xml HTTP/1.1" 404 448 "-" "AppleExchangeWebServices/833 accountsd/113"
jomarlogistica.com.br:80 172.20.1.198 - - [09/Oct/2025:02:58:21 -0300] "POST /wp-cron.php?doing_wp_cron=1759989501.5654799938201904296875 HTTP/1.1" 200 389 "https://jomarlogistica.com.br/wp-cron.php?doing_wp_cron=1759989501.5654799938201904296875" "WordPress/5.8.10; https://jomarlogistica.com.br"
jomarlogistica.com.br:80 119.56.99.99 - - [09/Oct/2025:02:58:21 -0300] "GET /2023/06/23/backdated-agreement-singapore-legal-implications-process/ HTTP/1.1" 200 14912 "https://www.google.com/" "Mozilla/5.0 (Windows NT 10.0; Win64; x64) AppleWebKit/537.36 (KHTML, like Gecko) Chrome/140.0.0.0 Safari/537.36"
jomarlogistica.com.br:80 119.56.99.99 - - [09/Oct/2025:02:58:23 -0300] "GET /wp-content/plugins/instagram-feed/css/sbi-styles.min.css?ver=2.9.7 HTTP/1.1" 200 3355 "https://jomarlogistica.com.br/2023/06/23/backdated-agreement-singapore-legal-implications-process/" "Mozilla/5.0 (Windows NT 10.0; Win64; x64) AppleWebKit/537.36 (KHTML, like Gecko) Chrome/140.0.0.0 Safari/537.36"
jomarlogistica.com.br:80 119.56.99.99 - - [09/Oct/2025:02:58:23 -0300] "GET /wp-includes/css/dist/block-library/style.min.css?ver=5.8.10 HTTP/1.1" 200 12027 "https://jomarlogistica.com.br/2023/06/23/backdated-agreement-singapore-legal-implications-process/" "Mozilla/5.0 (Windows NT 10.0; Win64; x64) AppleWebKit/537.36 (KHTML, like Gecko) Chrome/140.0.0.0 Safari/537.36"
jomarlogistica.com.br:80 119.56.99.99 - - [09/Oct/2025:02:58:23 -0300] "GET /wp-content/plugins/redux-framework/redux-core/extendify-sdk/public/build/extendify-utilities.css?ver=13.4 HTTP/1.1" 200 6477 "https://jomarlogistica.com.br/2023/06/23/backdated-agreement-singapore-legal-implications-process/" "Mozilla/5.0 (Windows NT 10.0; Win64; x64) AppleWebKit/537.36 (KHTML, like Gecko) Chrome/140.0.0.0 Safari/537.36"
jomarlogistica.com.br:80 119.56.99.99 - - [09/Oct/2025:02:58:23 -0300] "GET /wp-content/plugins/booked/assets/css/icons.css?ver=2.3.5 HTTP/1.1" 200 6985 "https://jomarlogistica.com.br/2023/06/23/backdated-agreement-singapore-legal-implications-process/" "Mozilla/5.0 (Windows NT 10.0; Win64; x64) AppleWebKit/537.36 (KHTML, like Gecko) Chrome/140.0.0.0 Safari/537.36"
jomarlogistica.com.br:80 119.56.99.99 - - [09/Oct/2025:02:58:24 -0300] "GET /wp-content/plugins/booked/assets/js/tooltipster/css/themes/tooltipster-light.css?ver=3.3.0 HTTP/1.1" 200 596 "https://jomarlogistica.com.br/2023/06/23/backdated-agreement-singapore-legal-implications-process/" "Mozilla/5.0 (Windows NT 10.0; Win64; x64) AppleWebKit/537.36 (KHTML, like Gecko) Chrome/140.0.0.0 Safari/537.36"
jomarlogistica.com.br:80 119.56.99.99 - - [09/Oct/2025:02:58:24 -0300] "GET /wp-content/plugins/booked/assets/css/animations.css?ver=2.3.5 HTTP/1.1" 200 905 "https://jomarlogistica.com.br/2023/06/23/backdated-agreement-singapore-legal-implications-process/" "Mozilla/5.0 (Windows NT 10.0; Win64; x64) AppleWebKit/537.36 (KHTML, like Gecko) Chrome/140.0.0.0 Safari/537.36"
jomarlogistica.com.br:80 119.56.99.99 - - [09/Oct/2025:02:58:24 -0300] "GET /wp-content/plugins/booked/assets/js/tooltipster/css/tooltipster.css?ver=3.3.0 HTTP/1.1" 200 2174 "https://jomarlogistica.com.br/2023/06/23/backdated-agreement-singapore-legal-implications-process/" "Mozilla/5.0 (Windows NT 10.0; Win64; x64) AppleWebKit/537.36 (KHTML, like Gecko) Chrome/140.0.0.0 Safari/537.36"
jomarlogistica.com.br:80 119.56.99.99 - - [09/Oct/2025:02:58:25 -0300] "GET /wp-content/plugins/case-theme-core/assets/css/main.css?ver=1.0.0 HTTP/1.1" 200 563 "https://jomarlogistica.com.br/2023/06/23/backdated-agreement-singapore-legal-implications-process/" "Mozilla/5.0 (Windows NT 10.0; Win64; x64) AppleWebKit/537.36 (KHTML, like Gecko) Chrome/140.0.0.0 Safari/537.36"
jomarlogistica.com.br:80 119.56.99.99 - - [09/Oct/2025:02:58:25 -0300] "GET /wp-content/plugins/case-theme-core/assets/css/lib/progressbar.min.css?ver=0.7.1 HTTP/1.1" 200 1103 "https://jomarlogistica.com.br/2023/06/23/backdated-agreement-singapore-legal-implications-process/" "Mozilla/5.0 (Windows NT 10.0; Win64; x64) AppleWebKit/537.36 (KHTML, like Gecko) Chrome/140.0.0.0 Safari/537.36"
jomarlogistica.com.br:80 119.56.99.99 - - [09/Oct/2025:02:58:25 -0300] "GET /wp-content/plugins/case-theme-core/assets/css/lib/owl.carousel.min.css?ver=2.2.1 HTTP/1.1" 200 1298 "https://jomarlogistica.com.br/2023/06/23/backdated-agreement-singapore-legal-implications-process/" "Mozilla/5.0 (Windows NT 10.0; Win64; x64) AppleWebKit/537.36 (KHTML, like Gecko) Chrome/140.0.0.0 Safari/537.36"
jomarlogistica.com.br:80 119.56.99.99 - - [09/Oct/2025:02:58:25 -0300] "GET /wp-content/plugins/case-theme-core/assets/plugin/font-awesome/css/font-awesome.min.css?ver=4.7.0 HTTP/1.1" 200 7643 "https://jomarlogistica.com.br/2023/06/23/backdated-agreement-singapore-legal-implications-process/" "Mozilla/5.0 (Windows NT 10.0; Win64; x64) AppleWebKit/537.36 (KHTML, like Gecko) Chrome/140.0.0.0 Safari/537.36"
jomarlogistica.com.br:80 119.56.99.99 - - [09/Oct/2025:02:58:25 -0300] "GET /wp-content/plugins/booked/dist/booked.css?ver=2.3.5 HTTP/1.1" 200 9827 "https://jomarlogistica.com.br/2023/06/23/backdated-agreement-singapore-legal-implications-process/" "Mozilla/5.0 (Windows NT 10.0; Win64; x64) AppleWebKit/537.36 (KHTML, like Gecko) Chrome/140.0.0.0 Safari/537.36"
jomarlogistica.com.br:80 119.56.99.99 - - [09/Oct/2025:02:58:25 -0300] "GET /wp-content/plugins/case-theme-user/acess/css/remodal.css?ver=5.8.10 HTTP/1.1" 200 1031 "https://jomarlogistica.com.br/2023/06/23/backdated-agreement-singapore-legal-implications-process/" "Mozilla/5.0 (Windows NT 10.0; Win64; x64) AppleWebKit/537.36 (KHTML, like Gecko) Chrome/140.0.0.0 Safari/537.36"
jomarlogistica.com.br:80 119.56.99.99 - - [09/Oct/2025:02:58:26 -0300] "GET /wp-content/plugins/case-theme-user/acess/css/remodal-default-theme.css?ver=5.8.10 HTTP/1.1" 200 1733 "https://jomarlogistica.com.br/2023/06/23/backdated-agreement-singapore-legal-implications-process/" "Mozilla/5.0 (Windows NT 10.0; Win64; x64) AppleWebKit/537.36 (KHTML, like Gecko) Chrome/140.0.0.0 Safari/537.36"
jomarlogistica.com.br:80 119.56.99.99 - - [09/Oct/2025:02:58:26 -0300] "GET /wp-content/plugins/contact-form-7-multi-step/assets/frontend/css/cf7mls.css?ver=2.5.4 HTTP/1.1" 200 2184 "https://jomarlogistica.com.br/2023/06/23/backdated-agreement-singapore-legal-implications-process/" "Mozilla/5.0 (Windows NT 10.0; Win64; x64) AppleWebKit/537.36 (KHTML, like Gecko) Chrome/140.0.0.0 Safari/537.36"
jomarlogistica.com.br:80 119.56.99.99 - - [09/Oct/2025:02:58:26 -0300] "GET /wp-content/plugins/contact-form-7-multi-step/assets/frontend/css/progress_bar.css?ver=2.5.4 HTTP/1.1" 200 5636 "https://jomarlogistica.com.br/2023/06/23/backdated-agreement-singapore-legal-implications-process/" "Mozilla/5.0 (Windows NT 10.0; Win64; x64) AppleWebKit/537.36 (KHTML, like Gecko) Chrome/140.0.0.0 Safari/537.36"
jomarlogistica.com.br:80 119.56.99.99 - - [09/Oct/2025:02:58:26 -0300] "GET /wp-content/plugins/contact-form-7-multi-step/assets/frontend/animate/animate.min.css?ver=2.5.4 HTTP/1.1" 200 5225 "https://jomarlogistica.com.br/2023/06/23/backdated-agreement-singapore-legal-implications-process/" "Mozilla/5.0 (Windows NT 10.0; Win64; x64) AppleWebKit/537.36 (KHTML, like Gecko) Chrome/140.0.0.0 Safari/537.36"
jomarlogistica.com.br:80 127.0.0.1 - - [09/Oct/2025:02:58:26 -0300] "OPTIONS * HTTP/1.0" 200 110 "-" "Apache/2.4.65 (Ubuntu) (internal dummy connection)"
jomarlogistica.com.br:80 119.56.99.99 - - [09/Oct/2025:02:58:27 -0300] "GET /wp-content/plugins/contact-form-7/includes/css/styles.css?ver=5.5.3 HTTP/1.1" 200 1380 "https://jomarlogistica.com.br/2023/06/23/backdated-agreement-singapore-legal-implications-process/" "Mozilla/5.0 (Windows NT 10.0; Win64; x64) AppleWebKit/537.36 (KHTML, like Gecko) Chrome/140.0.0.0 Safari/537.36"
jomarlogistica.com.br:80 119.56.99.99 - - [09/Oct/2025:02:58:27 -0300] "GET /wp-content/themes/consultio/assets/css/bootstrap.min.css?ver=4.0.0 HTTP/1.1" 200 21402 "https://jomarlogistica.com.br/2023/06/23/backdated-agreement-singapore-legal-implications-process/" "Mozilla/5.0 (Windows NT 10.0; Win64; x64) AppleWebKit/537.36 (KHTML, like Gecko) Chrome/140.0.0.0 Safari/537.36"
jomarlogistica.com.br:80 119.56.99.99 - - [09/Oct/2025:02:58:27 -0300] "GET /wp-content/plugins/elementor/assets/lib/font-awesome/css/font-awesome.min.css?ver=4.7.0 HTTP/1.1" 200 7623 "https://jomarlogistica.com.br/2023/06/23/backdated-agreement-singapore-legal-implications-process/" "Mozilla/5.0 (Windows NT 10.0; Win64; x64) AppleWebKit/537.36 (KHTML, like Gecko) Chrome/140.0.0.0 Safari/537.36"
jomarlogistica.com.br:80 119.56.99.99 - - [09/Oct/2025:02:58:27 -0300] "GET /wp-content/themes/consultio/assets/css/font-awesome5.min.css?ver=5.8.0 HTTP/1.1" 200 17997 "https://jomarlogistica.com.br/2023/06/23/backdated-agreement-singapore-legal-implications-process/" "Mozilla/5.0 (Windows NT 10.0; Win64; x64) AppleWebKit/537.36 (KHTML, like Gecko) Chrome/140.0.0.0 Safari/537.36"
jomarlogistica.com.br:80 127.0.0.1 - - [09/Oct/2025:02:58:27 -0300] "OPTIONS * HTTP/1.0" 200 110 "-" "Apache/2.4.65 (Ubuntu) (internal dummy connection)"
jomarlogistica.com.br:80 119.56.99.99 - - [09/Oct/2025:02:58:28 -0300] "GET /wp-content/themes/consultio/assets/css/flaticon.css?ver=2.8.0 HTTP/1.1" 200 1205 "https://jomarlogistica.com.br/2023/06/23/backdated-agreement-singapore-legal-implications-process/" "Mozilla/5.0 (Windows NT 10.0; Win64; x64) AppleWebKit/537.36 (KHTML, like Gecko) Chrome/140.0.0.0 Safari/537.36"
jomarlogistica.com.br:80 119.56.99.99 - - [09/Oct/2025:02:58:28 -0300] "GET /wp-content/themes/consultio/assets/css/flaticon-v2.css?ver=2.8.0 HTTP/1.1" 200 1013 "https://jomarlogistica.com.br/2023/06/23/backdated-agreement-singapore-legal-implications-process/" "Mozilla/5.0 (Windows NT 10.0; Win64; x64) AppleWebKit/537.36 (KHTML, like Gecko) Chrome/140.0.0.0 Safari/537.36"
jomarlogistica.com.br:80 127.0.0.1 - - [09/Oct/2025:02:58:28 -0300] "OPTIONS * HTTP/1.0" 200 110 "-" "Apache/2.4.65 (Ubuntu) (internal dummy connection)"
jomarlogistica.com.br:80 119.56.99.99 - - [09/Oct/2025:02:58:28 -0300] "GET /wp-content/themes/consultio/assets/css/flaticon-v3.css?ver=2.8.0 HTTP/1.1" 200 1156 "https://jomarlogistica.com.br/2023/06/23/backdated-agreement-singapore-legal-implications-process/" "Mozilla/5.0 (Windows NT 10.0; Win64; x64) AppleWebKit/537.36 (KHTML, like Gecko) Chrome/140.0.0.0 Safari/537.36"
jomarlogistica.com.br:80 119.56.99.99 - - [09/Oct/2025:02:58:28 -0300] "GET /wp-content/themes/consultio/assets/css/flaticon-v5.css?ver=2.8.0 HTTP/1.1" 200 1337 "https://jomarlogistica.com.br/2023/06/23/backdated-agreement-singapore-legal-implications-process/" "Mozilla/5.0 (Windows NT 10.0; Win64; x64) AppleWebKit/537.36 (KHTML, like Gecko) Chrome/140.0.0.0 Safari/537.36"
jomarlogistica.com.br:80 119.56.99.99 - - [09/Oct/2025:02:58:28 -0300] "GET /wp-content/themes/consultio/assets/css/flaticon-v4.css?ver=2.8.0 HTTP/1.1" 200 795 "https://jomarlogistica.com.br/2023/06/23/backdated-agreement-singapore-legal-implications-process/" "Mozilla/5.0 (Windows NT 10.0; Win64; x64) AppleWebKit/537.36 (KHTML, like Gecko) Chrome/140.0.0.0 Safari/537.36"
jomarlogistica.com.br:80 119.56.99.99 - - [09/Oct/2025:02:58:29 -0300] "GET /wp-content/themes/consultio/assets/css/flaticon-v6.css?ver=2.8.0 HTTP/1.1" 200 998 "https://jomarlogistica.com.br/2023/06/23/backdated-agreement-singapore-legal-implications-process/" "Mozilla/5.0 (Windows NT 10.0; Win64; x64) AppleWebKit/537.36 (KHTML, like Gecko) Chrome/140.0.0.0 Safari/537.36"
jomarlogistica.com.br:80 119.56.99.99 - - [09/Oct/2025:02:58:29 -0300] "GET /wp-content/themes/consultio/assets/css/flaticon-v7.css?ver=2.8.0 HTTP/1.1" 200 990 "https://jomarlogistica.com.br/2023/06/23/backdated-agreement-singapore-legal-implications-process/" "Mozilla/5.0 (Windows NT 10.0; Win64; x64) AppleWebKit/537.36 (KHTML, like Gecko) Chrome/140.0.0.0 Safari/537.36"
jomarlogistica.com.br:80 119.56.99.99 - - [09/Oct/2025:02:58:29 -0300] "GET /wp-content/themes/consultio/assets/css/material-design-iconic-font.min.css?ver=2.2.0 HTTP/1.1" 200 8981 "https://jomarlogistica.com.br/2023/06/23/backdated-agreement-singapore-legal-implications-process/" "Mozilla/5.0 (Windows NT 10.0; Win64; x64) AppleWebKit/537.36 (KHTML, like Gecko) Chrome/140.0.0.0 Safari/537.36"
jomarlogistica.com.br:80 119.56.99.99 - - [09/Oct/2025:02:58:29 -0300] "GET /wp-content/themes/consultio/assets/css/magnific-popup.css?ver=1.0.0 HTTP/1.1" 200 2198 "https://jomarlogistica.com.br/2023/06/23/backdated-agreement-singapore-legal-implications-process/" "Mozilla/5.0 (Windows NT 10.0; Win64; x64) AppleWebKit/537.36 (KHTML, like Gecko) Chrome/140.0.0.0 Safari/537.36"
jomarlogistica.com.br:80 119.56.99.99 - - [09/Oct/2025:02:58:29 -0300] "GET /wp-content/themes/consultio/assets/css/animate.css?ver=1.0.0 HTTP/1.1" 200 5563 "https://jomarlogistica.com.br/2023/06/23/backdated-agreement-singapore-legal-implications-process/" "Mozilla/5.0 (Windows NT 10.0; Win64; x64) AppleWebKit/537.36 (KHTML, like Gecko) Chrome/140.0.0.0 Safari/537.36"
jomarlogistica.com.br:80 119.56.99.99 - - [09/Oct/2025:02:58:29 -0300] "GET /wp-content/themes/consultio/assets/css/theme.css?ver=2.8.0 HTTP/1.1" 200 195072 "https://jomarlogistica.com.br/2023/06/23/backdated-agreement-singapore-legal-implications-process/" "Mozilla/5.0 (Windows NT 10.0; Win64; x64) AppleWebKit/537.36 (KHTML, like Gecko) Chrome/140.0.0.0 Safari/537.36"
jomarlogistica.com.br:80 119.56.99.99 - - [09/Oct/2025:02:58:30 -0300] "GET /wp-content/themes/consultio/style.css?ver=5.8.10 HTTP/1.1" 200 866 "https://jomarlogistica.com.br/2023/06/23/backdated-agreement-singapore-legal-implications-process/" "Mozilla/5.0 (Windows NT 10.0; Win64; x64) AppleWebKit/537.36 (KHTML, like Gecko) Chrome/140.0.0.0 Safari/537.36"
jomarlogistica.com.br:80 119.56.99.99 - - [09/Oct/2025:02:58:31 -0300] "GET /wp-content/plugins/meks-simple-flickr-widget/css/style.css?ver=1.2 HTTP/1.1" 200 577 "https://jomarlogistica.com.br/2023/06/23/backdated-agreement-singapore-legal-implications-process/" "Mozilla/5.0 (Windows NT 10.0; Win64; x64) AppleWebKit/537.36 (KHTML, like Gecko) Chrome/140.0.0.0 Safari/537.36"
jomarlogistica.com.br:80 119.56.99.99 - - [09/Oct/2025:02:58:33 -0300] "GET /wp-content/plugins/newsletter/style.css?ver=7.3.3 HTTP/1.1" 200 1636 "https://jomarlogistica.com.br/2023/06/23/backdated-agreement-singapore-legal-implications-process/" "Mozilla/5.0 (Windows NT 10.0; Win64; x64) AppleWebKit/537.36 (KHTML, like Gecko) Chrome/140.0.0.0 Safari/537.36"
jomarlogistica.com.br:80 119.56.99.99 - - [09/Oct/2025:02:58:33 -0300] "GET /wp-includes/js/jquery/jquery.min.js?ver=3.6.0 HTTP/1.1" 200 32463 "https://jomarlogistica.com.br/2023/06/23/backdated-agreement-singapore-legal-implications-process/" "Mozilla/5.0 (Windows NT 10.0; Win64; x64) AppleWebKit/537.36 (KHTML, like Gecko) Chrome/140.0.0.0 Safari/537.36"
jomarlogistica.com.br:80 127.0.0.1 - - [09/Oct/2025:02:58:33 -0300] "OPTIONS * HTTP/1.0" 200 110 "-" "Apache/2.4.65 (Ubuntu) (internal dummy connection)"
jomarlogistica.com.br:80 119.56.99.99 - - [09/Oct/2025:02:58:36 -0300] "GET /wp-includes/js/jquery/jquery-migrate.min.js?ver=3.3.2 HTTP/1.1" 200 4613 "https://jomarlogistica.com.br/2023/06/23/backdated-agreement-singapore-legal-implications-process/" "Mozilla/5.0 (Windows NT 10.0; Win64; x64) AppleWebKit/537.36 (KHTML, like Gecko) Chrome/140.0.0.0 Safari/537.36"
jomarlogistica.com.br:80 119.56.99.99 - - [09/Oct/2025:02:58:37 -0300] "GET /wp-content/plugins/case-theme-core/assets/js/main.js?ver=1.0.0 HTTP/1.1" 200 570 "https://jomarlogistica.com.br/2023/06/23/backdated-agreement-singapore-legal-implications-process/" "Mozilla/5.0 (Windows NT 10.0; Win64; x64) AppleWebKit/537.36 (KHTML, like Gecko) Chrome/140.0.0.0 Safari/537.36"
jomarlogistica.com.br:80 119.56.99.99 - - [09/Oct/2025:02:58:38 -0300] "GET /wp-content/themes/consultio/elementor/js/ct-inline-css.js?ver=2.8.0 HTTP/1.1" 200 864 "https://jomarlogistica.com.br/2023/06/23/backdated-agreement-singapore-legal-implications-process/" "Mozilla/5.0 (Windows NT 10.0; Win64; x64) AppleWebKit/537.36 (KHTML, like Gecko) Chrome/140.0.0.0 Safari/537.36"
jomarlogistica.com.br:80 119.56.99.99 - - [09/Oct/2025:02:58:38 -0300] "GET /wp-content/uploads/2021/12/logo.png HTTP/1.1" 200 32663 "https://jomarlogistica.com.br/2023/06/23/backdated-agreement-singapore-legal-implications-process/" "Mozilla/5.0 (Windows NT 10.0; Win64; x64) AppleWebKit/537.36 (KHTML, like Gecko) Chrome/140.0.0.0 Safari/537.36"
jomarlogistica.com.br:80 119.56.99.99 - - [09/Oct/2025:02:58:39 -0300] "GET /wp-content/plugins/revslider/public/assets/css/rs6.css?ver=6.5.11 HTTP/1.1" 200 13321 "https://jomarlogistica.com.br/2023/06/23/backdated-agreement-singapore-legal-implications-process/" "Mozilla/5.0 (Windows NT 10.0; Win64; x64) AppleWebKit/537.36 (KHTML, like Gecko) Chrome/140.0.0.0 Safari/537.36"
jomarlogistica.com.br:80 119.56.99.99 - - [09/Oct/2025:02:58:39 -0300] "GET /wp-includes/js/jquery/ui/datepicker.min.js?ver=1.12.1 HTTP/1.1" 200 11555 "https://jomarlogistica.com.br/2023/06/23/backdated-agreement-singapore-legal-implications-process/" "Mozilla/5.0 (Windows NT 10.0; Win64; x64) AppleWebKit/537.36 (KHTML, like Gecko) Chrome/140.0.0.0 Safari/537.36"
jomarlogistica.com.br:80 119.56.99.99 - - [09/Oct/2025:02:58:39 -0300] "GET /wp-content/plugins/booked/assets/js/spin.min.js?ver=2.0.1 HTTP/1.1" 200 2463 "https://jomarlogistica.com.br/2023/06/23/backdated-agreement-singapore-legal-implications-process/" "Mozilla/5.0 (Windows NT 10.0; Win64; x64) AppleWebKit/537.36 (KHTML, like Gecko) Chrome/140.0.0.0 Safari/537.36"
jomarlogistica.com.br:80 119.56.99.99 - - [09/Oct/2025:02:58:39 -0300] "GET /wp-content/plugins/case-theme-user/acess/js/remodal.min.js?ver=1.0.0 HTTP/1.1" 200 3045 "https://jomarlogistica.com.br/2023/06/23/backdated-agreement-singapore-legal-implications-process/" "Mozilla/5.0 (Windows NT 10.0; Win64; x64) AppleWebKit/537.36 (KHTML, like Gecko) Chrome/140.0.0.0 Safari/537.36"
jomarlogistica.com.br:80 119.56.99.99 - - [09/Oct/2025:02:58:39 -0300] "GET /wp-includes/js/dist/vendor/regenerator-runtime.min.js?ver=0.13.7 HTTP/1.1" 200 2817 "https://jomarlogistica.com.br/2023/06/23/backdated-agreement-singapore-legal-implications-process/" "Mozilla/5.0 (Windows NT 10.0; Win64; x64) AppleWebKit/537.36 (KHTML, like Gecko) Chrome/140.0.0.0 Safari/537.36"
jomarlogistica.com.br:80 119.56.99.99 - - [09/Oct/2025:02:58:39 -0300] "GET /wp-includes/js/jquery/ui/core.min.js?ver=1.12.1 HTTP/1.1" 200 7418 "https://jomarlogistica.com.br/2023/06/23/backdated-agreement-singapore-legal-implications-process/" "Mozilla/5.0 (Windows NT 10.0; Win64; x64) AppleWebKit/537.36 (KHTML, like Gecko) Chrome/140.0.0.0 Safari/537.36"
jomarlogistica.com.br:80 119.56.99.99 - - [09/Oct/2025:02:58:39 -0300] "GET /wp-content/themes/consultio/assets/js/nice-select.min.js?ver=all HTTP/1.1" 200 1420 "https://jomarlogistica.com.br/2023/06/23/backdated-agreement-singapore-legal-implications-process/" "Mozilla/5.0 (Windows NT 10.0; Win64; x64) AppleWebKit/537.36 (KHTML, like Gecko) Chrome/140.0.0.0 Safari/537.36"
jomarlogistica.com.br:80 119.56.99.99 - - [09/Oct/2025:02:58:39 -0300] "GET /wp-includes/js/jquery/ui/slider.min.js?ver=1.12.1 HTTP/1.1" 200 3602 "https://jomarlogistica.com.br/2023/06/23/backdated-agreement-singapore-legal-implications-process/" "Mozilla/5.0 (Windows NT 10.0; Win64; x64) AppleWebKit/537.36 (KHTML, like Gecko) Chrome/140.0.0.0 Safari/537.36"
jomarlogistica.com.br:80 119.56.99.99 - - [09/Oct/2025:02:58:39 -0300] "GET /wp-content/themes/consultio/assets/fonts/fontawesome/fa-brands-400.woff2 HTTP/1.1" 200 75110 "https://jomarlogistica.com.br/wp-content/themes/consultio/assets/css/font-awesome5.min.css?ver=5.8.0" "Mozilla/5.0 (Windows NT 10.0; Win64; x64) AppleWebKit/537.36 (KHTML, like Gecko) Chrome/140.0.0.0 Safari/537.36"
jomarlogistica.com.br:80 119.56.99.99 - - [09/Oct/2025:02:58:39 -0300] "GET /wp-content/themes/consultio/assets/fonts/Flaticon.woff2 HTTP/1.1" 200 12833 "https://jomarlogistica.com.br/wp-content/themes/consultio/assets/css/flaticon.css?ver=2.8.0" "Mozilla/5.0 (Windows NT 10.0; Win64; x64) AppleWebKit/537.36 (KHTML, like Gecko) Chrome/140.0.0.0 Safari/537.36"
jomarlogistica.com.br:80 119.56.99.99 - - [09/Oct/2025:02:58:39 -0300] "GET /wp-content/plugins/booked/assets/js/spin.jquery.js?ver=2.0.1 HTTP/1.1" 200 1167 "https://jomarlogistica.com.br/2023/06/23/backdated-agreement-singapore-legal-implications-process/" "Mozilla/5.0 (Windows NT 10.0; Win64; x64) AppleWebKit/537.36 (KHTML, like Gecko) Chrome/140.0.0.0 Safari/537.36"
jomarlogistica.com.br:80 119.56.99.99 - - [09/Oct/2025:02:58:39 -0300] "GET /wp-content/plugins/booked/assets/js/tooltipster/js/jquery.tooltipster.min.js?ver=3.3.0 HTTP/1.1" 200 5373 "https://jomarlogistica.com.br/2023/06/23/backdated-agreement-singapore-legal-implications-process/" "Mozilla/5.0 (Windows NT 10.0; Win64; x64) AppleWebKit/537.36 (KHTML, like Gecko) Chrome/140.0.0.0 Safari/537.36"
