jomarlogistica.com.br:80 119.56.99.99 - - [09/Oct/2025:02:58:40 -0300] "GET /wp-content/plugins/booked/assets/js/functions.js?ver=2.3.5 HTTP/1.1" 200 10029 "https://jomarlogistica.com.br/2023/06/23/backdated-agreement-singapore-legal-implications-process/" "Mozilla/5.0 (Windows NT 10.0; Win64; x64) AppleWebKit/537.36 (KHTML, like Gecko) Chrome/140.0.0.0 Safari/537.36"
jomarlogistica.com.br:80 119.56.99.99 - - [09/Oct/2025:02:58:40 -0300] "GET /wp-content/plugins/case-theme-user/acess/js/notify.min.js?ver=1.0.0 HTTP/1.1" 200 7826 "https://jomarlogistica.com.br/2023/06/23/backdated-agreement-singapore-legal-implications-process/" "Mozilla/5.0 (Windows NT 10.0; Win64; x64) AppleWebKit/537.36 (KHTML, like Gecko) Chrome/140.0.0.0 Safari/537.36"
jomarlogistica.com.br:80 119.56.99.99 - - [09/Oct/2025:02:58:40 -0300] "GET /wp-content/plugins/case-theme-user/acess/js/ct-user-form.js?ver=1.0.0 HTTP/1.1" 200 2307 "https://jomarlogistica.com.br/2023/06/23/backdated-agreement-singapore-legal-implications-process/" "Mozilla/5.0 (Windows NT 10.0; Win64; x64) AppleWebKit/537.36 (KHTML, like Gecko) Chrome/140.0.0.0 Safari/537.36"
jomarlogistica.com.br:80 119.56.99.99 - - [09/Oct/2025:02:58:40 -0300] "GET /wp-content/plugins/contact-form-7-multi-step/assets/frontend/js/cf7mls.js?ver=2.5.4 HTTP/1.1" 200 7286 "https://jomarlogistica.com.br/2023/06/23/backdated-agreement-singapore-legal-implications-process/" "Mozilla/5.0 (Windows NT 10.0; Win64; x64) AppleWebKit/537.36 (KHTML, like Gecko) Chrome/140.0.0.0 Safari/537.36"
jomarlogistica.com.br:80 119.56.99.99 - - [09/Oct/2025:02:58:40 -0300] "GET /wp-includes/js/dist/vendor/wp-polyfill.min.js?ver=3.15.0 HTTP/1.1" 200 6572 "https://jomarlogistica.com.br/2023/06/23/backdated-agreement-singapore-legal-implications-process/" "Mozilla/5.0 (Windows NT 10.0; Win64; x64) AppleWebKit/537.36 (KHTML, like Gecko) Chrome/140.0.0.0 Safari/537.36"
jomarlogistica.com.br:80 119.56.99.99 - - [09/Oct/2025:02:58:40 -0300] "GET /wp-content/plugins/contact-form-7/includes/js/index.js?ver=5.5.3 HTTP/1.1" 200 4245 "https://jomarlogistica.com.br/2023/06/23/backdated-agreement-singapore-legal-implications-process/" "Mozilla/5.0 (Windows NT 10.0; Win64; x64) AppleWebKit/537.36 (KHTML, like Gecko) Chrome/140.0.0.0 Safari/537.36"
jomarlogistica.com.br:80 119.56.99.99 - - [09/Oct/2025:02:58:40 -0300] "GET /wp-content/plugins/booked/includes/add-ons/frontend-agents/js/functions.js?ver=2.3.5 HTTP/1.1" 200 1592 "https://jomarlogistica.com.br/2023/06/23/backdated-agreement-singapore-legal-implications-process/" "Mozilla/5.0 (Windows NT 10.0; Win64; x64) AppleWebKit/537.36 (KHTML, like Gecko) Chrome/140.0.0.0 Safari/537.36"
jomarlogistica.com.br:80 119.56.99.99 - - [09/Oct/2025:02:58:40 -0300] "GET /wp-content/themes/consultio/assets/js/match-height-min.js?ver=1.0.0 HTTP/1.1" 200 3557 "https://jomarlogistica.com.br/2023/06/23/backdated-agreement-singapore-legal-implications-process/" "Mozilla/5.0 (Windows NT 10.0; Win64; x64) AppleWebKit/537.36 (KHTML, like Gecko) Chrome/140.0.0.0 Safari/537.36"
jomarlogistica.com.br:80 119.56.99.99 - - [09/Oct/2025:02:58:40 -0300] "GET /wp-content/themes/consultio/assets/js/bootstrap.min.js?ver=4.0.0 HTTP/1.1" 200 14168 "https://jomarlogistica.com.br/2023/06/23/backdated-agreement-singapore-legal-implications-process/" "Mozilla/5.0 (Windows NT 10.0; Win64; x64) AppleWebKit/537.36 (KHTML, like Gecko) Chrome/140.0.0.0 Safari/537.36"
jomarlogistica.com.br:80 119.56.99.99 - - [09/Oct/2025:02:58:40 -0300] "GET /wp-content/themes/consultio/assets/js/progressbar.min.js?ver=1.0.0 HTTP/1.1" 200 1327 "https://jomarlogistica.com.br/2023/06/23/backdated-agreement-singapore-legal-implications-process/" "Mozilla/5.0 (Windows NT 10.0; Win64; x64) AppleWebKit/537.36 (KHTML, like Gecko) Chrome/140.0.0.0 Safari/537.36"
jomarlogistica.com.br:80 119.56.99.99 - - [09/Oct/2025:02:58:40 -0300] "GET /wp-content/themes/consultio/assets/js/wow.min.js?ver=1.0.0 HTTP/1.1" 200 3260 "https://jomarlogistica.com.br/2023/06/23/backdated-agreement-singapore-legal-implications-process/" "Mozilla/5.0 (Windows NT 10.0; Win64; x64) AppleWebKit/537.36 (KHTML, like Gecko) Chrome/140.0.0.0 Safari/537.36"
jomarlogistica.com.br:80 119.56.99.99 - - [09/Oct/2025:02:58:40 -0300] "GET /wp-includes/js/jquery/ui/mouse.min.js?ver=1.12.1 HTTP/1.1" 200 1479 "https://jomarlogistica.com.br/2023/06/23/backdated-agreement-singapore-legal-implications-process/" "Mozilla/5.0 (Windows NT 10.0; Win64; x64) AppleWebKit/537.36 (KHTML, like Gecko) Chrome/140.0.0.0 Safari/537.36"
jomarlogistica.com.br:80 119.56.99.99 - - [09/Oct/2025:02:58:40 -0300] "GET /wp-content/themes/consultio/assets/js/magnific-popup.min.js?ver=1.0.0 HTTP/1.1" 200 14895 "https://jomarlogistica.com.br/2023/06/23/backdated-agreement-singapore-legal-implications-process/" "Mozilla/5.0 (Windows NT 10.0; Win64; x64) AppleWebKit/537.36 (KHTML, like Gecko) Chrome/140.0.0.0 Safari/537.36"
jomarlogistica.com.br:80 119.56.99.99 - - [09/Oct/2025:02:58:40 -0300] "GET /wp-includes/js/wp-embed.min.js?ver=5.8.10 HTTP/1.1" 200 1177 "https://jomarlogistica.com.br/2023/06/23/backdated-agreement-singapore-legal-implications-process/" "Mozilla/5.0 (Windows NT 10.0; Win64; x64) AppleWebKit/537.36 (KHTML, like Gecko) Chrome/140.0.0.0 Safari/537.36"
jomarlogistica.com.br:80 119.56.99.99 - - [09/Oct/2025:02:58:40 -0300] "GET /wp-content/themes/consultio/assets/js/main.js?ver=2.8.0 HTTP/1.1" 200 6455 "https://jomarlogistica.com.br/2023/06/23/backdated-agreement-singapore-legal-implications-process/" "Mozilla/5.0 (Windows NT 10.0; Win64; x64) AppleWebKit/537.36 (KHTML, like Gecko) Chrome/140.0.0.0 Safari/537.36"
jomarlogistica.com.br:80 119.56.99.99 - - [09/Oct/2025:02:58:40 -0300] "GET /wp-content/plugins/revslider/public/assets/js/rs6.min.js?ver=6.5.11 HTTP/1.1" 200 8494 "https://jomarlogistica.com.br/2023/06/23/backdated-agreement-singapore-legal-implications-process/" "Mozilla/5.0 (Windows NT 10.0; Win64; x64) AppleWebKit/537.36 (KHTML, like Gecko) Chrome/140.0.0.0 Safari/537.36"
jomarlogistica.com.br:80 119.56.99.99 - - [09/Oct/2025:02:58:40 -0300] "GET /wp-content/plugins/revslider/public/assets/js/rbtools.min.js?ver=6.5.11 HTTP/1.1" 200 48787 "https://jomarlogistica.com.br/2023/06/23/backdated-agreement-singapore-legal-implications-process/" "Mozilla/5.0 (Windows NT 10.0; Win64; x64) AppleWebKit/537.36 (KHTML, like Gecko) Chrome/140.0.0.0 Safari/537.36"
jomarlogistica.com.br:80 119.56.99.99 - - [09/Oct/2025:02:58:40 -0300] "GET /wp-includes/js/wp-emoji-release.min.js?ver=5.8.10 HTTP/1.1" 200 5577 "https://jomarlogistica.com.br/2023/06/23/backdated-agreement-singapore-legal-implications-process/" "Mozilla/5.0 (Windows NT 10.0; Win64; x64) AppleWebKit/537.36 (KHTML, like Gecko) Chrome/140.0.0.0 Safari/537.36"
jomarlogistica.com.br:80 119.56.99.99 - - [09/Oct/2025:02:58:40 -0300] "GET /wp-content/uploads/2020/05/bg-page-title-u.jpg HTTP/1.1" 200 88326 "https://jomarlogistica.com.br/2023/06/23/backdated-agreement-singapore-legal-implications-process/" "Mozilla/5.0 (Windows NT 10.0; Win64; x64) AppleWebKit/537.36 (KHTML, like Gecko) Chrome/140.0.0.0 Safari/537.36"
jomarlogistica.com.br:80 119.56.99.99 - - [09/Oct/2025:02:58:40 -0300] "GET /wp-content/themes/consultio/assets/fonts/fontawesome/fa-solid-900.woff2 HTTP/1.1" 200 8446 "https://jomarlogistica.com.br/wp-content/themes/consultio/assets/css/font-awesome5.min.css?ver=5.8.0" "Mozilla/5.0 (Windows NT 10.0; Win64; x64) AppleWebKit/537.36 (KHTML, like Gecko) Chrome/140.0.0.0 Safari/537.36"
jomarlogistica.com.br:80 119.56.99.99 - - [09/Oct/2025:02:58:40 -0300] "GET /wp-content/themes/consultio/assets/fonts/Flaticon-v3.woff2 HTTP/1.1" 200 8049 "https://jomarlogistica.com.br/wp-content/themes/consultio/assets/css/flaticon-v3.css?ver=2.8.0" "Mozilla/5.0 (Windows NT 10.0; Win64; x64) AppleWebKit/537.36 (KHTML, like Gecko) Chrome/140.0.0.0 Safari/537.36"
jomarlogistica.com.br:80 127.0.0.1 - - [09/Oct/2025:02:58:45 -0300] "OPTIONS * HTTP/1.0" 200 110 "-" "Apache/2.4.65 (Ubuntu) (internal dummy connection)"
jomarlogistica.com.br:80 127.0.0.1 - - [09/Oct/2025:02:58:46 -0300] "OPTIONS * HTTP/1.0" 200 110 "-" "Apache/2.4.65 (Ubuntu) (internal dummy connection)"
jomarlogistica.com.br:80 119.56.99.99 - - [09/Oct/2025:02:58:38 -0300] "GET /?a7b529c=7251004 HTTP/1.1" 200 306 "https://jomarlogistica.com.br/2023/06/23/backdated-agreement-singapore-legal-implications-process/" "Mozilla/5.0 (Windows NT 10.0; Win64; x64) AppleWebKit/537.36 (KHTML, like Gecko) Chrome/140.0.0.0 Safari/537.36"
jomarlogistica.com.br:80 127.0.0.1 - - [09/Oct/2025:02:58:49 -0300] "OPTIONS * HTTP/1.0" 200 110 "-" "Apache/2.4.65 (Ubuntu) (internal dummy connection)"
jomarlogistica.com.br:80 15.235.98.84 - - [09/Oct/2025:03:01:35 -0300] "GET /2023/10/23/a-written-agreement-between-two-countries-legal-implications/ HTTP/1.1" 200 13814 "-" "Mozilla/5.0 (compatible; AhrefsBot/7.0; +http://ahrefs.com/robot/)"
jomarlogistica.com.br:80 172.20.1.198 - - [09/Oct/2025:03:06:11 -0300] "POST /wp-cron.php?doing_wp_cron=1759989971.7630469799041748046875 HTTP/1.1" 200 389 "https://jomarlogistica.com.br/wp-cron.php?doing_wp_cron=1759989971.7630469799041748046875" "WordPress/5.8.10; https://jomarlogistica.com.br"
jomarlogistica.com.br:80 119.56.99.99 - - [09/Oct/2025:03:06:11 -0300] "GET /2023/06/23/backdated-agreement-singapore-legal-implications-process/ HTTP/1.1" 200 14854 "https://www.google.com/" "Mozilla/5.0 (Windows NT 10.0; Win64; x64) AppleWebKit/537.36 (KHTML, like Gecko) Chrome/140.0.0.0 Safari/537.36"
jomarlogistica.com.br:80 119.56.99.99 - - [09/Oct/2025:03:06:13 -0300] "GET /wp-includes/js/wp-emoji-release.min.js?ver=5.8.10 HTTP/1.1" 200 5577 "https://jomarlogistica.com.br/2023/06/23/backdated-agreement-singapore-legal-implications-process/" "Mozilla/5.0 (Windows NT 10.0; Win64; x64) AppleWebKit/537.36 (KHTML, like Gecko) Chrome/140.0.0.0 Safari/537.36"
jomarlogistica.com.br:80 119.56.99.99 - - [09/Oct/2025:03:06:13 -0300] "GET /wp-content/plugins/booked/assets/js/spin.jquery.js?ver=2.0.1 HTTP/1.1" 200 1167 "https://jomarlogistica.com.br/2023/06/23/backdated-agreement-singapore-legal-implications-process/" "Mozilla/5.0 (Windows NT 10.0; Win64; x64) AppleWebKit/537.36 (KHTML, like Gecko) Chrome/140.0.0.0 Safari/537.36"
jomarlogistica.com.br:80 119.56.99.99 - - [09/Oct/2025:03:06:13 -0300] "GET /wp-content/plugins/booked/assets/js/tooltipster/js/jquery.tooltipster.min.js?ver=3.3.0 HTTP/1.1" 200 5373 "https://jomarlogistica.com.br/2023/06/23/backdated-agreement-singapore-legal-implications-process/" "Mozilla/5.0 (Windows NT 10.0; Win64; x64) AppleWebKit/537.36 (KHTML, like Gecko) Chrome/140.0.0.0 Safari/537.36"
jomarlogistica.com.br:80 119.56.99.99 - - [09/Oct/2025:03:06:13 -0300] "GET /wp-content/plugins/booked/assets/js/functions.js?ver=2.3.5 HTTP/1.1" 200 10029 "https://jomarlogistica.com.br/2023/06/23/backdated-agreement-singapore-legal-implications-process/" "Mozilla/5.0 (Windows NT 10.0; Win64; x64) AppleWebKit/537.36 (KHTML, like Gecko) Chrome/140.0.0.0 Safari/537.36"
jomarlogistica.com.br:80 119.56.99.99 - - [09/Oct/2025:03:06:13 -0300] "GET /wp-content/plugins/case-theme-user/acess/js/notify.min.js?ver=1.0.0 HTTP/1.1" 200 7845 "https://jomarlogistica.com.br/2023/06/23/backdated-agreement-singapore-legal-implications-process/" "Mozilla/5.0 (Windows NT 10.0; Win64; x64) AppleWebKit/537.36 (KHTML, like Gecko) Chrome/140.0.0.0 Safari/537.36"
jomarlogistica.com.br:80 119.56.99.99 - - [09/Oct/2025:03:06:13 -0300] "GET /wp-content/plugins/case-theme-user/acess/js/ct-user-form.js?ver=1.0.0 HTTP/1.1" 200 2307 "https://jomarlogistica.com.br/2023/06/23/backdated-agreement-singapore-legal-implications-process/" "Mozilla/5.0 (Windows NT 10.0; Win64; x64) AppleWebKit/537.36 (KHTML, like Gecko) Chrome/140.0.0.0 Safari/537.36"
jomarlogistica.com.br:80 119.56.99.99 - - [09/Oct/2025:03:06:14 -0300] "GET /wp-content/plugins/contact-form-7-multi-step/assets/frontend/js/cf7mls.js?ver=2.5.4 HTTP/1.1" 200 7286 "https://jomarlogistica.com.br/2023/06/23/backdated-agreement-singapore-legal-implications-process/" "Mozilla/5.0 (Windows NT 10.0; Win64; x64) AppleWebKit/537.36 (KHTML, like Gecko) Chrome/140.0.0.0 Safari/537.36"
jomarlogistica.com.br:80 119.56.99.99 - - [09/Oct/2025:03:06:14 -0300] "GET /wp-includes/js/dist/vendor/wp-polyfill.min.js?ver=3.15.0 HTTP/1.1" 200 6572 "https://jomarlogistica.com.br/2023/06/23/backdated-agreement-singapore-legal-implications-process/" "Mozilla/5.0 (Windows NT 10.0; Win64; x64) AppleWebKit/537.36 (KHTML, like Gecko) Chrome/140.0.0.0 Safari/537.36"
jomarlogistica.com.br:80 119.56.99.99 - - [09/Oct/2025:03:06:14 -0300] "GET /wp-content/plugins/contact-form-7/includes/js/index.js?ver=5.5.3 HTTP/1.1" 200 4245 "https://jomarlogistica.com.br/2023/06/23/backdated-agreement-singapore-legal-implications-process/" "Mozilla/5.0 (Windows NT 10.0; Win64; x64) AppleWebKit/537.36 (KHTML, like Gecko) Chrome/140.0.0.0 Safari/537.36"
jomarlogistica.com.br:80 119.56.99.99 - - [09/Oct/2025:03:06:14 -0300] "GET /wp-content/plugins/booked/includes/add-ons/frontend-agents/js/functions.js?ver=2.3.5 HTTP/1.1" 200 1611 "https://jomarlogistica.com.br/2023/06/23/backdated-agreement-singapore-legal-implications-process/" "Mozilla/5.0 (Windows NT 10.0; Win64; x64) AppleWebKit/537.36 (KHTML, like Gecko) Chrome/140.0.0.0 Safari/537.36"
jomarlogistica.com.br:80 119.56.99.99 - - [09/Oct/2025:03:06:15 -0300] "GET /wp-content/themes/consultio/assets/js/match-height-min.js?ver=1.0.0 HTTP/1.1" 200 3557 "https://jomarlogistica.com.br/2023/06/23/backdated-agreement-singapore-legal-implications-process/" "Mozilla/5.0 (Windows NT 10.0; Win64; x64) AppleWebKit/537.36 (KHTML, like Gecko) Chrome/140.0.0.0 Safari/537.36"
jomarlogistica.com.br:80 119.56.99.99 - - [09/Oct/2025:03:06:15 -0300] "GET /wp-content/themes/consultio/assets/js/bootstrap.min.js?ver=4.0.0 HTTP/1.1" 200 14168 "https://jomarlogistica.com.br/2023/06/23/backdated-agreement-singapore-legal-implications-process/" "Mozilla/5.0 (Windows NT 10.0; Win64; x64) AppleWebKit/537.36 (KHTML, like Gecko) Chrome/140.0.0.0 Safari/537.36"
jomarlogistica.com.br:80 119.56.99.99 - - [09/Oct/2025:03:06:15 -0300] "GET /wp-content/themes/consultio/assets/js/progressbar.min.js?ver=1.0.0 HTTP/1.1" 200 1327 "https://jomarlogistica.com.br/2023/06/23/backdated-agreement-singapore-legal-implications-process/" "Mozilla/5.0 (Windows NT 10.0; Win64; x64) AppleWebKit/537.36 (KHTML, like Gecko) Chrome/140.0.0.0 Safari/537.36"
jomarlogistica.com.br:80 119.56.99.99 - - [09/Oct/2025:03:06:15 -0300] "GET /wp-content/themes/consultio/assets/js/magnific-popup.min.js?ver=1.0.0 HTTP/1.1" 200 14895 "https://jomarlogistica.com.br/2023/06/23/backdated-agreement-singapore-legal-implications-process/" "Mozilla/5.0 (Windows NT 10.0; Win64; x64) AppleWebKit/537.36 (KHTML, like Gecko) Chrome/140.0.0.0 Safari/537.36"
jomarlogistica.com.br:80 119.56.99.99 - - [09/Oct/2025:03:06:15 -0300] "GET /wp-content/themes/consultio/assets/js/wow.min.js?ver=1.0.0 HTTP/1.1" 200 3260 "https://jomarlogistica.com.br/2023/06/23/backdated-agreement-singapore-legal-implications-process/" "Mozilla/5.0 (Windows NT 10.0; Win64; x64) AppleWebKit/537.36 (KHTML, like Gecko) Chrome/140.0.0.0 Safari/537.36"
jomarlogistica.com.br:80 119.56.99.99 - - [09/Oct/2025:03:06:16 -0300] "GET /wp-includes/js/jquery/ui/mouse.min.js?ver=1.12.1 HTTP/1.1" 200 1479 "https://jomarlogistica.com.br/2023/06/23/backdated-agreement-singapore-legal-implications-process/" "Mozilla/5.0 (Windows NT 10.0; Win64; x64) AppleWebKit/537.36 (KHTML, like Gecko) Chrome/140.0.0.0 Safari/537.36"
jomarlogistica.com.br:80 119.56.99.99 - - [09/Oct/2025:03:06:16 -0300] "GET /wp-content/themes/consultio/assets/js/main.js?ver=2.8.0 HTTP/1.1" 200 6474 "https://jomarlogistica.com.br/2023/06/23/backdated-agreement-singapore-legal-implications-process/" "Mozilla/5.0 (Windows NT 10.0; Win64; x64) AppleWebKit/537.36 (KHTML, like Gecko) Chrome/140.0.0.0 Safari/537.36"
jomarlogistica.com.br:80 119.56.99.99 - - [09/Oct/2025:03:06:16 -0300] "GET /wp-includes/js/wp-embed.min.js?ver=5.8.10 HTTP/1.1" 200 1177 "https://jomarlogistica.com.br/2023/06/23/backdated-agreement-singapore-legal-implications-process/" "Mozilla/5.0 (Windows NT 10.0; Win64; x64) AppleWebKit/537.36 (KHTML, like Gecko) Chrome/140.0.0.0 Safari/537.36"
jomarlogistica.com.br:80 119.56.99.99 - - [09/Oct/2025:03:06:16 -0300] "GET /wp-content/plugins/revslider/public/assets/js/rbtools.min.js?ver=6.5.11 HTTP/1.1" 200 48787 "https://jomarlogistica.com.br/2023/06/23/backdated-agreement-singapore-legal-implications-process/" "Mozilla/5.0 (Windows NT 10.0; Win64; x64) AppleWebKit/537.36 (KHTML, like Gecko) Chrome/140.0.0.0 Safari/537.36"
jomarlogistica.com.br:80 127.0.0.1 - - [09/Oct/2025:03:06:17 -0300] "OPTIONS * HTTP/1.0" 200 110 "-" "Apache/2.4.65 (Ubuntu) (internal dummy connection)"
jomarlogistica.com.br:80 119.56.99.99 - - [09/Oct/2025:03:06:17 -0300] "GET /wp-content/plugins/revslider/public/assets/js/rs6.min.js?ver=6.5.11 HTTP/1.1" 200 105012 "https://jomarlogistica.com.br/2023/06/23/backdated-agreement-singapore-legal-implications-process/" "Mozilla/5.0 (Windows NT 10.0; Win64; x64) AppleWebKit/537.36 (KHTML, like Gecko) Chrome/140.0.0.0 Safari/537.36"
jomarlogistica.com.br:80 119.56.99.99 - - [09/Oct/2025:03:06:18 -0300] "GET /wp-content/uploads/2020/05/bg-page-title-u.jpg HTTP/1.1" 200 88326 "https://jomarlogistica.com.br/2023/06/23/backdated-agreement-singapore-legal-implications-process/" "Mozilla/5.0 (Windows NT 10.0; Win64; x64) AppleWebKit/537.36 (KHTML, like Gecko) Chrome/140.0.0.0 Safari/537.36"
jomarlogistica.com.br:80 119.56.99.99 - - [09/Oct/2025:03:06:18 -0300] "GET /wp-content/themes/consultio/assets/fonts/fontawesome/fa-brands-400.woff2 HTTP/1.1" 200 75110 "https://jomarlogistica.com.br/wp-content/themes/consultio/assets/css/font-awesome5.min.css?ver=5.8.0" "Mozilla/5.0 (Windows NT 10.0; Win64; x64) AppleWebKit/537.36 (KHTML, like Gecko) Chrome/140.0.0.0 Safari/537.36"
jomarlogistica.com.br:80 119.56.99.99 - - [09/Oct/2025:03:06:18 -0300] "GET /wp-content/themes/consultio/assets/fonts/Flaticon.woff2 HTTP/1.1" 200 12814 "https://jomarlogistica.com.br/wp-content/themes/consultio/assets/css/flaticon.css?ver=2.8.0" "Mozilla/5.0 (Windows NT 10.0; Win64; x64) AppleWebKit/537.36 (KHTML, like Gecko) Chrome/140.0.0.0 Safari/537.36"
jomarlogistica.com.br:80 119.56.99.99 - - [09/Oct/2025:03:06:18 -0300] "GET /wp-content/themes/consultio/assets/fonts/Flaticon-v3.woff2 HTTP/1.1" 200 8049 "https://jomarlogistica.com.br/wp-content/themes/consultio/assets/css/flaticon-v3.css?ver=2.8.0" "Mozilla/5.0 (Windows NT 10.0; Win64; x64) AppleWebKit/537.36 (KHTML, like Gecko) Chrome/140.0.0.0 Safari/537.36"
jomarlogistica.com.br:80 119.56.99.99 - - [09/Oct/2025:03:06:18 -0300] "GET /wp-content/themes/consultio/assets/fonts/fontawesome/fa-solid-900.woff2 HTTP/1.1" 200 117654 "https://jomarlogistica.com.br/wp-content/themes/consultio/assets/css/font-awesome5.min.css?ver=5.8.0" "Mozilla/5.0 (Windows NT 10.0; Win64; x64) AppleWebKit/537.36 (KHTML, like Gecko) Chrome/140.0.0.0 Safari/537.36"
jomarlogistica.com.br:80 127.0.0.1 - - [09/Oct/2025:03:06:22 -0300] "OPTIONS * HTTP/1.0" 200 110 "-" "Apache/2.4.65 (Ubuntu) (internal dummy connection)"
jomarlogistica.com.br:80 119.56.99.99 - - [09/Oct/2025:03:06:13 -0300] "GET /?a7b529c=7251004 HTTP/1.1" 200 287 "https://jomarlogistica.com.br/2023/06/23/backdated-agreement-singapore-legal-implications-process/" "Mozilla/5.0 (Windows NT 10.0; Win64; x64) AppleWebKit/537.36 (KHTML, like Gecko) Chrome/140.0.0.0 Safari/537.36"
jomarlogistica.com.br:80 119.56.99.99 - - [09/Oct/2025:03:06:25 -0300] "GET /wp-content/themes/consultio/assets/images/pointer.png HTTP/1.1" 200 998 "https://jomarlogistica.com.br/wp-content/themes/consultio/assets/css/theme.css?ver=2.8.0" "Mozilla/5.0 (Windows NT 10.0; Win64; x64) AppleWebKit/537.36 (KHTML, like Gecko) Chrome/140.0.0.0 Safari/537.36"
jomarlogistica.com.br:80 119.56.99.99 - - [09/Oct/2025:03:06:26 -0300] "GET /wp-content/themes/consultio/assets/fonts/Material-Design-Iconic-Font.woff2?v=2.2.0 HTTP/1.1" 200 38405 "https://jomarlogistica.com.br/wp-content/themes/consultio/assets/css/material-design-iconic-font.min.css?ver=2.2.0" "Mozilla/5.0 (Windows NT 10.0; Win64; x64) AppleWebKit/537.36 (KHTML, like Gecko) Chrome/140.0.0.0 Safari/537.36"
jomarlogistica.com.br:80 119.56.99.99 - - [09/Oct/2025:03:06:26 -0300] "GET /wp-content/plugins/elementor/assets/lib/font-awesome/fonts/fontawesome-webfont.woff2?v=4.7.0 HTTP/1.1" 200 77560 "https://jomarlogistica.com.br/wp-content/plugins/elementor/assets/lib/font-awesome/css/font-awesome.min.css?ver=4.7.0" "Mozilla/5.0 (Windows NT 10.0; Win64; x64) AppleWebKit/537.36 (KHTML, like Gecko) Chrome/140.0.0.0 Safari/537.36"
jomarlogistica.com.br:80 127.0.0.1 - - [09/Oct/2025:03:06:26 -0300] "OPTIONS * HTTP/1.0" 200 110 "-" "Apache/2.4.65 (Ubuntu) (internal dummy connection)"
jomarlogistica.com.br:80 119.56.99.99 - - [09/Oct/2025:03:06:26 -0300] "GET /wp-content/themes/consultio/assets/fonts/fontawesome/fa-regular-400.woff2 HTTP/1.1" 200 145375 "https://jomarlogistica.com.br/wp-content/themes/consultio/assets/css/font-awesome5.min.css?ver=5.8.0" "Mozilla/5.0 (Windows NT 10.0; Win64; x64) AppleWebKit/537.36 (KHTML, like Gecko) Chrome/140.0.0.0 Safari/537.36"
jomarlogistica.com.br:80 119.56.99.99 - - [09/Oct/2025:03:06:27 -0300] "GET /favicon.ico HTTP/1.1" 302 489 "-" "Mozilla/5.0 (Windows NT 10.0; Win64; x64) AppleWebKit/537.36 (KHTML, like Gecko) Chrome/140.0.0.0 Safari/537.36"
jomarlogistica.com.br:80 172.20.1.198 - - [09/Oct/2025:03:15:41 -0300] "POST /wp-cron.php?doing_wp_cron=1759990541.4593050479888916015625 HTTP/1.1" 200 389 "https://jomarlogistica.com.br/wp-cron.php?doing_wp_cron=1759990541.4593050479888916015625" "WordPress/5.8.10; https://jomarlogistica.com.br"
jomarlogistica.com.br:80 185.191.171.12 - - [09/Oct/2025:03:15:41 -0300] "GET /2023/10/02/what-is-a-data-room/ HTTP/1.1" 200 17274 "-" "Mozilla/5.0 (compatible; SemrushBot/7~bl; +http://www.semrush.com/bot.html)"
jomarlogistica.com.br:80 127.0.0.1 - - [09/Oct/2025:03:15:47 -0300] "OPTIONS * HTTP/1.0" 200 110 "-" "Apache/2.4.65 (Ubuntu) (internal dummy connection)"
jomarlogistica.com.br:80 172.20.1.198 - - [09/Oct/2025:03:19:21 -0300] "POST /wp-cron.php?doing_wp_cron=1759990761.0800769329071044921875 HTTP/1.1" 200 389 "https://jomarlogistica.com.br/wp-cron.php?doing_wp_cron=1759990761.0800769329071044921875" "WordPress/5.8.10; https://jomarlogistica.com.br"
jomarlogistica.com.br:80 85.208.96.211 - - [09/Oct/2025:03:19:16 -0300] "GET /robots.txt HTTP/1.1" 200 584 "-" "Mozilla/5.0 (compatible; SemrushBot/7~bl; +http://www.semrush.com/bot.html)"
jomarlogistica.com.br:80 185.191.171.9 - - [09/Oct/2025:03:19:22 -0300] "GET /2023/10/31/the-very-best-paper-management-systems-with-respect-to-small-businesses/ HTTP/1.1" 200 17653 "-" "Mozilla/5.0 (compatible; SemrushBot/7~bl; +http://www.semrush.com/bot.html)"
jomarlogistica.com.br:80 127.0.0.1 - - [09/Oct/2025:03:19:29 -0300] "OPTIONS * HTTP/1.0" 200 110 "-" "Apache/2.4.65 (Ubuntu) (internal dummy connection)"
jomarlogistica.com.br:80 172.20.1.198 - - [09/Oct/2025:03:28:26 -0300] "POST /wp-cron.php?doing_wp_cron=1759991306.7367401123046875000000 HTTP/1.1" 200 389 "https://jomarlogistica.com.br/wp-cron.php?doing_wp_cron=1759991306.7367401123046875000000" "WordPress/5.8.10; https://jomarlogistica.com.br"
jomarlogistica.com.br:80 177.116.190.244 - - [09/Oct/2025:03:28:26 -0300] "POST /autodiscover/autodiscover.xml HTTP/1.1" 404 448 "-" "AppleExchangeWebServices/833 accountsd/113"
jomarlogistica.com.br:80 127.0.0.1 - - [09/Oct/2025:03:28:32 -0300] "OPTIONS * HTTP/1.0" 200 110 "-" "Apache/2.4.65 (Ubuntu) (internal dummy connection)"
jomarlogistica.com.br:80 172.20.1.198 - - [09/Oct/2025:03:40:30 -0300] "POST /wp-cron.php?doing_wp_cron=1759992030.8683350086212158203125 HTTP/1.1" 200 389 "https://jomarlogistica.com.br/wp-cron.php?doing_wp_cron=1759992030.8683350086212158203125" "WordPress/5.8.10; https://jomarlogistica.com.br"
jomarlogistica.com.br:80 20.171.207.36 - - [09/Oct/2025:03:40:30 -0300] "GET /wp-sitemap.xml HTTP/1.1" 200 643 "-" "Mozilla/5.0 AppleWebKit/537.36 (KHTML, like Gecko; compatible; GPTBot/1.2; +https://openai.com/gptbot)"
jomarlogistica.com.br:80 127.0.0.1 - - [09/Oct/2025:03:40:35 -0300] "OPTIONS * HTTP/1.0" 200 110 "-" "Apache/2.4.65 (Ubuntu) (internal dummy connection)"
jomarlogistica.com.br:80 172.20.1.198 - - [09/Oct/2025:03:43:42 -0300] "POST /wp-cron.php?doing_wp_cron=1759992221.9867970943450927734375 HTTP/1.1" 200 389 "https://jomarlogistica.com.br/wp-cron.php?doing_wp_cron=1759992221.9867970943450927734375" "WordPress/5.8.10; https://jomarlogistica.com.br"
jomarlogistica.com.br:80 177.116.190.244 - - [09/Oct/2025:03:43:41 -0300] "POST /autodiscover/autodiscover.xml HTTP/1.1" 404 448 "-" "AppleExchangeWebServices/833 accountsd/113"
jomarlogistica.com.br:80 127.0.0.1 - - [09/Oct/2025:03:43:46 -0300] "OPTIONS * HTTP/1.0" 200 110 "-" "Apache/2.4.65 (Ubuntu) (internal dummy connection)"
jomarlogistica.com.br:80 186.202.163.107 - - [09/Oct/2025:03:44:41 -0300] "GET / HTTP/1.1" 200 23928 "-" "Mozilla/5.0 (Windows NT 10.0; Win64; x64) AppleWebKit/537.36 (KHTML, like Gecko) Chrome/90.0 Safari/537.36"
jomarlogistica.com.br:80 172.20.1.198 - - [09/Oct/2025:03:49:37 -0300] "POST /wp-cron.php?doing_wp_cron=1759992577.0291988849639892578125 HTTP/1.1" 200 389 "https://jomarlogistica.com.br/wp-cron.php?doing_wp_cron=1759992577.0291988849639892578125" "WordPress/5.8.10; https://jomarlogistica.com.br"
jomarlogistica.com.br:80 23.98.142.188 - - [09/Oct/2025:03:49:36 -0300] "GET /2024/01/16/is-owning-pet-squirrels-legal-in-florida-laws-regulations/ HTTP/1.1" 200 13813 "-" "Mozilla/5.0 AppleWebKit/537.36 (KHTML, like Gecko); compatible; ChatGPT-User/1.0; +https://openai.com/bot"
jomarlogistica.com.br:80 127.0.0.1 - - [09/Oct/2025:03:49:42 -0300] "OPTIONS * HTTP/1.0" 200 110 "-" "Apache/2.4.65 (Ubuntu) (internal dummy connection)"
jomarlogistica.com.br:80 172.20.1.198 - - [09/Oct/2025:04:00:38 -0300] "POST /wp-cron.php?doing_wp_cron=1759993238.6977670192718505859375 HTTP/1.1" 200 389 "https://jomarlogistica.com.br/wp-cron.php?doing_wp_cron=1759993238.6977670192718505859375" "WordPress/5.8.10; https://jomarlogistica.com.br"
jomarlogistica.com.br:80 177.116.190.244 - - [09/Oct/2025:04:00:38 -0300] "POST /autodiscover/autodiscover.xml HTTP/1.1" 404 448 "-" "AppleExchangeWebServices/833 accountsd/113"
jomarlogistica.com.br:80 127.0.0.1 - - [09/Oct/2025:04:00:43 -0300] "OPTIONS * HTTP/1.0" 200 110 "-" "Apache/2.4.65 (Ubuntu) (internal dummy connection)"
jomarlogistica.com.br:80 172.20.1.198 - - [09/Oct/2025:04:15:17 -0300] "POST /wp-cron.php?doing_wp_cron=1759994117.7852280139923095703125 HTTP/1.1" 200 389 "https://jomarlogistica.com.br/wp-cron.php?doing_wp_cron=1759994117.7852280139923095703125" "WordPress/5.8.10; https://jomarlogistica.com.br"
jomarlogistica.com.br:80 98.82.40.168 - - [09/Oct/2025:04:15:17 -0300] "GET /2023/05/31/forbes-health-what-are-the-safest-online-dating-sites/ HTTP/1.1" 200 17574 "-" "Mozilla/5.0 AppleWebKit/537.36 (KHTML, like Gecko; compatible; Amazonbot/0.1; +https://developer.amazon.com/support/amazonbot) Chrome/119.0.6045.214 Safari/537.36"
jomarlogistica.com.br:80 127.0.0.1 - - [09/Oct/2025:04:15:23 -0300] "OPTIONS * HTTP/1.0" 200 110 "-" "Apache/2.4.65 (Ubuntu) (internal dummy connection)"
jomarlogistica.com.br:80 172.20.1.198 - - [09/Oct/2025:04:17:35 -0300] "POST /wp-cron.php?doing_wp_cron=1759994255.5279309749603271484375 HTTP/1.1" 200 389 "https://jomarlogistica.com.br/wp-cron.php?doing_wp_cron=1759994255.5279309749603271484375" "WordPress/5.8.10; https://jomarlogistica.com.br"
jomarlogistica.com.br:80 216.244.66.226 - - [09/Oct/2025:04:17:35 -0300] "GET /robots.txt HTTP/1.1" 200 565 "-" "Mozilla/5.0 (compatible; DotBot/1.2; +https://opensiteexplorer.org/dotbot; help@moz.com)"
jomarlogistica.com.br:80 127.0.0.1 - - [09/Oct/2025:04:17:39 -0300] "OPTIONS * HTTP/1.0" 200 110 "-" "Apache/2.4.65 (Ubuntu) (internal dummy connection)"
jomarlogistica.com.br:80 177.116.190.244 - - [09/Oct/2025:04:18:11 -0300] "POST /autodiscover/autodiscover.xml HTTP/1.1" 404 448 "-" "AppleExchangeWebServices/833 accountsd/113"
jomarlogistica.com.br:80 172.20.1.198 - - [09/Oct/2025:04:31:44 -0300] "POST /wp-cron.php?doing_wp_cron=1759995103.9933409690856933593750 HTTP/1.1" 200 389 "https://jomarlogistica.com.br/wp-cron.php?doing_wp_cron=1759995103.9933409690856933593750" "WordPress/5.8.10; https://jomarlogistica.com.br"
jomarlogistica.com.br:80 43.130.106.18 - - [09/Oct/2025:04:31:43 -0300] "GET / HTTP/1.1" 200 23928 "http://jomarlogistica.com.br" "Mozilla/5.0 (iPhone; CPU iPhone OS 13_2_3 like Mac OS X) AppleWebKit/605.1.15 (KHTML, like Gecko) Version/13.0.3 Mobile/15E148 Safari/604.1"
jomarlogistica.com.br:80 127.0.0.1 - - [09/Oct/2025:04:31:49 -0300] "OPTIONS * HTTP/1.0" 200 110 "-" "Apache/2.4.65 (Ubuntu) (internal dummy connection)"
jomarlogistica.com.br:80 172.20.1.198 - - [09/Oct/2025:04:34:56 -0300] "POST /wp-cron.php?doing_wp_cron=1759995296.8589129447937011718750 HTTP/1.1" 200 389 "https://jomarlogistica.com.br/wp-cron.php?doing_wp_cron=1759995296.8589129447937011718750" "WordPress/5.8.10; https://jomarlogistica.com.br"
jomarlogistica.com.br:80 177.116.190.244 - - [09/Oct/2025:04:34:56 -0300] "POST /autodiscover/autodiscover.xml HTTP/1.1" 404 448 "-" "AppleExchangeWebServices/833 accountsd/113"
jomarlogistica.com.br:80 127.0.0.1 - - [09/Oct/2025:04:35:01 -0300] "OPTIONS * HTTP/1.0" 200 110 "-" "Apache/2.4.65 (Ubuntu) (internal dummy connection)"
jomarlogistica.com.br:80 172.20.1.198 - - [09/Oct/2025:04:37:19 -0300] "POST /wp-cron.php?doing_wp_cron=1759995439.8766760826110839843750 HTTP/1.1" 200 389 "https://jomarlogistica.com.br/wp-cron.php?doing_wp_cron=1759995439.8766760826110839843750" "WordPress/5.8.10; https://jomarlogistica.com.br"
jomarlogistica.com.br:80 182.44.12.37 - - [09/Oct/2025:04:37:19 -0300] "GET / HTTP/1.1" 200 23928 "http://jomarlogistica.com.br" "Mozilla/5.0 (iPhone; CPU iPhone OS 13_2_3 like Mac OS X) AppleWebKit/605.1.15 (KHTML, like Gecko) Version/13.0.3 Mobile/15E148 Safari/604.1"
jomarlogistica.com.br:80 127.0.0.1 - - [09/Oct/2025:04:37:26 -0300] "OPTIONS * HTTP/1.0" 200 110 "-" "Apache/2.4.65 (Ubuntu) (internal dummy connection)"
jomarlogistica.com.br:80 172.20.1.198 - - [09/Oct/2025:04:50:05 -0300] "POST /wp-cron.php?doing_wp_cron=1759996205.5589640140533447265625 HTTP/1.1" 200 389 "https://jomarlogistica.com.br/wp-cron.php?doing_wp_cron=1759996205.5589640140533447265625" "WordPress/5.8.10; https://jomarlogistica.com.br"
jomarlogistica.com.br:80 66.249.66.39 - - [09/Oct/2025:04:50:05 -0300] "GET /robots.txt HTTP/1.1" 200 584 "-" "Mozilla/5.0 (compatible; Googlebot/2.1; +http://www.google.com/bot.html)"
jomarlogistica.com.br:80 66.249.66.38 - - [09/Oct/2025:04:50:06 -0300] "GET /2022/11/14/understanding-camper-van-rules-in-the-netherlands-what-you-need-to-know/ HTTP/1.1" 200 14450 "-" "Mozilla/5.0 (Linux; Android 6.0.1; Nexus 5X Build/MMB29P) AppleWebKit/537.36 (KHTML, like Gecko) Chrome/140.0.7339.207 Mobile Safari/537.36 (compatible; Googlebot/2.1; +http://www.google.com/bot.html)"
jomarlogistica.com.br:80 127.0.0.1 - - [09/Oct/2025:04:50:11 -0300] "OPTIONS * HTTP/1.0" 200 110 "-" "Apache/2.4.65 (Ubuntu) (internal dummy connection)"
jomarlogistica.com.br:80 66.249.66.38 - - [09/Oct/2025:04:50:12 -0300] "GET /wp-content/themes/consultio/assets/css/magnific-popup.css?ver=1.0.0 HTTP/1.1" 200 2198 "https://jomarlogistica.com.br/2022/11/14/understanding-camper-van-rules-in-the-netherlands-what-you-need-to-know/" "Mozilla/5.0 (Linux; Android 6.0.1; Nexus 5X Build/MMB29P) AppleWebKit/537.36 (KHTML, like Gecko) Chrome/140.0.7339.207 Mobile Safari/537.36 (compatible; Googlebot/2.1; +http://www.google.com/bot.html)"
jomarlogistica.com.br:80 66.249.66.38 - - [09/Oct/2025:04:50:14 -0300] "GET /wp-content/plugins/case-theme-user/acess/css/remodal-default-theme.css?ver=5.8.10 HTTP/1.1" 200 1733 "https://jomarlogistica.com.br/2022/11/14/understanding-camper-van-rules-in-the-netherlands-what-you-need-to-know/" "Mozilla/5.0 (Linux; Android 6.0.1; Nexus 5X Build/MMB29P) AppleWebKit/537.36 (KHTML, like Gecko) Chrome/140.0.7339.207 Mobile Safari/537.36 (compatible; Googlebot/2.1; +http://www.google.com/bot.html)"
jomarlogistica.com.br:80 66.249.66.37 - - [09/Oct/2025:04:50:15 -0300] "GET /wp-content/themes/consultio/assets/css/flaticon-v2.css?ver=2.8.0 HTTP/1.1" 200 994 "https://jomarlogistica.com.br/2022/11/14/understanding-camper-van-rules-in-the-netherlands-what-you-need-to-know/" "Mozilla/5.0 (Linux; Android 6.0.1; Nexus 5X Build/MMB29P) AppleWebKit/537.36 (KHTML, like Gecko) Chrome/140.0.7339.207 Mobile Safari/537.36 (compatible; Googlebot/2.1; +http://www.google.com/bot.html)"
jomarlogistica.com.br:80 66.249.66.37 - - [09/Oct/2025:04:50:25 -0300] "GET /wp-content/plugins/case-theme-user/acess/css/remodal.css?ver=5.8.10 HTTP/1.1" 200 1031 "https://jomarlogistica.com.br/2022/11/14/understanding-camper-van-rules-in-the-netherlands-what-you-need-to-know/" "Mozilla/5.0 (Linux; Android 6.0.1; Nexus 5X Build/MMB29P) AppleWebKit/537.36 (KHTML, like Gecko) Chrome/140.0.7339.207 Mobile Safari/537.36 (compatible; Googlebot/2.1; +http://www.google.com/bot.html)"
jomarlogistica.com.br:80 66.249.66.34 - - [09/Oct/2025:04:50:26 -0300] "GET /wp-content/plugins/case-theme-user/acess/js/remodal.min.js?ver=1.0.0 HTTP/1.1" 200 3045 "https://jomarlogistica.com.br/2022/11/14/understanding-camper-van-rules-in-the-netherlands-what-you-need-to-know/" "Mozilla/5.0 (Linux; Android 6.0.1; Nexus 5X Build/MMB29P) AppleWebKit/537.36 (KHTML, like Gecko) Chrome/140.0.7339.207 Mobile Safari/537.36 (compatible; Googlebot/2.1; +http://www.google.com/bot.html)"
jomarlogistica.com.br:80 66.249.66.38 - - [09/Oct/2025:04:50:15 -0300] "GET /?a7b529c=7372838 HTTP/1.1" 200 287 "https://jomarlogistica.com.br/2022/11/14/understanding-camper-van-rules-in-the-netherlands-what-you-need-to-know/" "Mozilla/5.0 (Linux; Android 6.0.1; Nexus 5X Build/MMB29P) AppleWebKit/537.36 (KHTML, like Gecko) Chrome/140.0.7339.207 Mobile Safari/537.36 (compatible; Googlebot/2.1; +http://www.google.com/bot.html)"
jomarlogistica.com.br:80 66.249.66.37 - - [09/Oct/2025:04:50:26 -0300] "GET /wp-content/themes/consultio/assets/js/magnific-popup.min.js?ver=1.0.0 HTTP/1.1" 200 14895 "https://jomarlogistica.com.br/2022/11/14/understanding-camper-van-rules-in-the-netherlands-what-you-need-to-know/" "Mozilla/5.0 (Linux; Android 6.0.1; Nexus 5X Build/MMB29P) AppleWebKit/537.36 (KHTML, like Gecko) Chrome/140.0.7339.207 Mobile Safari/537.36 (compatible; Googlebot/2.1; +http://www.google.com/bot.html)"
jomarlogistica.com.br:80 66.249.66.37 - - [09/Oct/2025:04:50:27 -0300] "GET /wp-content/plugins/case-theme-user/acess/js/ct-user-form.js?ver=1.0.0 HTTP/1.1" 200 2307 "https://jomarlogistica.com.br/2022/11/14/understanding-camper-van-rules-in-the-netherlands-what-you-need-to-know/" "Mozilla/5.0 (Linux; Android 6.0.1; Nexus 5X Build/MMB29P) AppleWebKit/537.36 (KHTML, like Gecko) Chrome/140.0.7339.207 Mobile Safari/537.36 (compatible; Googlebot/2.1; +http://www.google.com/bot.html)"
jomarlogistica.com.br:80 66.249.66.37 - - [09/Oct/2025:04:50:28 -0300] "GET /wp-content/themes/consultio/assets/js/nice-select.min.js?ver=all HTTP/1.1" 200 1439 "https://jomarlogistica.com.br/2022/11/14/understanding-camper-van-rules-in-the-netherlands-what-you-need-to-know/" "Mozilla/5.0 (Linux; Android 6.0.1; Nexus 5X Build/MMB29P) AppleWebKit/537.36 (KHTML, like Gecko) Chrome/140.0.7339.207 Mobile Safari/537.36 (compatible; Googlebot/2.1; +http://www.google.com/bot.html)"
jomarlogistica.com.br:80 127.0.0.1 - - [09/Oct/2025:04:50:28 -0300] "OPTIONS * HTTP/1.0" 200 110 "-" "Apache/2.4.65 (Ubuntu) (internal dummy connection)"
jomarlogistica.com.br:80 66.249.66.45 - - [09/Oct/2025:04:50:29 -0300] "GET /wp-content/themes/consultio/assets/js/progressbar.min.js?ver=1.0.0 HTTP/1.1" 200 1327 "https://jomarlogistica.com.br/2022/11/14/understanding-camper-van-rules-in-the-netherlands-what-you-need-to-know/" "Mozilla/5.0 (Linux; Android 6.0.1; Nexus 5X Build/MMB29P) AppleWebKit/537.36 (KHTML, like Gecko) Chrome/140.0.7339.207 Mobile Safari/537.36 (compatible; Googlebot/2.1; +http://www.google.com/bot.html)"
jomarlogistica.com.br:80 66.249.66.37 - - [09/Oct/2025:04:50:29 -0300] "GET /wp-content/plugins/booked/includes/add-ons/frontend-agents/js/functions.js?ver=2.3.5 HTTP/1.1" 200 1592 "https://jomarlogistica.com.br/2022/11/14/understanding-camper-van-rules-in-the-netherlands-what-you-need-to-know/" "Mozilla/5.0 (Linux; Android 6.0.1; Nexus 5X Build/MMB29P) AppleWebKit/537.36 (KHTML, like Gecko) Chrome/140.0.7339.207 Mobile Safari/537.36 (compatible; Googlebot/2.1; +http://www.google.com/bot.html)"
jomarlogistica.com.br:80 177.116.190.244 - - [09/Oct/2025:04:52:04 -0300] "POST /autodiscover/autodiscover.xml HTTP/1.1" 404 448 "-" "AppleExchangeWebServices/833 accountsd/113"
jomarlogistica.com.br:80 172.20.1.198 - - [09/Oct/2025:05:03:02 -0300] "POST /wp-cron.php?doing_wp_cron=1759996982.1636869907379150390625 HTTP/1.1" 200 389 "https://jomarlogistica.com.br/wp-cron.php?doing_wp_cron=1759996982.1636869907379150390625" "WordPress/5.8.10; https://jomarlogistica.com.br"
jomarlogistica.com.br:80 216.244.66.226 - - [09/Oct/2025:05:03:01 -0300] "GET /2022/08/07/airtime-agreement-everything-you-need-to-know-legal-insights/ HTTP/1.1" 200 62135 "-" "Mozilla/5.0 (compatible; DotBot/1.2; +https://opensiteexplorer.org/dotbot; help@moz.com)"
jomarlogistica.com.br:80 127.0.0.1 - - [09/Oct/2025:05:03:07 -0300] "OPTIONS * HTTP/1.0" 200 110 "-" "Apache/2.4.65 (Ubuntu) (internal dummy connection)"
jomarlogistica.com.br:80 172.20.1.198 - - [09/Oct/2025:05:09:54 -0300] "POST /wp-cron.php?doing_wp_cron=1759997394.8548130989074707031250 HTTP/1.1" 200 389 "https://jomarlogistica.com.br/wp-cron.php?doing_wp_cron=1759997394.8548130989074707031250" "WordPress/5.8.10; https://jomarlogistica.com.br"
jomarlogistica.com.br:80 177.116.190.244 - - [09/Oct/2025:05:09:54 -0300] "POST /autodiscover/autodiscover.xml HTTP/1.1" 404 448 "-" "AppleExchangeWebServices/833 accountsd/113"
jomarlogistica.com.br:80 127.0.0.1 - - [09/Oct/2025:05:10:00 -0300] "OPTIONS * HTTP/1.0" 200 110 "-" "Apache/2.4.65 (Ubuntu) (internal dummy connection)"
jomarlogistica.com.br:80 216.244.66.226 - - [09/Oct/2025:05:10:43 -0300] "GET /robots.txt HTTP/1.1" 200 565 "-" "Mozilla/5.0 (compatible; DotBot/1.2; +https://opensiteexplorer.org/dotbot; help@moz.com)"
jomarlogistica.com.br:80 170.205.28.224 - - [09/Oct/2025:05:11:03 -0300] "POST /wp-login.php HTTP/1.1" 200 3118 "https://jomarlogistica.com.br/wp-admin/" "Mozilla/5.0 (Windows NT 10.0; Win64; x64) AppleWebKit/537.36 (KHTML, like Gecko) Chrome/90.0.4430.85 Safari/537.36"
jomarlogistica.com.br:80 170.205.28.224 - - [09/Oct/2025:05:11:04 -0300] "GET /wp-admin/ HTTP/1.1" 302 463 "www.google.com" "Mozilla/5.0 (Windows NT 10.0; Win64; x64) AppleWebKit/537.36 (KHTML, like Gecko) Chrome/90.0.4430.85 Safari/537.36"
jomarlogistica.com.br:80 170.205.28.224 - - [09/Oct/2025:05:11:07 -0300] "GET /wp-login.php?redirect_to=https%3A%2F%2Fjomarlogistica.com.br%2Fwp-admin%2F&reauth=1 HTTP/1.1" 200 4995 "www.google.com" "Mozilla/5.0 (Windows NT 10.0; Win64; x64) AppleWebKit/537.36 (KHTML, like Gecko) Chrome/90.0.4430.85 Safari/537.36"
jomarlogistica.com.br:80 3.221.222.168 - - [09/Oct/2025:05:11:16 -0300] "GET /author/jomar/page/34/ HTTP/1.1" 200 18820 "-" "Mozilla/5.0 AppleWebKit/537.36 (KHTML, like Gecko; compatible; Amazonbot/0.1; +https://developer.amazon.com/support/amazonbot) Chrome/119.0.6045.214 Safari/537.36"
jomarlogistica.com.br:80 172.20.1.198 - - [09/Oct/2025:05:22:53 -0300] "POST /wp-cron.php?doing_wp_cron=1759998173.1109569072723388671875 HTTP/1.1" 200 389 "https://jomarlogistica.com.br/wp-cron.php?doing_wp_cron=1759998173.1109569072723388671875" "WordPress/5.8.10; https://jomarlogistica.com.br"
jomarlogistica.com.br:80 177.116.190.244 - - [09/Oct/2025:05:22:52 -0300] "POST /autodiscover/autodiscover.xml HTTP/1.1" 404 448 "-" "AppleExchangeWebServices/833 accountsd/113"
jomarlogistica.com.br:80 127.0.0.1 - - [09/Oct/2025:05:22:57 -0300] "OPTIONS * HTTP/1.0" 200 110 "-" "Apache/2.4.65 (Ubuntu) (internal dummy connection)"
jomarlogistica.com.br:80 135.237.131.209 - - [09/Oct/2025:05:23:48 -0300] "GET /2022/03/18/are-bearded-dragons-legal-in-new-york-laws-regulations-explained/ HTTP/1.1" 200 13919 "-" "Mozilla/5.0 AppleWebKit/537.36 (KHTML, like Gecko); compatible; ChatGPT-User/1.0; +https://openai.com/bot"
jomarlogistica.com.br:80 177.116.190.244 - - [09/Oct/2025:05:25:26 -0300] "POST /autodiscover/autodiscover.xml HTTP/1.1" 404 448 "-" "AppleExchangeWebServices/833 accountsd/113"
jomarlogistica.com.br:80 172.20.1.198 - - [09/Oct/2025:05:29:48 -0300] "POST /wp-cron.php?doing_wp_cron=1759998588.2353498935699462890625 HTTP/1.1" 200 389 "https://jomarlogistica.com.br/wp-cron.php?doing_wp_cron=1759998588.2353498935699462890625" "WordPress/5.8.10; https://jomarlogistica.com.br"
jomarlogistica.com.br:80 216.244.66.226 - - [09/Oct/2025:05:29:47 -0300] "GET /2022/05/04/amazon-billing-agreement-status-check-your-account-now/ HTTP/1.1" 200 62366 "-" "Mozilla/5.0 (compatible; DotBot/1.2; +https://opensiteexplorer.org/dotbot; help@moz.com)"
jomarlogistica.com.br:80 127.0.0.1 - - [09/Oct/2025:05:29:53 -0300] "OPTIONS * HTTP/1.0" 200 110 "-" "Apache/2.4.65 (Ubuntu) (internal dummy connection)"
jomarlogistica.com.br:80 172.20.1.198 - - [09/Oct/2025:05:41:33 -0300] "POST /wp-cron.php?doing_wp_cron=1759999293.8848009109497070312500 HTTP/1.1" 200 389 "https://jomarlogistica.com.br/wp-cron.php?doing_wp_cron=1759999293.8848009109497070312500" "WordPress/5.8.10; https://jomarlogistica.com.br"
jomarlogistica.com.br:80 177.116.190.244 - - [09/Oct/2025:05:41:33 -0300] "POST /autodiscover/autodiscover.xml HTTP/1.1" 404 448 "-" "AppleExchangeWebServices/833 accountsd/113"
jomarlogistica.com.br:80 127.0.0.1 - - [09/Oct/2025:05:41:39 -0300] "OPTIONS * HTTP/1.0" 200 110 "-" "Apache/2.4.65 (Ubuntu) (internal dummy connection)"
jomarlogistica.com.br:80 172.20.1.198 - - [09/Oct/2025:05:44:43 -0300] "POST /wp-cron.php?doing_wp_cron=1759999483.4367499351501464843750 HTTP/1.1" 200 389 "https://jomarlogistica.com.br/wp-cron.php?doing_wp_cron=1759999483.4367499351501464843750" "WordPress/5.8.10; https://jomarlogistica.com.br"
jomarlogistica.com.br:80 177.116.190.244 - - [09/Oct/2025:05:44:43 -0300] "POST /autodiscover/autodiscover.xml HTTP/1.1" 404 448 "-" "AppleExchangeWebServices/833 accountsd/113"
jomarlogistica.com.br:80 127.0.0.1 - - [09/Oct/2025:05:44:48 -0300] "OPTIONS * HTTP/1.0" 200 110 "-" "Apache/2.4.65 (Ubuntu) (internal dummy connection)"
jomarlogistica.com.br:80 172.20.1.198 - - [09/Oct/2025:05:58:34 -0300] "POST /wp-cron.php?doing_wp_cron=1760000313.9737188816070556640625 HTTP/1.1" 200 389 "https://jomarlogistica.com.br/wp-cron.php?doing_wp_cron=1760000313.9737188816070556640625" "WordPress/5.8.10; https://jomarlogistica.com.br"
jomarlogistica.com.br:80 185.191.171.19 - - [09/Oct/2025:05:58:33 -0300] "GET /robots.txt HTTP/1.1" 200 584 "-" "Mozilla/5.0 (compatible; SemrushBot/7~bl; +http://www.semrush.com/bot.html)"
jomarlogistica.com.br:80 185.191.171.8 - - [09/Oct/2025:05:58:35 -0300] "GET /2023/10/15/what-exactly-is-data-space-for-peer-to-peer/ HTTP/1.1" 200 17346 "-" "Mozilla/5.0 (compatible; SemrushBot/7~bl; +http://www.semrush.com/bot.html)"
jomarlogistica.com.br:80 127.0.0.1 - - [09/Oct/2025:05:58:41 -0300] "OPTIONS * HTTP/1.0" 200 110 "-" "Apache/2.4.65 (Ubuntu) (internal dummy connection)"
jomarlogistica.com.br:80 172.20.1.198 - - [09/Oct/2025:06:03:32 -0300] "POST /wp-cron.php?doing_wp_cron=1760000612.8203549385070800781250 HTTP/1.1" 200 389 "https://jomarlogistica.com.br/wp-cron.php?doing_wp_cron=1760000612.8203549385070800781250" "WordPress/5.8.10; https://jomarlogistica.com.br"
jomarlogistica.com.br:80 177.116.190.244 - - [09/Oct/2025:06:03:32 -0300] "POST /autodiscover/autodiscover.xml HTTP/1.1" 404 448 "-" "AppleExchangeWebServices/833 accountsd/113"
jomarlogistica.com.br:80 127.0.0.1 - - [09/Oct/2025:06:03:37 -0300] "OPTIONS * HTTP/1.0" 200 110 "-" "Apache/2.4.65 (Ubuntu) (internal dummy connection)"
jomarlogistica.com.br:80 172.20.1.198 - - [09/Oct/2025:06:22:13 -0300] "POST /wp-cron.php?doing_wp_cron=1760001733.2603631019592285156250 HTTP/1.1" 200 389 "https://jomarlogistica.com.br/wp-cron.php?doing_wp_cron=1760001733.2603631019592285156250" "WordPress/5.8.10; https://jomarlogistica.com.br"
jomarlogistica.com.br:80 177.116.190.244 - - [09/Oct/2025:06:22:12 -0300] "POST /autodiscover/autodiscover.xml HTTP/1.1" 404 448 "-" "AppleExchangeWebServices/833 accountsd/113"
jomarlogistica.com.br:80 127.0.0.1 - - [09/Oct/2025:06:22:18 -0300] "OPTIONS * HTTP/1.0" 200 110 "-" "Apache/2.4.65 (Ubuntu) (internal dummy connection)"
jomarlogistica.com.br:80 35.174.141.243 - - [09/Oct/2025:06:23:24 -0300] "GET /2023/page/4/ HTTP/1.1" 200 18423 "-" "Mozilla/5.0 AppleWebKit/537.36 (KHTML, like Gecko; compatible; Amazonbot/0.1; +https://developer.amazon.com/support/amazonbot) Chrome/119.0.6045.214 Safari/537.36"
jomarlogistica.com.br:80 52.70.123.241 - - [09/Oct/2025:06:23:27 -0300] "GET /author/jomar/page/25/ HTTP/1.1" 200 18950 "-" "Mozilla/5.0 AppleWebKit/537.36 (KHTML, like Gecko; compatible; Amazonbot/0.1; +https://developer.amazon.com/support/amazonbot) Chrome/119.0.6045.214 Safari/537.36"
jomarlogistica.com.br:80 127.0.0.1 - - [09/Oct/2025:06:23:33 -0300] "OPTIONS * HTTP/1.0" 200 110 "-" "Apache/2.4.65 (Ubuntu) (internal dummy connection)"
jomarlogistica.com.br:80 177.116.190.244 - - [09/Oct/2025:06:25:18 -0300] "POST /autodiscover/autodiscover.xml HTTP/1.1" 404 448 "-" "AppleExchangeWebServices/833 accountsd/113"
jomarlogistica.com.br:80 172.20.1.198 - - [09/Oct/2025:06:46:17 -0300] "POST /wp-cron.php?doing_wp_cron=1760003177.8266739845275878906250 HTTP/1.1" 200 389 "https://jomarlogistica.com.br/wp-cron.php?doing_wp_cron=1760003177.8266739845275878906250" "WordPress/5.8.10; https://jomarlogistica.com.br"
jomarlogistica.com.br:80 177.116.190.244 - - [09/Oct/2025:06:46:17 -0300] "POST /autodiscover/autodiscover.xml HTTP/1.1" 404 448 "-" "AppleExchangeWebServices/833 accountsd/113"
jomarlogistica.com.br:80 127.0.0.1 - - [09/Oct/2025:06:46:22 -0300] "OPTIONS * HTTP/1.0" 200 110 "-" "Apache/2.4.65 (Ubuntu) (internal dummy connection)"
jomarlogistica.com.br:80 172.20.1.198 - - [09/Oct/2025:06:49:12 -0300] "POST /wp-cron.php?doing_wp_cron=1760003352.6393311023712158203125 HTTP/1.1" 200 389 "https://jomarlogistica.com.br/wp-cron.php?doing_wp_cron=1760003352.6393311023712158203125" "WordPress/5.8.10; https://jomarlogistica.com.br"
jomarlogistica.com.br:80 185.191.171.3 - - [09/Oct/2025:06:49:12 -0300] "GET /2023/05/26/various-people-rely-on-dating-more-than-internet/ HTTP/1.1" 200 17612 "-" "Mozilla/5.0 (compatible; SemrushBot/7~bl; +http://www.semrush.com/bot.html)"
jomarlogistica.com.br:80 127.0.0.1 - - [09/Oct/2025:06:49:18 -0300] "OPTIONS * HTTP/1.0" 200 110 "-" "Apache/2.4.65 (Ubuntu) (internal dummy connection)"
jomarlogistica.com.br:80 34.236.41.241 - - [09/Oct/2025:06:50:55 -0300] "GET /2022/11/29/understanding-blanket-purchase-agreement-bpa-at-defense-acquisition-university-dau/ HTTP/1.1" 200 14488 "-" "Mozilla/5.0 AppleWebKit/537.36 (KHTML, like Gecko; compatible; Amazonbot/0.1; +https://developer.amazon.com/support/amazonbot) Chrome/119.0.6045.214 Safari/537.36"
jomarlogistica.com.br:80 172.20.1.198 - - [09/Oct/2025:06:58:19 -0300] "POST /wp-cron.php?doing_wp_cron=1760003899.1101748943328857421875 HTTP/1.1" 200 389 "https://jomarlogistica.com.br/wp-cron.php?doing_wp_cron=1760003899.1101748943328857421875" "WordPress/5.8.10; https://jomarlogistica.com.br"
jomarlogistica.com.br:80 177.116.190.244 - - [09/Oct/2025:06:58:18 -0300] "POST /autodiscover/autodiscover.xml HTTP/1.1" 404 448 "-" "AppleExchangeWebServices/833 accountsd/113"
jomarlogistica.com.br:80 127.0.0.1 - - [09/Oct/2025:06:58:23 -0300] "OPTIONS * HTTP/1.0" 200 110 "-" "Apache/2.4.65 (Ubuntu) (internal dummy connection)"
jomarlogistica.com.br:80 172.20.1.198 - - [09/Oct/2025:07:02:22 -0300] "POST /wp-cron.php?doing_wp_cron=1760004142.9391269683837890625000 HTTP/1.1" 200 389 "https://jomarlogistica.com.br/wp-cron.php?doing_wp_cron=1760004142.9391269683837890625000" "WordPress/5.8.10; https://jomarlogistica.com.br"
jomarlogistica.com.br:80 177.116.190.244 - - [09/Oct/2025:07:02:22 -0300] "POST /autodiscover/autodiscover.xml HTTP/1.1" 404 448 "-" "AppleExchangeWebServices/833 accountsd/113"
jomarlogistica.com.br:80 127.0.0.1 - - [09/Oct/2025:07:02:27 -0300] "OPTIONS * HTTP/1.0" 200 110 "-" "Apache/2.4.65 (Ubuntu) (internal dummy connection)"
jomarlogistica.com.br:80 172.20.1.198 - - [09/Oct/2025:07:14:05 -0300] "POST /wp-cron.php?doing_wp_cron=1760004845.8219859600067138671875 HTTP/1.1" 200 389 "https://jomarlogistica.com.br/wp-cron.php?doing_wp_cron=1760004845.8219859600067138671875" "WordPress/5.8.10; https://jomarlogistica.com.br"
jomarlogistica.com.br:80 99.241.6.75 - - [09/Oct/2025:07:14:05 -0300] "GET /2022/03/18/are-bearded-dragons-legal-in-new-york-laws-regulations-explained/ HTTP/1.1" 200 13919 "https://www.google.com/" "Mozilla/5.0 (iPhone; CPU iPhone OS 18_2_1 like Mac OS X) AppleWebKit/605.1.15 (KHTML, like Gecko) Version/18.2 Mobile/15E148 Safari/604.1"
jomarlogistica.com.br:80 99.241.6.75 - - [09/Oct/2025:07:14:06 -0300] "GET /wp-content/plugins/instagram-feed/css/sbi-styles.min.css?ver=2.9.7 HTTP/1.1" 200 3355 "https://jomarlogistica.com.br/2022/03/18/are-bearded-dragons-legal-in-new-york-laws-regulations-explained/" "Mozilla/5.0 (iPhone; CPU iPhone OS 18_2_1 like Mac OS X) AppleWebKit/605.1.15 (KHTML, like Gecko) Version/18.2 Mobile/15E148 Safari/604.1"
