jomarlogistica.com.br:80 99.241.6.75 - - [09/Oct/2025:07:15:24 -0300] "GET /wp-content/themes/consultio/style.css?ver=5.8.10 HTTP/1.1" 200 866 "https://jomarlogistica.com.br/2022/03/18/are-bearded-dragons-legal-in-new-york-laws-regulations-explained/" "Mozilla/5.0 (iPhone; CPU iPhone OS 18_2_1 like Mac OS X) AppleWebKit/605.1.15 (KHTML, like Gecko) Version/18.2 Mobile/15E148 Safari/604.1"
jomarlogistica.com.br:80 99.241.6.75 - - [09/Oct/2025:07:15:24 -0300] "GET /wp-content/plugins/meks-simple-flickr-widget/css/style.css?ver=1.2 HTTP/1.1" 200 577 "https://jomarlogistica.com.br/2022/03/18/are-bearded-dragons-legal-in-new-york-laws-regulations-explained/" "Mozilla/5.0 (iPhone; CPU iPhone OS 18_2_1 like Mac OS X) AppleWebKit/605.1.15 (KHTML, like Gecko) Version/18.2 Mobile/15E148 Safari/604.1"
jomarlogistica.com.br:80 99.241.6.75 - - [09/Oct/2025:07:15:24 -0300] "GET /wp-content/plugins/newsletter/style.css?ver=7.3.3 HTTP/1.1" 200 1636 "https://jomarlogistica.com.br/2022/03/18/are-bearded-dragons-legal-in-new-york-laws-regulations-explained/" "Mozilla/5.0 (iPhone; CPU iPhone OS 18_2_1 like Mac OS X) AppleWebKit/605.1.15 (KHTML, like Gecko) Version/18.2 Mobile/15E148 Safari/604.1"
jomarlogistica.com.br:80 99.241.6.75 - - [09/Oct/2025:07:15:24 -0300] "GET /wp-includes/js/jquery/jquery.min.js?ver=3.6.0 HTTP/1.1" 200 32444 "https://jomarlogistica.com.br/2022/03/18/are-bearded-dragons-legal-in-new-york-laws-regulations-explained/" "Mozilla/5.0 (iPhone; CPU iPhone OS 18_2_1 like Mac OS X) AppleWebKit/605.1.15 (KHTML, like Gecko) Version/18.2 Mobile/15E148 Safari/604.1"
jomarlogistica.com.br:80 99.241.6.75 - - [09/Oct/2025:07:15:24 -0300] "GET /wp-includes/js/jquery/jquery-migrate.min.js?ver=3.3.2 HTTP/1.1" 200 4613 "https://jomarlogistica.com.br/2022/03/18/are-bearded-dragons-legal-in-new-york-laws-regulations-explained/" "Mozilla/5.0 (iPhone; CPU iPhone OS 18_2_1 like Mac OS X) AppleWebKit/605.1.15 (KHTML, like Gecko) Version/18.2 Mobile/15E148 Safari/604.1"
jomarlogistica.com.br:80 99.241.6.75 - - [09/Oct/2025:07:15:24 -0300] "GET /wp-content/plugins/case-theme-core/assets/js/main.js?ver=1.0.0 HTTP/1.1" 200 570 "https://jomarlogistica.com.br/2022/03/18/are-bearded-dragons-legal-in-new-york-laws-regulations-explained/" "Mozilla/5.0 (iPhone; CPU iPhone OS 18_2_1 like Mac OS X) AppleWebKit/605.1.15 (KHTML, like Gecko) Version/18.2 Mobile/15E148 Safari/604.1"
jomarlogistica.com.br:80 99.241.6.75 - - [09/Oct/2025:07:15:24 -0300] "GET /wp-content/themes/consultio/elementor/js/ct-inline-css.js?ver=2.8.0 HTTP/1.1" 200 864 "https://jomarlogistica.com.br/2022/03/18/are-bearded-dragons-legal-in-new-york-laws-regulations-explained/" "Mozilla/5.0 (iPhone; CPU iPhone OS 18_2_1 like Mac OS X) AppleWebKit/605.1.15 (KHTML, like Gecko) Version/18.2 Mobile/15E148 Safari/604.1"
jomarlogistica.com.br:80 99.241.6.75 - - [09/Oct/2025:07:15:25 -0300] "GET /wp-content/themes/consultio/assets/fonts/Flaticon.svg HTTP/1.1" 200 56613 "https://jomarlogistica.com.br/2022/03/18/are-bearded-dragons-legal-in-new-york-laws-regulations-explained/" "Mozilla/5.0 (iPhone; CPU iPhone OS 18_2_1 like Mac OS X) AppleWebKit/605.1.15 (KHTML, like Gecko) Version/18.2 Mobile/15E148 Safari/604.1"
jomarlogistica.com.br:80 99.241.6.75 - - [09/Oct/2025:07:15:25 -0300] "GET /wp-content/themes/consultio/assets/fonts/fontawesome/fa-solid-900.woff2 HTTP/1.1" 200 117654 "https://jomarlogistica.com.br/2022/03/18/are-bearded-dragons-legal-in-new-york-laws-regulations-explained/" "Mozilla/5.0 (iPhone; CPU iPhone OS 18_2_1 like Mac OS X) AppleWebKit/605.1.15 (KHTML, like Gecko) Version/18.2 Mobile/15E148 Safari/604.1"
jomarlogistica.com.br:80 99.241.6.75 - - [09/Oct/2025:07:15:25 -0300] "GET /wp-content/themes/consultio/assets/fonts/fontawesome/fa-regular-400.woff2 HTTP/1.1" 200 145375 "https://jomarlogistica.com.br/2022/03/18/are-bearded-dragons-legal-in-new-york-laws-regulations-explained/" "Mozilla/5.0 (iPhone; CPU iPhone OS 18_2_1 like Mac OS X) AppleWebKit/605.1.15 (KHTML, like Gecko) Version/18.2 Mobile/15E148 Safari/604.1"
jomarlogistica.com.br:80 99.241.6.75 - - [09/Oct/2025:07:15:25 -0300] "GET /wp-content/themes/consultio/assets/fonts/fontawesome/fa-light-300.woff2 HTTP/1.1" 200 157090 "https://jomarlogistica.com.br/2022/03/18/are-bearded-dragons-legal-in-new-york-laws-regulations-explained/" "Mozilla/5.0 (iPhone; CPU iPhone OS 18_2_1 like Mac OS X) AppleWebKit/605.1.15 (KHTML, like Gecko) Version/18.2 Mobile/15E148 Safari/604.1"
jomarlogistica.com.br:80 99.241.6.75 - - [09/Oct/2025:07:15:25 -0300] "GET /wp-content/plugins/revslider/public/assets/css/rs6.css?ver=6.5.11 HTTP/1.1" 200 13321 "https://jomarlogistica.com.br/2022/03/18/are-bearded-dragons-legal-in-new-york-laws-regulations-explained/" "Mozilla/5.0 (iPhone; CPU iPhone OS 18_2_1 like Mac OS X) AppleWebKit/605.1.15 (KHTML, like Gecko) Version/18.2 Mobile/15E148 Safari/604.1"
jomarlogistica.com.br:80 99.241.6.75 - - [09/Oct/2025:07:15:25 -0300] "GET /wp-content/plugins/booked/assets/js/spin.min.js?ver=2.0.1 HTTP/1.1" 200 2463 "https://jomarlogistica.com.br/2022/03/18/are-bearded-dragons-legal-in-new-york-laws-regulations-explained/" "Mozilla/5.0 (iPhone; CPU iPhone OS 18_2_1 like Mac OS X) AppleWebKit/605.1.15 (KHTML, like Gecko) Version/18.2 Mobile/15E148 Safari/604.1"
jomarlogistica.com.br:80 99.241.6.75 - - [09/Oct/2025:07:15:25 -0300] "GET /wp-content/plugins/booked/assets/js/spin.jquery.js?ver=2.0.1 HTTP/1.1" 200 1167 "https://jomarlogistica.com.br/2022/03/18/are-bearded-dragons-legal-in-new-york-laws-regulations-explained/" "Mozilla/5.0 (iPhone; CPU iPhone OS 18_2_1 like Mac OS X) AppleWebKit/605.1.15 (KHTML, like Gecko) Version/18.2 Mobile/15E148 Safari/604.1"
jomarlogistica.com.br:80 99.241.6.75 - - [09/Oct/2025:07:15:25 -0300] "GET /wp-content/plugins/booked/assets/js/tooltipster/js/jquery.tooltipster.min.js?ver=3.3.0 HTTP/1.1" 200 5373 "https://jomarlogistica.com.br/2022/03/18/are-bearded-dragons-legal-in-new-york-laws-regulations-explained/" "Mozilla/5.0 (iPhone; CPU iPhone OS 18_2_1 like Mac OS X) AppleWebKit/605.1.15 (KHTML, like Gecko) Version/18.2 Mobile/15E148 Safari/604.1"
jomarlogistica.com.br:80 99.241.6.75 - - [09/Oct/2025:07:15:25 -0300] "GET /wp-content/plugins/booked/assets/js/functions.js?ver=2.3.5 HTTP/1.1" 200 10029 "https://jomarlogistica.com.br/2022/03/18/are-bearded-dragons-legal-in-new-york-laws-regulations-explained/" "Mozilla/5.0 (iPhone; CPU iPhone OS 18_2_1 like Mac OS X) AppleWebKit/605.1.15 (KHTML, like Gecko) Version/18.2 Mobile/15E148 Safari/604.1"
jomarlogistica.com.br:80 99.241.6.75 - - [09/Oct/2025:07:15:25 -0300] "GET /wp-content/plugins/case-theme-user/acess/js/notify.min.js?ver=1.0.0 HTTP/1.1" 200 7826 "https://jomarlogistica.com.br/2022/03/18/are-bearded-dragons-legal-in-new-york-laws-regulations-explained/" "Mozilla/5.0 (iPhone; CPU iPhone OS 18_2_1 like Mac OS X) AppleWebKit/605.1.15 (KHTML, like Gecko) Version/18.2 Mobile/15E148 Safari/604.1"
jomarlogistica.com.br:80 99.241.6.75 - - [09/Oct/2025:07:15:25 -0300] "GET /wp-content/plugins/case-theme-user/acess/js/remodal.min.js?ver=1.0.0 HTTP/1.1" 200 3045 "https://jomarlogistica.com.br/2022/03/18/are-bearded-dragons-legal-in-new-york-laws-regulations-explained/" "Mozilla/5.0 (iPhone; CPU iPhone OS 18_2_1 like Mac OS X) AppleWebKit/605.1.15 (KHTML, like Gecko) Version/18.2 Mobile/15E148 Safari/604.1"
jomarlogistica.com.br:80 99.241.6.75 - - [09/Oct/2025:07:15:25 -0300] "GET /wp-content/plugins/case-theme-user/acess/js/ct-user-form.js?ver=1.0.0 HTTP/1.1" 200 2307 "https://jomarlogistica.com.br/2022/03/18/are-bearded-dragons-legal-in-new-york-laws-regulations-explained/" "Mozilla/5.0 (iPhone; CPU iPhone OS 18_2_1 like Mac OS X) AppleWebKit/605.1.15 (KHTML, like Gecko) Version/18.2 Mobile/15E148 Safari/604.1"
jomarlogistica.com.br:80 99.241.6.75 - - [09/Oct/2025:07:15:25 -0300] "GET /wp-includes/js/dist/vendor/regenerator-runtime.min.js?ver=0.13.7 HTTP/1.1" 200 2798 "https://jomarlogistica.com.br/2022/03/18/are-bearded-dragons-legal-in-new-york-laws-regulations-explained/" "Mozilla/5.0 (iPhone; CPU iPhone OS 18_2_1 like Mac OS X) AppleWebKit/605.1.15 (KHTML, like Gecko) Version/18.2 Mobile/15E148 Safari/604.1"
jomarlogistica.com.br:80 99.241.6.75 - - [09/Oct/2025:07:15:25 -0300] "GET /wp-content/plugins/contact-form-7-multi-step/assets/frontend/js/cf7mls.js?ver=2.5.4 HTTP/1.1" 200 7286 "https://jomarlogistica.com.br/2022/03/18/are-bearded-dragons-legal-in-new-york-laws-regulations-explained/" "Mozilla/5.0 (iPhone; CPU iPhone OS 18_2_1 like Mac OS X) AppleWebKit/605.1.15 (KHTML, like Gecko) Version/18.2 Mobile/15E148 Safari/604.1"
jomarlogistica.com.br:80 99.241.6.75 - - [09/Oct/2025:07:15:25 -0300] "GET /wp-includes/js/dist/vendor/wp-polyfill.min.js?ver=3.15.0 HTTP/1.1" 200 6572 "https://jomarlogistica.com.br/2022/03/18/are-bearded-dragons-legal-in-new-york-laws-regulations-explained/" "Mozilla/5.0 (iPhone; CPU iPhone OS 18_2_1 like Mac OS X) AppleWebKit/605.1.15 (KHTML, like Gecko) Version/18.2 Mobile/15E148 Safari/604.1"
jomarlogistica.com.br:80 99.241.6.75 - - [09/Oct/2025:07:15:25 -0300] "GET /wp-content/plugins/contact-form-7/includes/js/index.js?ver=5.5.3 HTTP/1.1" 200 4245 "https://jomarlogistica.com.br/2022/03/18/are-bearded-dragons-legal-in-new-york-laws-regulations-explained/" "Mozilla/5.0 (iPhone; CPU iPhone OS 18_2_1 like Mac OS X) AppleWebKit/605.1.15 (KHTML, like Gecko) Version/18.2 Mobile/15E148 Safari/604.1"
jomarlogistica.com.br:80 99.241.6.75 - - [09/Oct/2025:07:15:25 -0300] "GET /wp-content/plugins/revslider/public/assets/js/rbtools.min.js?ver=6.5.11 HTTP/1.1" 200 48787 "https://jomarlogistica.com.br/2022/03/18/are-bearded-dragons-legal-in-new-york-laws-regulations-explained/" "Mozilla/5.0 (iPhone; CPU iPhone OS 18_2_1 like Mac OS X) AppleWebKit/605.1.15 (KHTML, like Gecko) Version/18.2 Mobile/15E148 Safari/604.1"
jomarlogistica.com.br:80 99.241.6.75 - - [09/Oct/2025:07:15:25 -0300] "GET /wp-content/plugins/booked/includes/add-ons/frontend-agents/js/functions.js?ver=2.3.5 HTTP/1.1" 200 1592 "https://jomarlogistica.com.br/2022/03/18/are-bearded-dragons-legal-in-new-york-laws-regulations-explained/" "Mozilla/5.0 (iPhone; CPU iPhone OS 18_2_1 like Mac OS X) AppleWebKit/605.1.15 (KHTML, like Gecko) Version/18.2 Mobile/15E148 Safari/604.1"
jomarlogistica.com.br:80 99.241.6.75 - - [09/Oct/2025:07:15:25 -0300] "GET /wp-content/themes/consultio/assets/js/bootstrap.min.js?ver=4.0.0 HTTP/1.1" 200 14168 "https://jomarlogistica.com.br/2022/03/18/are-bearded-dragons-legal-in-new-york-laws-regulations-explained/" "Mozilla/5.0 (iPhone; CPU iPhone OS 18_2_1 like Mac OS X) AppleWebKit/605.1.15 (KHTML, like Gecko) Version/18.2 Mobile/15E148 Safari/604.1"
jomarlogistica.com.br:80 99.241.6.75 - - [09/Oct/2025:07:15:25 -0300] "GET /wp-content/themes/consultio/assets/js/nice-select.min.js?ver=all HTTP/1.1" 200 1420 "https://jomarlogistica.com.br/2022/03/18/are-bearded-dragons-legal-in-new-york-laws-regulations-explained/" "Mozilla/5.0 (iPhone; CPU iPhone OS 18_2_1 like Mac OS X) AppleWebKit/605.1.15 (KHTML, like Gecko) Version/18.2 Mobile/15E148 Safari/604.1"
jomarlogistica.com.br:80 99.241.6.75 - - [09/Oct/2025:07:15:25 -0300] "GET /wp-content/themes/consultio/assets/js/match-height-min.js?ver=1.0.0 HTTP/1.1" 200 3557 "https://jomarlogistica.com.br/2022/03/18/are-bearded-dragons-legal-in-new-york-laws-regulations-explained/" "Mozilla/5.0 (iPhone; CPU iPhone OS 18_2_1 like Mac OS X) AppleWebKit/605.1.15 (KHTML, like Gecko) Version/18.2 Mobile/15E148 Safari/604.1"
jomarlogistica.com.br:80 99.241.6.75 - - [09/Oct/2025:07:15:25 -0300] "GET /wp-content/plugins/revslider/public/assets/js/rs6.min.js?ver=6.5.11 HTTP/1.1" 200 104993 "https://jomarlogistica.com.br/2022/03/18/are-bearded-dragons-legal-in-new-york-laws-regulations-explained/" "Mozilla/5.0 (iPhone; CPU iPhone OS 18_2_1 like Mac OS X) AppleWebKit/605.1.15 (KHTML, like Gecko) Version/18.2 Mobile/15E148 Safari/604.1"
jomarlogistica.com.br:80 99.241.6.75 - - [09/Oct/2025:07:15:25 -0300] "GET /wp-content/themes/consultio/assets/js/magnific-popup.min.js?ver=1.0.0 HTTP/1.1" 200 14895 "https://jomarlogistica.com.br/2022/03/18/are-bearded-dragons-legal-in-new-york-laws-regulations-explained/" "Mozilla/5.0 (iPhone; CPU iPhone OS 18_2_1 like Mac OS X) AppleWebKit/605.1.15 (KHTML, like Gecko) Version/18.2 Mobile/15E148 Safari/604.1"
jomarlogistica.com.br:80 99.241.6.75 - - [09/Oct/2025:07:15:25 -0300] "GET /wp-content/themes/consultio/assets/js/progressbar.min.js?ver=1.0.0 HTTP/1.1" 200 1327 "https://jomarlogistica.com.br/2022/03/18/are-bearded-dragons-legal-in-new-york-laws-regulations-explained/" "Mozilla/5.0 (iPhone; CPU iPhone OS 18_2_1 like Mac OS X) AppleWebKit/605.1.15 (KHTML, like Gecko) Version/18.2 Mobile/15E148 Safari/604.1"
jomarlogistica.com.br:80 99.241.6.75 - - [09/Oct/2025:07:15:25 -0300] "GET /wp-includes/js/jquery/ui/mouse.min.js?ver=1.12.1 HTTP/1.1" 200 1479 "https://jomarlogistica.com.br/2022/03/18/are-bearded-dragons-legal-in-new-york-laws-regulations-explained/" "Mozilla/5.0 (iPhone; CPU iPhone OS 18_2_1 like Mac OS X) AppleWebKit/605.1.15 (KHTML, like Gecko) Version/18.2 Mobile/15E148 Safari/604.1"
jomarlogistica.com.br:80 99.241.6.75 - - [09/Oct/2025:07:15:25 -0300] "GET /wp-content/themes/consultio/assets/js/wow.min.js?ver=1.0.0 HTTP/1.1" 200 3260 "https://jomarlogistica.com.br/2022/03/18/are-bearded-dragons-legal-in-new-york-laws-regulations-explained/" "Mozilla/5.0 (iPhone; CPU iPhone OS 18_2_1 like Mac OS X) AppleWebKit/605.1.15 (KHTML, like Gecko) Version/18.2 Mobile/15E148 Safari/604.1"
jomarlogistica.com.br:80 99.241.6.75 - - [09/Oct/2025:07:15:25 -0300] "GET /wp-includes/js/jquery/ui/slider.min.js?ver=1.12.1 HTTP/1.1" 200 3602 "https://jomarlogistica.com.br/2022/03/18/are-bearded-dragons-legal-in-new-york-laws-regulations-explained/" "Mozilla/5.0 (iPhone; CPU iPhone OS 18_2_1 like Mac OS X) AppleWebKit/605.1.15 (KHTML, like Gecko) Version/18.2 Mobile/15E148 Safari/604.1"
jomarlogistica.com.br:80 99.241.6.75 - - [09/Oct/2025:07:15:25 -0300] "GET /wp-content/themes/consultio/assets/fonts/Flaticon-v3.svg HTTP/1.1" 200 30604 "https://jomarlogistica.com.br/2022/03/18/are-bearded-dragons-legal-in-new-york-laws-regulations-explained/" "Mozilla/5.0 (iPhone; CPU iPhone OS 18_2_1 like Mac OS X) AppleWebKit/605.1.15 (KHTML, like Gecko) Version/18.2 Mobile/15E148 Safari/604.1"
jomarlogistica.com.br:80 99.241.6.75 - - [09/Oct/2025:07:15:25 -0300] "GET /wp-content/uploads/2021/12/logo.png HTTP/1.1" 200 32663 "https://jomarlogistica.com.br/2022/03/18/are-bearded-dragons-legal-in-new-york-laws-regulations-explained/" "Mozilla/5.0 (iPhone; CPU iPhone OS 18_2_1 like Mac OS X) AppleWebKit/605.1.15 (KHTML, like Gecko) Version/18.2 Mobile/15E148 Safari/604.1"
jomarlogistica.com.br:80 99.241.6.75 - - [09/Oct/2025:07:15:26 -0300] "GET /wp-content/uploads/2020/05/bg-page-title-u.jpg HTTP/1.1" 200 88326 "https://jomarlogistica.com.br/2022/03/18/are-bearded-dragons-legal-in-new-york-laws-regulations-explained/" "Mozilla/5.0 (iPhone; CPU iPhone OS 18_2_1 like Mac OS X) AppleWebKit/605.1.15 (KHTML, like Gecko) Version/18.2 Mobile/15E148 Safari/604.1"
jomarlogistica.com.br:80 127.0.0.1 - - [09/Oct/2025:07:15:30 -0300] "OPTIONS * HTTP/1.0" 200 110 "-" "Apache/2.4.65 (Ubuntu) (internal dummy connection)"
jomarlogistica.com.br:80 127.0.0.1 - - [09/Oct/2025:07:15:31 -0300] "OPTIONS * HTTP/1.0" 200 110 "-" "Apache/2.4.65 (Ubuntu) (internal dummy connection)"
jomarlogistica.com.br:80 99.241.6.75 - - [09/Oct/2025:07:15:24 -0300] "GET /?a7b529c=7164928 HTTP/1.1" 200 287 "https://jomarlogistica.com.br/2022/03/18/are-bearded-dragons-legal-in-new-york-laws-regulations-explained/" "Mozilla/5.0 (iPhone; CPU iPhone OS 18_2_1 like Mac OS X) AppleWebKit/605.1.15 (KHTML, like Gecko) Version/18.2 Mobile/15E148 Safari/604.1"
jomarlogistica.com.br:80 99.241.6.75 - - [09/Oct/2025:07:15:35 -0300] "GET /wp-content/themes/consultio/assets/fonts/Material-Design-Iconic-Font.woff2?v=2.2.0 HTTP/1.1" 200 38405 "https://jomarlogistica.com.br/2022/03/18/are-bearded-dragons-legal-in-new-york-laws-regulations-explained/" "Mozilla/5.0 (iPhone; CPU iPhone OS 18_2_1 like Mac OS X) AppleWebKit/605.1.15 (KHTML, like Gecko) Version/18.2 Mobile/15E148 Safari/604.1"
jomarlogistica.com.br:80 99.241.6.75 - - [09/Oct/2025:07:15:35 -0300] "GET /wp-content/themes/consultio/assets/fonts/fontawesome/fa-brands-400.woff2 HTTP/1.1" 200 75110 "https://jomarlogistica.com.br/2022/03/18/are-bearded-dragons-legal-in-new-york-laws-regulations-explained/" "Mozilla/5.0 (iPhone; CPU iPhone OS 18_2_1 like Mac OS X) AppleWebKit/605.1.15 (KHTML, like Gecko) Version/18.2 Mobile/15E148 Safari/604.1"
jomarlogistica.com.br:80 99.241.6.75 - - [09/Oct/2025:07:15:35 -0300] "GET /wp-content/plugins/elementor/assets/lib/font-awesome/fonts/fontawesome-webfont.woff2?v=4.7.0 HTTP/1.1" 200 77541 "https://jomarlogistica.com.br/2022/03/18/are-bearded-dragons-legal-in-new-york-laws-regulations-explained/" "Mozilla/5.0 (iPhone; CPU iPhone OS 18_2_1 like Mac OS X) AppleWebKit/605.1.15 (KHTML, like Gecko) Version/18.2 Mobile/15E148 Safari/604.1"
jomarlogistica.com.br:80 99.241.6.75 - - [09/Oct/2025:07:15:35 -0300] "GET /wp-content/themes/consultio/assets/images/pointer.png HTTP/1.1" 200 998 "https://jomarlogistica.com.br/2022/03/18/are-bearded-dragons-legal-in-new-york-laws-regulations-explained/" "Mozilla/5.0 (iPhone; CPU iPhone OS 18_2_1 like Mac OS X) AppleWebKit/605.1.15 (KHTML, like Gecko) Version/18.2 Mobile/15E148 Safari/604.1"
jomarlogistica.com.br:80 99.241.6.75 - - [09/Oct/2025:07:15:36 -0300] "GET /wp-content/uploads/2021/12/icone.jpg HTTP/1.1" 200 2901 "https://jomarlogistica.com.br/2022/03/18/are-bearded-dragons-legal-in-new-york-laws-regulations-explained/" "Mozilla/5.0 (iPhone; CPU iPhone OS 18_2_1 like Mac OS X) AppleWebKit/605.1.15 (KHTML, like Gecko) Version/18.2 Mobile/15E148 Safari/604.1"
jomarlogistica.com.br:80 127.0.0.1 - - [09/Oct/2025:07:15:40 -0300] "OPTIONS * HTTP/1.0" 200 110 "-" "Apache/2.4.65 (Ubuntu) (internal dummy connection)"
jomarlogistica.com.br:80 172.20.1.198 - - [09/Oct/2025:07:27:59 -0300] "POST /wp-cron.php?doing_wp_cron=1760005679.3972420692443847656250 HTTP/1.1" 200 389 "https://jomarlogistica.com.br/wp-cron.php?doing_wp_cron=1760005679.3972420692443847656250" "WordPress/5.8.10; https://jomarlogistica.com.br"
jomarlogistica.com.br:80 177.116.190.244 - - [09/Oct/2025:07:27:58 -0300] "POST /autodiscover/autodiscover.xml HTTP/1.1" 404 448 "-" "AppleExchangeWebServices/833 accountsd/113"
jomarlogistica.com.br:80 127.0.0.1 - - [09/Oct/2025:07:28:04 -0300] "OPTIONS * HTTP/1.0" 200 110 "-" "Apache/2.4.65 (Ubuntu) (internal dummy connection)"
jomarlogistica.com.br:80 170.205.28.224 - - [09/Oct/2025:07:28:40 -0300] "POST /wp-login.php HTTP/1.1" 200 3148 "https://jomarlogistica.com.br/wp-admin/" "Mozilla/5.0 (Windows NT 10.0; Win64; x64) AppleWebKit/537.36 (KHTML, like Gecko) Chrome/90.0.4430.85 Safari/537.36"
jomarlogistica.com.br:80 170.205.28.224 - - [09/Oct/2025:07:28:40 -0300] "GET /wp-admin/ HTTP/1.1" 302 463 "www.google.com" "Mozilla/5.0 (Windows NT 10.0; Win64; x64) AppleWebKit/537.36 (KHTML, like Gecko) Chrome/90.0.4430.85 Safari/537.36"
jomarlogistica.com.br:80 170.205.28.224 - - [09/Oct/2025:07:28:41 -0300] "GET /wp-login.php?redirect_to=https%3A%2F%2Fjomarlogistica.com.br%2Fwp-admin%2F&reauth=1 HTTP/1.1" 200 4995 "www.google.com" "Mozilla/5.0 (Windows NT 10.0; Win64; x64) AppleWebKit/537.36 (KHTML, like Gecko) Chrome/90.0.4430.85 Safari/537.36"
jomarlogistica.com.br:80 47.128.24.37 - - [09/Oct/2025:07:29:29 -0300] "GET /robots.txt HTTP/1.1" 200 584 "-" "Mozilla/5.0 (Linux; Android 5.0) AppleWebKit/537.36 (KHTML, like Gecko) Mobile Safari/537.36 (compatible; Bytespider; spider-feedback@bytedance.com)"
jomarlogistica.com.br:80 172.20.1.198 - - [09/Oct/2025:07:35:47 -0300] "POST /wp-cron.php?doing_wp_cron=1760006147.8870270252227783203125 HTTP/1.1" 200 389 "https://jomarlogistica.com.br/wp-cron.php?doing_wp_cron=1760006147.8870270252227783203125" "WordPress/5.8.10; https://jomarlogistica.com.br"
jomarlogistica.com.br:80 54.145.82.217 - - [09/Oct/2025:07:35:47 -0300] "GET /2025/ HTTP/1.1" 200 15800 "-" "Mozilla/5.0 AppleWebKit/537.36 (KHTML, like Gecko; compatible; Amazonbot/0.1; +https://developer.amazon.com/support/amazonbot) Chrome/119.0.6045.214 Safari/537.36"
jomarlogistica.com.br:80 127.0.0.1 - - [09/Oct/2025:07:35:53 -0300] "OPTIONS * HTTP/1.0" 200 110 "-" "Apache/2.4.65 (Ubuntu) (internal dummy connection)"
jomarlogistica.com.br:80 172.20.1.198 - - [09/Oct/2025:07:44:01 -0300] "POST /wp-cron.php?doing_wp_cron=1760006641.3320770263671875000000 HTTP/1.1" 200 389 "https://jomarlogistica.com.br/wp-cron.php?doing_wp_cron=1760006641.3320770263671875000000" "WordPress/5.8.10; https://jomarlogistica.com.br"
jomarlogistica.com.br:80 177.116.190.244 - - [09/Oct/2025:07:44:00 -0300] "POST /autodiscover/autodiscover.xml HTTP/1.1" 404 448 "-" "AppleExchangeWebServices/833 accountsd/113"
jomarlogistica.com.br:80 127.0.0.1 - - [09/Oct/2025:07:44:06 -0300] "OPTIONS * HTTP/1.0" 200 110 "-" "Apache/2.4.65 (Ubuntu) (internal dummy connection)"
jomarlogistica.com.br:80 172.20.1.198 - - [09/Oct/2025:07:51:35 -0300] "POST /wp-cron.php?doing_wp_cron=1760007095.8494379520416259765625 HTTP/1.1" 200 389 "https://jomarlogistica.com.br/wp-cron.php?doing_wp_cron=1760007095.8494379520416259765625" "WordPress/5.8.10; https://jomarlogistica.com.br"
jomarlogistica.com.br:80 216.244.66.226 - - [09/Oct/2025:07:51:35 -0300] "GET /robots.txt HTTP/1.1" 200 565 "-" "Mozilla/5.0 (compatible; DotBot/1.2; +https://opensiteexplorer.org/dotbot; help@moz.com)"
jomarlogistica.com.br:80 127.0.0.1 - - [09/Oct/2025:07:51:40 -0300] "OPTIONS * HTTP/1.0" 200 110 "-" "Apache/2.4.65 (Ubuntu) (internal dummy connection)"
jomarlogistica.com.br:80 172.20.1.198 - - [09/Oct/2025:08:02:01 -0300] "POST /wp-cron.php?doing_wp_cron=1760007720.9880731105804443359375 HTTP/1.1" 200 389 "https://jomarlogistica.com.br/wp-cron.php?doing_wp_cron=1760007720.9880731105804443359375" "WordPress/5.8.10; https://jomarlogistica.com.br"
jomarlogistica.com.br:80 177.116.190.244 - - [09/Oct/2025:08:02:00 -0300] "POST /autodiscover/autodiscover.xml HTTP/1.1" 404 448 "-" "AppleExchangeWebServices/833 accountsd/113"
jomarlogistica.com.br:80 127.0.0.1 - - [09/Oct/2025:08:02:05 -0300] "OPTIONS * HTTP/1.0" 200 110 "-" "Apache/2.4.65 (Ubuntu) (internal dummy connection)"
jomarlogistica.com.br:80 172.20.1.198 - - [09/Oct/2025:08:05:40 -0300] "POST /wp-cron.php?doing_wp_cron=1760007940.0742540359497070312500 HTTP/1.1" 200 389 "https://jomarlogistica.com.br/wp-cron.php?doing_wp_cron=1760007940.0742540359497070312500" "WordPress/5.8.10; https://jomarlogistica.com.br"
jomarlogistica.com.br:80 194.247.173.99 - - [09/Oct/2025:08:05:39 -0300] "GET /robots.txt HTTP/1.1" 200 565 "-" "Mozilla/5.0 (compatible; MJ12bot/v1.4.8; http://mj12bot.com/)"
jomarlogistica.com.br:80 194.247.173.99 - - [09/Oct/2025:08:05:42 -0300] "GET /2022/11/19/how-to-find-millionaire-on-line/ HTTP/1.1" 200 17423 "-" "Mozilla/5.0 (compatible; MJ12bot/v1.4.8; http://mj12bot.com/)"
jomarlogistica.com.br:80 127.0.0.1 - - [09/Oct/2025:08:05:47 -0300] "OPTIONS * HTTP/1.0" 200 110 "-" "Apache/2.4.65 (Ubuntu) (internal dummy connection)"
jomarlogistica.com.br:80 37.60.228.101 - - [09/Oct/2025:08:06:21 -0300] "GET /login/ HTTP/1.1" 302 524 "-" "Mozilla/5.0 (Macintosh; Apple M1 14_4) Gecko/20100101 Firefox/128.0"
jomarlogistica.com.br:80 37.60.228.101 - - [09/Oct/2025:08:06:22 -0300] "GET /wp-login.php HTTP/1.1" 200 2936 "-" "Mozilla/5.0 (Macintosh; Apple M1 14_4) Gecko/20100101 Firefox/128.0"
jomarlogistica.com.br:80 37.60.228.101 - - [09/Oct/2025:08:06:23 -0300] "GET /wp-login.php HTTP/1.1" 200 2936 "https://jomarlogistica.com.br/wp-admin/" "Mozilla/5.0 (Windows NT 10.0; Win64; x64) AppleWebKit/537.36 (KHTML, like Gecko) Chrome/125.0.0.0 Edg/125.0.0.0"
jomarlogistica.com.br:80 172.20.1.198 - - [09/Oct/2025:08:09:51 -0300] "POST /wp-cron.php?doing_wp_cron=1760008191.9342699050903320312500 HTTP/1.1" 200 389 "https://jomarlogistica.com.br/wp-cron.php?doing_wp_cron=1760008191.9342699050903320312500" "WordPress/5.8.10; https://jomarlogistica.com.br"
jomarlogistica.com.br:80 37.60.228.101 - - [09/Oct/2025:08:09:51 -0300] "POST /wp-login.php HTTP/1.1" 200 3147 "https://jomarlogistica.com.br/wp-admin/" "Mozilla/5.0 (Windows NT 10.0; Win64; x64) AppleWebKit/537.36 (KHTML, like Gecko) Chrome/90.0.4430.85 Safari/537.36"
jomarlogistica.com.br:80 37.60.228.101 - - [09/Oct/2025:08:09:52 -0300] "GET /wp-admin/ HTTP/1.1" 302 463 "https://jomarlogistica.com.br/wp-admin/" "Mozilla/5.0 (Windows NT 10.0; Win64; x64) AppleWebKit/537.36 (KHTML, like Gecko) Chrome/90.0.4430.85 Safari/537.36"
jomarlogistica.com.br:80 37.60.228.101 - - [09/Oct/2025:08:09:53 -0300] "GET /wp-login.php?redirect_to=https%3A%2F%2Fjomarlogistica.com.br%2Fwp-admin%2F&reauth=1 HTTP/1.1" 200 4995 "https://jomarlogistica.com.br/wp-admin/" "Mozilla/5.0 (Windows NT 10.0; Win64; x64) AppleWebKit/537.36 (KHTML, like Gecko) Chrome/90.0.4430.85 Safari/537.36"
jomarlogistica.com.br:80 127.0.0.1 - - [09/Oct/2025:08:09:57 -0300] "OPTIONS * HTTP/1.0" 200 110 "-" "Apache/2.4.65 (Ubuntu) (internal dummy connection)"
jomarlogistica.com.br:80 216.244.66.226 - - [09/Oct/2025:08:10:43 -0300] "GET /2023/05/01/positives-and-negatives-of-dating-outside-your-culture/ HTTP/1.1" 200 80647 "-" "Mozilla/5.0 (compatible; DotBot/1.2; +https://opensiteexplorer.org/dotbot; help@moz.com)"
jomarlogistica.com.br:80 172.20.1.198 - - [09/Oct/2025:08:15:56 -0300] "POST /wp-cron.php?doing_wp_cron=1760008556.9577291011810302734375 HTTP/1.1" 200 389 "https://jomarlogistica.com.br/wp-cron.php?doing_wp_cron=1760008556.9577291011810302734375" "WordPress/5.8.10; https://jomarlogistica.com.br"
jomarlogistica.com.br:80 177.116.190.244 - - [09/Oct/2025:08:15:56 -0300] "POST /autodiscover/autodiscover.xml HTTP/1.1" 404 448 "-" "AppleExchangeWebServices/833 accountsd/113"
jomarlogistica.com.br:80 127.0.0.1 - - [09/Oct/2025:08:16:02 -0300] "OPTIONS * HTTP/1.0" 200 110 "-" "Apache/2.4.65 (Ubuntu) (internal dummy connection)"
jomarlogistica.com.br:80 172.20.1.198 - - [09/Oct/2025:08:17:58 -0300] "POST /wp-cron.php?doing_wp_cron=1760008678.7750430107116699218750 HTTP/1.1" 200 389 "https://jomarlogistica.com.br/wp-cron.php?doing_wp_cron=1760008678.7750430107116699218750" "WordPress/5.8.10; https://jomarlogistica.com.br"
jomarlogistica.com.br:80 44.205.192.249 - - [09/Oct/2025:08:17:58 -0300] "GET /2022/page/5/ HTTP/1.1" 200 18582 "-" "Mozilla/5.0 AppleWebKit/537.36 (KHTML, like Gecko; compatible; Amazonbot/0.1; +https://developer.amazon.com/support/amazonbot) Chrome/119.0.6045.214 Safari/537.36"
jomarlogistica.com.br:80 127.0.0.1 - - [09/Oct/2025:08:18:04 -0300] "OPTIONS * HTTP/1.0" 200 110 "-" "Apache/2.4.65 (Ubuntu) (internal dummy connection)"
jomarlogistica.com.br:80 114.119.147.233 - - [09/Oct/2025:08:21:33 -0300] "GET /robots.txt HTTP/1.1" 200 584 "-" "Mozilla/5.0 (compatible;PetalBot;+https://webmaster.petalsearch.com/site/petalbot)"
jomarlogistica.com.br:80 172.20.1.198 - - [09/Oct/2025:08:26:40 -0300] "POST /wp-cron.php?doing_wp_cron=1760009200.8921799659729003906250 HTTP/1.1" 200 389 "https://jomarlogistica.com.br/wp-cron.php?doing_wp_cron=1760009200.8921799659729003906250" "WordPress/5.8.10; https://jomarlogistica.com.br"
jomarlogistica.com.br:80 216.244.66.226 - - [09/Oct/2025:08:26:40 -0300] "GET /2023/02/26/getting-married-at-the-courthouse-in-alberta-everything-you-need-to-know/ HTTP/1.1" 200 61579 "-" "Mozilla/5.0 (compatible; DotBot/1.2; +https://opensiteexplorer.org/dotbot; help@moz.com)"
jomarlogistica.com.br:80 127.0.0.1 - - [09/Oct/2025:08:26:45 -0300] "OPTIONS * HTTP/1.0" 200 110 "-" "Apache/2.4.65 (Ubuntu) (internal dummy connection)"
jomarlogistica.com.br:80 172.20.1.198 - - [09/Oct/2025:08:31:58 -0300] "POST /wp-cron.php?doing_wp_cron=1760009518.5513110160827636718750 HTTP/1.1" 200 389 "https://jomarlogistica.com.br/wp-cron.php?doing_wp_cron=1760009518.5513110160827636718750" "WordPress/5.8.10; https://jomarlogistica.com.br"
jomarlogistica.com.br:80 180.102.134.69 - - [09/Oct/2025:08:31:58 -0300] "GET / HTTP/1.1" 301 449 "http://www.jomarlogistica.com.br" "Mozilla/5.0 (iPhone; CPU iPhone OS 13_2_3 like Mac OS X) AppleWebKit/605.1.15 (KHTML, like Gecko) Version/13.0.3 Mobile/15E148 Safari/604.1"
jomarlogistica.com.br:80 127.0.0.1 - - [09/Oct/2025:08:32:03 -0300] "OPTIONS * HTTP/1.0" 200 110 "-" "Apache/2.4.65 (Ubuntu) (internal dummy connection)"
jomarlogistica.com.br:80 180.102.134.69 - - [09/Oct/2025:08:32:06 -0300] "GET / HTTP/1.1" 200 23928 "https://www.jomarlogistica.com.br/" "Mozilla/5.0 (iPhone; CPU iPhone OS 13_2_3 like Mac OS X) AppleWebKit/605.1.15 (KHTML, like Gecko) Version/13.0.3 Mobile/15E148 Safari/604.1"
jomarlogistica.com.br:80 172.20.1.198 - - [09/Oct/2025:08:32:35 -0300] "POST /wp-cron.php?doing_wp_cron=1760009555.6768679618835449218750 HTTP/1.1" 200 389 "https://jomarlogistica.com.br/wp-cron.php?doing_wp_cron=1760009555.6768679618835449218750" "WordPress/5.8.10; https://jomarlogistica.com.br"
jomarlogistica.com.br:80 37.60.228.101 - - [09/Oct/2025:08:32:35 -0300] "POST /wp-login.php HTTP/1.1" 200 3151 "https://jomarlogistica.com.br/wp-admin/" "Mozilla/5.0 (Windows NT 10.0; Win64; x64) AppleWebKit/537.36 (KHTML, like Gecko) Chrome/90.0.4430.85 Safari/537.36"
jomarlogistica.com.br:80 37.60.228.101 - - [09/Oct/2025:08:32:36 -0300] "GET /wp-admin/ HTTP/1.1" 302 463 "https://jomarlogistica.com.br/wp-admin/" "Mozilla/5.0 (Windows NT 10.0; Win64; x64) AppleWebKit/537.36 (KHTML, like Gecko) Chrome/90.0.4430.85 Safari/537.36"
jomarlogistica.com.br:80 37.60.228.101 - - [09/Oct/2025:08:32:37 -0300] "GET /wp-login.php?redirect_to=https%3A%2F%2Fjomarlogistica.com.br%2Fwp-admin%2F&reauth=1 HTTP/1.1" 200 4995 "https://jomarlogistica.com.br/wp-admin/" "Mozilla/5.0 (Windows NT 10.0; Win64; x64) AppleWebKit/537.36 (KHTML, like Gecko) Chrome/90.0.4430.85 Safari/537.36"
jomarlogistica.com.br:80 127.0.0.1 - - [09/Oct/2025:08:32:42 -0300] "OPTIONS * HTTP/1.0" 200 110 "-" "Apache/2.4.65 (Ubuntu) (internal dummy connection)"
jomarlogistica.com.br:80 37.60.228.101 - - [09/Oct/2025:08:32:49 -0300] "POST /wp-login.php HTTP/1.1" 200 3151 "https://jomarlogistica.com.br/wp-admin/" "Mozilla/5.0 (Windows NT 10.0; Win64; x64) AppleWebKit/537.36 (KHTML, like Gecko) Chrome/90.0.4430.85 Safari/537.36"
jomarlogistica.com.br:80 37.60.228.101 - - [09/Oct/2025:08:32:49 -0300] "GET /wp-admin/ HTTP/1.1" 302 463 "https://jomarlogistica.com.br/wp-admin/" "Mozilla/5.0 (Windows NT 10.0; Win64; x64) AppleWebKit/537.36 (KHTML, like Gecko) Chrome/90.0.4430.85 Safari/537.36"
jomarlogistica.com.br:80 37.60.228.101 - - [09/Oct/2025:08:32:50 -0300] "GET /wp-login.php?redirect_to=https%3A%2F%2Fjomarlogistica.com.br%2Fwp-admin%2F&reauth=1 HTTP/1.1" 200 4995 "https://jomarlogistica.com.br/wp-admin/" "Mozilla/5.0 (Windows NT 10.0; Win64; x64) AppleWebKit/537.36 (KHTML, like Gecko) Chrome/90.0.4430.85 Safari/537.36"
jomarlogistica.com.br:80 216.244.66.226 - - [09/Oct/2025:08:36:43 -0300] "GET /2022/11/07/california-layoff-laws-what-employers-need-to-know/ HTTP/1.1" 200 61232 "-" "Mozilla/5.0 (compatible; DotBot/1.2; +https://opensiteexplorer.org/dotbot; help@moz.com)"
jomarlogistica.com.br:80 37.60.228.101 - - [09/Oct/2025:08:36:47 -0300] "POST /wp-login.php HTTP/1.1" 200 3151 "https://jomarlogistica.com.br/wp-admin/" "Mozilla/5.0 (Windows NT 10.0; Win64; x64) AppleWebKit/537.36 (KHTML, like Gecko) Chrome/90.0.4430.85 Safari/537.36"
jomarlogistica.com.br:80 37.60.228.101 - - [09/Oct/2025:08:36:48 -0300] "GET /wp-admin/ HTTP/1.1" 302 463 "https://jomarlogistica.com.br/wp-admin/" "Mozilla/5.0 (Windows NT 10.0; Win64; x64) AppleWebKit/537.36 (KHTML, like Gecko) Chrome/90.0.4430.85 Safari/537.36"
jomarlogistica.com.br:80 37.60.228.101 - - [09/Oct/2025:08:36:48 -0300] "GET /wp-login.php?redirect_to=https%3A%2F%2Fjomarlogistica.com.br%2Fwp-admin%2F&reauth=1 HTTP/1.1" 200 4995 "https://jomarlogistica.com.br/wp-admin/" "Mozilla/5.0 (Windows NT 10.0; Win64; x64) AppleWebKit/537.36 (KHTML, like Gecko) Chrome/90.0.4430.85 Safari/537.36"
jomarlogistica.com.br:80 172.20.1.198 - - [09/Oct/2025:08:38:31 -0300] "POST /wp-cron.php?doing_wp_cron=1760009911.9473290443420410156250 HTTP/1.1" 200 389 "https://jomarlogistica.com.br/wp-cron.php?doing_wp_cron=1760009911.9473290443420410156250" "WordPress/5.8.10; https://jomarlogistica.com.br"
jomarlogistica.com.br:80 37.60.228.101 - - [09/Oct/2025:08:38:31 -0300] "POST /wp-login.php HTTP/1.1" 200 3151 "https://jomarlogistica.com.br/wp-admin/" "Mozilla/5.0 (Windows NT 10.0; Win64; x64) AppleWebKit/537.36 (KHTML, like Gecko) Chrome/90.0.4430.85 Safari/537.36"
jomarlogistica.com.br:80 37.60.228.101 - - [09/Oct/2025:08:38:32 -0300] "GET /wp-admin/ HTTP/1.1" 302 463 "https://jomarlogistica.com.br/wp-admin/" "Mozilla/5.0 (Windows NT 10.0; Win64; x64) AppleWebKit/537.36 (KHTML, like Gecko) Chrome/90.0.4430.85 Safari/537.36"
jomarlogistica.com.br:80 37.60.228.101 - - [09/Oct/2025:08:38:33 -0300] "GET /wp-login.php?redirect_to=https%3A%2F%2Fjomarlogistica.com.br%2Fwp-admin%2F&reauth=1 HTTP/1.1" 200 4995 "https://jomarlogistica.com.br/wp-admin/" "Mozilla/5.0 (Windows NT 10.0; Win64; x64) AppleWebKit/537.36 (KHTML, like Gecko) Chrome/90.0.4430.85 Safari/537.36"
jomarlogistica.com.br:80 127.0.0.1 - - [09/Oct/2025:08:38:37 -0300] "OPTIONS * HTTP/1.0" 200 110 "-" "Apache/2.4.65 (Ubuntu) (internal dummy connection)"
jomarlogistica.com.br:80 37.60.228.101 - - [09/Oct/2025:08:40:08 -0300] "POST /wp-login.php HTTP/1.1" 200 3151 "https://jomarlogistica.com.br/wp-admin/" "Mozilla/5.0 (Windows NT 10.0; Win64; x64) AppleWebKit/537.36 (KHTML, like Gecko) Chrome/90.0.4430.85 Safari/537.36"
jomarlogistica.com.br:80 37.60.228.101 - - [09/Oct/2025:08:40:09 -0300] "GET /wp-admin/ HTTP/1.1" 302 463 "https://jomarlogistica.com.br/wp-admin/" "Mozilla/5.0 (Windows NT 10.0; Win64; x64) AppleWebKit/537.36 (KHTML, like Gecko) Chrome/90.0.4430.85 Safari/537.36"
jomarlogistica.com.br:80 37.60.228.101 - - [09/Oct/2025:08:40:09 -0300] "GET /wp-login.php?redirect_to=https%3A%2F%2Fjomarlogistica.com.br%2Fwp-admin%2F&reauth=1 HTTP/1.1" 200 4995 "https://jomarlogistica.com.br/wp-admin/" "Mozilla/5.0 (Windows NT 10.0; Win64; x64) AppleWebKit/537.36 (KHTML, like Gecko) Chrome/90.0.4430.85 Safari/537.36"
jomarlogistica.com.br:80 172.20.1.198 - - [09/Oct/2025:08:42:12 -0300] "POST /wp-cron.php?doing_wp_cron=1760010132.4998419284820556640625 HTTP/1.1" 200 389 "https://jomarlogistica.com.br/wp-cron.php?doing_wp_cron=1760010132.4998419284820556640625" "WordPress/5.8.10; https://jomarlogistica.com.br"
jomarlogistica.com.br:80 37.60.228.101 - - [09/Oct/2025:08:42:12 -0300] "POST /wp-login.php HTTP/1.1" 200 3151 "https://jomarlogistica.com.br/wp-admin/" "Mozilla/5.0 (Windows NT 10.0; Win64; x64) AppleWebKit/537.36 (KHTML, like Gecko) Chrome/90.0.4430.85 Safari/537.36"
jomarlogistica.com.br:80 37.60.228.101 - - [09/Oct/2025:08:42:13 -0300] "GET /wp-admin/ HTTP/1.1" 302 463 "https://jomarlogistica.com.br/wp-admin/" "Mozilla/5.0 (Windows NT 10.0; Win64; x64) AppleWebKit/537.36 (KHTML, like Gecko) Chrome/90.0.4430.85 Safari/537.36"
jomarlogistica.com.br:80 37.60.228.101 - - [09/Oct/2025:08:42:13 -0300] "GET /wp-login.php?redirect_to=https%3A%2F%2Fjomarlogistica.com.br%2Fwp-admin%2F&reauth=1 HTTP/1.1" 200 4995 "https://jomarlogistica.com.br/wp-admin/" "Mozilla/5.0 (Windows NT 10.0; Win64; x64) AppleWebKit/537.36 (KHTML, like Gecko) Chrome/90.0.4430.85 Safari/537.36"
jomarlogistica.com.br:80 127.0.0.1 - - [09/Oct/2025:08:42:18 -0300] "OPTIONS * HTTP/1.0" 200 110 "-" "Apache/2.4.65 (Ubuntu) (internal dummy connection)"
jomarlogistica.com.br:80 23.22.59.87 - - [09/Oct/2025:08:42:51 -0300] "GET /2022/08/25/can-you-refile-taxes-separately-after-filing-jointly-expert-legal-advice/ HTTP/1.1" 200 14470 "-" "Mozilla/5.0 AppleWebKit/537.36 (KHTML, like Gecko; compatible; Amazonbot/0.1; +https://developer.amazon.com/support/amazonbot) Chrome/119.0.6045.214 Safari/537.36"
jomarlogistica.com.br:80 34.194.14.255 - - [09/Oct/2025:08:42:55 -0300] "GET /2023/06/02/best-anonymous-chat-apps-for-android-2-to-avoid/ HTTP/1.1" 200 17291 "-" "Mozilla/5.0 AppleWebKit/537.36 (KHTML, like Gecko; compatible; Amazonbot/0.1; +https://developer.amazon.com/support/amazonbot) Chrome/119.0.6045.214 Safari/537.36"
jomarlogistica.com.br:80 37.60.228.101 - - [09/Oct/2025:08:44:05 -0300] "POST /wp-login.php HTTP/1.1" 200 3149 "https://jomarlogistica.com.br/wp-admin/" "Mozilla/5.0 (Windows NT 10.0; Win64; x64) AppleWebKit/537.36 (KHTML, like Gecko) Chrome/90.0.4430.85 Safari/537.36"
jomarlogistica.com.br:80 37.60.228.101 - - [09/Oct/2025:08:44:05 -0300] "GET /wp-admin/ HTTP/1.1" 302 463 "https://jomarlogistica.com.br/wp-admin/" "Mozilla/5.0 (Windows NT 10.0; Win64; x64) AppleWebKit/537.36 (KHTML, like Gecko) Chrome/90.0.4430.85 Safari/537.36"
jomarlogistica.com.br:80 37.60.228.101 - - [09/Oct/2025:08:44:06 -0300] "GET /wp-login.php?redirect_to=https%3A%2F%2Fjomarlogistica.com.br%2Fwp-admin%2F&reauth=1 HTTP/1.1" 200 4995 "https://jomarlogistica.com.br/wp-admin/" "Mozilla/5.0 (Windows NT 10.0; Win64; x64) AppleWebKit/537.36 (KHTML, like Gecko) Chrome/90.0.4430.85 Safari/537.36"
jomarlogistica.com.br:80 37.60.228.101 - - [09/Oct/2025:08:44:55 -0300] "POST /wp-login.php HTTP/1.1" 200 3149 "https://jomarlogistica.com.br/wp-admin/" "Mozilla/5.0 (Windows NT 10.0; Win64; x64) AppleWebKit/537.36 (KHTML, like Gecko) Chrome/90.0.4430.85 Safari/537.36"
jomarlogistica.com.br:80 37.60.228.101 - - [09/Oct/2025:08:44:56 -0300] "GET /wp-admin/ HTTP/1.1" 302 463 "https://jomarlogistica.com.br/wp-admin/" "Mozilla/5.0 (Windows NT 10.0; Win64; x64) AppleWebKit/537.36 (KHTML, like Gecko) Chrome/90.0.4430.85 Safari/537.36"
jomarlogistica.com.br:80 37.60.228.101 - - [09/Oct/2025:08:44:56 -0300] "GET /wp-login.php?redirect_to=https%3A%2F%2Fjomarlogistica.com.br%2Fwp-admin%2F&reauth=1 HTTP/1.1" 200 4995 "https://jomarlogistica.com.br/wp-admin/" "Mozilla/5.0 (Windows NT 10.0; Win64; x64) AppleWebKit/537.36 (KHTML, like Gecko) Chrome/90.0.4430.85 Safari/537.36"
jomarlogistica.com.br:80 216.244.66.226 - - [09/Oct/2025:08:45:28 -0300] "GET /robots.txt HTTP/1.1" 200 565 "-" "Mozilla/5.0 (compatible; DotBot/1.2; +https://opensiteexplorer.org/dotbot; help@moz.com)"
jomarlogistica.com.br:80 172.20.1.198 - - [09/Oct/2025:08:52:49 -0300] "POST /wp-cron.php?doing_wp_cron=1760010769.0724101066589355468750 HTTP/1.1" 200 389 "https://jomarlogistica.com.br/wp-cron.php?doing_wp_cron=1760010769.0724101066589355468750" "WordPress/5.8.10; https://jomarlogistica.com.br"
jomarlogistica.com.br:80 44.223.232.55 - - [09/Oct/2025:08:52:48 -0300] "GET /2023/page/29/ HTTP/1.1" 200 18538 "-" "Mozilla/5.0 AppleWebKit/537.36 (KHTML, like Gecko; compatible; Amazonbot/0.1; +https://developer.amazon.com/support/amazonbot) Chrome/119.0.6045.214 Safari/537.36"
jomarlogistica.com.br:80 127.0.0.1 - - [09/Oct/2025:08:52:54 -0300] "OPTIONS * HTTP/1.0" 200 110 "-" "Apache/2.4.65 (Ubuntu) (internal dummy connection)"
jomarlogistica.com.br:80 37.60.228.101 - - [09/Oct/2025:08:53:55 -0300] "POST /wp-login.php HTTP/1.1" 200 3149 "https://jomarlogistica.com.br/wp-admin/" "Mozilla/5.0 (Windows NT 10.0; Win64; x64) AppleWebKit/537.36 (KHTML, like Gecko) Chrome/90.0.4430.85 Safari/537.36"
jomarlogistica.com.br:80 37.60.228.101 - - [09/Oct/2025:08:53:56 -0300] "GET /wp-admin/ HTTP/1.1" 302 463 "https://jomarlogistica.com.br/wp-admin/" "Mozilla/5.0 (Windows NT 10.0; Win64; x64) AppleWebKit/537.36 (KHTML, like Gecko) Chrome/90.0.4430.85 Safari/537.36"
jomarlogistica.com.br:80 37.60.228.101 - - [09/Oct/2025:08:53:57 -0300] "GET /wp-login.php?redirect_to=https%3A%2F%2Fjomarlogistica.com.br%2Fwp-admin%2F&reauth=1 HTTP/1.1" 200 4995 "https://jomarlogistica.com.br/wp-admin/" "Mozilla/5.0 (Windows NT 10.0; Win64; x64) AppleWebKit/537.36 (KHTML, like Gecko) Chrome/90.0.4430.85 Safari/537.36"
jomarlogistica.com.br:80 85.208.96.196 - - [09/Oct/2025:08:55:57 -0300] "GET /robots.txt HTTP/1.1" 200 584 "-" "Mozilla/5.0 (compatible; SemrushBot/7~bl; +http://www.semrush.com/bot.html)"
jomarlogistica.com.br:80 85.208.96.204 - - [09/Oct/2025:08:55:58 -0300] "GET /2023/03/30/the-right-way-to-talk-to-quite-girls/ HTTP/1.1" 200 17916 "-" "Mozilla/5.0 (compatible; SemrushBot/7~bl; +http://www.semrush.com/bot.html)"
jomarlogistica.com.br:80 172.20.1.198 - - [09/Oct/2025:09:02:21 -0300] "POST /wp-cron.php?doing_wp_cron=1760011341.8021879196166992187500 HTTP/1.1" 200 389 "https://jomarlogistica.com.br/wp-cron.php?doing_wp_cron=1760011341.8021879196166992187500" "WordPress/5.8.10; https://jomarlogistica.com.br"
jomarlogistica.com.br:80 37.60.228.101 - - [09/Oct/2025:09:02:21 -0300] "POST /wp-login.php HTTP/1.1" 200 3150 "https://jomarlogistica.com.br/wp-admin/" "Mozilla/5.0 (Windows NT 10.0; Win64; x64) AppleWebKit/537.36 (KHTML, like Gecko) Chrome/90.0.4430.85 Safari/537.36"
jomarlogistica.com.br:80 37.60.228.101 - - [09/Oct/2025:09:02:22 -0300] "GET /wp-admin/ HTTP/1.1" 302 463 "https://jomarlogistica.com.br/wp-admin/" "Mozilla/5.0 (Windows NT 10.0; Win64; x64) AppleWebKit/537.36 (KHTML, like Gecko) Chrome/90.0.4430.85 Safari/537.36"
jomarlogistica.com.br:80 37.60.228.101 - - [09/Oct/2025:09:02:23 -0300] "GET /wp-login.php?redirect_to=https%3A%2F%2Fjomarlogistica.com.br%2Fwp-admin%2F&reauth=1 HTTP/1.1" 200 4995 "https://jomarlogistica.com.br/wp-admin/" "Mozilla/5.0 (Windows NT 10.0; Win64; x64) AppleWebKit/537.36 (KHTML, like Gecko) Chrome/90.0.4430.85 Safari/537.36"
jomarlogistica.com.br:80 127.0.0.1 - - [09/Oct/2025:09:02:28 -0300] "OPTIONS * HTTP/1.0" 200 110 "-" "Apache/2.4.65 (Ubuntu) (internal dummy connection)"
jomarlogistica.com.br:80 86.38.98.47 - - [09/Oct/2025:09:07:39 -0300] "POST /xmlrpc.php HTTP/1.1" 403 2493 "-" "Mozilla/5.0 (Windows NT 10.0; Win64; x64) AppleWebKit/537.36 (KHTML, like Gecko) Chrome/114.0.0.0 Safari/537.36 OPR/89.0.4447.51"
jomarlogistica.com.br:80 172.20.1.198 - - [09/Oct/2025:09:09:54 -0300] "POST /wp-cron.php?doing_wp_cron=1760011794.8324189186096191406250 HTTP/1.1" 200 389 "https://jomarlogistica.com.br/wp-cron.php?doing_wp_cron=1760011794.8324189186096191406250" "WordPress/5.8.10; https://jomarlogistica.com.br"
jomarlogistica.com.br:80 216.244.66.226 - - [09/Oct/2025:09:09:54 -0300] "GET /2023/12/03/efficiency-legal-synonyms-streamlining-legal-terminology-for-maximum-impact/ HTTP/1.1" 200 61197 "-" "Mozilla/5.0 (compatible; DotBot/1.2; +https://opensiteexplorer.org/dotbot; help@moz.com)"
jomarlogistica.com.br:80 127.0.0.1 - - [09/Oct/2025:09:09:59 -0300] "OPTIONS * HTTP/1.0" 200 110 "-" "Apache/2.4.65 (Ubuntu) (internal dummy connection)"
jomarlogistica.com.br:80 172.20.1.198 - - [09/Oct/2025:09:14:40 -0300] "POST /wp-cron.php?doing_wp_cron=1760012080.0844249725341796875000 HTTP/1.1" 200 389 "https://jomarlogistica.com.br/wp-cron.php?doing_wp_cron=1760012080.0844249725341796875000" "WordPress/5.8.10; https://jomarlogistica.com.br"
jomarlogistica.com.br:80 37.60.228.101 - - [09/Oct/2025:09:14:39 -0300] "POST /wp-login.php HTTP/1.1" 200 3150 "https://jomarlogistica.com.br/wp-admin/" "Mozilla/5.0 (Windows NT 10.0; Win64; x64) AppleWebKit/537.36 (KHTML, like Gecko) Chrome/90.0.4430.85 Safari/537.36"
jomarlogistica.com.br:80 37.60.228.101 - - [09/Oct/2025:09:14:40 -0300] "GET /wp-admin/ HTTP/1.1" 302 463 "https://jomarlogistica.com.br/wp-admin/" "Mozilla/5.0 (Windows NT 10.0; Win64; x64) AppleWebKit/537.36 (KHTML, like Gecko) Chrome/90.0.4430.85 Safari/537.36"
jomarlogistica.com.br:80 37.60.228.101 - - [09/Oct/2025:09:14:41 -0300] "GET /wp-login.php?redirect_to=https%3A%2F%2Fjomarlogistica.com.br%2Fwp-admin%2F&reauth=1 HTTP/1.1" 200 4995 "https://jomarlogistica.com.br/wp-admin/" "Mozilla/5.0 (Windows NT 10.0; Win64; x64) AppleWebKit/537.36 (KHTML, like Gecko) Chrome/90.0.4430.85 Safari/537.36"
jomarlogistica.com.br:80 127.0.0.1 - - [09/Oct/2025:09:14:45 -0300] "OPTIONS * HTTP/1.0" 200 110 "-" "Apache/2.4.65 (Ubuntu) (internal dummy connection)"
jomarlogistica.com.br:80 37.60.228.101 - - [09/Oct/2025:09:15:37 -0300] "POST /wp-login.php HTTP/1.1" 200 3150 "https://jomarlogistica.com.br/wp-admin/" "Mozilla/5.0 (Windows NT 10.0; Win64; x64) AppleWebKit/537.36 (KHTML, like Gecko) Chrome/90.0.4430.85 Safari/537.36"
jomarlogistica.com.br:80 37.60.228.101 - - [09/Oct/2025:09:15:37 -0300] "GET /wp-admin/ HTTP/1.1" 302 463 "https://jomarlogistica.com.br/wp-admin/" "Mozilla/5.0 (Windows NT 10.0; Win64; x64) AppleWebKit/537.36 (KHTML, like Gecko) Chrome/90.0.4430.85 Safari/537.36"
jomarlogistica.com.br:80 37.60.228.101 - - [09/Oct/2025:09:15:38 -0300] "GET /wp-login.php?redirect_to=https%3A%2F%2Fjomarlogistica.com.br%2Fwp-admin%2F&reauth=1 HTTP/1.1" 200 4995 "https://jomarlogistica.com.br/wp-admin/" "Mozilla/5.0 (Windows NT 10.0; Win64; x64) AppleWebKit/537.36 (KHTML, like Gecko) Chrome/90.0.4430.85 Safari/537.36"
jomarlogistica.com.br:80 172.20.1.198 - - [09/Oct/2025:09:17:53 -0300] "POST /wp-cron.php?doing_wp_cron=1760012273.9586520195007324218750 HTTP/1.1" 200 389 "https://jomarlogistica.com.br/wp-cron.php?doing_wp_cron=1760012273.9586520195007324218750" "WordPress/5.8.10; https://jomarlogistica.com.br"
jomarlogistica.com.br:80 37.60.228.101 - - [09/Oct/2025:09:17:53 -0300] "POST /wp-login.php HTTP/1.1" 200 3150 "https://jomarlogistica.com.br/wp-admin/" "Mozilla/5.0 (Windows NT 10.0; Win64; x64) AppleWebKit/537.36 (KHTML, like Gecko) Chrome/90.0.4430.85 Safari/537.36"
jomarlogistica.com.br:80 37.60.228.101 - - [09/Oct/2025:09:17:54 -0300] "GET /wp-admin/ HTTP/1.1" 302 463 "https://jomarlogistica.com.br/wp-admin/" "Mozilla/5.0 (Windows NT 10.0; Win64; x64) AppleWebKit/537.36 (KHTML, like Gecko) Chrome/90.0.4430.85 Safari/537.36"
jomarlogistica.com.br:80 37.60.228.101 - - [09/Oct/2025:09:17:55 -0300] "GET /wp-login.php?redirect_to=https%3A%2F%2Fjomarlogistica.com.br%2Fwp-admin%2F&reauth=1 HTTP/1.1" 200 4995 "https://jomarlogistica.com.br/wp-admin/" "Mozilla/5.0 (Windows NT 10.0; Win64; x64) AppleWebKit/537.36 (KHTML, like Gecko) Chrome/90.0.4430.85 Safari/537.36"
jomarlogistica.com.br:80 127.0.0.1 - - [09/Oct/2025:09:18:00 -0300] "OPTIONS * HTTP/1.0" 200 110 "-" "Apache/2.4.65 (Ubuntu) (internal dummy connection)"
jomarlogistica.com.br:80 37.60.228.101 - - [09/Oct/2025:09:19:14 -0300] "POST /wp-login.php HTTP/1.1" 200 3150 "https://jomarlogistica.com.br/wp-admin/" "Mozilla/5.0 (Windows NT 10.0; Win64; x64) AppleWebKit/537.36 (KHTML, like Gecko) Chrome/90.0.4430.85 Safari/537.36"
jomarlogistica.com.br:80 37.60.228.101 - - [09/Oct/2025:09:19:15 -0300] "GET /wp-admin/ HTTP/1.1" 302 463 "https://jomarlogistica.com.br/wp-admin/" "Mozilla/5.0 (Windows NT 10.0; Win64; x64) AppleWebKit/537.36 (KHTML, like Gecko) Chrome/90.0.4430.85 Safari/537.36"
jomarlogistica.com.br:80 37.60.228.101 - - [09/Oct/2025:09:19:16 -0300] "GET /wp-login.php?redirect_to=https%3A%2F%2Fjomarlogistica.com.br%2Fwp-admin%2F&reauth=1 HTTP/1.1" 200 4995 "https://jomarlogistica.com.br/wp-admin/" "Mozilla/5.0 (Windows NT 10.0; Win64; x64) AppleWebKit/537.36 (KHTML, like Gecko) Chrome/90.0.4430.85 Safari/537.36"
jomarlogistica.com.br:80 37.60.228.101 - - [09/Oct/2025:09:20:27 -0300] "POST /wp-login.php HTTP/1.1" 200 3152 "https://jomarlogistica.com.br/wp-admin/" "Mozilla/5.0 (Windows NT 10.0; Win64; x64) AppleWebKit/537.36 (KHTML, like Gecko) Chrome/90.0.4430.85 Safari/537.36"
jomarlogistica.com.br:80 37.60.228.101 - - [09/Oct/2025:09:20:28 -0300] "GET /wp-admin/ HTTP/1.1" 302 463 "https://jomarlogistica.com.br/wp-admin/" "Mozilla/5.0 (Windows NT 10.0; Win64; x64) AppleWebKit/537.36 (KHTML, like Gecko) Chrome/90.0.4430.85 Safari/537.36"
jomarlogistica.com.br:80 37.60.228.101 - - [09/Oct/2025:09:20:28 -0300] "GET /wp-login.php?redirect_to=https%3A%2F%2Fjomarlogistica.com.br%2Fwp-admin%2F&reauth=1 HTTP/1.1" 200 4995 "https://jomarlogistica.com.br/wp-admin/" "Mozilla/5.0 (Windows NT 10.0; Win64; x64) AppleWebKit/537.36 (KHTML, like Gecko) Chrome/90.0.4430.85 Safari/537.36"
jomarlogistica.com.br:80 172.20.1.198 - - [09/Oct/2025:09:24:02 -0300] "POST /wp-cron.php?doing_wp_cron=1760012642.1541819572448730468750 HTTP/1.1" 200 389 "https://jomarlogistica.com.br/wp-cron.php?doing_wp_cron=1760012642.1541819572448730468750" "WordPress/5.8.10; https://jomarlogistica.com.br"
jomarlogistica.com.br:80 37.60.228.101 - - [09/Oct/2025:09:24:01 -0300] "POST /wp-login.php HTTP/1.1" 200 3152 "https://jomarlogistica.com.br/wp-admin/" "Mozilla/5.0 (Windows NT 10.0; Win64; x64) AppleWebKit/537.36 (KHTML, like Gecko) Chrome/90.0.4430.85 Safari/537.36"
jomarlogistica.com.br:80 37.60.228.101 - - [09/Oct/2025:09:24:02 -0300] "GET /wp-admin/ HTTP/1.1" 302 463 "https://jomarlogistica.com.br/wp-admin/" "Mozilla/5.0 (Windows NT 10.0; Win64; x64) AppleWebKit/537.36 (KHTML, like Gecko) Chrome/90.0.4430.85 Safari/537.36"
jomarlogistica.com.br:80 37.60.228.101 - - [09/Oct/2025:09:24:03 -0300] "GET /wp-login.php?redirect_to=https%3A%2F%2Fjomarlogistica.com.br%2Fwp-admin%2F&reauth=1 HTTP/1.1" 200 4995 "https://jomarlogistica.com.br/wp-admin/" "Mozilla/5.0 (Windows NT 10.0; Win64; x64) AppleWebKit/537.36 (KHTML, like Gecko) Chrome/90.0.4430.85 Safari/537.36"
jomarlogistica.com.br:80 127.0.0.1 - - [09/Oct/2025:09:24:08 -0300] "OPTIONS * HTTP/1.0" 200 110 "-" "Apache/2.4.65 (Ubuntu) (internal dummy connection)"
jomarlogistica.com.br:80 37.60.228.101 - - [09/Oct/2025:09:25:28 -0300] "POST /wp-login.php HTTP/1.1" 200 3152 "https://jomarlogistica.com.br/wp-admin/" "Mozilla/5.0 (Windows NT 10.0; Win64; x64) AppleWebKit/537.36 (KHTML, like Gecko) Chrome/90.0.4430.85 Safari/537.36"
jomarlogistica.com.br:80 37.60.228.101 - - [09/Oct/2025:09:25:29 -0300] "GET /wp-admin/ HTTP/1.1" 302 463 "https://jomarlogistica.com.br/wp-admin/" "Mozilla/5.0 (Windows NT 10.0; Win64; x64) AppleWebKit/537.36 (KHTML, like Gecko) Chrome/90.0.4430.85 Safari/537.36"
jomarlogistica.com.br:80 37.60.228.101 - - [09/Oct/2025:09:25:30 -0300] "GET /wp-login.php?redirect_to=https%3A%2F%2Fjomarlogistica.com.br%2Fwp-admin%2F&reauth=1 HTTP/1.1" 200 4995 "https://jomarlogistica.com.br/wp-admin/" "Mozilla/5.0 (Windows NT 10.0; Win64; x64) AppleWebKit/537.36 (KHTML, like Gecko) Chrome/90.0.4430.85 Safari/537.36"
