jomarlogistica.com.br:80 66.249.66.37 - - [21/Sep/2025:10:41:05 -0300] "GET /wp-content/plugins/revslider/public/assets/js/rs6.min.js?ver=6.5.11 HTTP/1.1" 200 104993 "https://jomarlogistica.com.br/" "Mozilla/5.0 AppleWebKit/537.36 (KHTML, like Gecko; compatible; Googlebot/2.1; +http://www.google.com/bot.html) Chrome/139.0.7258.127 Safari/537.36"
jomarlogistica.com.br:80 66.249.66.38 - - [21/Sep/2025:10:41:06 -0300] "GET /wp-content/themes/consultio/assets/fonts/flaticon-v7.woff HTTP/1.1" 200 8849 "https://jomarlogistica.com.br/wp-content/themes/consultio/assets/css/flaticon-v7.css?ver=2.8.0" "Mozilla/5.0 AppleWebKit/537.36 (KHTML, like Gecko; compatible; Googlebot/2.1; +http://www.google.com/bot.html) Chrome/139.0.7258.127 Safari/537.36"
jomarlogistica.com.br:80 127.0.0.1 - - [21/Sep/2025:10:41:11 -0300] "OPTIONS * HTTP/1.0" 200 110 "-" "Apache/2.4.65 (Ubuntu) (internal dummy connection)"
jomarlogistica.com.br:80 193.26.115.195 - - [21/Sep/2025:10:41:25 -0300] "GET /bb.php HTTP/1.1" 404 448 "-" "Go-http-client/2.0"
jomarlogistica.com.br:80 193.26.115.195 - - [21/Sep/2025:10:41:25 -0300] "GET /wp-content/ HTTP/1.1" 200 264 "-" "Go-http-client/2.0"
jomarlogistica.com.br:80 193.26.115.195 - - [21/Sep/2025:10:41:26 -0300] "GET /wp-admin/network/ HTTP/1.1" 302 531 "-" "Go-http-client/2.0"
jomarlogistica.com.br:80 193.26.115.195 - - [21/Sep/2025:10:41:26 -0300] "GET /wp-login.php?redirect_to=https%3A%2F%2Fjomarlogistica.com.br%2Fwp-admin%2Fnetwork%2F&reauth=1 HTTP/1.1" 200 5059 "https://jomarlogistica.com.br/wp-admin/network/" "Go-http-client/2.0"
jomarlogistica.com.br:80 193.26.115.195 - - [21/Sep/2025:10:41:27 -0300] "GET /wp-admin/buy.php HTTP/1.1" 404 467 "-" "Go-http-client/2.0"
jomarlogistica.com.br:80 193.26.115.195 - - [21/Sep/2025:10:41:27 -0300] "GET /epinyins.php HTTP/1.1" 404 448 "-" "Go-http-client/2.0"
jomarlogistica.com.br:80 193.26.115.195 - - [21/Sep/2025:10:41:28 -0300] "GET /wp-includes/wp-class.php/wp-content/themes/travelscape/ HTTP/1.1" 404 448 "-" "Go-http-client/2.0"
jomarlogistica.com.br:80 193.26.115.195 - - [21/Sep/2025:10:41:28 -0300] "GET /wp-content/radio.php HTTP/1.1" 404 448 "-" "Go-http-client/2.0"
jomarlogistica.com.br:80 193.26.115.195 - - [21/Sep/2025:10:41:29 -0300] "GET /wp-includes/wp-conflg.php HTTP/1.1" 404 448 "-" "Go-http-client/2.0"
jomarlogistica.com.br:80 193.26.115.195 - - [21/Sep/2025:10:41:29 -0300] "GET /adminfuns.php HTTP/1.1" 404 467 "-" "Go-http-client/2.0"
jomarlogistica.com.br:80 193.26.115.195 - - [21/Sep/2025:10:41:30 -0300] "GET /404.php HTTP/1.1" 404 448 "-" "Go-http-client/2.0"
jomarlogistica.com.br:80 193.26.115.195 - - [21/Sep/2025:10:41:30 -0300] "GET /wp-admin/images/options.php HTTP/1.1" 404 448 "-" "Go-http-client/2.0"
jomarlogistica.com.br:80 193.26.115.195 - - [21/Sep/2025:10:41:31 -0300] "GET /file.php HTTP/1.1" 404 448 "-" "Go-http-client/2.0"
jomarlogistica.com.br:80 193.26.115.195 - - [21/Sep/2025:10:41:31 -0300] "GET /.well-known/pki-validation/.qiodetme.php HTTP/1.1" 404 448 "-" "Go-http-client/2.0"
jomarlogistica.com.br:80 193.26.115.195 - - [21/Sep/2025:10:41:32 -0300] "GET /wp-admin/network/index.php HTTP/1.1" 302 559 "-" "Go-http-client/2.0"
jomarlogistica.com.br:80 193.26.115.195 - - [21/Sep/2025:10:41:32 -0300] "GET /wp-login.php?redirect_to=https%3A%2F%2Fjomarlogistica.com.br%2Fwp-admin%2Fnetwork%2Findex.php&reauth=1 HTTP/1.1" 200 5064 "https://jomarlogistica.com.br/wp-admin/network/index.php" "Go-http-client/2.0"
jomarlogistica.com.br:80 193.26.115.195 - - [21/Sep/2025:10:41:33 -0300] "GET /assets/.qiodetme.php HTTP/1.1" 404 448 "-" "Go-http-client/2.0"
jomarlogistica.com.br:80 172.20.1.117 - - [21/Sep/2025:10:42:13 -0300] "POST /wp-cron.php?doing_wp_cron=1758462133.1952149868011474609375 HTTP/1.1" 200 389 "https://jomarlogistica.com.br/wp-cron.php?doing_wp_cron=1758462133.1952149868011474609375" "WordPress/5.8.10; https://jomarlogistica.com.br"
jomarlogistica.com.br:80 114.119.135.84 - - [21/Sep/2025:10:42:12 -0300] "GET /2022/12/02/very-good-relationship-inquiries-to-get-to-know-your-companion-better/ HTTP/1.1" 200 17548 "https://jomarlogistica.com.br/2022/12/02/very-good-relationship-inquiries-to-get-to-know-your-companion-better/" "Mozilla/5.0 (Linux; Android 7.0;) AppleWebKit/537.36 (KHTML, like Gecko) Mobile Safari/537.36 (compatible; PetalBot;+https://webmaster.petalsearch.com/site/petalbot)"
jomarlogistica.com.br:80 127.0.0.1 - - [21/Sep/2025:10:42:19 -0300] "OPTIONS * HTTP/1.0" 200 110 "-" "Apache/2.4.65 (Ubuntu) (internal dummy connection)"
jomarlogistica.com.br:80 66.132.153.136 - - [21/Sep/2025:10:43:19 -0300] "GET / HTTP/1.1" 200 23930 "-" "Mozilla/5.0 (compatible; CensysInspect/1.1; +https://about.censys.io/)"
jomarlogistica.com.br:80 66.132.153.136 - - [21/Sep/2025:10:43:21 -0300] "GET /wp-content/uploads/2021/12/icone.jpg HTTP/1.1" 200 2901 "-" "Mozilla/5.0 (compatible; CensysInspect/1.1; +https://about.censys.io/)"
jomarlogistica.com.br:80 66.132.153.136 - - [21/Sep/2025:10:43:21 -0300] "GET /favicon.ico HTTP/1.1" 302 547 "-" "Mozilla/5.0 (compatible; CensysInspect/1.1; +https://about.censys.io/)"
jomarlogistica.com.br:80 66.132.153.136 - - [21/Sep/2025:10:43:22 -0300] "GET /wp-content/uploads/2021/12/icone.jpg HTTP/1.1" 200 2901 "https://jomarlogistica.com.br/favicon.ico" "Mozilla/5.0 (compatible; CensysInspect/1.1; +https://about.censys.io/)"
jomarlogistica.com.br:80 127.0.0.1 - - [21/Sep/2025:10:43:27 -0300] "OPTIONS * HTTP/1.0" 200 110 "-" "Apache/2.4.65 (Ubuntu) (internal dummy connection)"
jomarlogistica.com.br:80 64.233.173.39 - - [21/Sep/2025:10:43:32 -0300] "GET /.well-known/traffic-advice HTTP/1.1" 404 448 "-" "Chrome Privacy Preserving Prefetch Proxy"
jomarlogistica.com.br:80 72.14.201.182 - - [21/Sep/2025:10:43:32 -0300] "GET /2023/06/23/backdated-agreement-singapore-legal-implications-process/ HTTP/1.1" 200 14914 "https://www.google.com/" "Mozilla/5.0 (Windows NT 10.0; Win64; x64) AppleWebKit/537.36 (KHTML, like Gecko) Chrome/140.0.0.0 Safari/537.36"
jomarlogistica.com.br:80 114.119.136.72 - - [21/Sep/2025:10:43:35 -0300] "GET /2022/11/23/the-way-to-get-out-of-feeling-helpless-about-like/ HTTP/1.1" 200 17626 "https://jomarlogistica.com.br/2022/11/24/the-benefits-of-overseas-internet-dating/" "Mozilla/5.0 (Linux; Android 7.0;) AppleWebKit/537.36 (KHTML, like Gecko) Mobile Safari/537.36 (compatible; PetalBot;+https://webmaster.petalsearch.com/site/petalbot)"
jomarlogistica.com.br:80 127.0.0.1 - - [21/Sep/2025:10:43:41 -0300] "OPTIONS * HTTP/1.0" 200 110 "-" "Apache/2.4.65 (Ubuntu) (internal dummy connection)"
jomarlogistica.com.br:80 172.20.1.117 - - [21/Sep/2025:10:50:19 -0300] "POST /wp-cron.php?doing_wp_cron=1758462619.1689140796661376953125 HTTP/1.1" 200 389 "https://jomarlogistica.com.br/wp-cron.php?doing_wp_cron=1758462619.1689140796661376953125" "WordPress/5.8.10; https://jomarlogistica.com.br"
jomarlogistica.com.br:80 198.235.24.30 - - [21/Sep/2025:10:50:18 -0300] "GET / HTTP/1.1" 301 449 "-" "-"
jomarlogistica.com.br:80 198.235.24.30 - - [21/Sep/2025:10:50:20 -0300] "GET / HTTP/1.1" 200 134115 "-" "-"
jomarlogistica.com.br:80 127.0.0.1 - - [21/Sep/2025:10:50:26 -0300] "OPTIONS * HTTP/1.0" 200 110 "-" "Apache/2.4.65 (Ubuntu) (internal dummy connection)"
jomarlogistica.com.br:80 172.20.1.117 - - [21/Sep/2025:10:53:46 -0300] "POST /wp-cron.php?doing_wp_cron=1758462826.7998340129852294921875 HTTP/1.1" 200 389 "https://jomarlogistica.com.br/wp-cron.php?doing_wp_cron=1758462826.7998340129852294921875" "WordPress/5.8.10; https://jomarlogistica.com.br"
jomarlogistica.com.br:80 216.73.216.35 - - [21/Sep/2025:10:53:46 -0300] "GET /wp-sitemap.xml HTTP/1.1" 200 643 "-" "Mozilla/5.0 AppleWebKit/537.36 (KHTML, like Gecko; compatible; ClaudeBot/1.0; +claudebot@anthropic.com)"
jomarlogistica.com.br:80 127.0.0.1 - - [21/Sep/2025:10:53:51 -0300] "OPTIONS * HTTP/1.0" 200 110 "-" "Apache/2.4.65 (Ubuntu) (internal dummy connection)"
jomarlogistica.com.br:80 54.156.124.2 - - [21/Sep/2025:10:56:50 -0300] "GET /category/jomar/page/53/ HTTP/1.1" 200 18785 "-" "Mozilla/5.0 AppleWebKit/537.36 (KHTML, like Gecko; compatible; Amazonbot/0.1; +https://developer.amazon.com/support/amazonbot) Chrome/119.0.6045.214 Safari/537.36"
jomarlogistica.com.br:80 172.20.1.117 - - [21/Sep/2025:10:58:47 -0300] "POST /wp-cron.php?doing_wp_cron=1758463127.6846609115600585937500 HTTP/1.1" 200 389 "https://jomarlogistica.com.br/wp-cron.php?doing_wp_cron=1758463127.6846609115600585937500" "WordPress/5.8.10; https://jomarlogistica.com.br"
jomarlogistica.com.br:80 85.208.96.199 - - [21/Sep/2025:10:58:47 -0300] "GET /robots.txt HTTP/1.1" 200 584 "-" "Mozilla/5.0 (compatible; SemrushBot/7~bl; +http://www.semrush.com/bot.html)"
jomarlogistica.com.br:80 185.191.171.15 - - [21/Sep/2025:10:58:50 -0300] "GET /2023/04/page/5/ HTTP/1.1" 200 16699 "-" "Mozilla/5.0 (compatible; SemrushBot/7~bl; +http://www.semrush.com/bot.html)"
jomarlogistica.com.br:80 127.0.0.1 - - [21/Sep/2025:10:58:52 -0300] "OPTIONS * HTTP/1.0" 200 110 "-" "Apache/2.4.65 (Ubuntu) (internal dummy connection)"
jomarlogistica.com.br:80 127.0.0.1 - - [21/Sep/2025:10:58:55 -0300] "OPTIONS * HTTP/1.0" 200 110 "-" "Apache/2.4.65 (Ubuntu) (internal dummy connection)"
jomarlogistica.com.br:80 172.213.11.146 - - [21/Sep/2025:11:00:37 -0300] "GET /2022/05/12/baguette-laws-in-france-understanding-the-regulations/ HTTP/1.1" 200 14835 "-" "Mozilla/5.0 AppleWebKit/537.36 (KHTML, like Gecko); compatible; ChatGPT-User/1.0; +https://openai.com/bot"
jomarlogistica.com.br:80 114.119.159.76 - - [21/Sep/2025:11:01:28 -0300] "GET /2022/09/28/how-to-choose15463-up-ladies-online/ HTTP/1.1" 200 18133 "https://jomarlogistica.com.br/author/jomar/page/55/" "Mozilla/5.0 (Linux; Android 7.0;) AppleWebKit/537.36 (KHTML, like Gecko) Mobile Safari/537.36 (compatible; PetalBot;+https://webmaster.petalsearch.com/site/petalbot)"
jomarlogistica.com.br:80 193.26.115.195 - - [21/Sep/2025:11:01:33 -0300] "GET /m.php HTTP/1.1" 404 448 "-" "Go-http-client/2.0"
jomarlogistica.com.br:80 193.26.115.195 - - [21/Sep/2025:11:01:33 -0300] "GET /wp-includes/css/ HTTP/1.1" 403 2493 "-" "Go-http-client/2.0"
jomarlogistica.com.br:80 193.26.115.195 - - [21/Sep/2025:11:01:33 -0300] "GET /wp-includes/blocks/file/ HTTP/1.1" 403 2493 "-" "Go-http-client/2.0"
jomarlogistica.com.br:80 193.26.115.195 - - [21/Sep/2025:11:01:34 -0300] "GET /console/theme_app.php HTTP/1.1" 404 448 "-" "Go-http-client/2.0"
jomarlogistica.com.br:80 193.26.115.195 - - [21/Sep/2025:11:01:34 -0300] "GET /.tmb/about.php HTTP/1.1" 404 467 "-" "Go-http-client/2.0"
jomarlogistica.com.br:80 193.26.115.195 - - [21/Sep/2025:11:01:34 -0300] "GET /404.php HTTP/1.1" 404 448 "-" "Go-http-client/2.0"
jomarlogistica.com.br:80 193.26.115.195 - - [21/Sep/2025:11:01:35 -0300] "GET /item.php HTTP/1.1" 404 448 "-" "Go-http-client/2.0"
jomarlogistica.com.br:80 193.26.115.195 - - [21/Sep/2025:11:01:35 -0300] "GET /wp-mail.php HTTP/1.1" 403 1500 "-" "Go-http-client/2.0"
jomarlogistica.com.br:80 193.26.115.195 - - [21/Sep/2025:11:01:35 -0300] "GET /wp-includes/blocks/button/ HTTP/1.1" 403 2493 "-" "Go-http-client/2.0"
jomarlogistica.com.br:80 193.26.115.195 - - [21/Sep/2025:11:01:35 -0300] "GET /moon.php HTTP/1.1" 404 448 "-" "Go-http-client/2.0"
jomarlogistica.com.br:80 193.26.115.195 - - [21/Sep/2025:11:01:35 -0300] "GET /wp-admin/classwithtostring.php HTTP/1.1" 404 448 "-" "Go-http-client/2.0"
jomarlogistica.com.br:80 193.26.115.195 - - [21/Sep/2025:11:01:36 -0300] "GET /wp-info.php HTTP/1.1" 404 448 "-" "Go-http-client/2.0"
jomarlogistica.com.br:80 193.26.115.195 - - [21/Sep/2025:11:01:36 -0300] "GET /gel4y.php HTTP/1.1" 404 448 "-" "Go-http-client/2.0"
jomarlogistica.com.br:80 193.26.115.195 - - [21/Sep/2025:11:01:36 -0300] "GET /mini.php HTTP/1.1" 404 467 "-" "Go-http-client/2.0"
jomarlogistica.com.br:80 193.26.115.195 - - [21/Sep/2025:11:01:36 -0300] "GET /wp-includes/js/jcrop/Jcrop.php HTTP/1.1" 404 467 "-" "Go-http-client/2.0"
jomarlogistica.com.br:80 193.26.115.195 - - [21/Sep/2025:11:01:37 -0300] "GET /wp-includes/sitemaps/about.php HTTP/1.1" 404 448 "-" "Go-http-client/2.0"
jomarlogistica.com.br:80 127.0.0.1 - - [21/Sep/2025:11:01:42 -0300] "OPTIONS * HTTP/1.0" 200 110 "-" "Apache/2.4.65 (Ubuntu) (internal dummy connection)"
jomarlogistica.com.br:80 172.20.1.117 - - [21/Sep/2025:11:03:40 -0300] "POST /wp-cron.php?doing_wp_cron=1758463420.9117259979248046875000 HTTP/1.1" 200 389 "https://jomarlogistica.com.br/wp-cron.php?doing_wp_cron=1758463420.9117259979248046875000" "WordPress/5.8.10; https://jomarlogistica.com.br"
jomarlogistica.com.br:80 40.84.221.220 - - [21/Sep/2025:11:03:40 -0300] "GET / HTTP/1.1" 200 23930 "-" "Mozilla/5.0 AppleWebKit/537.36 (KHTML, like Gecko); compatible; ChatGPT-User/1.0; +https://openai.com/bot"
jomarlogistica.com.br:80 40.84.221.218 - - [21/Sep/2025:11:03:41 -0300] "GET /2024/03/09/are-50-caliber-guns-legal-in-canada-rules-and-regulations-explained/ HTTP/1.1" 200 14364 "-" "Mozilla/5.0 AppleWebKit/537.36 (KHTML, like Gecko); compatible; ChatGPT-User/1.0; +https://openai.com/bot"
jomarlogistica.com.br:80 127.0.0.1 - - [21/Sep/2025:11:03:46 -0300] "OPTIONS * HTTP/1.0" 200 110 "-" "Apache/2.4.65 (Ubuntu) (internal dummy connection)"
jomarlogistica.com.br:80 177.116.184.250 - - [21/Sep/2025:11:05:01 -0300] "POST /autodiscover/autodiscover.xml HTTP/1.1" 404 448 "-" "AppleExchangeWebServices/833 accountsd/113"
jomarlogistica.com.br:80 172.20.1.117 - - [21/Sep/2025:11:07:07 -0300] "POST /wp-cron.php?doing_wp_cron=1758463626.9878590106964111328125 HTTP/1.1" 200 389 "https://jomarlogistica.com.br/wp-cron.php?doing_wp_cron=1758463626.9878590106964111328125" "WordPress/5.8.10; https://jomarlogistica.com.br"
jomarlogistica.com.br:80 135.181.79.90 - - [21/Sep/2025:11:07:06 -0300] "GET /2023/05/02/test-title/ HTTP/1.1" 200 77241 "https://jomarlogistica.com.br/2023/05/02/test-title/" "Mozilla/5.0 (Windows NT 10.0; Win64; x64) AppleWebKit/537.36 (KHTML, like Gecko) Chrome/130.0.0.0 Safari/537.36 CCleaner/130.0.0.0"
jomarlogistica.com.br:80 135.181.79.90 - - [21/Sep/2025:11:07:09 -0300] "GET /2023/11/15/how-to-organise-the-board-records-with-boardpro/ HTTP/1.1" 200 79592 "https://jomarlogistica.com.br/2023/11/15/how-to-organise-the-board-records-with-boardpro/" "Mozilla/5.0 (Windows NT 10.0; Win64; x64) AppleWebKit/537.36 (KHTML, like Gecko) Chrome/130.0.0.0 Safari/537.36 CCleaner/130.0.0.0"
jomarlogistica.com.br:80 135.181.79.90 - - [21/Sep/2025:11:07:11 -0300] "GET /contato/ HTTP/1.1" 200 79977 "https://jomarlogistica.com.br/contato/" "Mozilla/5.0 (Windows NT 10.0; Win64; x64) AppleWebKit/537.36 (KHTML, like Gecko) Chrome/130.0.0.0 Safari/537.36 CCleaner/130.0.0.0"
jomarlogistica.com.br:80 172.20.1.117 - - [21/Sep/2025:11:07:13 -0300] "POST /wp-cron.php?doing_wp_cron=1758463633.7381019592285156250000 HTTP/1.1" 200 389 "https://jomarlogistica.com.br/wp-cron.php?doing_wp_cron=1758463633.7381019592285156250000" "WordPress/5.8.10; https://jomarlogistica.com.br"
jomarlogistica.com.br:80 85.208.96.206 - - [21/Sep/2025:11:07:15 -0300] "GET /2023/10/03/advantages-and-disadvantages-of-anti-spyware/ HTTP/1.1" 200 17227 "-" "Mozilla/5.0 (compatible; SemrushBot/7~bl; +http://www.semrush.com/bot.html)"
jomarlogistica.com.br:80 135.181.79.90 - - [21/Sep/2025:11:07:13 -0300] "POST /wp-json/contact-form-7/v1/contact-forms/5005/feedback HTTP/1.1" 200 865 "https://jomarlogistica.com.br/contato/" "Mozilla/5.0 (Windows NT 10.0; Win64; x64) AppleWebKit/537.36 (KHTML, like Gecko) Chrome/130.0.0.0 Safari/537.36 CCleaner/130.0.0.0"
jomarlogistica.com.br:80 127.0.0.1 - - [21/Sep/2025:11:07:24 -0300] "OPTIONS * HTTP/1.0" 200 110 "-" "Apache/2.4.65 (Ubuntu) (internal dummy connection)"
jomarlogistica.com.br:80 172.20.1.117 - - [21/Sep/2025:11:16:36 -0300] "POST /wp-cron.php?doing_wp_cron=1758464196.5668730735778808593750 HTTP/1.1" 200 389 "https://jomarlogistica.com.br/wp-cron.php?doing_wp_cron=1758464196.5668730735778808593750" "WordPress/5.8.10; https://jomarlogistica.com.br"
jomarlogistica.com.br:80 17.241.227.42 - - [21/Sep/2025:11:16:36 -0300] "GET /robots.txt HTTP/1.1" 200 584 "-" "Mozilla/5.0 (Macintosh; Intel Mac OS X 10_15_7) AppleWebKit/605.1.15 (KHTML, like Gecko) Version/17.4 Safari/605.1.15 (Applebot/0.1; +http://www.apple.com/go/applebot)"
jomarlogistica.com.br:80 17.241.227.42 - - [21/Sep/2025:11:16:37 -0300] "GET /2024/03/06/economic-complementation-agreement-definition-understanding-its-impact/feed/ HTTP/1.1" 200 1004 "-" "Mozilla/5.0 (Macintosh; Intel Mac OS X 10_15_7) AppleWebKit/605.1.15 (KHTML, like Gecko) Version/17.4 Safari/605.1.15 (Applebot/0.1; +http://www.apple.com/go/applebot)"
jomarlogistica.com.br:80 127.0.0.1 - - [21/Sep/2025:11:16:42 -0300] "OPTIONS * HTTP/1.0" 200 110 "-" "Apache/2.4.65 (Ubuntu) (internal dummy connection)"
jomarlogistica.com.br:80 172.20.1.117 - - [21/Sep/2025:11:21:37 -0300] "POST /wp-cron.php?doing_wp_cron=1758464497.7926359176635742187500 HTTP/1.1" 200 389 "https://jomarlogistica.com.br/wp-cron.php?doing_wp_cron=1758464497.7926359176635742187500" "WordPress/5.8.10; https://jomarlogistica.com.br"
jomarlogistica.com.br:80 193.26.115.195 - - [21/Sep/2025:11:21:37 -0300] "GET /pegi.php HTTP/1.1" 404 448 "-" "Go-http-client/2.0"
jomarlogistica.com.br:80 193.26.115.195 - - [21/Sep/2025:11:21:38 -0300] "GET /vote.php HTTP/1.1" 404 448 "-" "Go-http-client/2.0"
jomarlogistica.com.br:80 193.26.115.195 - - [21/Sep/2025:11:21:38 -0300] "GET /M1.php HTTP/1.1" 404 448 "-" "Go-http-client/2.0"
jomarlogistica.com.br:80 193.26.115.195 - - [21/Sep/2025:11:21:39 -0300] "GET /wp-admin/index.php HTTP/1.1" 302 530 "-" "Go-http-client/2.0"
jomarlogistica.com.br:80 193.26.115.195 - - [21/Sep/2025:11:21:39 -0300] "GET /wp-login.php?redirect_to=https%3A%2F%2Fjomarlogistica.com.br%2Fwp-admin%2Findex.php&reauth=1 HTTP/1.1" 200 5077 "https://jomarlogistica.com.br/wp-admin/index.php" "Go-http-client/2.0"
jomarlogistica.com.br:80 193.26.115.195 - - [21/Sep/2025:11:21:40 -0300] "GET /cgi-bin/index.php HTTP/1.1" 301 458 "-" "Go-http-client/2.0"
jomarlogistica.com.br:80 193.26.115.195 - - [21/Sep/2025:11:21:40 -0300] "GET /cgi-bin/ HTTP/1.1" 404 448 "https://jomarlogistica.com.br/cgi-bin/index.php" "Go-http-client/2.0"
jomarlogistica.com.br:80 193.26.115.195 - - [21/Sep/2025:11:21:41 -0300] "GET /wp-content/plugins/tunnelform/img_screen.php HTTP/1.1" 404 448 "-" "Go-http-client/2.0"
jomarlogistica.com.br:80 193.26.115.195 - - [21/Sep/2025:11:21:41 -0300] "GET /wp-content/1233.php HTTP/1.1" 404 448 "-" "Go-http-client/2.0"
jomarlogistica.com.br:80 193.26.115.195 - - [21/Sep/2025:11:21:42 -0300] "GET /update/wpup.php HTTP/1.1" 404 467 "-" "Go-http-client/2.0"
jomarlogistica.com.br:80 127.0.0.1 - - [21/Sep/2025:11:21:42 -0300] "OPTIONS * HTTP/1.0" 200 110 "-" "Apache/2.4.65 (Ubuntu) (internal dummy connection)"
jomarlogistica.com.br:80 193.26.115.195 - - [21/Sep/2025:11:21:42 -0300] "GET /crack.php HTTP/1.1" 404 448 "-" "Go-http-client/2.0"
jomarlogistica.com.br:80 193.26.115.195 - - [21/Sep/2025:11:21:43 -0300] "GET /wp-content/themes/arvana/400.php HTTP/1.1" 404 448 "-" "Go-http-client/2.0"
jomarlogistica.com.br:80 193.26.115.195 - - [21/Sep/2025:11:21:43 -0300] "GET /wp-admin/user/xmrlpc.php HTTP/1.1" 404 448 "-" "Go-http-client/2.0"
jomarlogistica.com.br:80 193.26.115.195 - - [21/Sep/2025:11:21:44 -0300] "GET /gali.php HTTP/1.1" 404 448 "-" "Go-http-client/2.0"
jomarlogistica.com.br:80 193.26.115.195 - - [21/Sep/2025:11:21:44 -0300] "GET /wp-content/plugins/core-stab/fmanager.php HTTP/1.1" 404 467 "-" "Go-http-client/2.0"
jomarlogistica.com.br:80 85.208.96.205 - - [21/Sep/2025:11:22:02 -0300] "GET /2023/05/23/the-role-of-any-virtual-data-room/ HTTP/1.1" 200 17274 "-" "Mozilla/5.0 (compatible; SemrushBot/7~bl; +http://www.semrush.com/bot.html)"
jomarlogistica.com.br:80 172.20.1.117 - - [21/Sep/2025:11:41:46 -0300] "POST /wp-cron.php?doing_wp_cron=1758465706.3197810649871826171875 HTTP/1.1" 200 389 "https://jomarlogistica.com.br/wp-cron.php?doing_wp_cron=1758465706.3197810649871826171875" "WordPress/5.8.10; https://jomarlogistica.com.br"
jomarlogistica.com.br:80 193.26.115.195 - - [21/Sep/2025:11:41:45 -0300] "GET /options-reading.php HTTP/1.1" 404 448 "-" "Go-http-client/2.0"
jomarlogistica.com.br:80 193.26.115.195 - - [21/Sep/2025:11:41:46 -0300] "GET /wp-content/plugins/seooo/alfanew.php7 HTTP/1.1" 404 448 "-" "Go-http-client/2.0"
jomarlogistica.com.br:80 193.26.115.195 - - [21/Sep/2025:11:41:47 -0300] "GET /wp-content/plugins/Cache/dropdown.php HTTP/1.1" 404 448 "-" "Go-http-client/2.0"
jomarlogistica.com.br:80 193.26.115.195 - - [21/Sep/2025:11:41:47 -0300] "GET /wp-admin/css/colors/blue/uploader.phps HTTP/1.1" 403 2493 "-" "Go-http-client/2.0"
jomarlogistica.com.br:80 193.26.115.195 - - [21/Sep/2025:11:41:48 -0300] "GET /alfa-rex.php7' HTTP/1.1" 301 482 "-" "Go-http-client/2.0"
jomarlogistica.com.br:80 193.26.115.195 - - [21/Sep/2025:11:41:48 -0300] "GET /alfa-rex.php7 HTTP/1.1" 404 448 "https://jomarlogistica.com.br/alfa-rex.php7'" "Go-http-client/2.0"
jomarlogistica.com.br:80 193.26.115.195 - - [21/Sep/2025:11:41:49 -0300] "GET /wp-content/themes/ollie/doc.php. HTTP/1.1" 301 481 "-" "Go-http-client/2.0"
jomarlogistica.com.br:80 193.26.115.195 - - [21/Sep/2025:11:41:49 -0300] "GET /wp-content/themes/ollie/doc.php HTTP/1.1" 404 448 "https://jomarlogistica.com.br/wp-content/themes/ollie/doc.php." "Go-http-client/2.0"
jomarlogistica.com.br:80 193.26.115.195 - - [21/Sep/2025:11:41:49 -0300] "GET /wpcontent/plugins/WordPressCore/include.php HTTP/1.1" 404 467 "-" "Go-http-client/2.0"
jomarlogistica.com.br:80 193.26.115.195 - - [21/Sep/2025:11:41:50 -0300] "GET /wp-consar.php HTTP/1.1" 404 448 "-" "Go-http-client/2.0"
jomarlogistica.com.br:80 193.26.115.195 - - [21/Sep/2025:11:41:50 -0300] "GET /wp-content/update/zerotwo.php HTTP/1.1" 404 448 "-" "Go-http-client/2.0"
jomarlogistica.com.br:80 193.26.115.195 - - [21/Sep/2025:11:41:51 -0300] "GET /.well-known/pki-validation/class.api.php HTTP/1.1" 404 448 "-" "Go-http-client/2.0"
jomarlogistica.com.br:80 193.26.115.195 - - [21/Sep/2025:11:41:51 -0300] "GET /wp-admin/repeater.php HTTP/1.1" 404 448 "-" "Go-http-client/2.0"
jomarlogistica.com.br:80 193.26.115.195 - - [21/Sep/2025:11:41:52 -0300] "GET /wp-content/uploads/2018/12/wso.php HTTP/1.1" 404 467 "-" "Go-http-client/2.0"
jomarlogistica.com.br:80 193.26.115.195 - - [21/Sep/2025:11:41:52 -0300] "GET /wp-includes/sitemaps/providers/wp-signup.php HTTP/1.1" 404 448 "-" "Go-http-client/2.0"
jomarlogistica.com.br:80 127.0.0.1 - - [21/Sep/2025:11:41:57 -0300] "OPTIONS * HTTP/1.0" 200 110 "-" "Apache/2.4.65 (Ubuntu) (internal dummy connection)"
jomarlogistica.com.br:80 172.20.1.117 - - [21/Sep/2025:11:44:41 -0300] "POST /wp-cron.php?doing_wp_cron=1758465881.2496941089630126953125 HTTP/1.1" 200 389 "https://jomarlogistica.com.br/wp-cron.php?doing_wp_cron=1758465881.2496941089630126953125" "WordPress/5.8.10; https://jomarlogistica.com.br"
jomarlogistica.com.br:80 114.119.158.0 - - [21/Sep/2025:11:44:40 -0300] "GET /2023/10/24/asic-media-release-unfair-contract-terms-2021/ HTTP/1.1" 200 14543 "https://jomarlogistica.com.br/2023/10/23/a-written-agreement-between-two-countries-legal-implications/" "Mozilla/5.0 (Linux; Android 7.0;) AppleWebKit/537.36 (KHTML, like Gecko) Mobile Safari/537.36 (compatible; PetalBot;+https://webmaster.petalsearch.com/site/petalbot)"
jomarlogistica.com.br:80 127.0.0.1 - - [21/Sep/2025:11:44:45 -0300] "OPTIONS * HTTP/1.0" 200 110 "-" "Apache/2.4.65 (Ubuntu) (internal dummy connection)"
jomarlogistica.com.br:80 114.119.158.0 - - [21/Sep/2025:11:46:06 -0300] "GET /2023/10/page/5/ HTTP/1.1" 200 16601 "https://jomarlogistica.com.br/2023/10/page/3/" "Mozilla/5.0 (Linux; Android 7.0;) AppleWebKit/537.36 (KHTML, like Gecko) Mobile Safari/537.36 (compatible; PetalBot;+https://webmaster.petalsearch.com/site/petalbot)"
jomarlogistica.com.br:80 177.116.184.250 - - [21/Sep/2025:11:47:00 -0300] "POST /autodiscover/autodiscover.xml HTTP/1.1" 404 448 "-" "AppleExchangeWebServices/833 accountsd/113"
jomarlogistica.com.br:80 172.20.1.117 - - [21/Sep/2025:11:47:40 -0300] "POST /wp-cron.php?doing_wp_cron=1758466060.5400118827819824218750 HTTP/1.1" 200 389 "https://jomarlogistica.com.br/wp-cron.php?doing_wp_cron=1758466060.5400118827819824218750" "WordPress/5.8.10; https://jomarlogistica.com.br"
jomarlogistica.com.br:80 114.119.128.158 - - [21/Sep/2025:11:47:40 -0300] "GET /2023/09/09/legal-solutions-designed-for-small-businesses/ HTTP/1.1" 200 17386 "https://jomarlogistica.com.br/category/jomar/page/10/" "Mozilla/5.0 (Linux; Android 7.0;) AppleWebKit/537.36 (KHTML, like Gecko) Mobile Safari/537.36 (compatible; PetalBot;+https://webmaster.petalsearch.com/site/petalbot)"
jomarlogistica.com.br:80 127.0.0.1 - - [21/Sep/2025:11:47:46 -0300] "OPTIONS * HTTP/1.0" 200 110 "-" "Apache/2.4.65 (Ubuntu) (internal dummy connection)"
jomarlogistica.com.br:80 114.119.128.158 - - [21/Sep/2025:11:49:01 -0300] "GET /2023/03/page/2/ HTTP/1.1" 200 18552 "https://jomarlogistica.com.br/2023/03/page/3/" "Mozilla/5.0 (Linux; Android 7.0;) AppleWebKit/537.36 (KHTML, like Gecko) Mobile Safari/537.36 (compatible; PetalBot;+https://webmaster.petalsearch.com/site/petalbot)"
jomarlogistica.com.br:80 167.71.192.70 - - [21/Sep/2025:11:51:18 -0300] "GET /wp-content/plugins/init-help/init.php HTTP/1.1" 404 448 "www.google.com" "Mozilla/5.0 (Linux; Android 7.0; SM-G892A Build/NRD90M; wv) AppleWebKit/537.36 (KHTML, like Gecko) Version/4.0 Chrome/60.0.3112.107 Mobile Safari/537.36"
jomarlogistica.com.br:80 172.20.1.117 - - [21/Sep/2025:12:01:30 -0300] "POST /wp-cron.php?doing_wp_cron=1758466890.8582489490509033203125 HTTP/1.1" 200 389 "https://jomarlogistica.com.br/wp-cron.php?doing_wp_cron=1758466890.8582489490509033203125" "WordPress/5.8.10; https://jomarlogistica.com.br"
jomarlogistica.com.br:80 216.73.216.35 - - [21/Sep/2025:12:01:30 -0300] "GET /robots.txt HTTP/1.1" 200 584 "-" "Mozilla/5.0 AppleWebKit/537.36 (KHTML, like Gecko; compatible; ClaudeBot/1.0; +claudebot@anthropic.com)"
jomarlogistica.com.br:80 216.73.216.35 - - [21/Sep/2025:12:01:31 -0300] "GET /wp-sitemap.xml HTTP/1.1" 200 585 "-" "Mozilla/5.0 AppleWebKit/537.36 (KHTML, like Gecko; compatible; ClaudeBot/1.0; +claudebot@anthropic.com)"
jomarlogistica.com.br:80 127.0.0.1 - - [21/Sep/2025:12:01:35 -0300] "OPTIONS * HTTP/1.0" 200 110 "-" "Apache/2.4.65 (Ubuntu) (internal dummy connection)"
jomarlogistica.com.br:80 172.20.1.117 - - [21/Sep/2025:12:02:15 -0300] "POST /wp-cron.php?doing_wp_cron=1758466935.4010479450225830078125 HTTP/1.1" 200 389 "https://jomarlogistica.com.br/wp-cron.php?doing_wp_cron=1758466935.4010479450225830078125" "WordPress/5.8.10; https://jomarlogistica.com.br"
jomarlogistica.com.br:80 114.119.158.0 - - [21/Sep/2025:12:02:15 -0300] "GET /?pg=contato HTTP/1.1" 200 23942 "https://jomarlogistica.com.br/?pg=contato" "Mozilla/5.0 (Linux; Android 7.0;) AppleWebKit/537.36 (KHTML, like Gecko) Mobile Safari/537.36 (compatible; PetalBot;+https://webmaster.petalsearch.com/site/petalbot)"
jomarlogistica.com.br:80 127.0.0.1 - - [21/Sep/2025:12:02:21 -0300] "OPTIONS * HTTP/1.0" 200 110 "-" "Apache/2.4.65 (Ubuntu) (internal dummy connection)"
jomarlogistica.com.br:80 114.119.138.207 - - [21/Sep/2025:12:03:49 -0300] "GET /2023/09/27/5-specialized-virtual-data-room-vdr-use-cases-for-mission-critical-processes/ HTTP/1.1" 200 17427 "https://jomarlogistica.com.br/author/jomar/page/6/" "Mozilla/5.0 (Linux; Android 7.0;) AppleWebKit/537.36 (KHTML, like Gecko) Mobile Safari/537.36 (compatible; PetalBot;+https://webmaster.petalsearch.com/site/petalbot)"
jomarlogistica.com.br:80 114.119.158.0 - - [21/Sep/2025:12:05:04 -0300] "GET /2023/01/25/how-to-locate-russian-women-of-all-ages-dating-in-foreign-countries/ HTTP/1.1" 200 18216 "https://jomarlogistica.com.br/2023/page/40/" "Mozilla/5.0 (Linux; Android 7.0;) AppleWebKit/537.36 (KHTML, like Gecko) Mobile Safari/537.36 (compatible; PetalBot;+https://webmaster.petalsearch.com/site/petalbot)"
jomarlogistica.com.br:80 172.20.1.117 - - [21/Sep/2025:12:06:01 -0300] "POST /wp-cron.php?doing_wp_cron=1758467161.7680120468139648437500 HTTP/1.1" 200 389 "https://jomarlogistica.com.br/wp-cron.php?doing_wp_cron=1758467161.7680120468139648437500" "WordPress/5.8.10; https://jomarlogistica.com.br"
jomarlogistica.com.br:80 177.116.184.250 - - [21/Sep/2025:12:06:01 -0300] "POST /autodiscover/autodiscover.xml HTTP/1.1" 404 448 "-" "AppleExchangeWebServices/833 accountsd/113"
jomarlogistica.com.br:80 127.0.0.1 - - [21/Sep/2025:12:06:06 -0300] "OPTIONS * HTTP/1.0" 200 110 "-" "Apache/2.4.65 (Ubuntu) (internal dummy connection)"
jomarlogistica.com.br:80 114.119.135.84 - - [21/Sep/2025:12:06:35 -0300] "GET /2022/06/02/breaking-good-friday-agreement-implications-and-consequences-explained/ HTTP/1.1" 200 14276 "https://jomarlogistica.com.br/2022/06/" "Mozilla/5.0 (Linux; Android 7.0;) AppleWebKit/537.36 (KHTML, like Gecko) Mobile Safari/537.36 (compatible; PetalBot;+https://webmaster.petalsearch.com/site/petalbot)"
jomarlogistica.com.br:80 172.20.1.117 - - [21/Sep/2025:12:18:43 -0300] "POST /wp-cron.php?doing_wp_cron=1758467923.3053700923919677734375 HTTP/1.1" 200 389 "https://jomarlogistica.com.br/wp-cron.php?doing_wp_cron=1758467923.3053700923919677734375" "WordPress/5.8.10; https://jomarlogistica.com.br"
jomarlogistica.com.br:80 114.119.136.72 - - [21/Sep/2025:12:18:42 -0300] "GET /author/jomar/page/48/ HTTP/1.1" 200 18891 "https://jomarlogistica.com.br/author/jomar/page/48/" "Mozilla/5.0 (Linux; Android 7.0;) AppleWebKit/537.36 (KHTML, like Gecko) Mobile Safari/537.36 (compatible; PetalBot;+https://webmaster.petalsearch.com/site/petalbot)"
jomarlogistica.com.br:80 127.0.0.1 - - [21/Sep/2025:12:18:49 -0300] "OPTIONS * HTTP/1.0" 200 110 "-" "Apache/2.4.65 (Ubuntu) (internal dummy connection)"
jomarlogistica.com.br:80 114.119.159.76 - - [21/Sep/2025:12:20:13 -0300] "GET /author/jomar/page/35/ HTTP/1.1" 200 18747 "https://jomarlogistica.com.br/author/jomar/page/35/" "Mozilla/5.0 (Linux; Android 7.0;) AppleWebKit/537.36 (KHTML, like Gecko) Mobile Safari/537.36 (compatible; PetalBot;+https://webmaster.petalsearch.com/site/petalbot)"
jomarlogistica.com.br:80 114.119.128.158 - - [21/Sep/2025:12:21:38 -0300] "GET /2023/04/page/4/ HTTP/1.1" 200 18744 "https://jomarlogistica.com.br/2023/04/page/5/" "Mozilla/5.0 (Linux; Android 7.0;) AppleWebKit/537.36 (KHTML, like Gecko) Mobile Safari/537.36 (compatible; PetalBot;+https://webmaster.petalsearch.com/site/petalbot)"
jomarlogistica.com.br:80 172.20.1.117 - - [21/Sep/2025:12:37:10 -0300] "POST /wp-cron.php?doing_wp_cron=1758469030.9355449676513671875000 HTTP/1.1" 200 389 "https://jomarlogistica.com.br/wp-cron.php?doing_wp_cron=1758469030.9355449676513671875000" "WordPress/5.8.10; https://jomarlogistica.com.br"
jomarlogistica.com.br:80 74.7.36.75 - - [21/Sep/2025:12:37:10 -0300] "GET /2024/03/09/are-50-caliber-guns-legal-in-canada-rules-and-regulations-explained/ HTTP/1.1" 200 14364 "-" "Mozilla/5.0 AppleWebKit/537.36 (KHTML, like Gecko); compatible; ChatGPT-User/1.0; +https://openai.com/bot"
jomarlogistica.com.br:80 127.0.0.1 - - [21/Sep/2025:12:37:16 -0300] "OPTIONS * HTTP/1.0" 200 110 "-" "Apache/2.4.65 (Ubuntu) (internal dummy connection)"
jomarlogistica.com.br:80 172.20.1.117 - - [21/Sep/2025:12:44:18 -0300] "POST /wp-cron.php?doing_wp_cron=1758469458.8663599491119384765625 HTTP/1.1" 200 389 "https://jomarlogistica.com.br/wp-cron.php?doing_wp_cron=1758469458.8663599491119384765625" "WordPress/5.8.10; https://jomarlogistica.com.br"
jomarlogistica.com.br:80 177.116.184.250 - - [21/Sep/2025:12:44:18 -0300] "POST /autodiscover/autodiscover.xml HTTP/1.1" 404 448 "-" "AppleExchangeWebServices/833 accountsd/113"
jomarlogistica.com.br:80 127.0.0.1 - - [21/Sep/2025:12:44:23 -0300] "OPTIONS * HTTP/1.0" 200 110 "-" "Apache/2.4.65 (Ubuntu) (internal dummy connection)"
jomarlogistica.com.br:80 172.20.1.117 - - [21/Sep/2025:12:49:07 -0300] "POST /wp-cron.php?doing_wp_cron=1758469747.4621229171752929687500 HTTP/1.1" 200 389 "https://jomarlogistica.com.br/wp-cron.php?doing_wp_cron=1758469747.4621229171752929687500" "WordPress/5.8.10; https://jomarlogistica.com.br"
jomarlogistica.com.br:80 114.119.138.207 - - [21/Sep/2025:12:49:07 -0300] "GET /2022/page/7/ HTTP/1.1" 200 18694 "https://jomarlogistica.com.br/2022/page/7/" "Mozilla/5.0 (Linux; Android 7.0;) AppleWebKit/537.36 (KHTML, like Gecko) Mobile Safari/537.36 (compatible; PetalBot;+https://webmaster.petalsearch.com/site/petalbot)"
jomarlogistica.com.br:80 127.0.0.1 - - [21/Sep/2025:12:49:12 -0300] "OPTIONS * HTTP/1.0" 200 110 "-" "Apache/2.4.65 (Ubuntu) (internal dummy connection)"
jomarlogistica.com.br:80 114.119.158.0 - - [21/Sep/2025:12:52:05 -0300] "GET /2022/12/ HTTP/1.1" 200 18641 "https://jomarlogistica.com.br/2022/08/03/bhs-loan-agreement-template-free-legal-document-download/" "Mozilla/5.0 (Linux; Android 7.0;) AppleWebKit/537.36 (KHTML, like Gecko) Mobile Safari/537.36 (compatible; PetalBot;+https://webmaster.petalsearch.com/site/petalbot)"
jomarlogistica.com.br:80 172.20.1.117 - - [21/Sep/2025:13:12:52 -0300] "POST /wp-cron.php?doing_wp_cron=1758471172.7628149986267089843750 HTTP/1.1" 200 389 "https://jomarlogistica.com.br/wp-cron.php?doing_wp_cron=1758471172.7628149986267089843750" "WordPress/5.8.10; https://jomarlogistica.com.br"
jomarlogistica.com.br:80 3.213.106.226 - - [21/Sep/2025:13:12:52 -0300] "GET /2022/09/15/401a-contribution-rules-everything-you-need-to-know/ HTTP/1.1" 200 14032 "-" "Mozilla/5.0 AppleWebKit/537.36 (KHTML, like Gecko; compatible; Amazonbot/0.1; +https://developer.amazon.com/support/amazonbot) Chrome/119.0.6045.214 Safari/537.36"
jomarlogistica.com.br:80 127.0.0.1 - - [21/Sep/2025:13:12:58 -0300] "OPTIONS * HTTP/1.0" 200 110 "-" "Apache/2.4.65 (Ubuntu) (internal dummy connection)"
jomarlogistica.com.br:80 172.20.1.117 - - [21/Sep/2025:13:29:50 -0300] "POST /wp-cron.php?doing_wp_cron=1758472190.3819749355316162109375 HTTP/1.1" 200 389 "https://jomarlogistica.com.br/wp-cron.php?doing_wp_cron=1758472190.3819749355316162109375" "WordPress/5.8.10; https://jomarlogistica.com.br"
jomarlogistica.com.br:80 114.119.128.158 - - [21/Sep/2025:13:29:49 -0300] "GET /author/jomar/page/15/ HTTP/1.1" 200 18816 "https://jomarlogistica.com.br/author/jomar/page/14/" "Mozilla/5.0 (Linux; Android 7.0;) AppleWebKit/537.36 (KHTML, like Gecko) Mobile Safari/537.36 (compatible; PetalBot;+https://webmaster.petalsearch.com/site/petalbot)"
jomarlogistica.com.br:80 127.0.0.1 - - [21/Sep/2025:13:29:56 -0300] "OPTIONS * HTTP/1.0" 200 110 "-" "Apache/2.4.65 (Ubuntu) (internal dummy connection)"
jomarlogistica.com.br:80 216.244.66.226 - - [21/Sep/2025:13:32:04 -0300] "GET /robots.txt HTTP/1.1" 200 565 "-" "Mozilla/5.0 (compatible; DotBot/1.2; +https://opensiteexplorer.org/dotbot; help@moz.com)"
jomarlogistica.com.br:80 172.20.1.117 - - [21/Sep/2025:13:32:59 -0300] "POST /wp-cron.php?doing_wp_cron=1758472379.4312279224395751953125 HTTP/1.1" 200 389 "https://jomarlogistica.com.br/wp-cron.php?doing_wp_cron=1758472379.4312279224395751953125" "WordPress/5.8.10; https://jomarlogistica.com.br"
jomarlogistica.com.br:80 15.235.98.16 - - [21/Sep/2025:13:32:59 -0300] "GET /robots.txt HTTP/1.1" 200 584 "-" "Mozilla/5.0 (compatible; AhrefsBot/7.0; +http://ahrefs.com/robot/)"
jomarlogistica.com.br:80 94.23.188.205 - - [21/Sep/2025:13:33:04 -0300] "GET /2024/02/ HTTP/1.1" 200 12711 "-" "Mozilla/5.0 (compatible; AhrefsBot/7.0; +http://ahrefs.com/robot/)"
jomarlogistica.com.br:80 127.0.0.1 - - [21/Sep/2025:13:33:09 -0300] "OPTIONS * HTTP/1.0" 200 110 "-" "Apache/2.4.65 (Ubuntu) (internal dummy connection)"
jomarlogistica.com.br:80 114.119.159.76 - - [21/Sep/2025:13:35:01 -0300] "GET /2023/05/04/english-chats-free-asian-on-line-chat-rooms-with-out-registration-asia-chat/ HTTP/1.1" 200 18645 "https://jomarlogistica.com.br/2023/page/28/" "Mozilla/5.0 (Linux; Android 7.0;) AppleWebKit/537.36 (KHTML, like Gecko) Mobile Safari/537.36 (compatible; PetalBot;+https://webmaster.petalsearch.com/site/petalbot)"
jomarlogistica.com.br:80 172.20.1.117 - - [21/Sep/2025:13:47:50 -0300] "POST /wp-cron.php?doing_wp_cron=1758473270.9266769886016845703125 HTTP/1.1" 200 389 "https://jomarlogistica.com.br/wp-cron.php?doing_wp_cron=1758473270.9266769886016845703125" "WordPress/5.8.10; https://jomarlogistica.com.br"
jomarlogistica.com.br:80 85.208.96.202 - - [21/Sep/2025:13:47:50 -0300] "GET /robots.txt HTTP/1.1" 200 584 "-" "Mozilla/5.0 (compatible; SemrushBot/7~bl; +http://www.semrush.com/bot.html)"
jomarlogistica.com.br:80 185.191.171.11 - - [21/Sep/2025:13:47:52 -0300] "GET /author/jomar/page/47/ HTTP/1.1" 200 18694 "-" "Mozilla/5.0 (compatible; SemrushBot/7~bl; +http://www.semrush.com/bot.html)"
jomarlogistica.com.br:80 127.0.0.1 - - [21/Sep/2025:13:47:57 -0300] "OPTIONS * HTTP/1.0" 200 110 "-" "Apache/2.4.65 (Ubuntu) (internal dummy connection)"
jomarlogistica.com.br:80 216.244.66.226 - - [21/Sep/2025:13:48:25 -0300] "GET /2023/06/12/how-online-dating-testimonials-can-help-you-pick-the-best-online-dating-platform/ HTTP/1.1" 200 82846 "-" "Mozilla/5.0 (compatible; DotBot/1.2; +https://opensiteexplorer.org/dotbot; help@moz.com)"
jomarlogistica.com.br:80 172.20.1.117 - - [21/Sep/2025:13:58:42 -0300] "POST /wp-cron.php?doing_wp_cron=1758473922.6492879390716552734375 HTTP/1.1" 200 389 "https://jomarlogistica.com.br/wp-cron.php?doing_wp_cron=1758473922.6492879390716552734375" "WordPress/5.8.10; https://jomarlogistica.com.br"
jomarlogistica.com.br:80 66.249.66.39 - - [21/Sep/2025:13:58:42 -0300] "GET /robots.txt HTTP/1.1" 200 584 "-" "Mozilla/5.0 (compatible; Googlebot/2.1; +http://www.google.com/bot.html)"
jomarlogistica.com.br:80 66.249.66.38 - - [21/Sep/2025:13:58:43 -0300] "GET /2023/06/23/backdated-agreement-singapore-legal-implications-process/ HTTP/1.1" 200 14914 "-" "Mozilla/5.0 (Linux; Android 6.0.1; Nexus 5X Build/MMB29P) AppleWebKit/537.36 (KHTML, like Gecko) Chrome/140.0.7339.127 Mobile Safari/537.36 (compatible; Googlebot/2.1; +http://www.google.com/bot.html)"
jomarlogistica.com.br:80 66.249.66.38 - - [21/Sep/2025:13:58:46 -0300] "GET /wp-content/themes/consultio/elementor/js/ct-inline-css.js?ver=2.8.0 HTTP/1.1" 200 864 "https://jomarlogistica.com.br/2023/06/23/backdated-agreement-singapore-legal-implications-process/" "Mozilla/5.0 (Linux; Android 6.0.1; Nexus 5X Build/MMB29P) AppleWebKit/537.36 (KHTML, like Gecko) Chrome/139.0.7258.127 Mobile Safari/537.36 (compatible; Googlebot/2.1; +http://www.google.com/bot.html)"
jomarlogistica.com.br:80 66.249.66.37 - - [21/Sep/2025:13:58:47 -0300] "GET /wp-includes/js/wp-emoji-release.min.js?ver=5.8.10 HTTP/1.1" 200 5577 "https://jomarlogistica.com.br/2023/06/23/backdated-agreement-singapore-legal-implications-process/" "Mozilla/5.0 (Linux; Android 6.0.1; Nexus 5X Build/MMB29P) AppleWebKit/537.36 (KHTML, like Gecko) Chrome/139.0.7258.127 Mobile Safari/537.36 (compatible; Googlebot/2.1; +http://www.google.com/bot.html)"
jomarlogistica.com.br:80 66.249.66.37 - - [21/Sep/2025:13:58:47 -0300] "GET /wp-content/plugins/booked/assets/css/animations.css?ver=2.3.5 HTTP/1.1" 200 924 "https://jomarlogistica.com.br/2023/06/23/backdated-agreement-singapore-legal-implications-process/" "Mozilla/5.0 (Linux; Android 6.0.1; Nexus 5X Build/MMB29P) AppleWebKit/537.36 (KHTML, like Gecko) Chrome/139.0.7258.127 Mobile Safari/537.36 (compatible; Googlebot/2.1; +http://www.google.com/bot.html)"
jomarlogistica.com.br:80 66.249.66.38 - - [21/Sep/2025:13:58:47 -0300] "GET /wp-content/themes/consultio/assets/css/flaticon-v5.css?ver=2.8.0 HTTP/1.1" 200 1337 "https://jomarlogistica.com.br/2023/06/23/backdated-agreement-singapore-legal-implications-process/" "Mozilla/5.0 (Linux; Android 6.0.1; Nexus 5X Build/MMB29P) AppleWebKit/537.36 (KHTML, like Gecko) Chrome/139.0.7258.127 Mobile Safari/537.36 (compatible; Googlebot/2.1; +http://www.google.com/bot.html)"
jomarlogistica.com.br:80 66.249.66.37 - - [21/Sep/2025:13:58:47 -0300] "GET /wp-content/plugins/newsletter/style.css?ver=7.3.3 HTTP/1.1" 200 1636 "https://jomarlogistica.com.br/2023/06/23/backdated-agreement-singapore-legal-implications-process/" "Mozilla/5.0 (Linux; Android 6.0.1; Nexus 5X Build/MMB29P) AppleWebKit/537.36 (KHTML, like Gecko) Chrome/139.0.7258.127 Mobile Safari/537.36 (compatible; Googlebot/2.1; +http://www.google.com/bot.html)"
jomarlogistica.com.br:80 66.249.66.37 - - [21/Sep/2025:13:58:48 -0300] "GET /wp-content/themes/consultio/assets/css/theme.css?ver=2.8.0 HTTP/1.1" 200 195072 "https://jomarlogistica.com.br/2023/06/23/backdated-agreement-singapore-legal-implications-process/" "Mozilla/5.0 (Linux; Android 6.0.1; Nexus 5X Build/MMB29P) AppleWebKit/537.36 (KHTML, like Gecko) Chrome/139.0.7258.127 Mobile Safari/537.36 (compatible; Googlebot/2.1; +http://www.google.com/bot.html)"
jomarlogistica.com.br:80 66.249.66.37 - - [21/Sep/2025:13:58:48 -0300] "GET /wp-content/plugins/case-theme-user/acess/js/ct-user-form.js?ver=1.0.0 HTTP/1.1" 200 2307 "https://jomarlogistica.com.br/2023/06/23/backdated-agreement-singapore-legal-implications-process/" "Mozilla/5.0 (Linux; Android 6.0.1; Nexus 5X Build/MMB29P) AppleWebKit/537.36 (KHTML, like Gecko) Chrome/139.0.7258.127 Mobile Safari/537.36 (compatible; Googlebot/2.1; +http://www.google.com/bot.html)"
jomarlogistica.com.br:80 66.249.66.37 - - [21/Sep/2025:13:58:49 -0300] "GET /wp-includes/js/dist/vendor/wp-polyfill.min.js?ver=3.15.0 HTTP/1.1" 200 6591 "https://jomarlogistica.com.br/2023/06/23/backdated-agreement-singapore-legal-implications-process/" "Mozilla/5.0 (Linux; Android 6.0.1; Nexus 5X Build/MMB29P) AppleWebKit/537.36 (KHTML, like Gecko) Chrome/139.0.7258.127 Mobile Safari/537.36 (compatible; Googlebot/2.1; +http://www.google.com/bot.html)"
jomarlogistica.com.br:80 127.0.0.1 - - [21/Sep/2025:13:58:49 -0300] "OPTIONS * HTTP/1.0" 200 110 "-" "Apache/2.4.65 (Ubuntu) (internal dummy connection)"
jomarlogistica.com.br:80 66.249.66.38 - - [21/Sep/2025:13:58:49 -0300] "GET /wp-content/plugins/contact-form-7/includes/js/index.js?ver=5.5.3 HTTP/1.1" 200 4245 "https://jomarlogistica.com.br/2023/06/23/backdated-agreement-singapore-legal-implications-process/" "Mozilla/5.0 (Linux; Android 6.0.1; Nexus 5X Build/MMB29P) AppleWebKit/537.36 (KHTML, like Gecko) Chrome/139.0.7258.127 Mobile Safari/537.36 (compatible; Googlebot/2.1; +http://www.google.com/bot.html)"
jomarlogistica.com.br:80 66.249.66.38 - - [21/Sep/2025:13:58:49 -0300] "GET /wp-content/plugins/revslider/public/assets/js/rbtools.min.js?ver=6.5.11 HTTP/1.1" 200 48787 "https://jomarlogistica.com.br/2023/06/23/backdated-agreement-singapore-legal-implications-process/" "Mozilla/5.0 (Linux; Android 6.0.1; Nexus 5X Build/MMB29P) AppleWebKit/537.36 (KHTML, like Gecko) Chrome/139.0.7258.127 Mobile Safari/537.36 (compatible; Googlebot/2.1; +http://www.google.com/bot.html)"
jomarlogistica.com.br:80 66.249.66.37 - - [21/Sep/2025:13:58:50 -0300] "GET /wp-content/themes/consultio/assets/js/match-height-min.js?ver=1.0.0 HTTP/1.1" 200 3557 "https://jomarlogistica.com.br/2023/06/23/backdated-agreement-singapore-legal-implications-process/" "Mozilla/5.0 (Linux; Android 6.0.1; Nexus 5X Build/MMB29P) AppleWebKit/537.36 (KHTML, like Gecko) Chrome/139.0.7258.127 Mobile Safari/537.36 (compatible; Googlebot/2.1; +http://www.google.com/bot.html)"
jomarlogistica.com.br:80 66.249.66.37 - - [21/Sep/2025:13:58:50 -0300] "GET /wp-content/themes/consultio/assets/js/progressbar.min.js?ver=1.0.0 HTTP/1.1" 200 1327 "https://jomarlogistica.com.br/2023/06/23/backdated-agreement-singapore-legal-implications-process/" "Mozilla/5.0 (Linux; Android 6.0.1; Nexus 5X Build/MMB29P) AppleWebKit/537.36 (KHTML, like Gecko) Chrome/139.0.7258.127 Mobile Safari/537.36 (compatible; Googlebot/2.1; +http://www.google.com/bot.html)"
jomarlogistica.com.br:80 172.20.1.117 - - [21/Sep/2025:14:02:29 -0300] "POST /wp-cron.php?doing_wp_cron=1758474149.6808779239654541015625 HTTP/1.1" 200 389 "https://jomarlogistica.com.br/wp-cron.php?doing_wp_cron=1758474149.6808779239654541015625" "WordPress/5.8.10; https://jomarlogistica.com.br"
jomarlogistica.com.br:80 57.141.0.6 - - [21/Sep/2025:14:02:29 -0300] "GET /2022/12/08/the-right-way-to-be-a-better-husband-psychologically/ HTTP/1.1" 200 79672 "-" "meta-externalagent/1.1 (+https://developers.facebook.com/docs/sharing/webmasters/crawler)"
jomarlogistica.com.br:80 127.0.0.1 - - [21/Sep/2025:14:02:35 -0300] "OPTIONS * HTTP/1.0" 200 110 "-" "Apache/2.4.65 (Ubuntu) (internal dummy connection)"
jomarlogistica.com.br:80 57.141.0.10 - - [21/Sep/2025:14:03:42 -0300] "GET /2022/12/08/dating-a-japanese-people-woman-cultural-dissimilarities-and-racial-stereotypes/ HTTP/1.1" 200 80588 "-" "meta-externalagent/1.1 (+https://developers.facebook.com/docs/sharing/webmasters/crawler)"
jomarlogistica.com.br:80 172.20.1.117 - - [21/Sep/2025:14:05:33 -0300] "POST /wp-cron.php?doing_wp_cron=1758474333.4014599323272705078125 HTTP/1.1" 200 389 "https://jomarlogistica.com.br/wp-cron.php?doing_wp_cron=1758474333.4014599323272705078125" "WordPress/5.8.10; https://jomarlogistica.com.br"
jomarlogistica.com.br:80 57.141.0.56 - - [21/Sep/2025:14:05:32 -0300] "GET /2022/08/01/are-court-dates-being-delayed-understanding-the-impact-on-legal-proceedings/ HTTP/1.1" 200 62207 "-" "meta-externalagent/1.1 (+https://developers.facebook.com/docs/sharing/webmasters/crawler)"
jomarlogistica.com.br:80 127.0.0.1 - - [21/Sep/2025:14:05:38 -0300] "OPTIONS * HTTP/1.0" 200 110 "-" "Apache/2.4.65 (Ubuntu) (internal dummy connection)"
jomarlogistica.com.br:80 57.141.0.39 - - [21/Sep/2025:14:06:00 -0300] "GET /2022/11/21/romantic-relationship-advice-from-experts/ HTTP/1.1" 200 82381 "-" "meta-externalagent/1.1 (+https://developers.facebook.com/docs/sharing/webmasters/crawler)"
jomarlogistica.com.br:80 57.141.0.74 - - [21/Sep/2025:14:06:02 -0300] "GET /2023/09/30/bmo-medical-full-form-what-does-bmo-stand-for-in-the-legal-context/ HTTP/1.1" 200 61794 "-" "meta-externalagent/1.1 (+https://developers.facebook.com/docs/sharing/webmasters/crawler)"
jomarlogistica.com.br:80 172.20.1.117 - - [21/Sep/2025:14:14:55 -0300] "POST /wp-cron.php?doing_wp_cron=1758474895.2706561088562011718750 HTTP/1.1" 200 389 "https://jomarlogistica.com.br/wp-cron.php?doing_wp_cron=1758474895.2706561088562011718750" "WordPress/5.8.10; https://jomarlogistica.com.br"
jomarlogistica.com.br:80 57.141.0.43 - - [21/Sep/2025:14:14:55 -0300] "GET /2023/04/03/brazil-investment-agreements-legal-guidance-expert-advice/ HTTP/1.1" 200 62849 "-" "meta-externalagent/1.1 (+https://developers.facebook.com/docs/sharing/webmasters/crawler)"
jomarlogistica.com.br:80 127.0.0.1 - - [21/Sep/2025:14:15:00 -0300] "OPTIONS * HTTP/1.0" 200 110 "-" "Apache/2.4.65 (Ubuntu) (internal dummy connection)"
jomarlogistica.com.br:80 172.20.1.117 - - [21/Sep/2025:14:22:21 -0300] "POST /wp-cron.php?doing_wp_cron=1758475341.6693480014801025390625 HTTP/1.1" 200 389 "https://jomarlogistica.com.br/wp-cron.php?doing_wp_cron=1758475341.6693480014801025390625" "WordPress/5.8.10; https://jomarlogistica.com.br"
jomarlogistica.com.br:80 216.244.66.226 - - [21/Sep/2025:14:22:21 -0300] "GET /robots.txt HTTP/1.1" 200 565 "-" "Mozilla/5.0 (compatible; DotBot/1.2; +https://opensiteexplorer.org/dotbot; help@moz.com)"
jomarlogistica.com.br:80 127.0.0.1 - - [21/Sep/2025:14:22:26 -0300] "OPTIONS * HTTP/1.0" 200 110 "-" "Apache/2.4.65 (Ubuntu) (internal dummy connection)"
jomarlogistica.com.br:80 57.141.0.25 - - [21/Sep/2025:14:22:59 -0300] "GET /2023/12/10/e-law-resources-donoghue-v-stevenson-case-analysis-legal-resources/ HTTP/1.1" 200 61904 "-" "meta-externalagent/1.1 (+https://developers.facebook.com/docs/sharing/webmasters/crawler)"
jomarlogistica.com.br:80 114.119.138.207 - - [21/Sep/2025:14:23:11 -0300] "GET /2022/05/09/top-legal-headhunters-in-boston-find-the-best-legal-recruiters/ HTTP/1.1" 200 14507 "https://jomarlogistica.com.br/2022/05/08/california-school-start-time-law-impact-on-education/" "Mozilla/5.0 (Linux; Android 7.0;) AppleWebKit/537.36 (KHTML, like Gecko) Mobile Safari/537.36 (compatible; PetalBot;+https://webmaster.petalsearch.com/site/petalbot)"
jomarlogistica.com.br:80 57.141.0.57 - - [21/Sep/2025:14:24:32 -0300] "GET /2022/04/17/are-jamaican-marriages-legal-in-the-us-everything-you-need-to-know/ HTTP/1.1" 200 61639 "-" "meta-externalagent/1.1 (+https://developers.facebook.com/docs/sharing/webmasters/crawler)"
jomarlogistica.com.br:80 57.141.0.51 - - [21/Sep/2025:14:24:34 -0300] "GET /2022/12/03/best-countries-for-dating/ HTTP/1.1" 200 80910 "-" "meta-externalagent/1.1 (+https://developers.facebook.com/docs/sharing/webmasters/crawler)"
jomarlogistica.com.br:80 57.141.0.12 - - [21/Sep/2025:14:25:18 -0300] "GET /2023/12/14/adobe-agreement-sign-learn-how-to-sign-legal-documents-online/ HTTP/1.1" 200 61704 "-" "meta-externalagent/1.1 (+https://developers.facebook.com/docs/sharing/webmasters/crawler)"
jomarlogistica.com.br:80 172.20.1.117 - - [21/Sep/2025:14:30:52 -0300] "POST /wp-cron.php?doing_wp_cron=1758475852.0227749347686767578125 HTTP/1.1" 200 389 "https://jomarlogistica.com.br/wp-cron.php?doing_wp_cron=1758475852.0227749347686767578125" "WordPress/5.8.10; https://jomarlogistica.com.br"
jomarlogistica.com.br:80 114.119.135.84 - - [21/Sep/2025:14:30:51 -0300] "GET /2022/05/25/understanding-the-characteristics-of-high-court-a-comprehensive-guide/ HTTP/1.1" 200 13890 "https://jomarlogistica.com.br/2022/05/24/are-bump-stocks-legal-in-washington-state-laws-and-regulations/" "Mozilla/5.0 (Linux; Android 7.0;) AppleWebKit/537.36 (KHTML, like Gecko) Mobile Safari/537.36 (compatible; PetalBot;+https://webmaster.petalsearch.com/site/petalbot)"
jomarlogistica.com.br:80 127.0.0.1 - - [21/Sep/2025:14:30:57 -0300] "OPTIONS * HTTP/1.0" 200 110 "-" "Apache/2.4.65 (Ubuntu) (internal dummy connection)"
jomarlogistica.com.br:80 92.222.104.195 - - [21/Sep/2025:14:31:06 -0300] "GET /2023/12/ HTTP/1.1" 200 13491 "-" "Mozilla/5.0 (compatible; AhrefsBot/7.0; +http://ahrefs.com/robot/)"
