HEX
Server: Apache
System: Linux jomarlogistica 6.14.0-29-generic #29~24.04.1-Ubuntu SMP PREEMPT_DYNAMIC Thu Aug 14 16:52:50 UTC 2 x86_64
User: jomarlogistica.com.br (1021295)
PHP: 7.4.33
Disabled: pcntl_alarm,pcntl_fork,pcntl_waitpid,pcntl_wait,pcntl_wifexited,pcntl_wifstopped,pcntl_wifsignaled,pcntl_wifcontinued,pcntl_wexitstatus,pcntl_wtermsig,pcntl_wstopsig,pcntl_signal,pcntl_signal_get_handler,pcntl_signal_dispatch,pcntl_get_last_error,pcntl_strerror,pcntl_sigprocmask,pcntl_sigwaitinfo,pcntl_sigtimedwait,pcntl_exec,pcntl_getpriority,pcntl_setpriority,pcntl_async_signals,pcntl_unshare,
Upload Files
File: /var/www/vhosts/jomarlogistica.com.br/statistics/logs/access.log.20
jomarlogistica.com.br:80 172.20.1.117 - - [21/Sep/2025:00:29:54 -0300] "POST /wp-cron.php?doing_wp_cron=1758425393.9836111068725585937500 HTTP/1.1" 200 389 "https://jomarlogistica.com.br/wp-cron.php?doing_wp_cron=1758425393.9836111068725585937500" "WordPress/5.8.10; https://jomarlogistica.com.br"
jomarlogistica.com.br:80 57.141.0.21 - - [21/Sep/2025:00:29:49 -0300] "GET /2023/02/01/the-best-latin-singers-of-all-time/ HTTP/1.1" 200 81170 "-" "meta-externalagent/1.1 (+https://developers.facebook.com/docs/sharing/webmasters/crawler)"
jomarlogistica.com.br:80 127.0.0.1 - - [21/Sep/2025:00:30:00 -0300] "OPTIONS * HTTP/1.0" 200 110 "-" "Apache/2.4.65 (Ubuntu) (internal dummy connection)"
jomarlogistica.com.br:80 57.141.0.10 - - [21/Sep/2025:00:30:37 -0300] "GET /2022/07/05/certifying-documents-for-family-members-legal-guidelines/ HTTP/1.1" 200 61028 "-" "meta-externalagent/1.1 (+https://developers.facebook.com/docs/sharing/webmasters/crawler)"
jomarlogistica.com.br:80 172.20.1.117 - - [21/Sep/2025:00:41:11 -0300] "POST /wp-cron.php?doing_wp_cron=1758426071.0466179847717285156250 HTTP/1.1" 200 389 "https://jomarlogistica.com.br/wp-cron.php?doing_wp_cron=1758426071.0466179847717285156250" "WordPress/5.8.10; https://jomarlogistica.com.br"
jomarlogistica.com.br:80 20.171.207.227 - - [21/Sep/2025:00:41:10 -0300] "GET /wp-sitemap.xml HTTP/1.1" 200 643 "-" "Mozilla/5.0 AppleWebKit/537.36 (KHTML, like Gecko; compatible; GPTBot/1.2; +https://openai.com/gptbot)"
jomarlogistica.com.br:80 127.0.0.1 - - [21/Sep/2025:00:41:15 -0300] "OPTIONS * HTTP/1.0" 200 110 "-" "Apache/2.4.65 (Ubuntu) (internal dummy connection)"
jomarlogistica.com.br:80 172.20.1.117 - - [21/Sep/2025:00:46:21 -0300] "POST /wp-cron.php?doing_wp_cron=1758426381.7448759078979492187500 HTTP/1.1" 200 389 "https://jomarlogistica.com.br/wp-cron.php?doing_wp_cron=1758426381.7448759078979492187500" "WordPress/5.8.10; https://jomarlogistica.com.br"
jomarlogistica.com.br:80 57.141.0.56 - - [21/Sep/2025:00:46:21 -0300] "GET /2022/12/08/africa-girl-stereotypes/ HTTP/1.1" 200 81107 "-" "meta-externalagent/1.1 (+https://developers.facebook.com/docs/sharing/webmasters/crawler)"
jomarlogistica.com.br:80 57.141.0.1 - - [21/Sep/2025:00:46:23 -0300] "GET /2022/11/09/what-do-girls-find-attractive-in-guys/ HTTP/1.1" 200 80828 "-" "meta-externalagent/1.1 (+https://developers.facebook.com/docs/sharing/webmasters/crawler)"
jomarlogistica.com.br:80 127.0.0.1 - - [21/Sep/2025:00:46:29 -0300] "OPTIONS * HTTP/1.0" 200 110 "-" "Apache/2.4.65 (Ubuntu) (internal dummy connection)"
jomarlogistica.com.br:80 172.20.1.117 - - [21/Sep/2025:00:50:09 -0300] "POST /wp-cron.php?doing_wp_cron=1758426609.0223400592803955078125 HTTP/1.1" 200 389 "https://jomarlogistica.com.br/wp-cron.php?doing_wp_cron=1758426609.0223400592803955078125" "WordPress/5.8.10; https://jomarlogistica.com.br"
jomarlogistica.com.br:80 57.141.0.66 - - [21/Sep/2025:00:50:07 -0300] "GET /2023/05/07/certificate-of-no-impediment-form-application-and-requirements/ HTTP/1.1" 200 61148 "-" "meta-externalagent/1.1 (+https://developers.facebook.com/docs/sharing/webmasters/crawler)"
jomarlogistica.com.br:80 127.0.0.1 - - [21/Sep/2025:00:50:14 -0300] "OPTIONS * HTTP/1.0" 200 110 "-" "Apache/2.4.65 (Ubuntu) (internal dummy connection)"
jomarlogistica.com.br:80 152.42.163.147 - - [21/Sep/2025:00:51:08 -0300] "GET /wp-content/plugins/pwnd/pwnd.php HTTP/1.1" 404 448 "-" "Mozilla/5.0 (X11; Ubuntu; Linux x86_64; rv:125.0) Gecko/20100101 Firefox/125.0"
jomarlogistica.com.br:80 152.42.163.147 - - [21/Sep/2025:00:51:11 -0300] "GET /wp-content/plugins/pwnd/pwnd.php HTTP/1.1" 404 448 "-" "Mozilla/5.0 (Windows NT 10.0; Win64; x64) AppleWebKit/537.36 (KHTML, like Gecko) Chrome/125.0.0.0 Safari/537.36"
jomarlogistica.com.br:80 152.42.163.147 - - [21/Sep/2025:00:51:17 -0300] "GET /wp-content/plugins/pwnd-1/cdmpw.php HTTP/1.1" 404 448 "-" "Mozilla/5.0 (iPhone; CPU iPhone OS 17_5 like Mac OS X) AppleWebKit/605.1.15 (KHTML, like Gecko) Version/17.5 Mobile/15E148 Safari/604.1"
jomarlogistica.com.br:80 152.42.163.147 - - [21/Sep/2025:00:51:19 -0300] "GET /wp-content/plugins/pwnd-1/cdmpw.php HTTP/1.1" 404 448 "-" "Mozilla/5.0 (Macintosh; Intel Mac OS X 10_15_7) AppleWebKit/605.1.15 (KHTML, like Gecko) Version/17.4 Safari/605.1.15"
jomarlogistica.com.br:80 152.42.163.147 - - [21/Sep/2025:00:51:23 -0300] "GET /wp-content/plugins/pwnd-1/pwnd.php HTTP/1.1" 404 448 "-" "Mozilla/5.0 (Windows NT 10.0; Win64; x64) AppleWebKit/537.36 (KHTML, like Gecko) Chrome/125.0.0.0 Safari/537.36"
jomarlogistica.com.br:80 152.42.163.147 - - [21/Sep/2025:00:51:26 -0300] "GET /wp-content/plugins/pwnd-1/pwnd.php HTTP/1.1" 404 448 "-" "Mozilla/5.0 (Windows NT 10.0; Win64; x64) AppleWebKit/537.36 (KHTML, like Gecko) Chrome/125.0.0.0 Safari/537.36"
jomarlogistica.com.br:80 152.42.163.147 - - [21/Sep/2025:00:51:30 -0300] "GET /wp-aa.php HTTP/1.1" 404 448 "-" "Mozilla/5.0 (X11; Ubuntu; Linux x86_64; rv:125.0) Gecko/20100101 Firefox/125.0"
jomarlogistica.com.br:80 152.42.163.147 - - [21/Sep/2025:00:51:33 -0300] "GET /wp-aa.php HTTP/1.1" 404 448 "-" "Mozilla/5.0 (Linux; Android 13; Pixel 7 Pro) AppleWebKit/537.36 (KHTML, like Gecko) Chrome/125.0.0.0 Mobile Safari/537.36"
jomarlogistica.com.br:80 152.42.163.147 - - [21/Sep/2025:00:51:36 -0300] "GET /wp-content/plugins/junkfood/mainhack.php HTTP/1.1" 404 448 "-" "Mozilla/5.0 (Linux; Android 13; Pixel 7 Pro) AppleWebKit/537.36 (KHTML, like Gecko) Chrome/125.0.0.0 Mobile Safari/537.36"
jomarlogistica.com.br:80 152.42.163.147 - - [21/Sep/2025:00:51:39 -0300] "GET /wp-content/plugins/junkfood/mainhack.php HTTP/1.1" 404 448 "-" "Mozilla/5.0 (Windows NT 6.1; Win64; x64) AppleWebKit/537.36 (KHTML, like Gecko) Chrome/120.0.0.0 Safari/537.36"
jomarlogistica.com.br:80 152.42.163.147 - - [21/Sep/2025:00:51:43 -0300] "GET /wp-includes/rest-api/search/class-wp-rest-search-handlers.php HTTP/1.1" 404 467 "-" "Mozilla/5.0 (Windows NT 6.1; Win64; x64) AppleWebKit/537.36 (KHTML, like Gecko) Chrome/120.0.0.0 Safari/537.36"
jomarlogistica.com.br:80 152.42.163.147 - - [21/Sep/2025:00:51:46 -0300] "GET /wp-includes/rest-api/search/class-wp-rest-search-handlers.php HTTP/1.1" 404 448 "-" "Mozilla/5.0 (Macintosh; Intel Mac OS X 10_15_7) AppleWebKit/605.1.15 (KHTML, like Gecko) Version/17.4 Safari/605.1.15"
jomarlogistica.com.br:80 152.42.163.147 - - [21/Sep/2025:00:51:57 -0300] "GET /wp-content/themes/bbpress/MH.php HTTP/1.1" 404 448 "-" "Mozilla/5.0 (X11; Linux x86_64) AppleWebKit/537.36 (KHTML, like Gecko) Chrome/123.0.0.0 Safari/537.36"
jomarlogistica.com.br:80 152.42.163.147 - - [21/Sep/2025:00:52:03 -0300] "GET /wp-content/themes/bbpress/MH.php HTTP/1.1" 404 448 "-" "Mozilla/5.0 (X11; Linux x86_64) AppleWebKit/537.36 (KHTML, like Gecko) Chrome/123.0.0.0 Safari/537.36"
jomarlogistica.com.br:80 172.20.1.117 - - [21/Sep/2025:00:52:13 -0300] "POST /wp-cron.php?doing_wp_cron=1758426733.4683558940887451171875 HTTP/1.1" 200 389 "https://jomarlogistica.com.br/wp-cron.php?doing_wp_cron=1758426733.4683558940887451171875" "WordPress/5.8.10; https://jomarlogistica.com.br"
jomarlogistica.com.br:80 152.42.163.147 - - [21/Sep/2025:00:52:13 -0300] "GET /wp-confa1g.php HTTP/1.1" 404 448 "-" "Mozilla/5.0 (X11; Ubuntu; Linux x86_64; rv:125.0) Gecko/20100101 Firefox/125.0"
jomarlogistica.com.br:80 152.42.163.147 - - [21/Sep/2025:00:52:17 -0300] "GET /wp-confa1g.php HTTP/1.1" 404 448 "-" "Mozilla/5.0 (Windows NT 6.1; Win64; x64) AppleWebKit/537.36 (KHTML, like Gecko) Chrome/120.0.0.0 Safari/537.36"
jomarlogistica.com.br:80 127.0.0.1 - - [21/Sep/2025:00:52:22 -0300] "OPTIONS * HTTP/1.0" 200 110 "-" "Apache/2.4.65 (Ubuntu) (internal dummy connection)"
jomarlogistica.com.br:80 152.42.163.147 - - [21/Sep/2025:00:52:27 -0300] "GET /file.php HTTP/1.1" 404 448 "-" "Mozilla/5.0 (Linux; Android 11; SM-A205U) AppleWebKit/537.36 (KHTML, like Gecko) Chrome/124.0.0.0 Mobile Safari/537.36"
jomarlogistica.com.br:80 152.42.163.147 - - [21/Sep/2025:00:52:33 -0300] "GET /file.php HTTP/1.1" 404 448 "-" "Mozilla/5.0 (Windows NT 6.1; Win64; x64) AppleWebKit/537.36 (KHTML, like Gecko) Chrome/120.0.0.0 Safari/537.36"
jomarlogistica.com.br:80 152.42.163.147 - - [21/Sep/2025:00:52:44 -0300] "GET /dashboard.php HTTP/1.1" 404 448 "-" "Mozilla/5.0 (X11; Ubuntu; Linux x86_64; rv:125.0) Gecko/20100101 Firefox/125.0"
jomarlogistica.com.br:80 152.42.163.147 - - [21/Sep/2025:00:52:49 -0300] "GET /dashboard.php HTTP/1.1" 404 448 "-" "Mozilla/5.0 (Windows NT 10.0; rv:124.0) Gecko/20100101 Firefox/124.0"
jomarlogistica.com.br:80 152.42.163.147 - - [21/Sep/2025:00:52:59 -0300] "GET /wp-content/plugins/init-help/init.php HTTP/1.1" 404 448 "-" "Mozilla/5.0 (Macintosh; Intel Mac OS X 10_15_7) AppleWebKit/605.1.15 (KHTML, like Gecko) Version/17.4 Safari/605.1.15"
jomarlogistica.com.br:80 152.42.163.147 - - [21/Sep/2025:00:53:04 -0300] "GET /wp-content/plugins/init-help/init.php HTTP/1.1" 404 448 "-" "Mozilla/5.0 (Windows NT 10.0; Win64; x64) AppleWebKit/537.36 (KHTML, like Gecko) Chrome/125.0.0.0 Safari/537.36"
jomarlogistica.com.br:80 152.42.163.147 - - [21/Sep/2025:00:53:16 -0300] "GET /wp-includes/js/tinymce/skins/lightgray/img/index.php HTTP/1.1" 301 493 "-" "Mozilla/5.0 (Windows NT 10.0; Win64; x64) AppleWebKit/537.36 (KHTML, like Gecko) Chrome/125.0.0.0 Safari/537.36"
jomarlogistica.com.br:80 152.42.163.147 - - [21/Sep/2025:00:53:17 -0300] "GET /wp-includes/js/tinymce/skins/lightgray/img/ HTTP/1.1" 403 2493 "-" "Mozilla/5.0 (Windows NT 10.0; Win64; x64) AppleWebKit/537.36 (KHTML, like Gecko) Chrome/125.0.0.0 Safari/537.36"
jomarlogistica.com.br:80 152.42.163.147 - - [21/Sep/2025:00:53:21 -0300] "GET /wp-includes/js/tinymce/skins/lightgray/img/index.php HTTP/1.1" 301 493 "-" "Mozilla/5.0 (iPad; CPU OS 17_5 like Mac OS X) AppleWebKit/605.1.15 (KHTML, like Gecko) Version/17.5 Mobile/15E148 Safari/604.1"
jomarlogistica.com.br:80 152.42.163.147 - - [21/Sep/2025:00:53:22 -0300] "GET /wp-includes/js/tinymce/skins/lightgray/img/ HTTP/1.1" 403 2493 "-" "Mozilla/5.0 (iPad; CPU OS 17_5 like Mac OS X) AppleWebKit/605.1.15 (KHTML, like Gecko) Version/17.5 Mobile/15E148 Safari/604.1"
jomarlogistica.com.br:80 152.42.163.147 - - [21/Sep/2025:00:53:35 -0300] "GET /wp-cli.php HTTP/1.1" 404 448 "-" "Mozilla/5.0 (iPad; CPU OS 17_5 like Mac OS X) AppleWebKit/605.1.15 (KHTML, like Gecko) Version/17.5 Mobile/15E148 Safari/604.1"
jomarlogistica.com.br:80 152.42.163.147 - - [21/Sep/2025:00:53:40 -0300] "GET /wp-cli.php HTTP/1.1" 404 448 "-" "Mozilla/5.0 (Linux; Android 13; Pixel 7 Pro) AppleWebKit/537.36 (KHTML, like Gecko) Chrome/125.0.0.0 Mobile Safari/537.36"
jomarlogistica.com.br:80 152.42.163.147 - - [21/Sep/2025:00:53:50 -0300] "GET /wp-content/plugins/background-image-cropper/classwithtostring.php HTTP/1.1" 404 448 "-" "Mozilla/5.0 (Windows NT 10.0; rv:124.0) Gecko/20100101 Firefox/124.0"
jomarlogistica.com.br:80 152.42.163.147 - - [21/Sep/2025:00:53:56 -0300] "GET /wp-content/plugins/background-image-cropper/classwithtostring.php HTTP/1.1" 404 448 "-" "Mozilla/5.0 (iPhone; CPU iPhone OS 17_5 like Mac OS X) AppleWebKit/605.1.15 (KHTML, like Gecko) Version/17.5 Mobile/15E148 Safari/604.1"
jomarlogistica.com.br:80 127.0.0.1 - - [21/Sep/2025:00:54:01 -0300] "OPTIONS * HTTP/1.0" 200 110 "-" "Apache/2.4.65 (Ubuntu) (internal dummy connection)"
jomarlogistica.com.br:80 152.42.163.147 - - [21/Sep/2025:00:54:05 -0300] "GET /about.php?key=x7root HTTP/1.1" 404 448 "-" "Mozilla/5.0 (Macintosh; Intel Mac OS X 10_15_7) AppleWebKit/605.1.15 (KHTML, like Gecko) Version/17.4 Safari/605.1.15"
jomarlogistica.com.br:80 152.42.163.147 - - [21/Sep/2025:00:54:09 -0300] "GET /about.php?key=x7root HTTP/1.1" 404 448 "-" "Mozilla/5.0 (Windows NT 10.0; Win64; x64) AppleWebKit/537.36 (KHTML, like Gecko) Chrome/125.0.0.0 Safari/537.36"
jomarlogistica.com.br:80 216.73.216.35 - - [21/Sep/2025:00:54:15 -0300] "GET /wp-sitemap.xml HTTP/1.1" 200 643 "-" "Mozilla/5.0 AppleWebKit/537.36 (KHTML, like Gecko; compatible; ClaudeBot/1.0; +claudebot@anthropic.com)"
jomarlogistica.com.br:80 152.42.163.147 - - [21/Sep/2025:00:54:20 -0300] "GET /wp-content/themes/newsfeed-theme/bbh.php HTTP/1.1" 404 448 "-" "Mozilla/5.0 (Macintosh; Intel Mac OS X 10_15_7) AppleWebKit/605.1.15 (KHTML, like Gecko) Version/17.4 Safari/605.1.15"
jomarlogistica.com.br:80 152.42.163.147 - - [21/Sep/2025:00:54:26 -0300] "GET /wp-content/themes/newsfeed-theme/bbh.php HTTP/1.1" 404 448 "-" "Mozilla/5.0 (X11; Ubuntu; Linux x86_64; rv:125.0) Gecko/20100101 Firefox/125.0"
jomarlogistica.com.br:80 152.42.163.147 - - [21/Sep/2025:00:54:37 -0300] "GET /wp-content/themes/deeto/login.php HTTP/1.1" 404 448 "-" "Mozilla/5.0 (Windows NT 6.1; Win64; x64) AppleWebKit/537.36 (KHTML, like Gecko) Chrome/120.0.0.0 Safari/537.36"
jomarlogistica.com.br:80 152.42.163.147 - - [21/Sep/2025:00:54:42 -0300] "GET /wp-content/themes/deeto/login.php HTTP/1.1" 404 448 "-" "Mozilla/5.0 (Macintosh; Intel Mac OS X 10_15_7) AppleWebKit/605.1.15 (KHTML, like Gecko) Version/17.4 Safari/605.1.15"
jomarlogistica.com.br:80 152.42.163.147 - - [21/Sep/2025:00:54:51 -0300] "GET /index/function.php HTTP/1.1" 404 448 "-" "Mozilla/5.0 (Linux; Android 11; SM-A205U) AppleWebKit/537.36 (KHTML, like Gecko) Chrome/124.0.0.0 Mobile Safari/537.36"
jomarlogistica.com.br:80 13.83.167.139 - - [21/Sep/2025:00:54:54 -0300] "GET /2024/03/09/are-50-caliber-guns-legal-in-canada-rules-and-regulations-explained/ HTTP/1.1" 200 14364 "-" "Mozilla/5.0 AppleWebKit/537.36 (KHTML, like Gecko); compatible; ChatGPT-User/1.0; +https://openai.com/bot"
jomarlogistica.com.br:80 152.42.163.147 - - [21/Sep/2025:00:54:55 -0300] "GET /index/function.php HTTP/1.1" 404 448 "-" "Mozilla/5.0 (Windows NT 6.1; Win64; x64) AppleWebKit/537.36 (KHTML, like Gecko) Chrome/120.0.0.0 Safari/537.36"
jomarlogistica.com.br:80 127.0.0.1 - - [21/Sep/2025:00:55:00 -0300] "OPTIONS * HTTP/1.0" 200 110 "-" "Apache/2.4.65 (Ubuntu) (internal dummy connection)"
jomarlogistica.com.br:80 152.42.163.147 - - [21/Sep/2025:00:55:05 -0300] "GET /wp-content/plugins/phpadmin/acp.php HTTP/1.1" 404 448 "-" "Mozilla/5.0 (iPad; CPU OS 17_5 like Mac OS X) AppleWebKit/605.1.15 (KHTML, like Gecko) Version/17.5 Mobile/15E148 Safari/604.1"
jomarlogistica.com.br:80 152.42.163.147 - - [21/Sep/2025:00:55:10 -0300] "GET /wp-content/plugins/phpadmin/acp.php HTTP/1.1" 404 448 "-" "Mozilla/5.0 (Linux; Android 11; SM-A205U) AppleWebKit/537.36 (KHTML, like Gecko) Chrome/124.0.0.0 Mobile Safari/537.36"
jomarlogistica.com.br:80 152.42.163.147 - - [21/Sep/2025:00:55:19 -0300] "GET /wp-content/plugins/ioxi/ioxi/dropdown.php HTTP/1.1" 404 448 "-" "Mozilla/5.0 (Linux; Android 13; Pixel 7 Pro) AppleWebKit/537.36 (KHTML, like Gecko) Chrome/125.0.0.0 Mobile Safari/537.36"
jomarlogistica.com.br:80 152.42.163.147 - - [21/Sep/2025:00:55:23 -0300] "GET /wp-content/plugins/ioxi/ioxi/dropdown.php HTTP/1.1" 404 448 "-" "Mozilla/5.0 (Linux; Android 13; Pixel 7 Pro) AppleWebKit/537.36 (KHTML, like Gecko) Chrome/125.0.0.0 Mobile Safari/537.36"
jomarlogistica.com.br:80 152.42.163.147 - - [21/Sep/2025:00:55:39 -0300] "GET /wp-content/plugins/phpad/as.php HTTP/1.1" 404 448 "-" "Mozilla/5.0 (Linux; Android 13; Pixel 7 Pro) AppleWebKit/537.36 (KHTML, like Gecko) Chrome/125.0.0.0 Mobile Safari/537.36"
jomarlogistica.com.br:80 152.42.163.147 - - [21/Sep/2025:00:55:47 -0300] "GET /wp-content/plugins/phpad/as.php HTTP/1.1" 404 448 "-" "Mozilla/5.0 (Linux; Android 11; SM-A205U) AppleWebKit/537.36 (KHTML, like Gecko) Chrome/124.0.0.0 Mobile Safari/537.36"
jomarlogistica.com.br:80 152.42.163.147 - - [21/Sep/2025:00:55:57 -0300] "GET /wp-includes/ID3/index.php HTTP/1.1" 301 466 "-" "Mozilla/5.0 (Linux; Android 11; SM-A205U) AppleWebKit/537.36 (KHTML, like Gecko) Chrome/124.0.0.0 Mobile Safari/537.36"
jomarlogistica.com.br:80 152.42.163.147 - - [21/Sep/2025:00:55:58 -0300] "GET /wp-includes/ID3/ HTTP/1.1" 403 2493 "-" "Mozilla/5.0 (Linux; Android 11; SM-A205U) AppleWebKit/537.36 (KHTML, like Gecko) Chrome/124.0.0.0 Mobile Safari/537.36"
jomarlogistica.com.br:80 152.42.163.147 - - [21/Sep/2025:00:56:03 -0300] "GET /wp-includes/ID3/index.php HTTP/1.1" 301 466 "-" "Mozilla/5.0 (Linux; Android 11; SM-A205U) AppleWebKit/537.36 (KHTML, like Gecko) Chrome/124.0.0.0 Mobile Safari/537.36"
jomarlogistica.com.br:80 152.42.163.147 - - [21/Sep/2025:00:56:04 -0300] "GET /wp-includes/ID3/ HTTP/1.1" 403 2493 "-" "Mozilla/5.0 (Linux; Android 11; SM-A205U) AppleWebKit/537.36 (KHTML, like Gecko) Chrome/124.0.0.0 Mobile Safari/537.36"
jomarlogistica.com.br:80 152.42.163.147 - - [21/Sep/2025:00:56:11 -0300] "GET /wp-content/plugins/index.php HTTP/1.1" 200 264 "-" "Mozilla/5.0 (Macintosh; Intel Mac OS X 10_15_7) AppleWebKit/605.1.15 (KHTML, like Gecko) Version/17.4 Safari/605.1.15"
jomarlogistica.com.br:80 152.42.163.147 - - [21/Sep/2025:00:56:16 -0300] "GET /wp-content/plugins/index.php HTTP/1.1" 200 264 "-" "Mozilla/5.0 (Linux; Android 13; Pixel 7 Pro) AppleWebKit/537.36 (KHTML, like Gecko) Chrome/125.0.0.0 Mobile Safari/537.36"
jomarlogistica.com.br:80 152.42.163.147 - - [21/Sep/2025:00:56:25 -0300] "GET /wp-admin/network/index.php HTTP/1.1" 302 540 "-" "Mozilla/5.0 (Macintosh; Intel Mac OS X 10_15_7) AppleWebKit/605.1.15 (KHTML, like Gecko) Version/17.4 Safari/605.1.15"
jomarlogistica.com.br:80 152.42.163.147 - - [21/Sep/2025:00:56:28 -0300] "GET /wp-login.php?redirect_to=https%3A%2F%2Fjomarlogistica.com.br%2Fwp-admin%2Fnetwork%2Findex.php&reauth=1 HTTP/1.1" 200 5005 "-" "Mozilla/5.0 (Macintosh; Intel Mac OS X 10_15_7) AppleWebKit/605.1.15 (KHTML, like Gecko) Version/17.4 Safari/605.1.15"
jomarlogistica.com.br:80 152.42.163.147 - - [21/Sep/2025:00:56:34 -0300] "GET /wp-admin/network/index.php HTTP/1.1" 302 540 "-" "Mozilla/5.0 (Macintosh; Intel Mac OS X 10_15_7) AppleWebKit/605.1.15 (KHTML, like Gecko) Version/17.4 Safari/605.1.15"
jomarlogistica.com.br:80 152.42.163.147 - - [21/Sep/2025:00:56:34 -0300] "GET /wp-login.php?redirect_to=https%3A%2F%2Fjomarlogistica.com.br%2Fwp-admin%2Fnetwork%2Findex.php&reauth=1 HTTP/1.1" 200 5005 "-" "Mozilla/5.0 (Macintosh; Intel Mac OS X 10_15_7) AppleWebKit/605.1.15 (KHTML, like Gecko) Version/17.4 Safari/605.1.15"
jomarlogistica.com.br:80 152.42.163.147 - - [21/Sep/2025:00:56:43 -0300] "GET /wp-includes/IXR/index.php HTTP/1.1" 301 466 "-" "Mozilla/5.0 (Windows NT 10.0; rv:124.0) Gecko/20100101 Firefox/124.0"
jomarlogistica.com.br:80 152.42.163.147 - - [21/Sep/2025:00:56:43 -0300] "GET /wp-includes/IXR/ HTTP/1.1" 403 2493 "-" "Mozilla/5.0 (Windows NT 10.0; rv:124.0) Gecko/20100101 Firefox/124.0"
jomarlogistica.com.br:80 152.42.163.147 - - [21/Sep/2025:00:56:48 -0300] "GET /wp-includes/IXR/index.php HTTP/1.1" 301 466 "-" "Mozilla/5.0 (Macintosh; Intel Mac OS X 10_15_7) AppleWebKit/605.1.15 (KHTML, like Gecko) Version/17.4 Safari/605.1.15"
jomarlogistica.com.br:80 152.42.163.147 - - [21/Sep/2025:00:56:49 -0300] "GET /wp-includes/IXR/ HTTP/1.1" 403 2493 "-" "Mozilla/5.0 (Macintosh; Intel Mac OS X 10_15_7) AppleWebKit/605.1.15 (KHTML, like Gecko) Version/17.4 Safari/605.1.15"
jomarlogistica.com.br:80 152.42.163.147 - - [21/Sep/2025:00:57:00 -0300] "GET /wp-admin/images/index.php HTTP/1.1" 301 466 "-" "Mozilla/5.0 (Linux; Android 13; Pixel 7 Pro) AppleWebKit/537.36 (KHTML, like Gecko) Chrome/125.0.0.0 Mobile Safari/537.36"
jomarlogistica.com.br:80 152.42.163.147 - - [21/Sep/2025:00:57:00 -0300] "GET /wp-admin/images/ HTTP/1.1" 403 2493 "-" "Mozilla/5.0 (Linux; Android 13; Pixel 7 Pro) AppleWebKit/537.36 (KHTML, like Gecko) Chrome/125.0.0.0 Mobile Safari/537.36"
jomarlogistica.com.br:80 152.42.163.147 - - [21/Sep/2025:00:57:06 -0300] "GET /wp-admin/images/index.php HTTP/1.1" 301 466 "-" "Mozilla/5.0 (Windows NT 10.0; rv:124.0) Gecko/20100101 Firefox/124.0"
jomarlogistica.com.br:80 152.42.163.147 - - [21/Sep/2025:00:57:06 -0300] "GET /wp-admin/images/ HTTP/1.1" 403 2493 "-" "Mozilla/5.0 (Windows NT 10.0; rv:124.0) Gecko/20100101 Firefox/124.0"
jomarlogistica.com.br:80 172.20.1.117 - - [21/Sep/2025:00:57:15 -0300] "POST /wp-cron.php?doing_wp_cron=1758427035.8911409378051757812500 HTTP/1.1" 200 389 "https://jomarlogistica.com.br/wp-cron.php?doing_wp_cron=1758427035.8911409378051757812500" "WordPress/5.8.10; https://jomarlogistica.com.br"
jomarlogistica.com.br:80 152.42.163.147 - - [21/Sep/2025:00:57:15 -0300] "GET /wp-content/plugins/admin.php HTTP/1.1" 404 448 "-" "Mozilla/5.0 (iPad; CPU OS 17_5 like Mac OS X) AppleWebKit/605.1.15 (KHTML, like Gecko) Version/17.5 Mobile/15E148 Safari/604.1"
jomarlogistica.com.br:80 152.42.163.147 - - [21/Sep/2025:00:57:20 -0300] "GET /wp-content/plugins/admin.php HTTP/1.1" 404 448 "-" "Mozilla/5.0 (Linux; Android 13; Pixel 7 Pro) AppleWebKit/537.36 (KHTML, like Gecko) Chrome/125.0.0.0 Mobile Safari/537.36"
jomarlogistica.com.br:80 127.0.0.1 - - [21/Sep/2025:00:57:24 -0300] "OPTIONS * HTTP/1.0" 200 110 "-" "Apache/2.4.65 (Ubuntu) (internal dummy connection)"
jomarlogistica.com.br:80 152.42.163.147 - - [21/Sep/2025:00:57:30 -0300] "GET /wp-admin.php HTTP/1.1" 404 448 "-" "Mozilla/5.0 (X11; Linux x86_64) AppleWebKit/537.36 (KHTML, like Gecko) Chrome/123.0.0.0 Safari/537.36"
jomarlogistica.com.br:80 152.42.163.147 - - [21/Sep/2025:00:57:34 -0300] "GET /wp-admin.php HTTP/1.1" 404 448 "-" "Mozilla/5.0 (Windows NT 10.0; Win64; x64) AppleWebKit/537.36 (KHTML, like Gecko) Chrome/125.0.0.0 Safari/537.36"
jomarlogistica.com.br:80 152.42.163.147 - - [21/Sep/2025:00:57:44 -0300] "GET /wp-content/plugins/Core-Econ/upH.php HTTP/1.1" 404 448 "-" "Mozilla/5.0 (Windows NT 10.0; Win64; x64) AppleWebKit/537.36 (KHTML, like Gecko) Chrome/125.0.0.0 Safari/537.36"
jomarlogistica.com.br:80 47.128.59.193 - - [21/Sep/2025:00:57:50 -0300] "GET /robots.txt HTTP/1.1" 200 584 "-" "Mozilla/5.0 (Linux; Android 5.0) AppleWebKit/537.36 (KHTML, like Gecko) Mobile Safari/537.36 (compatible; Bytespider; spider-feedback@bytedance.com)"
jomarlogistica.com.br:80 152.42.163.147 - - [21/Sep/2025:00:57:53 -0300] "GET /wp-content/plugins/Core-Econ/upH.php HTTP/1.1" 404 448 "-" "Mozilla/5.0 (X11; Ubuntu; Linux x86_64; rv:125.0) Gecko/20100101 Firefox/125.0"
jomarlogistica.com.br:80 152.42.163.147 - - [21/Sep/2025:00:58:05 -0300] "GET /wp-content/plugins/fix/up.php HTTP/1.1" 404 448 "-" "Mozilla/5.0 (Windows NT 6.1; Win64; x64) AppleWebKit/537.36 (KHTML, like Gecko) Chrome/120.0.0.0 Safari/537.36"
jomarlogistica.com.br:80 152.42.163.147 - - [21/Sep/2025:00:58:10 -0300] "GET /wp-content/plugins/fix/up.php HTTP/1.1" 404 448 "-" "Mozilla/5.0 (iPhone; CPU iPhone OS 17_5 like Mac OS X) AppleWebKit/605.1.15 (KHTML, like Gecko) Version/17.5 Mobile/15E148 Safari/604.1"
jomarlogistica.com.br:80 152.42.163.147 - - [21/Sep/2025:00:58:21 -0300] "GET /wp-content/plugins/shell/noimg.php HTTP/1.1" 404 448 "-" "Mozilla/5.0 (Linux; Android 13; Pixel 7 Pro) AppleWebKit/537.36 (KHTML, like Gecko) Chrome/125.0.0.0 Mobile Safari/537.36"
jomarlogistica.com.br:80 152.42.163.147 - - [21/Sep/2025:00:58:27 -0300] "GET /wp-content/plugins/shell/noimg.php HTTP/1.1" 404 448 "-" "Mozilla/5.0 (Linux; Android 13; Pixel 7 Pro) AppleWebKit/537.36 (KHTML, like Gecko) Chrome/125.0.0.0 Mobile Safari/537.36"
jomarlogistica.com.br:80 152.42.163.147 - - [21/Sep/2025:00:58:37 -0300] "GET /WSOEnigma.php HTTP/1.1" 404 448 "-" "Mozilla/5.0 (iPhone; CPU iPhone OS 17_5 like Mac OS X) AppleWebKit/605.1.15 (KHTML, like Gecko) Version/17.5 Mobile/15E148 Safari/604.1"
jomarlogistica.com.br:80 152.42.163.147 - - [21/Sep/2025:00:58:41 -0300] "GET /WSOEnigma.php HTTP/1.1" 404 448 "-" "Mozilla/5.0 (iPad; CPU OS 17_5 like Mac OS X) AppleWebKit/605.1.15 (KHTML, like Gecko) Version/17.5 Mobile/15E148 Safari/604.1"
jomarlogistica.com.br:80 152.42.163.147 - - [21/Sep/2025:00:58:51 -0300] "GET /wp-content/plugins/dummyyummy/wp-signup.php HTTP/1.1" 404 448 "-" "Mozilla/5.0 (iPad; CPU OS 17_5 like Mac OS X) AppleWebKit/605.1.15 (KHTML, like Gecko) Version/17.5 Mobile/15E148 Safari/604.1"
jomarlogistica.com.br:80 152.42.163.147 - - [21/Sep/2025:00:58:55 -0300] "GET /wp-content/plugins/dummyyummy/wp-signup.php HTTP/1.1" 404 448 "-" "Mozilla/5.0 (Windows NT 10.0; rv:124.0) Gecko/20100101 Firefox/124.0"
jomarlogistica.com.br:80 216.244.66.226 - - [21/Sep/2025:00:59:04 -0300] "GET /robots.txt HTTP/1.1" 200 565 "-" "Mozilla/5.0 (compatible; DotBot/1.2; +https://opensiteexplorer.org/dotbot; help@moz.com)"
jomarlogistica.com.br:80 152.42.163.147 - - [21/Sep/2025:00:59:12 -0300] "GET /wp-content/plugins/clara/clara.php HTTP/1.1" 404 448 "-" "Mozilla/5.0 (Windows NT 10.0; Win64; x64) AppleWebKit/537.36 (KHTML, like Gecko) Chrome/125.0.0.0 Safari/537.36"
jomarlogistica.com.br:80 152.42.163.147 - - [21/Sep/2025:00:59:18 -0300] "GET /wp-content/plugins/clara/clara.php HTTP/1.1" 404 448 "-" "Mozilla/5.0 (Windows NT 10.0; Win64; x64) AppleWebKit/537.36 (KHTML, like Gecko) Chrome/125.0.0.0 Safari/537.36"
jomarlogistica.com.br:80 85.208.96.210 - - [21/Sep/2025:00:59:21 -0300] "GET /robots.txt HTTP/1.1" 200 584 "-" "Mozilla/5.0 (compatible; SemrushBot/7~bl; +http://www.semrush.com/bot.html)"
jomarlogistica.com.br:80 85.208.96.198 - - [21/Sep/2025:00:59:22 -0300] "GET /2023/01/18/what-exactly-mutually-useful-relationship/ HTTP/1.1" 200 18095 "-" "Mozilla/5.0 (compatible; SemrushBot/7~bl; +http://www.semrush.com/bot.html)"
jomarlogistica.com.br:80 152.42.163.147 - - [21/Sep/2025:00:59:28 -0300] "GET /plugins/function.php HTTP/1.1" 404 448 "-" "Mozilla/5.0 (Linux; Android 11; SM-A205U) AppleWebKit/537.36 (KHTML, like Gecko) Chrome/124.0.0.0 Mobile Safari/537.36"
jomarlogistica.com.br:80 152.42.163.147 - - [21/Sep/2025:00:59:32 -0300] "GET /plugins/function.php HTTP/1.1" 404 448 "-" "Mozilla/5.0 (Windows NT 10.0; Win64; x64) AppleWebKit/537.36 (KHTML, like Gecko) Chrome/125.0.0.0 Safari/537.36"
jomarlogistica.com.br:80 152.42.163.147 - - [21/Sep/2025:00:59:41 -0300] "GET /file/function.php HTTP/1.1" 404 448 "-" "Mozilla/5.0 (Windows NT 6.1; Win64; x64) AppleWebKit/537.36 (KHTML, like Gecko) Chrome/120.0.0.0 Safari/537.36"
jomarlogistica.com.br:80 152.42.163.147 - - [21/Sep/2025:00:59:46 -0300] "GET /file/function.php HTTP/1.1" 404 448 "-" "Mozilla/5.0 (Windows NT 10.0; Win64; x64) AppleWebKit/537.36 (KHTML, like Gecko) Chrome/125.0.0.0 Safari/537.36"
jomarlogistica.com.br:80 152.42.163.147 - - [21/Sep/2025:01:00:00 -0300] "GET /as/function HTTP/1.1" 404 448 "-" "Mozilla/5.0 (iPad; CPU OS 17_5 like Mac OS X) AppleWebKit/605.1.15 (KHTML, like Gecko) Version/17.5 Mobile/15E148 Safari/604.1"
jomarlogistica.com.br:80 152.42.163.147 - - [21/Sep/2025:01:00:06 -0300] "GET /as/function HTTP/1.1" 404 448 "-" "Mozilla/5.0 (Windows NT 10.0; rv:124.0) Gecko/20100101 Firefox/124.0"
jomarlogistica.com.br:80 152.42.163.147 - - [21/Sep/2025:01:00:16 -0300] "GET /mah/function.php HTTP/1.1" 404 448 "-" "Mozilla/5.0 (Windows NT 10.0; rv:124.0) Gecko/20100101 Firefox/124.0"
jomarlogistica.com.br:80 152.42.163.147 - - [21/Sep/2025:01:00:20 -0300] "GET /mah/function.php HTTP/1.1" 404 448 "-" "Mozilla/5.0 (iPad; CPU OS 17_5 like Mac OS X) AppleWebKit/605.1.15 (KHTML, like Gecko) Version/17.5 Mobile/15E148 Safari/604.1"
jomarlogistica.com.br:80 152.42.163.147 - - [21/Sep/2025:01:00:29 -0300] "GET /admin/function.php HTTP/1.1" 404 448 "-" "Mozilla/5.0 (iPhone; CPU iPhone OS 17_5 like Mac OS X) AppleWebKit/605.1.15 (KHTML, like Gecko) Version/17.5 Mobile/15E148 Safari/604.1"
jomarlogistica.com.br:80 152.42.163.147 - - [21/Sep/2025:01:00:34 -0300] "GET /admin/function.php HTTP/1.1" 404 448 "-" "Mozilla/5.0 (X11; Ubuntu; Linux x86_64; rv:125.0) Gecko/20100101 Firefox/125.0"
jomarlogistica.com.br:80 152.42.163.147 - - [21/Sep/2025:01:00:44 -0300] "GET /doc/function.php HTTP/1.1" 404 448 "-" "Mozilla/5.0 (Windows NT 10.0; Win64; x64) AppleWebKit/537.36 (KHTML, like Gecko) Chrome/125.0.0.0 Safari/537.36"
jomarlogistica.com.br:80 152.42.163.147 - - [21/Sep/2025:01:00:49 -0300] "GET /doc/function.php HTTP/1.1" 404 448 "-" "Mozilla/5.0 (Macintosh; Intel Mac OS X 10_15_7) AppleWebKit/605.1.15 (KHTML, like Gecko) Version/17.4 Safari/605.1.15"
jomarlogistica.com.br:80 152.42.163.147 - - [21/Sep/2025:01:01:01 -0300] "GET /about/function.php HTTP/1.1" 404 448 "-" "Mozilla/5.0 (Macintosh; Intel Mac OS X 10_15_7) AppleWebKit/605.1.15 (KHTML, like Gecko) Version/17.4 Safari/605.1.15"
jomarlogistica.com.br:80 152.42.163.147 - - [21/Sep/2025:01:01:06 -0300] "GET /about/function.php HTTP/1.1" 404 448 "-" "Mozilla/5.0 (Macintosh; Intel Mac OS X 10_15_7) AppleWebKit/605.1.15 (KHTML, like Gecko) Version/17.4 Safari/605.1.15"
jomarlogistica.com.br:80 152.42.163.147 - - [21/Sep/2025:01:01:14 -0300] "GET /zwso.php HTTP/1.1" 404 448 "-" "Mozilla/5.0 (X11; Ubuntu; Linux x86_64; rv:125.0) Gecko/20100101 Firefox/125.0"
jomarlogistica.com.br:80 152.42.163.147 - - [21/Sep/2025:01:01:19 -0300] "GET /zwso.php HTTP/1.1" 404 448 "-" "Mozilla/5.0 (Windows NT 10.0; rv:124.0) Gecko/20100101 Firefox/124.0"
jomarlogistica.com.br:80 152.42.163.147 - - [21/Sep/2025:01:01:30 -0300] "GET /wp-content/plugins/about.php HTTP/1.1" 404 448 "-" "Mozilla/5.0 (X11; Ubuntu; Linux x86_64; rv:125.0) Gecko/20100101 Firefox/125.0"
jomarlogistica.com.br:80 152.42.163.147 - - [21/Sep/2025:01:01:36 -0300] "GET /wp-content/plugins/about.php HTTP/1.1" 404 448 "-" "Mozilla/5.0 (Windows NT 6.1; Win64; x64) AppleWebKit/537.36 (KHTML, like Gecko) Chrome/120.0.0.0 Safari/537.36"
jomarlogistica.com.br:80 152.42.163.147 - - [21/Sep/2025:01:01:46 -0300] "GET /ioxi-o.php HTTP/1.1" 404 448 "-" "Mozilla/5.0 (Linux; Android 13; Pixel 7 Pro) AppleWebKit/537.36 (KHTML, like Gecko) Chrome/125.0.0.0 Mobile Safari/537.36"
jomarlogistica.com.br:80 152.42.163.147 - - [21/Sep/2025:01:01:50 -0300] "GET /ioxi-o.php HTTP/1.1" 404 448 "-" "Mozilla/5.0 (Windows NT 6.1; Win64; x64) AppleWebKit/537.36 (KHTML, like Gecko) Chrome/120.0.0.0 Safari/537.36"
jomarlogistica.com.br:80 152.42.163.147 - - [21/Sep/2025:01:02:02 -0300] "GET /file17.php HTTP/1.1" 404 448 "-" "Mozilla/5.0 (Linux; Android 13; Pixel 7 Pro) AppleWebKit/537.36 (KHTML, like Gecko) Chrome/125.0.0.0 Mobile Safari/537.36"
jomarlogistica.com.br:80 152.42.163.147 - - [21/Sep/2025:01:02:06 -0300] "GET /file17.php HTTP/1.1" 404 448 "-" "Mozilla/5.0 (Macintosh; Intel Mac OS X 10_15_7) AppleWebKit/605.1.15 (KHTML, like Gecko) Version/17.4 Safari/605.1.15"
jomarlogistica.com.br:80 127.0.0.1 - - [21/Sep/2025:01:02:12 -0300] "OPTIONS * HTTP/1.0" 200 110 "-" "Apache/2.4.65 (Ubuntu) (internal dummy connection)"
jomarlogistica.com.br:80 172.20.1.117 - - [21/Sep/2025:01:02:16 -0300] "POST /wp-cron.php?doing_wp_cron=1758427336.2668449878692626953125 HTTP/1.1" 200 389 "https://jomarlogistica.com.br/wp-cron.php?doing_wp_cron=1758427336.2668449878692626953125" "WordPress/5.8.10; https://jomarlogistica.com.br"
jomarlogistica.com.br:80 152.42.163.147 - - [21/Sep/2025:01:02:15 -0300] "GET /wp-content/akp.php HTTP/1.1" 404 448 "-" "Mozilla/5.0 (X11; Ubuntu; Linux x86_64; rv:125.0) Gecko/20100101 Firefox/125.0"
jomarlogistica.com.br:80 152.42.163.147 - - [21/Sep/2025:01:02:20 -0300] "GET /wp-content/akp.php HTTP/1.1" 404 448 "-" "Mozilla/5.0 (Linux; Android 11; SM-A205U) AppleWebKit/537.36 (KHTML, like Gecko) Chrome/124.0.0.0 Mobile Safari/537.36"
jomarlogistica.com.br:80 127.0.0.1 - - [21/Sep/2025:01:02:25 -0300] "OPTIONS * HTTP/1.0" 200 110 "-" "Apache/2.4.65 (Ubuntu) (internal dummy connection)"
jomarlogistica.com.br:80 152.42.163.147 - - [21/Sep/2025:01:02:31 -0300] "GET /wp-content/plugins/hanau/akc.php HTTP/1.1" 404 448 "-" "Mozilla/5.0 (Windows NT 6.1; Win64; x64) AppleWebKit/537.36 (KHTML, like Gecko) Chrome/120.0.0.0 Safari/537.36"
jomarlogistica.com.br:80 152.42.163.147 - - [21/Sep/2025:01:02:34 -0300] "GET /wp-content/plugins/hanau/akc.php HTTP/1.1" 404 448 "-" "Mozilla/5.0 (Linux; Android 11; SM-A205U) AppleWebKit/537.36 (KHTML, like Gecko) Chrome/124.0.0.0 Mobile Safari/537.36"
jomarlogistica.com.br:80 152.42.163.147 - - [21/Sep/2025:01:02:43 -0300] "GET /aw.php HTTP/1.1" 404 448 "-" "Mozilla/5.0 (Linux; Android 11; SM-A205U) AppleWebKit/537.36 (KHTML, like Gecko) Chrome/124.0.0.0 Mobile Safari/537.36"
jomarlogistica.com.br:80 152.42.163.147 - - [21/Sep/2025:01:02:48 -0300] "GET /aw.php HTTP/1.1" 404 448 "-" "Mozilla/5.0 (iPhone; CPU iPhone OS 17_5 like Mac OS X) AppleWebKit/605.1.15 (KHTML, like Gecko) Version/17.5 Mobile/15E148 Safari/604.1"
jomarlogistica.com.br:80 152.42.163.147 - - [21/Sep/2025:01:02:53 -0300] "GET /wp-content/plugins/geu/geu.php HTTP/1.1" 404 448 "-" "Mozilla/5.0 (Macintosh; Intel Mac OS X 10_15_7) AppleWebKit/605.1.15 (KHTML, like Gecko) Version/17.4 Safari/605.1.15"
jomarlogistica.com.br:80 152.42.163.147 - - [21/Sep/2025:01:02:57 -0300] "GET /wp-content/plugins/geu/geu.php HTTP/1.1" 404 448 "-" "Mozilla/5.0 (X11; Ubuntu; Linux x86_64; rv:125.0) Gecko/20100101 Firefox/125.0"
jomarlogistica.com.br:80 152.42.163.147 - - [21/Sep/2025:01:03:02 -0300] "GET /wp-content/plugins/deu/ms.php HTTP/1.1" 404 448 "-" "Mozilla/5.0 (X11; Linux x86_64) AppleWebKit/537.36 (KHTML, like Gecko) Chrome/123.0.0.0 Safari/537.36"
jomarlogistica.com.br:80 152.42.163.147 - - [21/Sep/2025:01:03:03 -0300] "GET /wp-content/plugins/deu/ms.php HTTP/1.1" 404 448 "-" "Mozilla/5.0 (Windows NT 10.0; rv:124.0) Gecko/20100101 Firefox/124.0"
jomarlogistica.com.br:80 152.42.163.147 - - [21/Sep/2025:01:03:08 -0300] "GET /wp-content/plugins/view-ad/ms.php HTTP/1.1" 404 448 "-" "Mozilla/5.0 (Linux; Android 13; Pixel 7 Pro) AppleWebKit/537.36 (KHTML, like Gecko) Chrome/125.0.0.0 Mobile Safari/537.36"
jomarlogistica.com.br:80 152.42.163.147 - - [21/Sep/2025:01:03:12 -0300] "GET /wp-content/plugins/view-ad/ms.php HTTP/1.1" 404 448 "-" "Mozilla/5.0 (Windows NT 10.0; Win64; x64) AppleWebKit/537.36 (KHTML, like Gecko) Chrome/125.0.0.0 Safari/537.36"
jomarlogistica.com.br:80 152.42.163.147 - - [21/Sep/2025:01:03:18 -0300] "GET /wp-content/plugins/aafr/uploader.php HTTP/1.1" 404 448 "-" "Mozilla/5.0 (Macintosh; Intel Mac OS X 10_15_7) AppleWebKit/605.1.15 (KHTML, like Gecko) Version/17.4 Safari/605.1.15"
jomarlogistica.com.br:80 152.42.163.147 - - [21/Sep/2025:01:03:23 -0300] "GET /wp-content/plugins/aafr/uploader.php HTTP/1.1" 404 448 "-" "Mozilla/5.0 (Windows NT 6.1; Win64; x64) AppleWebKit/537.36 (KHTML, like Gecko) Chrome/120.0.0.0 Safari/537.36"
jomarlogistica.com.br:80 127.0.0.1 - - [21/Sep/2025:01:03:28 -0300] "OPTIONS * HTTP/1.0" 200 110 "-" "Apache/2.4.65 (Ubuntu) (internal dummy connection)"
jomarlogistica.com.br:80 152.42.163.147 - - [21/Sep/2025:01:03:28 -0300] "GET /wp-content/plugins/elex/elex.php HTTP/1.1" 404 448 "-" "Mozilla/5.0 (Linux; Android 13; Pixel 7 Pro) AppleWebKit/537.36 (KHTML, like Gecko) Chrome/125.0.0.0 Mobile Safari/537.36"
jomarlogistica.com.br:80 152.42.163.147 - - [21/Sep/2025:01:03:32 -0300] "GET /wp-content/plugins/elex/elex.php HTTP/1.1" 404 448 "-" "Mozilla/5.0 (X11; Linux x86_64) AppleWebKit/537.36 (KHTML, like Gecko) Chrome/123.0.0.0 Safari/537.36"
jomarlogistica.com.br:80 152.42.163.147 - - [21/Sep/2025:01:03:36 -0300] "GET /wp-content/plugins/yanierin/akcc.php HTTP/1.1" 404 448 "-" "Mozilla/5.0 (Windows NT 6.1; Win64; x64) AppleWebKit/537.36 (KHTML, like Gecko) Chrome/120.0.0.0 Safari/537.36"
jomarlogistica.com.br:80 152.42.163.147 - - [21/Sep/2025:01:03:40 -0300] "GET /wp-content/plugins/yanierin/akcc.php HTTP/1.1" 404 448 "-" "Mozilla/5.0 (iPhone; CPU iPhone OS 17_5 like Mac OS X) AppleWebKit/605.1.15 (KHTML, like Gecko) Version/17.5 Mobile/15E148 Safari/604.1"
jomarlogistica.com.br:80 152.42.163.147 - - [21/Sep/2025:01:03:45 -0300] "GET /mass.php HTTP/1.1" 404 448 "-" "Mozilla/5.0 (X11; Linux x86_64) AppleWebKit/537.36 (KHTML, like Gecko) Chrome/123.0.0.0 Safari/537.36"
jomarlogistica.com.br:80 152.42.163.147 - - [21/Sep/2025:01:03:53 -0300] "GET /mass.php HTTP/1.1" 404 448 "-" "Mozilla/5.0 (X11; Linux x86_64) AppleWebKit/537.36 (KHTML, like Gecko) Chrome/123.0.0.0 Safari/537.36"
jomarlogistica.com.br:80 152.42.163.147 - - [21/Sep/2025:01:03:58 -0300] "GET /plugins/kontol/wp-crom.php HTTP/1.1" 404 448 "-" "Mozilla/5.0 (Linux; Android 13; Pixel 7 Pro) AppleWebKit/537.36 (KHTML, like Gecko) Chrome/125.0.0.0 Mobile Safari/537.36"
jomarlogistica.com.br:80 152.42.163.147 - - [21/Sep/2025:01:04:03 -0300] "GET /plugins/kontol/wp-crom.php HTTP/1.1" 404 448 "-" "Mozilla/5.0 (iPad; CPU OS 17_5 like Mac OS X) AppleWebKit/605.1.15 (KHTML, like Gecko) Version/17.5 Mobile/15E148 Safari/604.1"
jomarlogistica.com.br:80 152.42.163.147 - - [21/Sep/2025:01:04:09 -0300] "GET /wp-content/plugins/view-source/ioxi-o2.php HTTP/1.1" 404 448 "-" "Mozilla/5.0 (X11; Linux x86_64) AppleWebKit/537.36 (KHTML, like Gecko) Chrome/123.0.0.0 Safari/537.36"
jomarlogistica.com.br:80 152.42.163.147 - - [21/Sep/2025:01:04:13 -0300] "GET /wp-content/plugins/view-source/ioxi-o2.php HTTP/1.1" 404 448 "-" "Mozilla/5.0 (iPhone; CPU iPhone OS 17_5 like Mac OS X) AppleWebKit/605.1.15 (KHTML, like Gecko) Version/17.5 Mobile/15E148 Safari/604.1"
jomarlogistica.com.br:80 152.42.163.147 - - [21/Sep/2025:01:04:17 -0300] "GET /wp-content/plugins/index-path.php HTTP/1.1" 404 448 "-" "Mozilla/5.0 (iPad; CPU OS 17_5 like Mac OS X) AppleWebKit/605.1.15 (KHTML, like Gecko) Version/17.5 Mobile/15E148 Safari/604.1"
jomarlogistica.com.br:80 152.42.163.147 - - [21/Sep/2025:01:04:25 -0300] "GET /wp-content/plugins/index-path.php HTTP/1.1" 404 448 "-" "Mozilla/5.0 (X11; Ubuntu; Linux x86_64; rv:125.0) Gecko/20100101 Firefox/125.0"
jomarlogistica.com.br:80 152.42.163.147 - - [21/Sep/2025:01:04:31 -0300] "GET /wp-content/themes/pridmag/db.php HTTP/1.1" 404 448 "-" "Mozilla/5.0 (X11; Linux x86_64) AppleWebKit/537.36 (KHTML, like Gecko) Chrome/123.0.0.0 Safari/537.36"
jomarlogistica.com.br:80 152.42.163.147 - - [21/Sep/2025:01:04:35 -0300] "GET /wp-content/themes/pridmag/db.php HTTP/1.1" 404 448 "-" "Mozilla/5.0 (iPad; CPU OS 17_5 like Mac OS X) AppleWebKit/605.1.15 (KHTML, like Gecko) Version/17.5 Mobile/15E148 Safari/604.1"
jomarlogistica.com.br:80 152.42.163.147 - - [21/Sep/2025:01:04:41 -0300] "GET /wp-content/plugins/WordPressCore/include.php HTTP/1.1" 404 448 "-" "Mozilla/5.0 (X11; Linux x86_64) AppleWebKit/537.36 (KHTML, like Gecko) Chrome/123.0.0.0 Safari/537.36"
jomarlogistica.com.br:80 152.42.163.147 - - [21/Sep/2025:01:04:46 -0300] "GET /wp-content/plugins/WordPressCore/include.php HTTP/1.1" 404 448 "-" "Mozilla/5.0 (Windows NT 10.0; rv:124.0) Gecko/20100101 Firefox/124.0"
jomarlogistica.com.br:80 152.42.163.147 - - [21/Sep/2025:01:04:51 -0300] "GET /wp-content/plugins/WordPressCore-1/include.php HTTP/1.1" 404 448 "-" "Mozilla/5.0 (Linux; Android 11; SM-A205U) AppleWebKit/537.36 (KHTML, like Gecko) Chrome/124.0.0.0 Mobile Safari/537.36"
jomarlogistica.com.br:80 152.42.163.147 - - [21/Sep/2025:01:04:57 -0300] "GET /wp-content/plugins/WordPressCore-1/include.php HTTP/1.1" 404 448 "-" "Mozilla/5.0 (X11; Linux x86_64) AppleWebKit/537.36 (KHTML, like Gecko) Chrome/123.0.0.0 Safari/537.36"
jomarlogistica.com.br:80 152.42.163.147 - - [21/Sep/2025:01:05:01 -0300] "GET /wp-content/themes/include.php HTTP/1.1" 404 448 "-" "Mozilla/5.0 (iPad; CPU OS 17_5 like Mac OS X) AppleWebKit/605.1.15 (KHTML, like Gecko) Version/17.5 Mobile/15E148 Safari/604.1"
jomarlogistica.com.br:80 152.42.163.147 - - [21/Sep/2025:01:05:06 -0300] "GET /wp-content/themes/include.php HTTP/1.1" 404 448 "-" "Mozilla/5.0 (Windows NT 10.0; rv:124.0) Gecko/20100101 Firefox/124.0"
jomarlogistica.com.br:80 152.42.163.147 - - [21/Sep/2025:01:05:12 -0300] "GET /wp-content/plugins/include.php HTTP/1.1" 404 448 "-" "Mozilla/5.0 (Windows NT 10.0; Win64; x64) AppleWebKit/537.36 (KHTML, like Gecko) Chrome/125.0.0.0 Safari/537.36"
jomarlogistica.com.br:80 152.42.163.147 - - [21/Sep/2025:01:05:16 -0300] "GET /wp-content/plugins/include.php HTTP/1.1" 404 448 "-" "Mozilla/5.0 (Windows NT 10.0; Win64; x64) AppleWebKit/537.36 (KHTML, like Gecko) Chrome/125.0.0.0 Safari/537.36"
jomarlogistica.com.br:80 152.42.163.147 - - [21/Sep/2025:01:05:21 -0300] "GET /wp-content/plugins/core-plugin/include.php HTTP/1.1" 404 448 "-" "Mozilla/5.0 (iPhone; CPU iPhone OS 17_5 like Mac OS X) AppleWebKit/605.1.15 (KHTML, like Gecko) Version/17.5 Mobile/15E148 Safari/604.1"
jomarlogistica.com.br:80 172.20.1.117 - - [21/Sep/2025:01:05:26 -0300] "POST /wp-cron.php?doing_wp_cron=1758427526.1295731067657470703125 HTTP/1.1" 200 389 "https://jomarlogistica.com.br/wp-cron.php?doing_wp_cron=1758427526.1295731067657470703125" "WordPress/5.8.10; https://jomarlogistica.com.br"
jomarlogistica.com.br:80 152.42.163.147 - - [21/Sep/2025:01:05:25 -0300] "GET /wp-content/plugins/core-plugin/include.php HTTP/1.1" 404 448 "-" "Mozilla/5.0 (Windows NT 10.0; Win64; x64) AppleWebKit/537.36 (KHTML, like Gecko) Chrome/125.0.0.0 Safari/537.36"
jomarlogistica.com.br:80 127.0.0.1 - - [21/Sep/2025:01:05:31 -0300] "OPTIONS * HTTP/1.0" 200 110 "-" "Apache/2.4.65 (Ubuntu) (internal dummy connection)"
jomarlogistica.com.br:80 152.42.163.147 - - [21/Sep/2025:01:05:33 -0300] "GET /wp-content/plugins/core-plugin-1/include.php HTTP/1.1" 404 448 "-" "Mozilla/5.0 (Windows NT 10.0; rv:124.0) Gecko/20100101 Firefox/124.0"
jomarlogistica.com.br:80 152.42.163.147 - - [21/Sep/2025:01:05:35 -0300] "GET /wp-content/plugins/core-plugin-1/include.php HTTP/1.1" 404 448 "-" "Mozilla/5.0 (iPhone; CPU iPhone OS 17_5 like Mac OS X) AppleWebKit/605.1.15 (KHTML, like Gecko) Version/17.5 Mobile/15E148 Safari/604.1"
jomarlogistica.com.br:80 152.42.163.147 - - [21/Sep/2025:01:05:39 -0300] "GET /wp-includes/images/include.php HTTP/1.1" 404 448 "-" "Mozilla/5.0 (Windows NT 10.0; rv:124.0) Gecko/20100101 Firefox/124.0"
jomarlogistica.com.br:80 152.42.163.147 - - [21/Sep/2025:01:05:42 -0300] "GET /wp-includes/images/include.php HTTP/1.1" 404 448 "-" "Mozilla/5.0 (Windows NT 10.0; rv:124.0) Gecko/20100101 Firefox/124.0"
jomarlogistica.com.br:80 152.42.163.147 - - [21/Sep/2025:01:05:47 -0300] "GET /wp-includes/widgets/include.php HTTP/1.1" 404 448 "-" "Mozilla/5.0 (Linux; Android 13; Pixel 7 Pro) AppleWebKit/537.36 (KHTML, like Gecko) Chrome/125.0.0.0 Mobile Safari/537.36"
jomarlogistica.com.br:80 152.42.163.147 - - [21/Sep/2025:01:05:51 -0300] "GET /wp-includes/widgets/include.php HTTP/1.1" 404 448 "-" "Mozilla/5.0 (X11; Ubuntu; Linux x86_64; rv:125.0) Gecko/20100101 Firefox/125.0"
jomarlogistica.com.br:80 172.20.1.117 - - [21/Sep/2025:01:08:03 -0300] "POST /wp-cron.php?doing_wp_cron=1758427683.0923700332641601562500 HTTP/1.1" 200 389 "https://jomarlogistica.com.br/wp-cron.php?doing_wp_cron=1758427683.0923700332641601562500" "WordPress/5.8.10; https://jomarlogistica.com.br"
jomarlogistica.com.br:80 3.222.190.107 - - [21/Sep/2025:01:08:02 -0300] "GET /2023/08/28/a-guide-to-virtual-data-rooms-for-ma-due-diligence/ HTTP/1.1" 200 17240 "-" "Mozilla/5.0 AppleWebKit/537.36 (KHTML, like Gecko; compatible; Amazonbot/0.1; +https://developer.amazon.com/support/amazonbot) Chrome/119.0.6045.214 Safari/537.36"
jomarlogistica.com.br:80 98.83.226.125 - - [21/Sep/2025:01:08:08 -0300] "GET /2024/01/27/bolsa-de-trabajo-en-area-legal-encuentra-empleos-legales/ HTTP/1.1" 200 14567 "-" "Mozilla/5.0 AppleWebKit/537.36 (KHTML, like Gecko; compatible; Amazonbot/0.1; +https://developer.amazon.com/support/amazonbot) Chrome/119.0.6045.214 Safari/537.36"
jomarlogistica.com.br:80 34.235.239.240 - - [21/Sep/2025:01:08:11 -0300] "GET /2023/02/09/having-a-small-ceremony-wedding/ HTTP/1.1" 200 18079 "-" "Mozilla/5.0 AppleWebKit/537.36 (KHTML, like Gecko; compatible; Amazonbot/0.1; +https://developer.amazon.com/support/amazonbot) Chrome/119.0.6045.214 Safari/537.36"
jomarlogistica.com.br:80 3.235.215.92 - - [21/Sep/2025:01:08:14 -0300] "GET /2022/12/31/how-to-locate-the-best-all-mail-order-star-of-the-event-service/ HTTP/1.1" 200 17187 "-" "Mozilla/5.0 AppleWebKit/537.36 (KHTML, like Gecko; compatible; Amazonbot/0.1; +https://developer.amazon.com/support/amazonbot) Chrome/119.0.6045.214 Safari/537.36"
jomarlogistica.com.br:80 23.21.179.120 - - [21/Sep/2025:01:08:18 -0300] "GET /2023/06/11/exactly-what-is-a-personal-info-room/ HTTP/1.1" 200 17354 "-" "Mozilla/5.0 AppleWebKit/537.36 (KHTML, like Gecko; compatible; Amazonbot/0.1; +https://developer.amazon.com/support/amazonbot) Chrome/119.0.6045.214 Safari/537.36"
jomarlogistica.com.br:80 127.0.0.1 - - [21/Sep/2025:01:08:20 -0300] "OPTIONS * HTTP/1.0" 200 110 "-" "Apache/2.4.65 (Ubuntu) (internal dummy connection)"
jomarlogistica.com.br:80 54.225.181.161 - - [21/Sep/2025:01:08:22 -0300] "GET /2023/06/19/marital-relationship-certificate-requirements/ HTTP/1.1" 200 17315 "-" "Mozilla/5.0 AppleWebKit/537.36 (KHTML, like Gecko; compatible; Amazonbot/0.1; +https://developer.amazon.com/support/amazonbot) Chrome/119.0.6045.214 Safari/537.36"
jomarlogistica.com.br:80 34.197.28.78 - - [21/Sep/2025:01:08:27 -0300] "GET /2024/03/09/boat-joint-ownership-agreement-contract-legal-guidelines-templates/ HTTP/1.1" 200 14790 "-" "Mozilla/5.0 AppleWebKit/537.36 (KHTML, like Gecko; compatible; Amazonbot/0.1; +https://developer.amazon.com/support/amazonbot) Chrome/119.0.6045.214 Safari/537.36"
jomarlogistica.com.br:80 34.233.114.237 - - [21/Sep/2025:01:08:30 -0300] "GET /2022/12/18/greatest-places-to-honeymoon/ HTTP/1.1" 200 18293 "-" "Mozilla/5.0 AppleWebKit/537.36 (KHTML, like Gecko; compatible; Amazonbot/0.1; +https://developer.amazon.com/support/amazonbot) Chrome/119.0.6045.214 Safari/537.36"
jomarlogistica.com.br:80 184.73.239.35 - - [21/Sep/2025:01:08:34 -0300] "GET /2023/08/07/greatest-vpn-just-for-playerunknowns-battlegrounds-global-pc/ HTTP/1.1" 200 17399 "-" "Mozilla/5.0 AppleWebKit/537.36 (KHTML, like Gecko; compatible; Amazonbot/0.1; +https://developer.amazon.com/support/amazonbot) Chrome/119.0.6045.214 Safari/537.36"
jomarlogistica.com.br:80 34.231.181.240 - - [21/Sep/2025:01:08:40 -0300] "GET /2023/05/24/cost-free-anti-spyware-windows-12-software/ HTTP/1.1" 200 17600 "-" "Mozilla/5.0 AppleWebKit/537.36 (KHTML, like Gecko; compatible; Amazonbot/0.1; +https://developer.amazon.com/support/amazonbot) Chrome/119.0.6045.214 Safari/537.36"
jomarlogistica.com.br:80 107.23.62.75 - - [21/Sep/2025:01:08:42 -0300] "GET /2022/08/01/are-court-dates-being-delayed-understanding-the-impact-on-legal-proceedings/ HTTP/1.1" 200 14555 "-" "Mozilla/5.0 AppleWebKit/537.36 (KHTML, like Gecko; compatible; Amazonbot/0.1; +https://developer.amazon.com/support/amazonbot) Chrome/119.0.6045.214 Safari/537.36"
jomarlogistica.com.br:80 44.217.255.167 - - [21/Sep/2025:01:08:46 -0300] "GET /2023/10/11/several-types-of-business-computer-software/ HTTP/1.1" 200 17326 "-" "Mozilla/5.0 AppleWebKit/537.36 (KHTML, like Gecko; compatible; Amazonbot/0.1; +https://developer.amazon.com/support/amazonbot) Chrome/119.0.6045.214 Safari/537.36"
jomarlogistica.com.br:80 135.181.79.90 - - [21/Sep/2025:01:09:58 -0300] "GET /2023/05/02/test-title/ HTTP/1.1" 200 77241 "https://jomarlogistica.com.br/2023/05/02/test-title/" "Mozilla/5.0 (Windows NT 10.0; Win64; x64) AppleWebKit/537.36 (KHTML, like Gecko) Chrome/130.0.0.0 Safari/537.36 CCleaner/130.0.0.0"
jomarlogistica.com.br:80 135.181.79.90 - - [21/Sep/2025:01:10:01 -0300] "GET /2023/11/15/how-to-organise-the-board-records-with-boardpro/ HTTP/1.1" 200 79592 "https://jomarlogistica.com.br/2023/11/15/how-to-organise-the-board-records-with-boardpro/" "Mozilla/5.0 (Windows NT 10.0; Win64; x64) AppleWebKit/537.36 (KHTML, like Gecko) Chrome/130.0.0.0 Safari/537.36 CCleaner/130.0.0.0"
jomarlogistica.com.br:80 135.181.79.90 - - [21/Sep/2025:01:10:03 -0300] "GET /contato/ HTTP/1.1" 200 79977 "https://jomarlogistica.com.br/contato/" "Mozilla/5.0 (Windows NT 10.0; Win64; x64) AppleWebKit/537.36 (KHTML, like Gecko) Chrome/130.0.0.0 Safari/537.36 CCleaner/130.0.0.0"
jomarlogistica.com.br:80 135.181.79.90 - - [21/Sep/2025:01:10:05 -0300] "POST /wp-json/contact-form-7/v1/contact-forms/5005/feedback HTTP/1.1" 200 865 "https://jomarlogistica.com.br/contato/" "Mozilla/5.0 (Windows NT 10.0; Win64; x64) AppleWebKit/537.36 (KHTML, like Gecko) Chrome/130.0.0.0 Safari/537.36 CCleaner/130.0.0.0"
jomarlogistica.com.br:80 172.20.1.117 - - [21/Sep/2025:01:12:12 -0300] "POST /wp-cron.php?doing_wp_cron=1758427932.2366230487823486328125 HTTP/1.1" 200 389 "https://jomarlogistica.com.br/wp-cron.php?doing_wp_cron=1758427932.2366230487823486328125" "WordPress/5.8.10; https://jomarlogistica.com.br"
jomarlogistica.com.br:80 57.141.0.48 - - [21/Sep/2025:01:12:11 -0300] "GET /2022/12/19/how-to-show-a-woman-that-you-appreciate-her/ HTTP/1.1" 200 80887 "-" "meta-externalagent/1.1 (+https://developers.facebook.com/docs/sharing/webmasters/crawler)"
jomarlogistica.com.br:80 127.0.0.1 - - [21/Sep/2025:01:12:17 -0300] "OPTIONS * HTTP/1.0" 200 110 "-" "Apache/2.4.65 (Ubuntu) (internal dummy connection)"
jomarlogistica.com.br:80 172.20.1.117 - - [21/Sep/2025:01:18:11 -0300] "POST /wp-cron.php?doing_wp_cron=1758428291.6042380332946777343750 HTTP/1.1" 200 389 "https://jomarlogistica.com.br/wp-cron.php?doing_wp_cron=1758428291.6042380332946777343750" "WordPress/5.8.10; https://jomarlogistica.com.br"
jomarlogistica.com.br:80 57.141.0.35 - - [21/Sep/2025:01:18:11 -0300] "GET /category/jomar/page/54/ HTTP/1.1" 200 94626 "-" "meta-externalagent/1.1 (+https://developers.facebook.com/docs/sharing/webmasters/crawler)"
jomarlogistica.com.br:80 127.0.0.1 - - [21/Sep/2025:01:18:17 -0300] "OPTIONS * HTTP/1.0" 200 110 "-" "Apache/2.4.65 (Ubuntu) (internal dummy connection)"
jomarlogistica.com.br:80 177.116.184.250 - - [21/Sep/2025:01:18:17 -0300] "POST /autodiscover/autodiscover.xml HTTP/1.1" 404 448 "-" "AppleExchangeWebServices/833 accountsd/113"
