jomarlogistica.com.br:80 3.223.181.32 - - [21/Sep/2025:07:48:02 -0300] "GET /2022/09/06/a-few-qualities-which-will-make-an-oriental-woman-a-very-good-wife/ HTTP/1.1" 200 18032 "-" "Mozilla/5.0 AppleWebKit/537.36 (KHTML, like Gecko; compatible; Amazonbot/0.1; +https://developer.amazon.com/support/amazonbot) Chrome/119.0.6045.214 Safari/537.36"
jomarlogistica.com.br:80 34.236.185.101 - - [21/Sep/2025:07:48:06 -0300] "GET /2023/04/07/seeing-someone-by-a-different-nation/ HTTP/1.1" 200 18090 "-" "Mozilla/5.0 AppleWebKit/537.36 (KHTML, like Gecko; compatible; Amazonbot/0.1; +https://developer.amazon.com/support/amazonbot) Chrome/119.0.6045.214 Safari/537.36"
jomarlogistica.com.br:80 177.116.184.250 - - [21/Sep/2025:07:50:44 -0300] "POST /autodiscover/autodiscover.xml HTTP/1.1" 404 448 "-" "AppleExchangeWebServices/833 accountsd/113"
jomarlogistica.com.br:80 172.20.1.117 - - [21/Sep/2025:08:02:00 -0300] "POST /wp-cron.php?doing_wp_cron=1758452520.8157649040222167968750 HTTP/1.1" 200 389 "https://jomarlogistica.com.br/wp-cron.php?doing_wp_cron=1758452520.8157649040222167968750" "WordPress/5.8.10; https://jomarlogistica.com.br"
jomarlogistica.com.br:80 177.116.184.250 - - [21/Sep/2025:08:02:00 -0300] "POST /autodiscover/autodiscover.xml HTTP/1.1" 404 448 "-" "AppleExchangeWebServices/833 accountsd/113"
jomarlogistica.com.br:80 127.0.0.1 - - [21/Sep/2025:08:02:05 -0300] "OPTIONS * HTTP/1.0" 200 110 "-" "Apache/2.4.65 (Ubuntu) (internal dummy connection)"
jomarlogistica.com.br:80 172.20.1.117 - - [21/Sep/2025:08:08:43 -0300] "POST /wp-cron.php?doing_wp_cron=1758452923.3419430255889892578125 HTTP/1.1" 200 389 "https://jomarlogistica.com.br/wp-cron.php?doing_wp_cron=1758452923.3419430255889892578125" "WordPress/5.8.10; https://jomarlogistica.com.br"
jomarlogistica.com.br:80 23.21.175.228 - - [21/Sep/2025:08:08:42 -0300] "GET /blog-standard-left-sidebar/page/41/ HTTP/1.1" 200 19317 "-" "Mozilla/5.0 AppleWebKit/537.36 (KHTML, like Gecko; compatible; Amazonbot/0.1; +https://developer.amazon.com/support/amazonbot) Chrome/119.0.6045.214 Safari/537.36"
jomarlogistica.com.br:80 127.0.0.1 - - [21/Sep/2025:08:08:48 -0300] "OPTIONS * HTTP/1.0" 200 110 "-" "Apache/2.4.65 (Ubuntu) (internal dummy connection)"
jomarlogistica.com.br:80 172.20.1.117 - - [21/Sep/2025:08:15:42 -0300] "POST /wp-cron.php?doing_wp_cron=1758453342.4657900333404541015625 HTTP/1.1" 200 389 "https://jomarlogistica.com.br/wp-cron.php?doing_wp_cron=1758453342.4657900333404541015625" "WordPress/5.8.10; https://jomarlogistica.com.br"
jomarlogistica.com.br:80 69.171.249.7 - - [21/Sep/2025:08:15:42 -0300] "GET /robots.txt HTTP/1.1" 206 610 "-" "facebookexternalhit/1.1 (+http://www.facebook.com/externalhit_uatext.php)"
jomarlogistica.com.br:80 127.0.0.1 - - [21/Sep/2025:08:15:47 -0300] "OPTIONS * HTTP/1.0" 200 110 "-" "Apache/2.4.65 (Ubuntu) (internal dummy connection)"
jomarlogistica.com.br:80 172.20.1.117 - - [21/Sep/2025:08:19:47 -0300] "POST /wp-cron.php?doing_wp_cron=1758453587.4528410434722900390625 HTTP/1.1" 200 389 "https://jomarlogistica.com.br/wp-cron.php?doing_wp_cron=1758453587.4528410434722900390625" "WordPress/5.8.10; https://jomarlogistica.com.br"
jomarlogistica.com.br:80 177.116.184.250 - - [21/Sep/2025:08:19:46 -0300] "POST /autodiscover/autodiscover.xml HTTP/1.1" 404 448 "-" "AppleExchangeWebServices/833 accountsd/113"
jomarlogistica.com.br:80 127.0.0.1 - - [21/Sep/2025:08:19:52 -0300] "OPTIONS * HTTP/1.0" 200 110 "-" "Apache/2.4.65 (Ubuntu) (internal dummy connection)"
jomarlogistica.com.br:80 172.20.1.117 - - [21/Sep/2025:08:31:00 -0300] "POST /wp-cron.php?doing_wp_cron=1758454260.3529219627380371093750 HTTP/1.1" 200 389 "https://jomarlogistica.com.br/wp-cron.php?doing_wp_cron=1758454260.3529219627380371093750" "WordPress/5.8.10; https://jomarlogistica.com.br"
jomarlogistica.com.br:80 216.244.66.226 - - [21/Sep/2025:08:30:59 -0300] "GET /robots.txt HTTP/1.1" 200 565 "-" "Mozilla/5.0 (compatible; DotBot/1.2; +https://opensiteexplorer.org/dotbot; help@moz.com)"
jomarlogistica.com.br:80 127.0.0.1 - - [21/Sep/2025:08:31:05 -0300] "OPTIONS * HTTP/1.0" 200 110 "-" "Apache/2.4.65 (Ubuntu) (internal dummy connection)"
jomarlogistica.com.br:80 216.39.248.90 - - [21/Sep/2025:08:32:12 -0300] "GET /wp-admin/css/ HTTP/1.1" 403 2493 "binance.com" "Mozilla/5.0 (Windows NT 10.0; Win64; x64) AppleWebKit/537.36 (KHTML, like Gecko) Chrome/90.0.4430.85 Safari/537.36"
jomarlogistica.com.br:80 172.20.1.117 - - [21/Sep/2025:08:35:35 -0300] "POST /wp-cron.php?doing_wp_cron=1758454535.0035679340362548828125 HTTP/1.1" 200 389 "https://jomarlogistica.com.br/wp-cron.php?doing_wp_cron=1758454535.0035679340362548828125" "WordPress/5.8.10; https://jomarlogistica.com.br"
jomarlogistica.com.br:80 104.210.140.138 - - [21/Sep/2025:08:35:34 -0300] "GET /robots.txt HTTP/1.1" 200 584 "-" "Mozilla/5.0 (Macintosh; Intel Mac OS X 10_15_7) AppleWebKit/537.36 (KHTML, like Gecko) Chrome/131.0.0.0 Safari/537.36; compatible; OAI-SearchBot/1.0; +https://openai.com/searchbot"
jomarlogistica.com.br:80 127.0.0.1 - - [21/Sep/2025:08:35:39 -0300] "OPTIONS * HTTP/1.0" 200 110 "-" "Apache/2.4.65 (Ubuntu) (internal dummy connection)"
jomarlogistica.com.br:80 172.20.1.117 - - [21/Sep/2025:08:38:51 -0300] "POST /wp-cron.php?doing_wp_cron=1758454731.3635399341583251953125 HTTP/1.1" 200 389 "https://jomarlogistica.com.br/wp-cron.php?doing_wp_cron=1758454731.3635399341583251953125" "WordPress/5.8.10; https://jomarlogistica.com.br"
jomarlogistica.com.br:80 177.116.184.250 - - [21/Sep/2025:08:38:51 -0300] "POST /autodiscover/autodiscover.xml HTTP/1.1" 404 448 "-" "AppleExchangeWebServices/833 accountsd/113"
jomarlogistica.com.br:80 127.0.0.1 - - [21/Sep/2025:08:38:56 -0300] "OPTIONS * HTTP/1.0" 200 110 "-" "Apache/2.4.65 (Ubuntu) (internal dummy connection)"
jomarlogistica.com.br:80 114.119.159.76 - - [21/Sep/2025:08:39:38 -0300] "GET /author/jomar/page/53/ HTTP/1.1" 200 18829 "https://jomarlogistica.com.br/author/jomar/page/54/" "Mozilla/5.0 (Linux; Android 7.0;) AppleWebKit/537.36 (KHTML, like Gecko) Mobile Safari/537.36 (compatible; PetalBot;+https://webmaster.petalsearch.com/site/petalbot)"
jomarlogistica.com.br:80 114.119.138.207 - - [21/Sep/2025:08:41:00 -0300] "GET /author/jomar/page/5/ HTTP/1.1" 200 18554 "https://jomarlogistica.com.br/author/jomar/page/6/" "Mozilla/5.0 (Linux; Android 7.0;) AppleWebKit/537.36 (KHTML, like Gecko) Mobile Safari/537.36 (compatible; PetalBot;+https://webmaster.petalsearch.com/site/petalbot)"
jomarlogistica.com.br:80 172.20.1.117 - - [21/Sep/2025:08:42:16 -0300] "POST /wp-cron.php?doing_wp_cron=1758454936.7503159046173095703125 HTTP/1.1" 200 389 "https://jomarlogistica.com.br/wp-cron.php?doing_wp_cron=1758454936.7503159046173095703125" "WordPress/5.8.10; https://jomarlogistica.com.br"
jomarlogistica.com.br:80 114.119.136.72 - - [21/Sep/2025:08:42:16 -0300] "GET /2022/page/6/ HTTP/1.1" 200 18624 "https://jomarlogistica.com.br/2022/page/7/" "Mozilla/5.0 (Linux; Android 7.0;) AppleWebKit/537.36 (KHTML, like Gecko) Mobile Safari/537.36 (compatible; PetalBot;+https://webmaster.petalsearch.com/site/petalbot)"
jomarlogistica.com.br:80 127.0.0.1 - - [21/Sep/2025:08:42:21 -0300] "OPTIONS * HTTP/1.0" 200 110 "-" "Apache/2.4.65 (Ubuntu) (internal dummy connection)"
jomarlogistica.com.br:80 114.119.135.84 - - [21/Sep/2025:08:43:51 -0300] "GET /2022/09/08/mutually-beneficial-relationship-sugar-daddy/ HTTP/1.1" 200 17459 "https://jomarlogistica.com.br/2022/page/15/" "Mozilla/5.0 (Linux; Android 7.0;) AppleWebKit/537.36 (KHTML, like Gecko) Mobile Safari/537.36 (compatible; PetalBot;+https://webmaster.petalsearch.com/site/petalbot)"
jomarlogistica.com.br:80 193.26.115.195 - - [21/Sep/2025:08:45:28 -0300] "GET /wp-content/plugins/core/include.php HTTP/1.1" 404 448 "-" "Mozlila/5.0 (Linux; Android 7.0; SM-G892A Bulid/NRD90M; wv) AppleWebKit/537.36 (KHTML, like Gecko) Version/4.0 Chrome/60.0.3112.107 Moblie Safari/537.36"
jomarlogistica.com.br:80 193.26.115.195 - - [21/Sep/2025:08:45:30 -0300] "GET /ws.php HTTP/1.1" 404 448 "-" "Mozlila/5.0 (Linux; Android 7.0; SM-G892A Bulid/NRD90M; wv) AppleWebKit/537.36 (KHTML, like Gecko) Version/4.0 Chrome/60.0.3112.107 Moblie Safari/537.36"
jomarlogistica.com.br:80 193.26.115.195 - - [21/Sep/2025:08:45:31 -0300] "GET /404.php HTTP/1.1" 404 448 "-" "Mozlila/5.0 (Linux; Android 7.0; SM-G892A Bulid/NRD90M; wv) AppleWebKit/537.36 (KHTML, like Gecko) Version/4.0 Chrome/60.0.3112.107 Moblie Safari/537.36"
jomarlogistica.com.br:80 193.26.115.195 - - [21/Sep/2025:08:45:32 -0300] "GET /wp.php HTTP/1.1" 404 448 "-" "Mozlila/5.0 (Linux; Android 7.0; SM-G892A Bulid/NRD90M; wv) AppleWebKit/537.36 (KHTML, like Gecko) Version/4.0 Chrome/60.0.3112.107 Moblie Safari/537.36"
jomarlogistica.com.br:80 193.26.115.195 - - [21/Sep/2025:08:45:33 -0300] "GET /wp-head.php HTTP/1.1" 404 467 "-" "Mozlila/5.0 (Linux; Android 7.0; SM-G892A Bulid/NRD90M; wv) AppleWebKit/537.36 (KHTML, like Gecko) Version/4.0 Chrome/60.0.3112.107 Moblie Safari/537.36"
jomarlogistica.com.br:80 193.26.115.195 - - [21/Sep/2025:08:45:35 -0300] "GET /wp-includes/wp-class.php HTTP/1.1" 404 448 "-" "Mozlila/5.0 (Linux; Android 7.0; SM-G892A Bulid/NRD90M; wv) AppleWebKit/537.36 (KHTML, like Gecko) Version/4.0 Chrome/60.0.3112.107 Moblie Safari/537.36"
jomarlogistica.com.br:80 193.26.115.195 - - [21/Sep/2025:08:45:36 -0300] "GET /wp-content/themes/twenty/twenty.php HTTP/1.1" 404 448 "-" "Mozlila/5.0 (Linux; Android 7.0; SM-G892A Bulid/NRD90M; wv) AppleWebKit/537.36 (KHTML, like Gecko) Version/4.0 Chrome/60.0.3112.107 Moblie Safari/537.36"
jomarlogistica.com.br:80 193.26.115.195 - - [21/Sep/2025:08:45:38 -0300] "GET /wp-content/plugins/press/wp-class.php HTTP/1.1" 404 448 "-" "Mozlila/5.0 (Linux; Android 7.0; SM-G892A Bulid/NRD90M; wv) AppleWebKit/537.36 (KHTML, like Gecko) Version/4.0 Chrome/60.0.3112.107 Moblie Safari/537.36"
jomarlogistica.com.br:80 193.26.115.195 - - [21/Sep/2025:08:45:39 -0300] "GET /fm1.php HTTP/1.1" 404 448 "-" "Mozlila/5.0 (Linux; Android 7.0; SM-G892A Bulid/NRD90M; wv) AppleWebKit/537.36 (KHTML, like Gecko) Version/4.0 Chrome/60.0.3112.107 Moblie Safari/537.36"
jomarlogistica.com.br:80 193.26.115.195 - - [21/Sep/2025:08:45:40 -0300] "GET /alfadheat.php HTTP/1.1" 404 448 "-" "Mozlila/5.0 (Linux; Android 7.0; SM-G892A Bulid/NRD90M; wv) AppleWebKit/537.36 (KHTML, like Gecko) Version/4.0 Chrome/60.0.3112.107 Moblie Safari/537.36"
jomarlogistica.com.br:80 193.26.115.195 - - [21/Sep/2025:08:45:41 -0300] "GET /M1.php HTTP/1.1" 404 448 "-" "Mozlila/5.0 (Linux; Android 7.0; SM-G892A Bulid/NRD90M; wv) AppleWebKit/537.36 (KHTML, like Gecko) Version/4.0 Chrome/60.0.3112.107 Moblie Safari/537.36"
jomarlogistica.com.br:80 193.26.115.195 - - [21/Sep/2025:08:45:43 -0300] "GET /admin.php HTTP/1.1" 404 467 "-" "Mozlila/5.0 (Linux; Android 7.0; SM-G892A Bulid/NRD90M; wv) AppleWebKit/537.36 (KHTML, like Gecko) Version/4.0 Chrome/60.0.3112.107 Moblie Safari/537.36"
jomarlogistica.com.br:80 127.0.0.1 - - [21/Sep/2025:08:45:44 -0300] "OPTIONS * HTTP/1.0" 200 110 "-" "Apache/2.4.65 (Ubuntu) (internal dummy connection)"
jomarlogistica.com.br:80 193.26.115.195 - - [21/Sep/2025:08:45:44 -0300] "GET /wp-admin/images/admin.php HTTP/1.1" 404 448 "-" "Mozlila/5.0 (Linux; Android 7.0; SM-G892A Bulid/NRD90M; wv) AppleWebKit/537.36 (KHTML, like Gecko) Version/4.0 Chrome/60.0.3112.107 Moblie Safari/537.36"
jomarlogistica.com.br:80 193.26.115.195 - - [21/Sep/2025:08:45:46 -0300] "GET /alfanew.php7 HTTP/1.1" 404 448 "-" "Mozlila/5.0 (Linux; Android 7.0; SM-G892A Bulid/NRD90M; wv) AppleWebKit/537.36 (KHTML, like Gecko) Version/4.0 Chrome/60.0.3112.107 Moblie Safari/537.36"
jomarlogistica.com.br:80 193.26.115.195 - - [21/Sep/2025:08:45:48 -0300] "GET /.well-known/wso112233.php HTTP/1.1" 404 448 "-" "Mozlila/5.0 (Linux; Android 7.0; SM-G892A Bulid/NRD90M; wv) AppleWebKit/537.36 (KHTML, like Gecko) Version/4.0 Chrome/60.0.3112.107 Moblie Safari/537.36"
jomarlogistica.com.br:80 193.26.115.195 - - [21/Sep/2025:08:45:49 -0300] "GET /about.php HTTP/1.1" 404 448 "-" "Mozlila/5.0 (Linux; Android 7.0; SM-G892A Bulid/NRD90M; wv) AppleWebKit/537.36 (KHTML, like Gecko) Version/4.0 Chrome/60.0.3112.107 Moblie Safari/537.36"
jomarlogistica.com.br:80 193.26.115.195 - - [21/Sep/2025:08:45:51 -0300] "GET /wp-content/shell20211028.php HTTP/1.1" 404 467 "-" "Mozlila/5.0 (Linux; Android 7.0; SM-G892A Bulid/NRD90M; wv) AppleWebKit/537.36 (KHTML, like Gecko) Version/4.0 Chrome/60.0.3112.107 Moblie Safari/537.36"
jomarlogistica.com.br:80 193.26.115.195 - - [21/Sep/2025:08:45:52 -0300] "GET /repeater.php HTTP/1.1" 404 448 "-" "Mozlila/5.0 (Linux; Android 7.0; SM-G892A Bulid/NRD90M; wv) AppleWebKit/537.36 (KHTML, like Gecko) Version/4.0 Chrome/60.0.3112.107 Moblie Safari/537.36"
jomarlogistica.com.br:80 193.26.115.195 - - [21/Sep/2025:08:45:54 -0300] "GET /wp-content/themes/finley/min.php HTTP/1.1" 404 448 "-" "Mozlila/5.0 (Linux; Android 7.0; SM-G892A Bulid/NRD90M; wv) AppleWebKit/537.36 (KHTML, like Gecko) Version/4.0 Chrome/60.0.3112.107 Moblie Safari/537.36"
jomarlogistica.com.br:80 193.26.115.195 - - [21/Sep/2025:08:45:55 -0300] "GET /wso112233.php HTTP/1.1" 404 448 "-" "Mozlila/5.0 (Linux; Android 7.0; SM-G892A Bulid/NRD90M; wv) AppleWebKit/537.36 (KHTML, like Gecko) Version/4.0 Chrome/60.0.3112.107 Moblie Safari/537.36"
jomarlogistica.com.br:80 193.26.115.195 - - [21/Sep/2025:08:45:56 -0300] "GET /dropdown.php HTTP/1.1" 404 448 "-" "Mozlila/5.0 (Linux; Android 7.0; SM-G892A Bulid/NRD90M; wv) AppleWebKit/537.36 (KHTML, like Gecko) Version/4.0 Chrome/60.0.3112.107 Moblie Safari/537.36"
jomarlogistica.com.br:80 193.26.115.195 - - [21/Sep/2025:08:45:57 -0300] "GET /wp-admin/dropdown.php HTTP/1.1" 404 467 "-" "Mozlila/5.0 (Linux; Android 7.0; SM-G892A Bulid/NRD90M; wv) AppleWebKit/537.36 (KHTML, like Gecko) Version/4.0 Chrome/60.0.3112.107 Moblie Safari/537.36"
jomarlogistica.com.br:80 193.26.115.195 - - [21/Sep/2025:08:46:00 -0300] "GET /shell20211028.php HTTP/1.1" 404 448 "-" "Mozlila/5.0 (Linux; Android 7.0; SM-G892A Bulid/NRD90M; wv) AppleWebKit/537.36 (KHTML, like Gecko) Version/4.0 Chrome/60.0.3112.107 Moblie Safari/537.36"
jomarlogistica.com.br:80 193.26.115.195 - - [21/Sep/2025:08:46:01 -0300] "GET /wp-content/plugins/Cache/Cache.php HTTP/1.1" 404 448 "-" "Mozlila/5.0 (Linux; Android 7.0; SM-G892A Bulid/NRD90M; wv) AppleWebKit/537.36 (KHTML, like Gecko) Version/4.0 Chrome/60.0.3112.107 Moblie Safari/537.36"
jomarlogistica.com.br:80 193.26.115.195 - - [21/Sep/2025:08:46:02 -0300] "GET /wp-includes/IXR/themes.php HTTP/1.1" 404 448 "-" "Mozlila/5.0 (Linux; Android 7.0; SM-G892A Bulid/NRD90M; wv) AppleWebKit/537.36 (KHTML, like Gecko) Version/4.0 Chrome/60.0.3112.107 Moblie Safari/537.36"
jomarlogistica.com.br:80 193.26.115.195 - - [21/Sep/2025:08:46:03 -0300] "GET /.well-known/pki-validation/about.php HTTP/1.1" 404 448 "-" "Mozlila/5.0 (Linux; Android 7.0; SM-G892A Bulid/NRD90M; wv) AppleWebKit/537.36 (KHTML, like Gecko) Version/4.0 Chrome/60.0.3112.107 Moblie Safari/537.36"
jomarlogistica.com.br:80 193.26.115.195 - - [21/Sep/2025:08:46:04 -0300] "GET /wp-header.php HTTP/1.1" 404 448 "-" "Mozlila/5.0 (Linux; Android 7.0; SM-G892A Bulid/NRD90M; wv) AppleWebKit/537.36 (KHTML, like Gecko) Version/4.0 Chrome/60.0.3112.107 Moblie Safari/537.36"
jomarlogistica.com.br:80 193.26.115.195 - - [21/Sep/2025:08:46:06 -0300] "GET /alfanew.php HTTP/1.1" 404 467 "-" "Mozlila/5.0 (Linux; Android 7.0; SM-G892A Bulid/NRD90M; wv) AppleWebKit/537.36 (KHTML, like Gecko) Version/4.0 Chrome/60.0.3112.107 Moblie Safari/537.36"
jomarlogistica.com.br:80 127.0.0.1 - - [21/Sep/2025:08:46:07 -0300] "OPTIONS * HTTP/1.0" 200 110 "-" "Apache/2.4.65 (Ubuntu) (internal dummy connection)"
jomarlogistica.com.br:80 193.26.115.195 - - [21/Sep/2025:08:46:07 -0300] "GET /wp-includes/ID3/about.php HTTP/1.1" 404 448 "-" "Mozlila/5.0 (Linux; Android 7.0; SM-G892A Bulid/NRD90M; wv) AppleWebKit/537.36 (KHTML, like Gecko) Version/4.0 Chrome/60.0.3112.107 Moblie Safari/537.36"
jomarlogistica.com.br:80 193.26.115.195 - - [21/Sep/2025:08:46:08 -0300] "GET /wp-2019.php HTTP/1.1" 404 448 "-" "Mozlila/5.0 (Linux; Android 7.0; SM-G892A Bulid/NRD90M; wv) AppleWebKit/537.36 (KHTML, like Gecko) Version/4.0 Chrome/60.0.3112.107 Moblie Safari/537.36"
jomarlogistica.com.br:80 193.26.115.195 - - [21/Sep/2025:08:46:09 -0300] "GET /autoload_classmap.php HTTP/1.1" 404 448 "-" "Mozlila/5.0 (Linux; Android 7.0; SM-G892A Bulid/NRD90M; wv) AppleWebKit/537.36 (KHTML, like Gecko) Version/4.0 Chrome/60.0.3112.107 Moblie Safari/537.36"
jomarlogistica.com.br:80 193.26.115.195 - - [21/Sep/2025:08:46:11 -0300] "GET /wp-includes/ID3/wp-login.php HTTP/1.1" 404 448 "-" "Mozlila/5.0 (Linux; Android 7.0; SM-G892A Bulid/NRD90M; wv) AppleWebKit/537.36 (KHTML, like Gecko) Version/4.0 Chrome/60.0.3112.107 Moblie Safari/537.36"
jomarlogistica.com.br:80 193.26.115.195 - - [21/Sep/2025:08:46:12 -0300] "GET /wp-includes/SimplePie/plugins.php HTTP/1.1" 404 448 "-" "Mozlila/5.0 (Linux; Android 7.0; SM-G892A Bulid/NRD90M; wv) AppleWebKit/537.36 (KHTML, like Gecko) Version/4.0 Chrome/60.0.3112.107 Moblie Safari/537.36"
jomarlogistica.com.br:80 193.26.115.195 - - [21/Sep/2025:08:46:13 -0300] "GET /wp-content/plugins/alfa-rex.php HTTP/1.1" 404 467 "-" "Mozlila/5.0 (Linux; Android 7.0; SM-G892A Bulid/NRD90M; wv) AppleWebKit/537.36 (KHTML, like Gecko) Version/4.0 Chrome/60.0.3112.107 Moblie Safari/537.36"
jomarlogistica.com.br:80 127.0.0.1 - - [21/Sep/2025:08:46:14 -0300] "OPTIONS * HTTP/1.0" 200 110 "-" "Apache/2.4.65 (Ubuntu) (internal dummy connection)"
jomarlogistica.com.br:80 193.26.115.195 - - [21/Sep/2025:08:46:14 -0300] "GET /wp-content/plugins/about.php HTTP/1.1" 404 448 "-" "Mozlila/5.0 (Linux; Android 7.0; SM-G892A Bulid/NRD90M; wv) AppleWebKit/537.36 (KHTML, like Gecko) Version/4.0 Chrome/60.0.3112.107 Moblie Safari/537.36"
jomarlogistica.com.br:80 193.26.115.195 - - [21/Sep/2025:08:46:15 -0300] "GET /wp-content/themes/about.php HTTP/1.1" 404 448 "-" "Mozlila/5.0 (Linux; Android 7.0; SM-G892A Bulid/NRD90M; wv) AppleWebKit/537.36 (KHTML, like Gecko) Version/4.0 Chrome/60.0.3112.107 Moblie Safari/537.36"
jomarlogistica.com.br:80 172.20.1.117 - - [21/Sep/2025:08:47:30 -0300] "POST /wp-cron.php?doing_wp_cron=1758455250.4187700748443603515625 HTTP/1.1" 200 389 "https://jomarlogistica.com.br/wp-cron.php?doing_wp_cron=1758455250.4187700748443603515625" "WordPress/5.8.10; https://jomarlogistica.com.br"
jomarlogistica.com.br:80 216.244.66.226 - - [21/Sep/2025:08:47:30 -0300] "GET /2023/01/20/how-to-find-a-russian-chat-room/ HTTP/1.1" 200 81261 "-" "Mozilla/5.0 (compatible; DotBot/1.2; +https://opensiteexplorer.org/dotbot; help@moz.com)"
jomarlogistica.com.br:80 127.0.0.1 - - [21/Sep/2025:08:47:36 -0300] "OPTIONS * HTTP/1.0" 200 110 "-" "Apache/2.4.65 (Ubuntu) (internal dummy connection)"
jomarlogistica.com.br:80 172.20.1.117 - - [21/Sep/2025:08:54:24 -0300] "POST /wp-cron.php?doing_wp_cron=1758455664.5343270301818847656250 HTTP/1.1" 200 389 "https://jomarlogistica.com.br/wp-cron.php?doing_wp_cron=1758455664.5343270301818847656250" "WordPress/5.8.10; https://jomarlogistica.com.br"
jomarlogistica.com.br:80 177.116.184.250 - - [21/Sep/2025:08:54:24 -0300] "POST /autodiscover/autodiscover.xml HTTP/1.1" 404 448 "-" "AppleExchangeWebServices/833 accountsd/113"
jomarlogistica.com.br:80 127.0.0.1 - - [21/Sep/2025:08:54:29 -0300] "OPTIONS * HTTP/1.0" 200 110 "-" "Apache/2.4.65 (Ubuntu) (internal dummy connection)"
jomarlogistica.com.br:80 34.194.14.255 - - [21/Sep/2025:08:55:54 -0300] "GET /2023/05/19/when-to-talk-about-exemption-in-internet-dating/ HTTP/1.1" 200 17497 "-" "Mozilla/5.0 AppleWebKit/537.36 (KHTML, like Gecko; compatible; Amazonbot/0.1; +https://developer.amazon.com/support/amazonbot) Chrome/119.0.6045.214 Safari/537.36"
jomarlogistica.com.br:80 3.218.35.239 - - [21/Sep/2025:08:55:58 -0300] "GET /2022/10/15/a-ecu-girl-looking-for-american-man/ HTTP/1.1" 200 18235 "-" "Mozilla/5.0 AppleWebKit/537.36 (KHTML, like Gecko; compatible; Amazonbot/0.1; +https://developer.amazon.com/support/amazonbot) Chrome/119.0.6045.214 Safari/537.36"
jomarlogistica.com.br:80 3.221.244.28 - - [21/Sep/2025:08:56:02 -0300] "GET /2023/09/09/the-way-to-select-the-best-vdr-providers/ HTTP/1.1" 200 17346 "-" "Mozilla/5.0 AppleWebKit/537.36 (KHTML, like Gecko; compatible; Amazonbot/0.1; +https://developer.amazon.com/support/amazonbot) Chrome/119.0.6045.214 Safari/537.36"
jomarlogistica.com.br:80 52.4.213.199 - - [21/Sep/2025:08:56:07 -0300] "GET /2023/03/02/best-cam-displays/ HTTP/1.1" 200 18086 "-" "Mozilla/5.0 AppleWebKit/537.36 (KHTML, like Gecko; compatible; Amazonbot/0.1; +https://developer.amazon.com/support/amazonbot) Chrome/119.0.6045.214 Safari/537.36"
jomarlogistica.com.br:80 18.213.240.226 - - [21/Sep/2025:08:56:10 -0300] "GET /2022/12/18/primary-date-etiquette-rules/ HTTP/1.1" 200 17409 "-" "Mozilla/5.0 AppleWebKit/537.36 (KHTML, like Gecko; compatible; Amazonbot/0.1; +https://developer.amazon.com/support/amazonbot) Chrome/119.0.6045.214 Safari/537.36"
jomarlogistica.com.br:80 44.206.93.215 - - [21/Sep/2025:08:56:15 -0300] "GET /2022/11/23/the-way-to-get-out-of-feeling-helpless-about-like/ HTTP/1.1" 200 17626 "-" "Mozilla/5.0 AppleWebKit/537.36 (KHTML, like Gecko; compatible; Amazonbot/0.1; +https://developer.amazon.com/support/amazonbot) Chrome/119.0.6045.214 Safari/537.36"
jomarlogistica.com.br:80 52.71.46.142 - - [21/Sep/2025:08:56:20 -0300] "GET /2023/07/01/superior-detailing/ HTTP/1.1" 200 16650 "-" "Mozilla/5.0 AppleWebKit/537.36 (KHTML, like Gecko; compatible; Amazonbot/0.1; +https://developer.amazon.com/support/amazonbot) Chrome/119.0.6045.214 Safari/537.36"
jomarlogistica.com.br:80 3.225.45.252 - - [21/Sep/2025:08:56:22 -0300] "GET /2023/05/14/being-unfaithful-greatest-overseas-relationship-websites-2023-sites-that-really-work/ HTTP/1.1" 200 19957 "-" "Mozilla/5.0 AppleWebKit/537.36 (KHTML, like Gecko; compatible; Amazonbot/0.1; +https://developer.amazon.com/support/amazonbot) Chrome/119.0.6045.214 Safari/537.36"
jomarlogistica.com.br:80 98.83.10.183 - - [21/Sep/2025:08:56:27 -0300] "GET /2024/ HTTP/1.1" 200 13209 "-" "Mozilla/5.0 AppleWebKit/537.36 (KHTML, like Gecko; compatible; Amazonbot/0.1; +https://developer.amazon.com/support/amazonbot) Chrome/119.0.6045.214 Safari/537.36"
jomarlogistica.com.br:80 52.202.233.37 - - [21/Sep/2025:08:56:30 -0300] "GET /2023/04/26/7-websites-like-craigslist-for-personal-advertisements-and-free-hookups-wild-app/ HTTP/1.1" 200 20857 "-" "Mozilla/5.0 AppleWebKit/537.36 (KHTML, like Gecko; compatible; Amazonbot/0.1; +https://developer.amazon.com/support/amazonbot) Chrome/119.0.6045.214 Safari/537.36"
jomarlogistica.com.br:80 127.0.0.1 - - [21/Sep/2025:08:56:36 -0300] "OPTIONS * HTTP/1.0" 200 110 "-" "Apache/2.4.65 (Ubuntu) (internal dummy connection)"
jomarlogistica.com.br:80 3.212.205.90 - - [21/Sep/2025:08:56:41 -0300] "GET /2023/02/17/finding-fulfilling-romantic-relationships/ HTTP/1.1" 200 18689 "-" "Mozilla/5.0 AppleWebKit/537.36 (KHTML, like Gecko; compatible; Amazonbot/0.1; +https://developer.amazon.com/support/amazonbot) Chrome/119.0.6045.214 Safari/537.36"
jomarlogistica.com.br:80 34.194.165.45 - - [21/Sep/2025:08:56:41 -0300] "GET /2022/12/08/africa-girl-stereotypes/ HTTP/1.1" 200 18157 "-" "Mozilla/5.0 AppleWebKit/537.36 (KHTML, like Gecko; compatible; Amazonbot/0.1; +https://developer.amazon.com/support/amazonbot) Chrome/119.0.6045.214 Safari/537.36"
jomarlogistica.com.br:80 35.171.117.160 - - [21/Sep/2025:08:56:43 -0300] "GET /2023/02/25/marriage-relationship-advice-how-to-keep-your-marriage-happy-healthy-and-strong/ HTTP/1.1" 200 18338 "-" "Mozilla/5.0 AppleWebKit/537.36 (KHTML, like Gecko; compatible; Amazonbot/0.1; +https://developer.amazon.com/support/amazonbot) Chrome/119.0.6045.214 Safari/537.36"
jomarlogistica.com.br:80 44.223.115.10 - - [21/Sep/2025:08:56:46 -0300] "GET /2022/11/24/romance-advice-how-advisors-can-help-you-get-around-the-tough-route-of-a-long-term-relationship/ HTTP/1.1" 200 18136 "-" "Mozilla/5.0 AppleWebKit/537.36 (KHTML, like Gecko; compatible; Amazonbot/0.1; +https://developer.amazon.com/support/amazonbot) Chrome/119.0.6045.214 Safari/537.36"
jomarlogistica.com.br:80 127.0.0.1 - - [21/Sep/2025:08:56:51 -0300] "OPTIONS * HTTP/1.0" 200 110 "-" "Apache/2.4.65 (Ubuntu) (internal dummy connection)"
jomarlogistica.com.br:80 172.20.1.117 - - [21/Sep/2025:08:59:59 -0300] "POST /wp-cron.php?doing_wp_cron=1758455999.6702489852905273437500 HTTP/1.1" 200 389 "https://jomarlogistica.com.br/wp-cron.php?doing_wp_cron=1758455999.6702489852905273437500" "WordPress/5.8.10; https://jomarlogistica.com.br"
jomarlogistica.com.br:80 114.119.136.72 - - [21/Sep/2025:08:59:59 -0300] "GET /2023/page/27/ HTTP/1.1" 200 18830 "https://jomarlogistica.com.br/2023/page/26/" "Mozilla/5.0 (Linux; Android 7.0;) AppleWebKit/537.36 (KHTML, like Gecko) Mobile Safari/537.36 (compatible; PetalBot;+https://webmaster.petalsearch.com/site/petalbot)"
jomarlogistica.com.br:80 127.0.0.1 - - [21/Sep/2025:09:00:04 -0300] "OPTIONS * HTTP/1.0" 200 110 "-" "Apache/2.4.65 (Ubuntu) (internal dummy connection)"
jomarlogistica.com.br:80 114.119.128.158 - - [21/Sep/2025:09:01:39 -0300] "GET /2023/03/07/scandinavian-popular-cities-for-flirting/ HTTP/1.1" 200 19054 "https://jomarlogistica.com.br/author/jomar/page/35/" "Mozilla/5.0 (Linux; Android 7.0;) AppleWebKit/537.36 (KHTML, like Gecko) Mobile Safari/537.36 (compatible; PetalBot;+https://webmaster.petalsearch.com/site/petalbot)"
jomarlogistica.com.br:80 172.20.1.117 - - [21/Sep/2025:09:13:05 -0300] "POST /wp-cron.php?doing_wp_cron=1758456785.5817310810089111328125 HTTP/1.1" 200 389 "https://jomarlogistica.com.br/wp-cron.php?doing_wp_cron=1758456785.5817310810089111328125" "WordPress/5.8.10; https://jomarlogistica.com.br"
jomarlogistica.com.br:80 114.119.158.0 - - [21/Sep/2025:09:13:05 -0300] "GET /2023/09/16/how-reliable-is-scanguard/ HTTP/1.1" 200 17246 "https://jomarlogistica.com.br/category/jomar/page/9/" "Mozilla/5.0 (Linux; Android 7.0;) AppleWebKit/537.36 (KHTML, like Gecko) Mobile Safari/537.36 (compatible; PetalBot;+https://webmaster.petalsearch.com/site/petalbot)"
jomarlogistica.com.br:80 127.0.0.1 - - [21/Sep/2025:09:13:11 -0300] "OPTIONS * HTTP/1.0" 200 110 "-" "Apache/2.4.65 (Ubuntu) (internal dummy connection)"
jomarlogistica.com.br:80 43.157.38.131 - - [21/Sep/2025:09:14:49 -0300] "GET / HTTP/1.1" 200 23930 "http://jomarlogistica.com.br" "Mozilla/5.0 (iPhone; CPU iPhone OS 13_2_3 like Mac OS X) AppleWebKit/605.1.15 (KHTML, like Gecko) Version/13.0.3 Mobile/15E148 Safari/604.1"
jomarlogistica.com.br:80 177.116.184.250 - - [21/Sep/2025:09:16:32 -0300] "POST /autodiscover/autodiscover.xml HTTP/1.1" 404 448 "-" "AppleExchangeWebServices/833 accountsd/113"
jomarlogistica.com.br:80 172.20.1.117 - - [21/Sep/2025:09:25:05 -0300] "POST /wp-cron.php?doing_wp_cron=1758457505.9549360275268554687500 HTTP/1.1" 200 389 "https://jomarlogistica.com.br/wp-cron.php?doing_wp_cron=1758457505.9549360275268554687500" "WordPress/5.8.10; https://jomarlogistica.com.br"
jomarlogistica.com.br:80 114.119.159.76 - - [21/Sep/2025:09:25:05 -0300] "GET /2023/03/19/how-to-craft-successful-first-communications-in-online-dating-services/ HTTP/1.1" 200 18846 "https://jomarlogistica.com.br/2023/03/16/asian-family-prospects/" "Mozilla/5.0 (Linux; Android 7.0;) AppleWebKit/537.36 (KHTML, like Gecko) Mobile Safari/537.36 (compatible; PetalBot;+https://webmaster.petalsearch.com/site/petalbot)"
jomarlogistica.com.br:80 127.0.0.1 - - [21/Sep/2025:09:25:11 -0300] "OPTIONS * HTTP/1.0" 200 110 "-" "Apache/2.4.65 (Ubuntu) (internal dummy connection)"
jomarlogistica.com.br:80 172.20.1.117 - - [21/Sep/2025:09:27:52 -0300] "POST /wp-cron.php?doing_wp_cron=1758457672.6083300113677978515625 HTTP/1.1" 200 389 "https://jomarlogistica.com.br/wp-cron.php?doing_wp_cron=1758457672.6083300113677978515625" "WordPress/5.8.10; https://jomarlogistica.com.br"
jomarlogistica.com.br:80 177.116.184.250 - - [21/Sep/2025:09:27:52 -0300] "POST /autodiscover/autodiscover.xml HTTP/1.1" 404 448 "-" "AppleExchangeWebServices/833 accountsd/113"
jomarlogistica.com.br:80 127.0.0.1 - - [21/Sep/2025:09:27:57 -0300] "OPTIONS * HTTP/1.0" 200 110 "-" "Apache/2.4.65 (Ubuntu) (internal dummy connection)"
jomarlogistica.com.br:80 116.253.171.163 - - [21/Sep/2025:09:28:23 -0300] "POST /wp-comments-post.php HTTP/1.1" 403 2493 "-" "Mozilla/5.0 (Windows NT 10.0; Win64; x64) AppleWebKit/537.36 (KHTML, like Gecko) Chrome/108.0.0.0 Safari/537.36 Edg/108.0.1462.46"
jomarlogistica.com.br:80 172.20.1.117 - - [21/Sep/2025:09:40:05 -0300] "POST /wp-cron.php?doing_wp_cron=1758458405.0464239120483398437500 HTTP/1.1" 200 389 "https://jomarlogistica.com.br/wp-cron.php?doing_wp_cron=1758458405.0464239120483398437500" "WordPress/5.8.10; https://jomarlogistica.com.br"
jomarlogistica.com.br:80 79.137.65.139 - - [21/Sep/2025:09:40:04 -0300] "GET /robots.txt HTTP/1.1" 200 565 "-" "Mozilla/5.0 (compatible; MJ12bot/v1.4.8; http://mj12bot.com/)"
jomarlogistica.com.br:80 79.137.65.139 - - [21/Sep/2025:09:40:07 -0300] "GET /2023/04/25/the-puma-corporation-%E8%A8%BB%E5%86%8A-ditt-%E5%9F%9F%E5%90%8D%EF%BC%8Ctwitter-%E8%B3%AC%E8%99%9F%E6%9B%B4%E5%90%8D%E7%82%BA-puma-eth/ HTTP/1.1" 200 19287 "-" "Mozilla/5.0 (compatible; MJ12bot/v1.4.8; http://mj12bot.com/)"
jomarlogistica.com.br:80 127.0.0.1 - - [21/Sep/2025:09:40:12 -0300] "OPTIONS * HTTP/1.0" 200 110 "-" "Apache/2.4.65 (Ubuntu) (internal dummy connection)"
jomarlogistica.com.br:80 172.20.1.117 - - [21/Sep/2025:09:50:42 -0300] "POST /wp-cron.php?doing_wp_cron=1758459042.1995260715484619140625 HTTP/1.1" 200 389 "https://jomarlogistica.com.br/wp-cron.php?doing_wp_cron=1758459042.1995260715484619140625" "WordPress/5.8.10; https://jomarlogistica.com.br"
jomarlogistica.com.br:80 177.116.184.250 - - [21/Sep/2025:09:50:41 -0300] "POST /autodiscover/autodiscover.xml HTTP/1.1" 404 448 "-" "AppleExchangeWebServices/833 accountsd/113"
jomarlogistica.com.br:80 127.0.0.1 - - [21/Sep/2025:09:50:47 -0300] "OPTIONS * HTTP/1.0" 200 110 "-" "Apache/2.4.65 (Ubuntu) (internal dummy connection)"
jomarlogistica.com.br:80 172.20.1.117 - - [21/Sep/2025:10:04:01 -0300] "POST /wp-cron.php?doing_wp_cron=1758459841.0075829029083251953125 HTTP/1.1" 200 389 "https://jomarlogistica.com.br/wp-cron.php?doing_wp_cron=1758459841.0075829029083251953125" "WordPress/5.8.10; https://jomarlogistica.com.br"
jomarlogistica.com.br:80 177.116.184.250 - - [21/Sep/2025:10:04:00 -0300] "POST /autodiscover/autodiscover.xml HTTP/1.1" 404 448 "-" "AppleExchangeWebServices/833 accountsd/113"
jomarlogistica.com.br:80 127.0.0.1 - - [21/Sep/2025:10:04:05 -0300] "OPTIONS * HTTP/1.0" 200 110 "-" "Apache/2.4.65 (Ubuntu) (internal dummy connection)"
jomarlogistica.com.br:80 201.75.183.180 - - [21/Sep/2025:10:05:03 -0300] "GET / HTTP/1.1" 301 449 "-" "Embarcadero URI Client/1.0"
jomarlogistica.com.br:80 201.75.183.180 - - [21/Sep/2025:10:05:04 -0300] "GET / HTTP/1.1" 200 134115 "-" "Embarcadero URI Client/1.0"
jomarlogistica.com.br:80 127.0.0.1 - - [21/Sep/2025:10:05:09 -0300] "OPTIONS * HTTP/1.0" 200 110 "-" "Apache/2.4.65 (Ubuntu) (internal dummy connection)"
jomarlogistica.com.br:80 31.13.115.116 - - [21/Sep/2025:10:16:52 -0300] "GET /robots.txt HTTP/1.1" 200 565 "-" "facebookexternalhit/1.1 (+http://www.facebook.com/externalhit_uatext.php)"
jomarlogistica.com.br:80 172.20.1.117 - - [21/Sep/2025:10:16:53 -0300] "GET / HTTP/1.1" 200 23930 "https://jomarlogistica.com.br/" "WordPress/5.8.10; https://jomarlogistica.com.br"
jomarlogistica.com.br:80 172.20.1.117 - - [21/Sep/2025:10:16:52 -0300] "POST /wp-cron.php?doing_wp_cron=1758460612.6497728824615478515625 HTTP/1.1" 200 389 "https://jomarlogistica.com.br/wp-cron.php?doing_wp_cron=1758460612.6497728824615478515625" "WordPress/5.8.10; https://jomarlogistica.com.br"
jomarlogistica.com.br:80 127.0.0.1 - - [21/Sep/2025:10:16:58 -0300] "OPTIONS * HTTP/1.0" 200 110 "-" "Apache/2.4.65 (Ubuntu) (internal dummy connection)"
jomarlogistica.com.br:80 127.0.0.1 - - [21/Sep/2025:10:16:59 -0300] "OPTIONS * HTTP/1.0" 200 110 "-" "Apache/2.4.65 (Ubuntu) (internal dummy connection)"
jomarlogistica.com.br:80 127.0.0.1 - - [21/Sep/2025:10:17:00 -0300] "OPTIONS * HTTP/1.0" 200 110 "-" "Apache/2.4.65 (Ubuntu) (internal dummy connection)"
jomarlogistica.com.br:80 172.20.1.117 - - [21/Sep/2025:10:20:31 -0300] "POST /wp-cron.php?doing_wp_cron=1758460831.0571150779724121093750 HTTP/1.1" 200 389 "https://jomarlogistica.com.br/wp-cron.php?doing_wp_cron=1758460831.0571150779724121093750" "WordPress/5.8.10; https://jomarlogistica.com.br"
jomarlogistica.com.br:80 177.116.184.250 - - [21/Sep/2025:10:20:30 -0300] "POST /autodiscover/autodiscover.xml HTTP/1.1" 404 448 "-" "AppleExchangeWebServices/833 accountsd/113"
jomarlogistica.com.br:80 127.0.0.1 - - [21/Sep/2025:10:20:35 -0300] "OPTIONS * HTTP/1.0" 200 110 "-" "Apache/2.4.65 (Ubuntu) (internal dummy connection)"
jomarlogistica.com.br:80 193.26.115.195 - - [21/Sep/2025:10:21:16 -0300] "GET /lock360.php HTTP/1.1" 404 448 "-" "Go-http-client/2.0"
jomarlogistica.com.br:80 193.26.115.195 - - [21/Sep/2025:10:21:16 -0300] "GET /1.php HTTP/1.1" 404 448 "-" "Go-http-client/2.0"
jomarlogistica.com.br:80 193.26.115.195 - - [21/Sep/2025:10:21:17 -0300] "GET /wp-content/plugins/pwnd/pwnd.php HTTP/1.1" 404 448 "-" "Go-http-client/2.0"
jomarlogistica.com.br:80 193.26.115.195 - - [21/Sep/2025:10:21:18 -0300] "GET /fw.php HTTP/1.1" 404 448 "-" "Go-http-client/2.0"
jomarlogistica.com.br:80 193.26.115.195 - - [21/Sep/2025:10:21:18 -0300] "GET /templates/beez3/jsstrings.php HTTP/1.1" 404 467 "-" "Go-http-client/2.0"
jomarlogistica.com.br:80 193.26.115.195 - - [21/Sep/2025:10:21:18 -0300] "GET /w.php HTTP/1.1" 404 448 "-" "Go-http-client/2.0"
jomarlogistica.com.br:80 193.26.115.195 - - [21/Sep/2025:10:21:19 -0300] "GET /ss.php HTTP/1.1" 404 448 "-" "Go-http-client/2.0"
jomarlogistica.com.br:80 193.26.115.195 - - [21/Sep/2025:10:21:19 -0300] "GET /wp-admin/includes/let.php HTTP/1.1" 404 448 "-" "Go-http-client/2.0"
jomarlogistica.com.br:80 193.26.115.195 - - [21/Sep/2025:10:21:20 -0300] "GET /worksec.php HTTP/1.1" 404 448 "-" "Go-http-client/2.0"
jomarlogistica.com.br:80 193.26.115.195 - - [21/Sep/2025:10:21:20 -0300] "GET /bypass.php HTTP/1.1" 404 467 "-" "Go-http-client/2.0"
jomarlogistica.com.br:80 193.26.115.195 - - [21/Sep/2025:10:21:21 -0300] "GET /back.php HTTP/1.1" 404 448 "-" "Go-http-client/2.0"
jomarlogistica.com.br:80 193.26.115.195 - - [21/Sep/2025:10:21:21 -0300] "GET /wp-content/max.php HTTP/1.1" 404 448 "-" "Go-http-client/2.0"
jomarlogistica.com.br:80 193.26.115.195 - - [21/Sep/2025:10:21:22 -0300] "GET /wp-content/themes/index.php HTTP/1.1" 200 264 "-" "Go-http-client/2.0"
jomarlogistica.com.br:80 193.26.115.195 - - [21/Sep/2025:10:21:22 -0300] "GET /wp-content/tini.php HTTP/1.1" 404 448 "-" "Go-http-client/2.0"
jomarlogistica.com.br:80 193.26.115.195 - - [21/Sep/2025:10:21:22 -0300] "GET /wp-admin/maint/index.php HTTP/1.1" 301 484 "-" "Go-http-client/2.0"
jomarlogistica.com.br:80 172.20.1.117 - - [21/Sep/2025:10:28:06 -0300] "POST /wp-cron.php?doing_wp_cron=1758461286.7418029308319091796875 HTTP/1.1" 200 389 "https://jomarlogistica.com.br/wp-cron.php?doing_wp_cron=1758461286.7418029308319091796875" "WordPress/5.8.10; https://jomarlogistica.com.br"
jomarlogistica.com.br:80 177.116.184.250 - - [21/Sep/2025:10:28:06 -0300] "POST /autodiscover/autodiscover.xml HTTP/1.1" 404 448 "-" "AppleExchangeWebServices/833 accountsd/113"
jomarlogistica.com.br:80 127.0.0.1 - - [21/Sep/2025:10:28:11 -0300] "OPTIONS * HTTP/1.0" 200 110 "-" "Apache/2.4.65 (Ubuntu) (internal dummy connection)"
jomarlogistica.com.br:80 216.73.216.35 - - [21/Sep/2025:10:31:16 -0300] "GET /robots.txt HTTP/1.1" 200 584 "-" "Mozilla/5.0 AppleWebKit/537.36 (KHTML, like Gecko; compatible; ClaudeBot/1.0; +claudebot@anthropic.com)"
jomarlogistica.com.br:80 216.73.216.35 - - [21/Sep/2025:10:31:17 -0300] "GET /wp-sitemap.xml HTTP/1.1" 200 585 "-" "Mozilla/5.0 AppleWebKit/537.36 (KHTML, like Gecko; compatible; ClaudeBot/1.0; +claudebot@anthropic.com)"
jomarlogistica.com.br:80 172.20.1.117 - - [21/Sep/2025:10:32:30 -0300] "POST /wp-cron.php?doing_wp_cron=1758461550.4649660587310791015625 HTTP/1.1" 200 389 "https://jomarlogistica.com.br/wp-cron.php?doing_wp_cron=1758461550.4649660587310791015625" "WordPress/5.8.10; https://jomarlogistica.com.br"
jomarlogistica.com.br:80 157.230.253.5 - - [21/Sep/2025:10:32:30 -0300] "GET /wp-content/plugins/init-help/init.php HTTP/1.1" 404 448 "www.google.com" "Mozilla/5.0 (Linux; Android 7.0; SM-G892A Build/NRD90M; wv) AppleWebKit/537.36 (KHTML, like Gecko) Version/4.0 Chrome/60.0.3112.107 Mobile Safari/537.36"
jomarlogistica.com.br:80 127.0.0.1 - - [21/Sep/2025:10:32:35 -0300] "OPTIONS * HTTP/1.0" 200 110 "-" "Apache/2.4.65 (Ubuntu) (internal dummy connection)"
jomarlogistica.com.br:80 114.119.138.130 - - [21/Sep/2025:10:36:36 -0300] "GET /2023/09/25/best-iphone-antivirus-apps/ HTTP/1.1" 200 17357 "https://jomarlogistica.com.br/2023/09/23/table-of-company-directors-software-helps-you-to-save-time-and-money/" "Mozilla/5.0 (Linux; Android 7.0;) AppleWebKit/537.36 (KHTML, like Gecko) Mobile Safari/537.36 (compatible; PetalBot;+https://webmaster.petalsearch.com/site/petalbot)"
jomarlogistica.com.br:80 172.20.1.117 - - [21/Sep/2025:10:38:05 -0300] "POST /wp-cron.php?doing_wp_cron=1758461885.5652189254760742187500 HTTP/1.1" 200 389 "https://jomarlogistica.com.br/wp-cron.php?doing_wp_cron=1758461885.5652189254760742187500" "WordPress/5.8.10; https://jomarlogistica.com.br"
jomarlogistica.com.br:80 114.119.159.76 - - [21/Sep/2025:10:38:05 -0300] "GET /2023/07/04/asus-gaming-laptops/ HTTP/1.1" 200 17396 "https://jomarlogistica.com.br/2023/07/page/2/" "Mozilla/5.0 (Linux; Android 7.0;) AppleWebKit/537.36 (KHTML, like Gecko) Mobile Safari/537.36 (compatible; PetalBot;+https://webmaster.petalsearch.com/site/petalbot)"
jomarlogistica.com.br:80 127.0.0.1 - - [21/Sep/2025:10:38:10 -0300] "OPTIONS * HTTP/1.0" 200 110 "-" "Apache/2.4.65 (Ubuntu) (internal dummy connection)"
jomarlogistica.com.br:80 114.119.128.158 - - [21/Sep/2025:10:39:22 -0300] "GET /2023/05/13/indications-of-a-healthy-relationship/ HTTP/1.1" 200 17364 "https://jomarlogistica.com.br/2023/05/14/euro-brides-pertaining-to-marriage/" "Mozilla/5.0 (Linux; Android 7.0;) AppleWebKit/537.36 (KHTML, like Gecko) Mobile Safari/537.36 (compatible; PetalBot;+https://webmaster.petalsearch.com/site/petalbot)"
jomarlogistica.com.br:80 188.245.89.205 - - [21/Sep/2025:10:40:26 -0300] "POST /autodiscover/autodiscover.xml HTTP/1.1" 404 448 "-" "-"
jomarlogistica.com.br:80 114.119.138.130 - - [21/Sep/2025:10:40:47 -0300] "GET /2023/05/ HTTP/1.1" 200 18886 "https://jomarlogistica.com.br/2022/08/03/bhs-loan-agreement-template-free-legal-document-download/" "Mozilla/5.0 (Linux; Android 7.0;) AppleWebKit/537.36 (KHTML, like Gecko) Mobile Safari/537.36 (compatible; PetalBot;+https://webmaster.petalsearch.com/site/petalbot)"
jomarlogistica.com.br:80 66.249.66.37 - - [21/Sep/2025:10:40:48 -0300] "GET /robots.txt HTTP/1.1" 200 584 "-" "Mozilla/5.0 (compatible; Googlebot/2.1; +http://www.google.com/bot.html)"
jomarlogistica.com.br:80 66.249.66.37 - - [21/Sep/2025:10:40:49 -0300] "GET / HTTP/1.1" 200 23930 "-" "Mozilla/5.0 (compatible; Googlebot/2.1; +http://www.google.com/bot.html)"
jomarlogistica.com.br:80 66.249.66.37 - - [21/Sep/2025:10:40:53 -0300] "GET /wp-content/plugins/case-theme-user/acess/css/remodal.css?ver=5.8.10 HTTP/1.1" 200 1031 "https://jomarlogistica.com.br/" "Mozilla/5.0 AppleWebKit/537.36 (KHTML, like Gecko; compatible; Googlebot/2.1; +http://www.google.com/bot.html) Chrome/139.0.7258.127 Safari/537.36"
jomarlogistica.com.br:80 66.249.66.37 - - [21/Sep/2025:10:40:53 -0300] "GET /wp-content/plugins/booked/assets/js/tooltipster/css/themes/tooltipster-light.css?ver=3.3.0 HTTP/1.1" 200 615 "https://jomarlogistica.com.br/" "Mozilla/5.0 AppleWebKit/537.36 (KHTML, like Gecko; compatible; Googlebot/2.1; +http://www.google.com/bot.html) Chrome/139.0.7258.127 Safari/537.36"
jomarlogistica.com.br:80 66.249.66.37 - - [21/Sep/2025:10:40:54 -0300] "GET /wp-content/plugins/booked/assets/js/tooltipster/css/tooltipster.css?ver=3.3.0 HTTP/1.1" 200 2174 "https://jomarlogistica.com.br/" "Mozilla/5.0 AppleWebKit/537.36 (KHTML, like Gecko; compatible; Googlebot/2.1; +http://www.google.com/bot.html) Chrome/139.0.7258.127 Safari/537.36"
jomarlogistica.com.br:80 66.249.66.38 - - [21/Sep/2025:10:40:54 -0300] "GET /wp-includes/css/dist/block-library/style.min.css?ver=5.8.10 HTTP/1.1" 200 12027 "https://jomarlogistica.com.br/" "Mozilla/5.0 AppleWebKit/537.36 (KHTML, like Gecko; compatible; Googlebot/2.1; +http://www.google.com/bot.html) Chrome/139.0.7258.127 Safari/537.36"
jomarlogistica.com.br:80 66.249.66.38 - - [21/Sep/2025:10:40:55 -0300] "GET /wp-content/plugins/booked/dist/booked.css?ver=2.3.5 HTTP/1.1" 200 9827 "https://jomarlogistica.com.br/" "Mozilla/5.0 AppleWebKit/537.36 (KHTML, like Gecko; compatible; Googlebot/2.1; +http://www.google.com/bot.html) Chrome/139.0.7258.127 Safari/537.36"
jomarlogistica.com.br:80 66.249.66.37 - - [21/Sep/2025:10:40:55 -0300] "GET /wp-content/plugins/booked/assets/css/icons.css?ver=2.3.5 HTTP/1.1" 200 6985 "https://jomarlogistica.com.br/" "Mozilla/5.0 AppleWebKit/537.36 (KHTML, like Gecko; compatible; Googlebot/2.1; +http://www.google.com/bot.html) Chrome/139.0.7258.127 Safari/537.36"
jomarlogistica.com.br:80 66.249.66.38 - - [21/Sep/2025:10:40:55 -0300] "GET /wp-content/themes/consultio/assets/css/flaticon-v4.css?ver=2.8.0 HTTP/1.1" 200 795 "https://jomarlogistica.com.br/" "Mozilla/5.0 AppleWebKit/537.36 (KHTML, like Gecko; compatible; Googlebot/2.1; +http://www.google.com/bot.html) Chrome/139.0.7258.127 Safari/537.36"
jomarlogistica.com.br:80 66.249.66.37 - - [21/Sep/2025:10:40:56 -0300] "GET /wp-content/plugins/case-theme-core/assets/css/main.css?ver=1.0.0 HTTP/1.1" 200 582 "https://jomarlogistica.com.br/" "Mozilla/5.0 AppleWebKit/537.36 (KHTML, like Gecko; compatible; Googlebot/2.1; +http://www.google.com/bot.html) Chrome/139.0.7258.127 Safari/537.36"
jomarlogistica.com.br:80 66.249.66.38 - - [21/Sep/2025:10:40:56 -0300] "GET /wp-content/plugins/contact-form-7/includes/css/styles.css?ver=5.5.3 HTTP/1.1" 200 1361 "https://jomarlogistica.com.br/" "Mozilla/5.0 AppleWebKit/537.36 (KHTML, like Gecko; compatible; Googlebot/2.1; +http://www.google.com/bot.html) Chrome/139.0.7258.127 Safari/537.36"
jomarlogistica.com.br:80 66.249.66.38 - - [21/Sep/2025:10:40:56 -0300] "GET /wp-content/plugins/case-theme-core/assets/css/lib/owl.carousel.min.css?ver=2.2.1 HTTP/1.1" 200 1298 "https://jomarlogistica.com.br/" "Mozilla/5.0 AppleWebKit/537.36 (KHTML, like Gecko; compatible; Googlebot/2.1; +http://www.google.com/bot.html) Chrome/139.0.7258.127 Safari/537.36"
jomarlogistica.com.br:80 66.249.66.37 - - [21/Sep/2025:10:40:57 -0300] "GET /wp-content/plugins/case-theme-core/assets/css/lib/progressbar.min.css?ver=0.7.1 HTTP/1.1" 200 1103 "https://jomarlogistica.com.br/" "Mozilla/5.0 AppleWebKit/537.36 (KHTML, like Gecko; compatible; Googlebot/2.1; +http://www.google.com/bot.html) Chrome/139.0.7258.127 Safari/537.36"
jomarlogistica.com.br:80 66.249.66.37 - - [21/Sep/2025:10:40:57 -0300] "GET /wp-content/plugins/contact-form-7-multi-step/assets/frontend/css/cf7mls.css?ver=2.5.4 HTTP/1.1" 200 2184 "https://jomarlogistica.com.br/" "Mozilla/5.0 AppleWebKit/537.36 (KHTML, like Gecko; compatible; Googlebot/2.1; +http://www.google.com/bot.html) Chrome/139.0.7258.127 Safari/537.36"
jomarlogistica.com.br:80 66.249.66.37 - - [21/Sep/2025:10:40:57 -0300] "GET /wp-content/plugins/instagram-feed/css/sbi-styles.min.css?ver=2.9.7 HTTP/1.1" 200 3374 "https://jomarlogistica.com.br/" "Mozilla/5.0 AppleWebKit/537.36 (KHTML, like Gecko; compatible; Googlebot/2.1; +http://www.google.com/bot.html) Chrome/139.0.7258.127 Safari/537.36"
jomarlogistica.com.br:80 66.249.66.37 - - [21/Sep/2025:10:40:58 -0300] "GET /wp-content/plugins/elementor/assets/lib/animations/animations.min.css?ver=3.4.8 HTTP/1.1" 200 3089 "https://jomarlogistica.com.br/" "Mozilla/5.0 AppleWebKit/537.36 (KHTML, like Gecko; compatible; Googlebot/2.1; +http://www.google.com/bot.html) Chrome/139.0.7258.127 Safari/537.36"
jomarlogistica.com.br:80 66.249.66.37 - - [21/Sep/2025:10:40:58 -0300] "GET /wp-content/plugins/case-theme-user/acess/css/remodal-default-theme.css?ver=5.8.10 HTTP/1.1" 200 1733 "https://jomarlogistica.com.br/" "Mozilla/5.0 AppleWebKit/537.36 (KHTML, like Gecko; compatible; Googlebot/2.1; +http://www.google.com/bot.html) Chrome/139.0.7258.127 Safari/537.36"
jomarlogistica.com.br:80 66.249.66.37 - - [21/Sep/2025:10:40:59 -0300] "GET /wp-content/themes/consultio/assets/css/material-design-iconic-font.min.css?ver=2.2.0 HTTP/1.1" 200 8981 "https://jomarlogistica.com.br/" "Mozilla/5.0 AppleWebKit/537.36 (KHTML, like Gecko; compatible; Googlebot/2.1; +http://www.google.com/bot.html) Chrome/139.0.7258.127 Safari/537.36"
jomarlogistica.com.br:80 66.249.66.37 - - [21/Sep/2025:10:41:00 -0300] "GET /wp-content/uploads/elementor/css/post-20.css?ver=1692608754 HTTP/1.1" 200 1249 "https://jomarlogistica.com.br/" "Mozilla/5.0 AppleWebKit/537.36 (KHTML, like Gecko; compatible; Googlebot/2.1; +http://www.google.com/bot.html) Chrome/139.0.7258.127 Safari/537.36"
jomarlogistica.com.br:80 66.249.66.37 - - [21/Sep/2025:10:41:00 -0300] "GET /wp-content/themes/consultio/assets/css/flaticon-v6.css?ver=2.8.0 HTTP/1.1" 200 1017 "https://jomarlogistica.com.br/" "Mozilla/5.0 AppleWebKit/537.36 (KHTML, like Gecko; compatible; Googlebot/2.1; +http://www.google.com/bot.html) Chrome/139.0.7258.127 Safari/537.36"
jomarlogistica.com.br:80 66.249.66.37 - - [21/Sep/2025:10:41:01 -0300] "GET /wp-content/themes/consultio/assets/css/magnific-popup.css?ver=1.0.0 HTTP/1.1" 200 2198 "https://jomarlogistica.com.br/" "Mozilla/5.0 AppleWebKit/537.36 (KHTML, like Gecko; compatible; Googlebot/2.1; +http://www.google.com/bot.html) Chrome/139.0.7258.127 Safari/537.36"
jomarlogistica.com.br:80 66.249.66.37 - - [21/Sep/2025:10:41:01 -0300] "GET /wp-includes/js/jquery/jquery-migrate.min.js?ver=3.3.2 HTTP/1.1" 200 4613 "https://jomarlogistica.com.br/" "Mozilla/5.0 AppleWebKit/537.36 (KHTML, like Gecko; compatible; Googlebot/2.1; +http://www.google.com/bot.html) Chrome/139.0.7258.127 Safari/537.36"
jomarlogistica.com.br:80 66.249.66.37 - - [21/Sep/2025:10:41:01 -0300] "GET /wp-content/plugins/elementor/assets/lib/font-awesome/css/solid.min.css?ver=5.15.3 HTTP/1.1" 200 680 "https://jomarlogistica.com.br/" "Mozilla/5.0 AppleWebKit/537.36 (KHTML, like Gecko; compatible; Googlebot/2.1; +http://www.google.com/bot.html) Chrome/139.0.7258.127 Safari/537.36"
jomarlogistica.com.br:80 66.249.66.37 - - [21/Sep/2025:10:41:02 -0300] "GET /wp-content/themes/consultio/assets/css/theme.css?ver=2.8.0 HTTP/1.1" 200 195072 "https://jomarlogistica.com.br/" "Mozilla/5.0 AppleWebKit/537.36 (KHTML, like Gecko; compatible; Googlebot/2.1; +http://www.google.com/bot.html) Chrome/139.0.7258.127 Safari/537.36"
jomarlogistica.com.br:80 66.249.66.37 - - [21/Sep/2025:10:41:02 -0300] "GET /wp-content/themes/consultio/assets/css/bootstrap.min.css?ver=4.0.0 HTTP/1.1" 200 21421 "https://jomarlogistica.com.br/" "Mozilla/5.0 AppleWebKit/537.36 (KHTML, like Gecko; compatible; Googlebot/2.1; +http://www.google.com/bot.html) Chrome/139.0.7258.127 Safari/537.36"
jomarlogistica.com.br:80 66.249.66.37 - - [21/Sep/2025:10:41:02 -0300] "GET /wp-content/themes/consultio/assets/css/flaticon-v7.css?ver=2.8.0 HTTP/1.1" 200 990 "https://jomarlogistica.com.br/" "Mozilla/5.0 AppleWebKit/537.36 (KHTML, like Gecko; compatible; Googlebot/2.1; +http://www.google.com/bot.html) Chrome/139.0.7258.127 Safari/537.36"
jomarlogistica.com.br:80 66.249.66.37 - - [21/Sep/2025:10:41:03 -0300] "GET /wp-includes/js/wp-emoji-release.min.js?ver=5.8.10 HTTP/1.1" 200 5577 "https://jomarlogistica.com.br/" "Mozilla/5.0 AppleWebKit/537.36 (KHTML, like Gecko; compatible; Googlebot/2.1; +http://www.google.com/bot.html) Chrome/139.0.7258.127 Safari/537.36"
jomarlogistica.com.br:80 66.249.66.37 - - [21/Sep/2025:10:41:03 -0300] "GET /wp-includes/js/jquery/jquery.min.js?ver=3.6.0 HTTP/1.1" 200 32444 "https://jomarlogistica.com.br/" "Mozilla/5.0 AppleWebKit/537.36 (KHTML, like Gecko; compatible; Googlebot/2.1; +http://www.google.com/bot.html) Chrome/139.0.7258.127 Safari/537.36"
jomarlogistica.com.br:80 66.249.66.37 - - [21/Sep/2025:10:41:03 -0300] "GET /wp-content/plugins/case-theme-core/assets/js/main.js?ver=1.0.0 HTTP/1.1" 200 570 "https://jomarlogistica.com.br/" "Mozilla/5.0 AppleWebKit/537.36 (KHTML, like Gecko; compatible; Googlebot/2.1; +http://www.google.com/bot.html) Chrome/139.0.7258.127 Safari/537.36"
jomarlogistica.com.br:80 66.249.66.37 - - [21/Sep/2025:10:41:04 -0300] "GET /wp-content/plugins/booked/assets/css/animations.css?ver=2.3.5 HTTP/1.1" 200 924 "https://jomarlogistica.com.br/" "Mozilla/5.0 AppleWebKit/537.36 (KHTML, like Gecko; compatible; Googlebot/2.1; +http://www.google.com/bot.html) Chrome/139.0.7258.127 Safari/537.36"
jomarlogistica.com.br:80 66.249.66.37 - - [21/Sep/2025:10:41:04 -0300] "GET /wp-content/uploads/elementor/css/post-5765.css?ver=1638451937 HTTP/1.1" 200 707 "https://jomarlogistica.com.br/" "Mozilla/5.0 AppleWebKit/537.36 (KHTML, like Gecko; compatible; Googlebot/2.1; +http://www.google.com/bot.html) Chrome/139.0.7258.127 Safari/537.36"
jomarlogistica.com.br:80 66.249.66.37 - - [21/Sep/2025:10:41:04 -0300] "GET /wp-content/themes/consultio/elementor/js/ct-inline-css.js?ver=2.8.0 HTTP/1.1" 200 864 "https://jomarlogistica.com.br/" "Mozilla/5.0 AppleWebKit/537.36 (KHTML, like Gecko; compatible; Googlebot/2.1; +http://www.google.com/bot.html) Chrome/139.0.7258.127 Safari/537.36"
jomarlogistica.com.br:80 66.249.66.37 - - [21/Sep/2025:10:41:05 -0300] "GET /wp-content/plugins/revslider/public/assets/js/rbtools.min.js?ver=6.5.11 HTTP/1.1" 200 48787 "https://jomarlogistica.com.br/" "Mozilla/5.0 AppleWebKit/537.36 (KHTML, like Gecko; compatible; Googlebot/2.1; +http://www.google.com/bot.html) Chrome/139.0.7258.127 Safari/537.36"
